-- Table structure for table `periodo_registro`
--

CREATE TABLE `periodo_registro` (
  `id` int NOT NULL AUTO_INCREMENT,
  `start_date` date NOT NULL,
  `end_date` date NOT NULL,
  `active` varchar(10) NOT NULL,
  PRIMARY KEY (`id`)
) ENGINE=InnoDB DEFAULT CHARSET=utf8mb3;

--
-- Dumping data for table `periodo_registro`
--


--
-- Table structure for table `plan_actividad`
--

CREATE TABLE `plan_actividad` (
  `id` int NOT NULL AUTO_INCREMENT,
  `id_actividad` int NOT NULL,
  `id_plan` int NOT NULL,
  PRIMARY KEY (`id`),
  UNIQUE KEY `id` (`id`),
  KEY `id_actividad` (`id_actividad`),
  KEY `id_plan` (`id_plan`),
  CONSTRAINT `plan_actividad_ibfk_1` FOREIGN KEY (`id_actividad`) REFERENCES `pap_sub_eje` (`id`),
  CONSTRAINT `plan_actividad_ibfk_2` FOREIGN KEY (`id_plan`) REFERENCES `plan_de_trabajo` (`id`)
) ENGINE=InnoDB DEFAULT CHARSET=utf8mb3;

--
-- Dumping data for table `plan_actividad`
--


--
-- Table structure for table `plan_de_trabajo`
--

CREATE TABLE `plan_de_trabajo` (
  `id` int NOT NULL AUTO_INCREMENT,
  `nombre` varchar(280) NOT NULL,
  `id_actividad` int NOT NULL,
  `autor` varchar(150) NOT NULL,
  `creado` datetime NOT NULL,
  PRIMARY KEY (`id`),
  UNIQUE KEY `id` (`id`),
  KEY `id_actividad` (`id_actividad`),
  KEY `autor` (`autor`),
  CONSTRAINT `plan_de_trabajo_ibfk_1` FOREIGN KEY (`id_actividad`) REFERENCES `pap_sub_eje` (`id`) ON DELETE CASCADE ON UPDATE CASCADE,
  CONSTRAINT `plan_de_trabajo_ibfk_2` FOREIGN KEY (`autor`) REFERENCES `colaborador` (`wikiname`) ON DELETE CASCADE ON UPDATE CASCADE
) ENGINE=InnoDB DEFAULT CHARSET=utf8mb3;

--
-- Dumping data for table `plan_de_trabajo`
--


--
-- Table structure for table `plan_participante`
--

CREATE TABLE `plan_participante` (
  `id` int NOT NULL AUTO_INCREMENT,
  `wikiname` varchar(120) NOT NULL,
  `connection` int DEFAULT NULL,
  `plan_id` int NOT NULL,
  PRIMARY KEY (`id`)
) ENGINE=MyISAM AUTO_INCREMENT=502 DEFAULT CHARSET=latin1;

--
-- Dumping data for table `plan_participante`
--


--
-- Table structure for table `postulante`
--

CREATE TABLE `postulante` (
  `id` int NOT NULL AUTO_INCREMENT,
  `nombre` varchar(50) NOT NULL,
  `apellidos` varchar(100) NOT NULL,
  `carrera` varchar(100) NOT NULL,
  `correo` varchar(50) NOT NULL,
  `fecha_registro` date NOT NULL,
  `hora_registro` time NOT NULL,
  `estatus` varchar(50) DEFAULT NULL,
  `fecha_entrevista1` datetime DEFAULT NULL,
  `fecha_entrevista2` datetime DEFAULT NULL,
  `anotaciones` varchar(100) DEFAULT NULL,
  `fecha_inicio` date DEFAULT NULL,
  `fecha_fin` date DEFAULT NULL,
  `linkedin` varchar(100) DEFAULT NULL,
  `telefono` varchar(13) DEFAULT NULL,
  PRIMARY KEY (`id`)
) ENGINE=InnoDB DEFAULT CHARSET=utf8mb3;

--
-- Dumping data for table `postulante`
--


--
-- Table structure for table `product`
--

CREATE TABLE `product` (
  `id` int NOT NULL AUTO_INCREMENT,
  `nombre` varchar(255) COLLATE utf8mb3_spanish2_ci NOT NULL,
  `descripcion` varchar(255) COLLATE utf8mb3_spanish2_ci NOT NULL,
  `foto` varchar(255) COLLATE utf8mb3_spanish2_ci NOT NULL,
  `sector` varchar(255) COLLATE utf8mb3_spanish2_ci NOT NULL,
  `cliente_ideal` varchar(255) COLLATE utf8mb3_spanish2_ci NOT NULL,
  `precio` varchar(255) COLLATE utf8mb3_spanish2_ci NOT NULL,
  `currency` varchar(255) COLLATE utf8mb3_spanish2_ci NOT NULL,
  `tipo_pago` varchar(255) COLLATE utf8mb3_spanish2_ci NOT NULL,
  `ubicacion` varchar(255) COLLATE utf8mb3_spanish2_ci DEFAULT NULL,
  `oferta` varchar(255) COLLATE utf8mb3_spanish2_ci DEFAULT NULL,
  `estatus` varchar(255) COLLATE utf8mb3_spanish2_ci NOT NULL,
  `validacion` varchar(25) COLLATE utf8mb3_spanish2_ci DEFAULT 'false',
  `fecha` datetime DEFAULT CURRENT_TIMESTAMP,
  `programa` int DEFAULT NULL,
  `responsable` int NOT NULL,
  `contacto` varchar(255) COLLATE utf8mb3_spanish2_ci NOT NULL,
  `telefono` int DEFAULT NULL,
  `cuenta` int DEFAULT NULL,
  PRIMARY KEY (`id`),
  KEY `programa` (`programa`),
  KEY `responsable` (`responsable`),
  KEY `cuenta` (`cuenta`),
  CONSTRAINT `product_ibfk_1` FOREIGN KEY (`cuenta`) REFERENCES `pap_eje` (`id`) ON DELETE CASCADE ON UPDATE CASCADE,
  CONSTRAINT `programa` FOREIGN KEY (`programa`) REFERENCES `pap_sub_eje` (`id`) ON DELETE CASCADE ON UPDATE CASCADE,
  CONSTRAINT `responsable` FOREIGN KEY (`responsable`) REFERENCES `puesto` (`id`) ON DELETE CASCADE ON UPDATE CASCADE
) ENGINE=InnoDB AUTO_INCREMENT=47 DEFAULT CHARSET=utf8mb3 COLLATE=utf8mb3_spanish2_ci;

--
-- Dumping data for table `product`
--

INSERT INTO `product` VALUES (6,'example','example product','https://genniux.net/marketplace/41891/default.jpg','example','example','215','','','example','example','rechazado','false','2021-06-15 09:06:41',41891,1242,'example@example.com',NULL,NULL),(16,'E - work','Programa de transformación y digitalización organizacional','https://genniux.net/marketplace/41891/default.jpg','Capacitación','B2C','900','€','','Latam','700','rechazado','1','2021-07-06 22:19:42',41891,1236,'jesus@empowerlabs.com',NULL,NULL),(17,'ASQ','Lorem ipsum dolor sit amet, consectetur adipiscing elit. Pellentesque dapibus diam in hendrerit volutpat. Aenean euismod pharetra urna, nec convallis nunc pharetra nec','https://genniux.net/marketplace/41891/default.jpg','SDA','SS','120','$','','Latam','70','rechazado','1','2021-07-06 22:24:57',41891,1236,'example',NULL,NULL),(18,'View','Lorem ipsum dolor sit amet, consectem convallis nunc pharetra nec','https://genniux.net/marketplace/41891/curso5.jpg','DF','DFA','1000','€','','Latam','800','rechazado','1','2021-07-06 22:26:51',41891,1236,'example@example.ocm',NULL,NULL),(19,'xzxc','sadsads','https://genniux.net/marketplace/41891/curso9.jpeg','zxczxc','zxczxc','11','€','','zxczc','6','rechazado','','2021-07-06 22:29:44',41891,1236,'zxczxc',NULL,NULL),(20,'Lorem ipsum dolor sit amet, consectetur adipiscing elit. Etiam iaculis leo quis elit scelerisque, sit amet rhoncus nulla condimentum. Cras ut justo ut odio aliquet commodo.','Lorem ipsum dolor sit amet, consectetur adipiscing elit. Etiam iaculis leo quis elit scelerisque, sit amet rhoncus nulla condimentum. Cras ut justo ut odio aliquet commodo.','https://genniux.net/marketplace/41891/curso6.jpeg','información','nuevo','130','€','','Latam','100','rechazado','','2021-07-07 16:53:05',41891,1236,'contacto@contacto.com',NULL,NULL),(21,'Product S','Producto de prueba','https://genniux.net/marketplace/41891/curso7.jpeg','virtual','nuevo','130','$','unico','México','100','rechazado','1','2021-07-14 15:25:54',41891,1236,'jesus@empowerlabs.com',2147483647,NULL),(22,'Ghs','Producto nuevo','https://genniux.net/marketplace/41891/curso4.jpg','nuevo','nuevo','130','$','mesual','Mexico','100','pendiente','','2021-07-19 21:03:43',41891,1236,'jesus@empowerlabs.com',2147483647,NULL),(23,'GAK','producto nuevo','https://genniux.net/marketplace/41891/curso4.jpg','new','nuevo','130','$','anual','Latam','90','pendiente','','2021-07-27 21:31:22',41891,1236,'jesus@empowerlabs.com',2147483647,NULL),(24,'new','new','https://genniux.net/marketplace/41891/curso8.jpeg','new','new','210','$','anual','new','150','pendiente','','2021-07-27 21:41:34',41891,1236,'jesus@empowerlabs.com',545454,NULL),(25,'Implementación Rocket','Servicio de soporte e implementación de Rocket.\nIncluye 2 funnels y toda la configuración inicial.','https://genniux.net/marketplace/41636/onerocket.png','Ventas B2B','Ventas B2B','990','?','unico','Mundial','790','rechazado','','2021-08-03 08:34:33',41636,1242,'angel@salesplanet.io',0,NULL),(26,'Vuds','dsfsdf','https://genniux.net/marketplace/41891/default.jpg','local','nuevi','150','$','anual','latam','100','pendiente',NULL,'2021-08-09 15:50:10',41891,1236,'jesus@empowerlabs.com',2147483647,NULL),(27,'fsc','dcvccs','https://genniux.net/marketplace/41891/default.jpg','local','nuevo','2222','€','mesual','latam','10000','pendiente',NULL,'2021-08-09 15:53:58',41891,1236,'jesus@empowerlabs.com',1425896325,NULL),(28,'video1','dsf','https://genniux.net/marketplace/41891/default.jpg','local','nuevo','222','€','mesual','local','222','pendiente',NULL,'2021-08-09 15:56:48',41891,1236,'jesus@empowerlabs.com',2147483647,NULL),(29,'videotest1','videotest1','https://genniux.net/marketplace/41891/default.jpg','local','local','1000','€','mesual','local','600','rechazado',NULL,'2021-08-09 18:30:15',41891,1236,'jesus@empowerlabs.com',2147483647,NULL),(30,'videotest1','videotest1','https://genniux.net/marketplace/41891/default.jpg','videotest1','videotest1','700','$','mesual','videotest1','500','rechazado',NULL,'2021-08-09 18:33:38',41891,1236,'jesus@empowerlabs.com',15123541,NULL),(31,'test2','testw','https://genniux.net/marketplace/41891/default.jpg','test','test','900','€','anual','test','500','pendiente',NULL,'2021-08-09 19:59:09',41891,1236,'jesus@empowerlabs.com',123548541,NULL),(32,'local','local','https://genniux.net/marketplace/41891/default.jpg','local','local','212','€','mesual','local','22','pendiente',NULL,'2021-08-09 21:30:34',41891,1236,'jesus@empowerlabs.com',621221331,NULL),(33,'local3','locals','https://genniux.net/marketplace/41891/default.jpg','local','local','12345','€','anual','local','123','pendiente',NULL,'2021-08-09 21:41:21',41891,1236,'jesus@empowerlabs.com',1234569632,NULL),(34,'local5','local','https://genniux.net/marketplace/41891/default.jpg','local','local','976','€','mesual','local','543','pendiente',NULL,'2021-08-09 22:24:33',41891,1236,'jesus@empowerlabs.com',1253698454,NULL),(35,'newpr1','new','https://genniux.net/marketplace/41891/default.jpg','new','new','345','€','anual','new','123','pendiente',NULL,'2021-08-10 15:40:36',41891,1236,'jesus@empowerlabs.com',1593574521,NULL),(36,'new','new','https://genniux.net/marketplace/41891/default.jpg','new','new','123','€','mesual','new','100','pendiente',NULL,'2021-08-10 17:18:05',41891,1236,'jesus@empowerlabs.com',2147483647,NULL),(37,'img','img1','https://genniux.net/marketplace/41891/default.jpg','new','new','342','€','mesual','new','123','pendiente',NULL,'2021-08-10 17:24:14',41891,1236,'jesus@empowerlabs.com',2147483647,NULL),(38,'new','new','https://genniux.net/marketplace/41891/default.jpg','new','new','123','€','unico','new','22','pendiente',NULL,'2021-08-10 17:48:29',41891,1236,'jesus@empowerlabs.com',234567654,NULL),(39,'prodc','newprodc','https://genniux.net/marketplace/41891/vimeo.jpg','new','new','342','€','mesual','new','123','pendiente',NULL,'2021-08-10 17:52:42',41891,1236,'jesus@empowerlabs.com',1593214574,NULL),(40,'new','new','https://genniux.net/marketplace/41891/vimeo.jpg','new','new','234','€','mesual','new','222','pendiente',NULL,'2021-08-10 17:55:03',41891,1236,'jesus@empowerlabs.com',23456789,NULL),(41,'new','new','https://genniux.net/marketplace/41891/mkpl-upfile.mp4','new','new','234','€','anual','new','123','pendiente',NULL,'2021-08-10 17:56:19',41891,1236,'jesus@empowerlabs.com',159632145,NULL),(42,'prosdlocal','local','https://player.vimeo.com/video/481503117 ','local','local','1233','$','anual','local','123','rechazado',NULL,'2021-08-10 18:07:22',41891,1236,'jesus@empowerlabs.com',2147483647,NULL),(43,'local11','locals','https://genniux.net/marketplace/41891/Captura de pantalla de 2021-06-09 13-48-06.png','local','local','1232','€','anual','local','123','rechazado',NULL,'2021-08-10 18:11:53',41891,1236,'jesus@empowerlabs.com',159632152,NULL),(44,'producto video','local','https://genniux.net/marketplace/41891/carga.mp4','local','local','12245','€','mesual','local','2222','rechazado',NULL,'2021-08-11 20:07:44',41891,1236,'jesus@empowerlabs.com',2147483647,NULL),(45,'1111','video con vimeo','https://player.vimeo.com/video/569373486','local','local','111','€','anual','local','12222','rechazado',NULL,'2021-08-11 21:40:10',41891,1236,'jesus@empowerlabs.com',2147483647,NULL),(46,'HSGD','Producto','https://genniux.net/marketplace/41891/pasos.mp4','local','nuevo','952','€','mesual','local','500','pendiente',NULL,'2021-08-16 16:35:25',41891,1236,'jesus@empowerlabs.com',2147483647,NULL);

--
-- Table structure for table `producto`
--

CREATE TABLE `producto` (
  `id` int NOT NULL AUTO_INCREMENT,
  `nombre` varchar(300) NOT NULL,
  `id_marca` int NOT NULL,
  PRIMARY KEY (`id`),
  KEY `id_marca` (`id_marca`),
  CONSTRAINT `producto_ibfk_1` FOREIGN KEY (`id_marca`) REFERENCES `marca` (`id`) ON DELETE CASCADE ON UPDATE CASCADE
) ENGINE=InnoDB AUTO_INCREMENT=3 DEFAULT CHARSET=utf8mb3;

--
-- Dumping data for table `producto`
--

INSERT INTO `producto` VALUES (1,'Doritos',1),(2,'Papas',1);

--
-- Table structure for table `proveedor`
--

CREATE TABLE `proveedor` (
  `id` int NOT NULL AUTO_INCREMENT,
  `cuenta` int NOT NULL,
  `nombre` varchar(200) CHARACTER SET utf8mb3 COLLATE utf8mb3_general_ci NOT NULL,
  `direccion` varchar(300) CHARACTER SET utf8mb3 COLLATE utf8mb3_general_ci NOT NULL,
  `telefono` varchar(20) CHARACTER SET utf8mb3 COLLATE utf8mb3_general_ci NOT NULL,
  `email` varchar(150) CHARACTER SET utf8mb3 COLLATE utf8mb3_general_ci NOT NULL,
  PRIMARY KEY (`id`),
  KEY `cuenta` (`cuenta`),
  CONSTRAINT `proveedor_ibfk_1` FOREIGN KEY (`cuenta`) REFERENCES `pap_eje` (`id`) ON DELETE CASCADE ON UPDATE CASCADE
) ENGINE=InnoDB AUTO_INCREMENT=2 DEFAULT CHARSET=latin1;

--
-- Dumping data for table `proveedor`
--


--
-- Table structure for table `proyecto`
--

CREATE TABLE `proyecto` (
  `id` int NOT NULL AUTO_INCREMENT,
  `eje` int NOT NULL,
  `area` int NOT NULL,
  `equipo` int DEFAULT NULL,
  `visible` tinyint(1) NOT NULL,
  PRIMARY KEY (`id`),
  UNIQUE KEY `eje` (`eje`),
  KEY `area` (`area`),
  CONSTRAINT `proyecto_ibfk_1` FOREIGN KEY (`area`) REFERENCES `pap_sub_eje` (`id`) ON DELETE CASCADE ON UPDATE CASCADE,
  CONSTRAINT `proyecto_ibfk_2` FOREIGN KEY (`eje`) REFERENCES `pap_sub_eje` (`id`) ON DELETE CASCADE ON UPDATE CASCADE
) ENGINE=InnoDB AUTO_INCREMENT=365 DEFAULT CHARSET=latin1;

--
-- Dumping data for table `proyecto`
--

INSERT INTO `proyecto` VALUES (12,41,17734,NULL,0),(14,17743,22274,NULL,0),(15,1590,13996,NULL,0),(16,19226,17734,NULL,0),(17,19547,17734,NULL,0),(20,20042,17732,NULL,0),(21,1012,20045,NULL,0),(30,20473,14000,NULL,0),(31,20489,17733,NULL,0),(32,20505,11901,NULL,0),(33,20556,17733,NULL,0),(35,20658,19698,NULL,0),(36,16944,13323,NULL,0),(40,22295,22270,NULL,1),(45,22282,22265,NULL,1),(46,22490,56768,NULL,0),(47,22495,22265,NULL,1),(49,22345,22265,NULL,0),(53,22344,22265,NULL,0),(54,22566,22265,NULL,1),(57,22647,22265,NULL,0),(58,22688,22265,NULL,0),(61,24465,24458,NULL,0),(62,24473,24485,NULL,0),(63,24455,24486,NULL,0),(64,24470,24488,NULL,0),(67,19223,22266,NULL,1),(69,42728,42749,NULL,0),(70,44373,22265,NULL,0),(71,46778,22272,NULL,1),(73,47815,22265,NULL,0),(76,22320,22272,NULL,1),(77,22259,22274,NULL,0),(78,47887,56768,NULL,0),(80,48748,56768,NULL,0),(82,48934,56768,NULL,0),(84,49115,22265,NULL,0),(85,22255,56768,NULL,0),(86,49344,22276,NULL,1),(88,49430,22265,NULL,0),(92,49431,22265,NULL,1),(93,49432,22265,NULL,1),(94,49433,22267,NULL,1),(95,50222,22267,NULL,0),(97,50422,56768,NULL,0),(98,50677,56768,NULL,0),(99,50783,56768,NULL,0),(100,50946,56768,NULL,0),(101,51861,22265,NULL,0),(102,51872,22265,NULL,0),(105,52256,56768,NULL,0),(107,52247,56768,NULL,0),(108,52221,52492,NULL,0),(109,52383,22270,NULL,0),(110,52171,22270,NULL,0),(111,52418,56768,NULL,0),(115,52243,52492,NULL,0),(116,52493,52492,NULL,0),(117,22378,22262,NULL,0),(118,52251,10599,NULL,0),(119,52250,10599,NULL,0),(120,52520,22274,NULL,0),(122,52977,41636,NULL,0),(123,52996,41891,47,0),(125,52998,51879,NULL,0),(126,54307,56768,NULL,0),(127,54367,41636,64,0),(130,54319,52506,NULL,1),(132,54968,22270,NULL,0),(137,55124,52506,NULL,0),(145,55236,52506,NULL,0),(164,55296,22265,NULL,0),(196,56484,22270,NULL,0),(219,56783,52506,NULL,0),(230,56818,22261,NULL,0),(232,56824,52506,NULL,0),(233,56868,22261,NULL,0),(236,56986,43981,246,0),(237,57008,50854,NULL,1),(238,57020,22275,NULL,0),(250,57173,57136,252,0),(251,57175,57136,252,0),(254,57464,50866,NULL,0),(259,57577,22261,NULL,0),(265,57963,22267,NULL,0),(267,57964,22267,NULL,0),(286,52232,52492,NULL,0),(297,58732,22268,NULL,0),(319,58910,22265,NULL,0),(320,59003,22261,NULL,0),(338,59344,22268,NULL,0),(339,60084,41817,NULL,0),(347,52416,41817,NULL,0),(350,60849,22275,NULL,0),(351,61218,22265,NULL,0),(352,61221,52506,NULL,0),(356,61344,22270,NULL,0),(358,62372,41817,NULL,0),(359,63069,41817,NULL,0),(360,63170,63169,NULL,0),(361,63562,41817,NULL,0),(363,63653,41817,NULL,0),(364,63759,63169,NULL,0);

--
-- Table structure for table `puesto`
--

CREATE TABLE `puesto` (
  `id` int NOT NULL AUTO_INCREMENT,
  `nombre` varchar(350) CHARACTER SET utf8mb3 COLLATE utf8mb3_general_ci NOT NULL,
  `colaborador` varchar(150) NOT NULL,
  `cuenta_asociada` varchar(100) DEFAULT NULL,
  PRIMARY KEY (`id`),
  KEY `colaborador` (`colaborador`),
  CONSTRAINT `puesto_ibfk_1` FOREIGN KEY (`colaborador`) REFERENCES `colaborador` (`wikiname`) ON DELETE CASCADE ON UPDATE CASCADE
) ENGINE=InnoDB AUTO_INCREMENT=3492 DEFAULT CHARSET=utf8mb3;

--
-- Dumping data for table `puesto`
--

INSERT INTO `puesto` VALUES (-1,'NotSet','NotSet',''),(3,'Security Manager','AmalioSosa',''),(4,'Manager Front Desk','JJElias',''),(14,'Direccion de Operaciones','JuanCarlosAngeles','juancarlos@intelifin.com'),(15,'Lider de proyecto - GenniuxBoard','JoseRojas','jose.rojas@empowerlabs.com'),(37,'Nuevo puesto','KarenSaldana','alma.leon@empowerlabs.com'),(57,'Nuevo puesto','Bot9',''),(58,'Nuevo puesto','Bot9',''),(59,'Nuevo puesto','Bot9',''),(67,'Nuevo puesto','Bot9',''),(73,'Jefa de Housekeeping','GabrielaUCanche',''),(81,'Colaborador','VictorHeredia','victormheredia@gmail.com'),(104,'Colaborador','FidelHernandez',''),(105,'Jefe de Sistemas','FredyEk',''),(114,'Colaborador','KarenSaldanaPPP',''),(115,'Colaborador','MagaliTagliani',''),(116,'Colaborador','MeradiSegovia',''),(118,'Colaborador','MiguelReyes',''),(119,'Colaborador','MoisesPacheco',''),(120,'Colaborador','MonicaAlba',''),(123,'Colaborador','PastorSanchez',''),(125,'Yield and Marketing manager','RodrigoSoto',''),(126,'Gerente de capital humano','SaraRamirez',''),(128,'Colaborador','SoledadPorco',''),(130,'Colaborador','VictorH','victor@salesplanet.io'),(132,'Colaborador','CarlosH',''),(136,'Colaborador','AnastasiaRuete',''),(137,'Colaborador','LourdesZamora',''),(138,'Colaborador','AlejandroYam',''),(139,'Colaborador','PabloPerotti',''),(145,'Colaborador','JairDavidTosca',''),(146,'Colaborador','SabasLopez',''),(148,'Colaborador','AbrahamRojas','ing.rojas93@outlook.com'),(151,'Colaborador','CarmenBocanegra',''),(152,'Colaborador','HectorDavani',''),(153,'Colaborador','MarioAvila',''),(157,'Colaborador','LadyCarabeo',''),(160,'Colaborador','MarcelaLara',''),(162,'Colaborador','PalomaWild',''),(163,'Colaborador','ElizabethOlan',''),(165,'Colaborador','JoseHernandez',''),(167,'Colaborador','XavierdelaMora',''),(168,'Colaborador','DanielOrozco',''),(173,'Nuevo puesto','Bot9',''),(174,'Nuevo puesto','Bot9',''),(175,'Nuevo puesto','Bot9',''),(176,'Colaborador','AlejandroVales',''),(177,'Nuevo puesto','AlejandroVales',''),(178,'Gerente','AnaLauraP',''),(180,'Colaborador','AbedEvan',''),(181,'Colaborador','AbrilAyala',''),(183,'Colaborador','AlfonsoGallardo',''),(184,'Colaborador','AlfredoGutierrez',''),(185,'Colaborador','AlfredoHernandez',''),(188,'Colaborador','AngyGarcia',''),(189,'Colaborador','BetinaHernandez',''),(195,'Colaborador','EfrainChuc',''),(196,'Colaborador','ElisaSangeado',''),(197,'Colaborador','EliudVentre',''),(198,'Colaborador','EmilioHeredia',''),(200,'Colaborador','GilbertCanul',''),(201,'Colaborador','HilarioDzib',''),(202,'Colaborador','MarianoMorelli',''),(203,'Colaborador','Cliente',''),(204,'Colaborador','AngelSanchez',''),(210,'Encargada de Spa','MarielSegura',''),(211,'Colaborador','RafaelVega',''),(212,'Colaborador','XAdrianCoene',''),(218,'Colaborador','JoshuaDelgado',''),(226,'Colaborador','JuanPabloHeredia',''),(227,'Colaborador','LucelyEspana',''),(228,'Colaborador','HectorHernandez',''),(229,'Colaborador','AntoineRamey',''),(230,'Colaborador','MarcoRodriguez',''),(231,'Colaborador','SantiagoCordova',''),(232,'Colaborador','JayGuerrero',''),(233,'Colaborador','EduardoKu',''),(234,'Colaborador','JairoSanchez',''),(240,'Colaborador','CarlosHerediaPPP',''),(242,'Colaborador','KatarinaChmelova',''),(247,'Colaborador','PatyHernandez',''),(248,'Colaborador','CarmenArias',''),(249,'Colaborador','LeandroRispoli',''),(250,'Colaborador','JessicaBarrera',''),(251,'Colaborador','GretiHernandez',''),(252,'Colaborador','LizbethBalderas',''),(253,'Colaborador','IrmaMontecinos','covazquezv@gmail.com'),(256,'Colaborador','AndresReyes',NULL),(257,'Colaborador','AngelEspinosa',NULL),(258,'Colaborador','ArturoVergara',NULL),(259,'Colaborador','AxelleDosSantos',NULL),(260,'Colaborador','CarlosMunoz',NULL),(261,'Colaborador','DanielArgaez',NULL),(262,'Colaborador','EfrainMay',NULL),(263,'Colaborador','EmilioOchoa',NULL),(264,'Colaborador','ErnestoRangel',NULL),(265,'Colaborador','FedericoLopez',NULL),(266,'Colaborador','GabyFrias',NULL),(267,'Colaborador','JesusRossano',NULL),(268,'Colaborador','KashiriMunos',NULL),(269,'Colaborador','LuisChiwo',NULL),(270,'Colaborador','MelissaPani',NULL),(271,'Colaborador','ReginaReyes',NULL),(273,'Colaborador','RodrigoAlonso',NULL),(274,'Colaborador','YunueCarrasco',NULL),(276,'Colaborador','ArturoSanson',NULL),(277,'Colaborador','ChloeVartanian',NULL),(278,'Colaborador','FerminPrieto',NULL),(279,'Colaborador','MariaNunez',NULL),(280,'Colaborador','JoelArias',NULL),(281,'Colaborador','AlejandroArias',NULL),(282,'Colaborador','CleiderCruz',NULL),(283,'Colaborador','JulioGonzalez',NULL),(284,'Colaborador','JulioRodriguez',NULL),(286,'Colaborador','AmparoTinoco',NULL),(288,'Colaborador','GerardoFernandez',NULL),(289,'Colaborador','EduardoMagana',NULL),(290,'Colaborador','AlexisMarquez',NULL),(291,'Colaborador','LuisGutierrez',NULL),(294,'Colaborador','MiguelRuiz',NULL),(295,'Colaborador','KunibertLennger',NULL),(305,'Colaborador','MarionRajotte',NULL),(306,'Colaborador','JenniferBarre',NULL),(459,'Colaborador','Coach','victor@empowernomics.com'),(485,'Colaborador','AnaSaldana',NULL),(494,'Colaborador','Carlos Hernan Rodriguez Gomez-116201292643849322279',NULL),(495,'Colaborador','Lorena Hernandez-107478754560366949106',NULL),(496,'Colaborador','Gerardo Martinez-107639053507318158581',NULL),(497,'Colaborador','Gloria Alvarez-108946202202137387681',NULL),(498,'Colaborador','Olga Fonseca-103067978735419696780',NULL),(499,'Colaborador','Aurora Perez-101188120497184238578',NULL),(500,'Colaborador','Irma Morales rizo-101830364773481591288',NULL),(502,'Colaborador','Lucy Santoyo-113108392665093720007',NULL),(503,'Colaborador','EI MUNDO GEIMER grgp-100223918629606233532',NULL),(504,'Colaborador','Patricia Gomez-109956695161992733017',NULL),(505,'Colaborador','Zazil Trujillo-112108288029589218481',NULL),(506,'Colaborador','AMERIC AC-112190728078805867264',NULL),(507,'Colaborador','Claudia Gonzalez-105689330812089766367',NULL),(508,'Colaborador','Amparo Charvel Gaos-112835020862153969288',NULL),(509,'Colaborador','Jorey Regarcy-106213224632810391272',NULL),(510,'Colaborador','Araceli Palacios-113524250435771396816',NULL),(511,'Colaborador','Brau HM-117555598926305807067',NULL),(512,'Colaborador','Luis Castillo-107641453754409120578',NULL),(513,'Colaborador','Patricia Echenique-100931032178085814360',NULL),(514,'Colaborador','Alma Ortiz-117083638436780578247',NULL),(515,'Colaborador','Rocio Morales-112999996428494996723',NULL),(516,'Colaborador','Art Hdz-111703419587162606680',NULL),(517,'Colaborador','eduardo spike-110830269655345413485',NULL),(518,'Colaborador','Sofia c-100307868361060685505',NULL),(519,'Colaborador','Viridiana Rojas-116358617015509354488',NULL),(520,'Colaborador','Heidy Navarro-109913174218392106473',NULL),(524,'Colaborador','Guadalupe Gomez Pezuela-114747841309525269692',NULL),(525,'Colaborador','Ita Pantoja Elizondo-103716769585607498423',NULL),(528,'Colaborador','Valery Jaina-108416858962066098742',NULL),(530,'Colaborador','Julian Baez-109325001323019526375',NULL),(531,'Colaborador','Leticia Martinez Urrea-104596824197108329237',NULL),(532,'Colaborador','Maria del Pilar Alviso Lazzeri-104058631122021723416',NULL),(533,'Colaborador','Felipe Del Valle-113512631140700576777',NULL),(535,'Colaborador','Edgardo Moreno S.-105670720045913728092',NULL),(550,'Colaborador','La Eli Mimi-115037721098925940462',NULL),(551,'Colaborador','Susana Oseguera-115254988827882400146',NULL),(609,'Colaborador','admin_elabs','apps@genniux.com'),(610,'Colaborador','Bot37',NULL),(615,'Colaborador','Ana Cristina Diaz Rivera-101578926332062876439',NULL),(616,'Colaborador','Andrea Martinez-105731365316401723359',NULL),(617,'Colaborador','Cecilia Barton-102876474844593780608',NULL),(618,'Colaborador','Brenda Verdin-116043516972060768450',NULL),(619,'Colaborador','David Moreno Guinea-111031971866751582270',NULL),(620,'Colaborador','Berenice Pizano-112615153054725076936',NULL),(623,'Colaborador','Abraham Rojas-112007984826832059818',NULL),(625,'Colaborador','Miguel Rincon-100050258357606351662',NULL),(626,'Colaborador','gipsy quijano-107533389153796152128',NULL),(627,'Colaborador','andrea anzures-101200208586488602120',NULL),(628,'Colaborador','Veronica Casanova-107405704829489617292',NULL),(629,'Colaborador','Jimena Centurion-100472857442480708597',NULL),(630,'Colaborador','Annabella Ranalletta-101669267773258861828',NULL),(633,'Colaborador','admin_pro',NULL),(634,'Colaborador','Coach Reinventate',NULL),(644,'Colaborador','Oscar Rios-104279680765091906737',NULL),(647,'Colaborador','Jlhrueda-108851272779242622657',NULL),(651,'Colaborador','_Sergio Garcia-112377512536445694909',NULL),(656,'Colaborador','Jorge Dominguez-111712214643001048111',NULL),(657,'Colaborador','Maria Esther Castro Alvear-106565609470541041486',NULL),(660,'Colaborador','RPRO-01',NULL),(661,'Colaborador','RPRO-02',NULL),(662,'Colaborador','RPRO-03',NULL),(663,'Colaborador','RPRO-04',NULL),(664,'Colaborador','RPRO-05',NULL),(665,'Colaborador','RPRO-06',NULL),(666,'Colaborador','RPRO-07',NULL),(667,'Colaborador','RPRO-08',NULL),(668,'Colaborador','RPRO-09',NULL),(669,'Colaborador','RPRO-10',NULL),(670,'Colaborador','RPRO-11',NULL),(671,'Colaborador','RPRO-12',NULL),(672,'Colaborador','RPRO-13',NULL),(673,'Colaborador','RPRO-14',NULL),(674,'Colaborador','RPRO-15',NULL),(675,'Colaborador','RPRO-16',NULL),(676,'Colaborador','RPRO-17',NULL),(677,'Colaborador','RPRO-18',NULL),(678,'Colaborador','RPRO-19',NULL),(679,'Colaborador','RPRO-20',NULL),(680,'Colaborador','RPRO-21',NULL),(681,'Colaborador','RPRO-22',NULL),(682,'Colaborador','RPRO-23',NULL),(683,'Colaborador','RPRO-24',NULL),(684,'Colaborador','RPRO-25',NULL),(687,'Colaborador','Veronica Romero-115224912682363476717',NULL),(990,'Colaborador','Aldhair Mejia-115962200385472586491',NULL),(1207,'Colaborador','admin_sales',NULL),(1232,'Colaborador','VictorHeredia2-39',NULL),(1236,'Colaborador','JesusSanchez','jesus@empowerlabs.com'),(1242,'Colaborador','JavierConsuegra',NULL),(1252,'Colaborador','CarlosSH',NULL),(1254,'Colaborador','JaviConsuegraU',NULL),(1322,'Colaborador','VictorHerediaSP',NULL),(1323,'Colaborador','JCarlosAngelesSP',NULL),(1325,'Colaborador','KarenSaldanaSP',NULL),(1326,'Colaborador','AngelesBravoSP',NULL),(1327,'Colaborador','EricBaezSP',NULL),(1328,'Colaborador','LuisLago',''),(1330,'Colaborador','LuisSP',NULL),(1331,'Colaborador','AlexSP',NULL),(1332,'Colaborador','OlivierSP',NULL),(1333,'Colaborador','JaviSP',NULL),(1334,'Colaborador','JoseSP',NULL),(1335,'Colaborador','AngelSP',NULL),(1339,'Colaborador','DavidVazquez',NULL),(1340,'Colaborador','CarlosR',NULL),(1341,'Colaborador','JuanR',NULL),(1342,'Colaborador','MeleroM',NULL),(1343,'Colaborador','InitiaMkt',NULL),(1344,'Colaborador','IvettePerez',NULL),(1345,'Colaborador','MarioTirado',NULL),(1346,'Colaborador','YavekSilva',NULL),(1347,'Colaborador','AndreaGuzman',NULL),(1348,'Colaborador','PaulinaG',NULL),(1349,'Colaborador','GustavoRivera',NULL),(1351,'Colaborador','CynthiaB',NULL),(1352,'Colaborador','ManuelSalazar',NULL),(1353,'Colaborador','DValencia',NULL),(1354,'Colaborador','ISanchez',NULL),(1355,'Colaborador','EMorales',NULL),(1356,'Colaborador','Edesaracho',NULL),(1357,'Colaborador','GisselSP',NULL),(1358,'Colaborador','Bordonez',NULL),(1359,'Colaborador','DanielaUribeSP',NULL),(1360,'Colaborador','NoraSP','noralhidalgo@gmail.com'),(1361,'Colaborador','VeroSP',NULL),(1362,'Colaborador','KarimSP',NULL),(1364,'Colaborador','HolaIbero',NULL),(1365,'Colaborador','SergioIbero',NULL),(1366,'Colaborador','CarmenIbero',NULL),(1367,'Colaborador','VanessaGari',NULL),(1368,'Colaborador','MartaBlanco',NULL),(1369,'Colaborador','LupePezonaga',NULL),(1370,'Colaborador','JesusMunoz',NULL),(1372,'Colaborador','LuisFernando',NULL),(1373,'Colaborador','IreneGarcia',NULL),(1374,'Colaborador','DavidMSP',NULL),(1375,'Colaborador','JavierGarciaSP',NULL),(1376,'Colaborador','AlbaLopez',NULL),(1377,'Colaborador','AngelGilsanz',NULL),(1378,'Colaborador','EricKubbo',NULL),(1379,'Colaborador','VictorKubbo',NULL),(1380,'Colaborador','CarlosSM',NULL),(1381,'Colaborador','RaquelBernad',NULL),(1382,'Colaborador','MariaLaura',NULL),(1383,'Colaborador','InaSP',NULL),(1384,'Colaborador','JavierKL',NULL),(1385,'Colaborador','VandradeSP',NULL),(1386,'Colaborador','ErnestoSP',NULL),(1387,'Colaborador','Fcolomas',NULL),(1388,'Colaborador','Bmonsalve',NULL),(1389,'Colaborador','Pzarate',NULL),(1390,'Colaborador','FriosCR',NULL),(1391,'Colaborador','JMiranda',NULL),(1392,'Colaborador','ManuelArenaz',NULL),(1393,'Colaborador','FaniGarcia',NULL),(1394,'Colaborador','MarcosTorres',NULL),(1395,'Colaborador','JavierNovo',NULL),(1396,'Colaborador','RosaVazquez',NULL),(1397,'Colaborador','SVasquez',NULL),(1398,'Colaborador','EFuentes',NULL),(1399,'Colaborador','CHidalgo',NULL),(1400,'Colaborador','MMunoz',NULL),(1401,'Colaborador','DPozo',NULL),(1402,'Colaborador','MRoman',NULL),(1403,'Colaborador','SVasquezKC',NULL),(1404,'Colaborador','SValencia',NULL),(1405,'Colaborador','FriosInnova',NULL),(1406,'Colaborador','ACisneros',NULL),(1407,'Colaborador','AdelaTorre',NULL),(1409,'Colaborador','AManrique',NULL),(1410,'Colaborador','CRomero',NULL),(1411,'Colaborador','FNunez',NULL),(1412,'Colaborador','GTorres',NULL),(1413,'Colaborador','KBazante',NULL),(1414,'Colaborador','PAlarcon',NULL),(1415,'Colaborador','RBardi',NULL),(1417,'Colaborador','PSantos',NULL),(1418,'Colaborador','DCarranza',NULL),(1419,'Colaborador','JTorrente',NULL),(1420,'Colaborador','Rarosemena',NULL),(1421,'Colaborador','SMoreno',NULL),(1422,'Colaborador','PFigueira',NULL),(1423,'Colaborador','JFerron',NULL),(1424,'Colaborador','Mantezana',NULL),(1425,'Colaborador','Keberhardt',NULL),(1426,'Colaborador','AdelaTorreKC',NULL),(1427,'Colaborador','Chenao',NULL),(1428,'Colaborador','DFierro',NULL),(1429,'Colaborador','Liher',NULL),(1430,'Colaborador','IMartinez',NULL),(1431,'Colaborador','ARosero',NULL),(1432,'Colaborador','ChenaoK',NULL),(1433,'Colaborador','ErnestoKC',NULL),(1434,'Colaborador','FColomasKC',NULL),(1435,'Colaborador','JmirandaKC',NULL),(1436,'Colaborador','XSantoro',NULL),(1437,'Colaborador','AndreaKL',NULL),(1438,'Colaborador','VentasPP',NULL),(1439,'Colaborador','ACisnerosSP',NULL),(1440,'Colaborador','MarmasSP',NULL),(1441,'Colaborador','PAlarconSP',NULL),(1442,'Colaborador','PBeltran',NULL),(1443,'Colaborador','Reneque',NULL),(1444,'Colaborador','Vandrade',NULL),(1445,'Colaborador','Dayanne',NULL),(1447,'Colaborador','ACarrion',NULL),(1448,'Colaborador','AFigueroa',NULL),(1449,'Colaborador','GustavoR',NULL),(1450,'Colaborador','LupeP',NULL),(1451,'Colaborador','JavierHuergo',NULL),(1456,'Colaborador','Eudald',NULL),(1457,'Colaborador','JTorrentePS',NULL),(1458,'Colaborador','JorgeDom',NULL),(1459,'Colaborador','AngelDeLaMata',''),(1460,'Colaborador','AlexGonzalez',NULL),(1468,'Colaborador','AlbertoGomez',NULL),(1469,'Colaborador','JorgeCuervo',NULL),(1470,'Colaborador','AntonioCamacho',NULL),(1471,'Colaborador','JuliaVerdejo',NULL),(1472,'Colaborador','GonzaloEcheverria',NULL),(1473,'Colaborador','DavidVesga',NULL),(1474,'Colaborador','SantiagoHornedo',NULL),(1475,'Colaborador','LuisNeira',NULL),(1476,'Colaborador','RubenBreton',NULL),(1477,'Colaborador','JuanPabloCrespi',NULL),(1478,'Colaborador','JorgePena',NULL),(1479,'Colaborador','HectorSP',NULL),(1480,'Colaborador','RGalan',NULL),(1481,'Colaborador','JPedrayes',NULL),(1483,'Colaborador','AlexElabsSP',NULL),(1484,'Colaborador','AbrahamElabsSP',NULL),(1485,'Colaborador','CarlosElabsSH',NULL),(1486,'Colaborador','JordiDivins',NULL),(1487,'Colaborador','AlbertNadal',NULL),(1488,'Colaborador','RamonNavarro',NULL),(1490,'Colaborador','KarenS',NULL),(1491,'Colaborador','GeneralUser',NULL),(1492,'Colaborador','FrankSanchez',NULL),(1493,'Colaborador','ArmandoHaquet',NULL),(1494,'Colaborador','JalilArmijo',NULL),(1495,'Colaborador','KarinaMeneses',NULL),(1496,'Colaborador','RobertoMondlackS',NULL),(1498,'Colaborador','SergioCastro',NULL),(1500,'Colaborador','ArturoDamian',NULL),(1501,'Colaborador','LeticiaCardenas',NULL),(1502,'Colaborador','AlfonsoMuÃ±oz',NULL),(1503,'Colaborador','SaraDominguez',NULL),(1505,'Colaborador','FatimaO',NULL),(1506,'Colaborador','VeroRomeroE',NULL),(1507,'Colaborador','MarianRE',NULL),(1508,'Colaborador','JavierAE',NULL),(1509,'Colaborador','AndreaRE',NULL),(1515,'Colaborador','CoachEmpower','coachempower@empowerlabs.com'),(1517,'Colaborador','OdinO',NULL),(1518,'Colaborador','AndreaG',NULL),(1519,'Colaborador','LeopoldoVazquez',NULL),(1521,'Colaborador','BaruchGarfias',NULL),(1522,'Colaborador','AdrianaUrrutia',NULL),(1523,'Colaborador','PaulaGonzalez',NULL),(1525,'Colaborador','NoeCruz',NULL),(1526,'Colaborador','Irvin',NULL),(1527,'Colaborador','Mehdi',NULL),(1528,'Colaborador','LuisPiqueras',NULL),(1529,'Colaborador','AlbertQueralt',NULL),(1530,'Colaborador','SergioSentias',NULL),(1531,'Colaborador','XavierVillanueva',NULL),(1532,'Colaborador','ChristianBudgen',NULL),(1533,'Colaborador','PiercarloDAmbrosio',NULL),(1534,'Colaborador','RominaGerlero',NULL),(1535,'Colaborador','FranGracia',NULL),(1536,'Colaborador','XavierRamirez',NULL),(1537,'Colaborador','FrancescCollado',NULL),(1541,'Colaborador','YVega',NULL),(1542,'Colaborador','Max',NULL),(1543,'Colaborador','CRodriguez',NULL),(1545,'Colaborador','SergioGomez',NULL),(1546,'Colaborador','FernandoMateus',NULL),(1547,'Colaborador','LuisValero',NULL),(1548,'Colaborador','DavidSanchez',NULL),(1549,'Colaborador','FernandoAnitua',NULL),(1550,'Colaborador','LuisSanchez',NULL),(1551,'Colaborador','CesarGonzalez',NULL),(1552,'Colaborador','AndreaZamorano',NULL),(1553,'Colaborador','SaraDorado',NULL),(1554,'Colaborador','DavidCaballero',NULL),(1555,'Colaborador','PedroTrujillano',NULL),(1556,'Colaborador','AlfredoCattan',NULL),(1557,'Colaborador','GonzaloArena',NULL),(1558,'Colaborador','DannaTaub',NULL),(1559,'Colaborador','AlanMai',NULL),(1560,'Colaborador','TuCasaClub',NULL),(1561,'Colaborador','JavierGarrido',NULL),(1562,'Colaborador','JoseManuelMorales',NULL),(1565,'Colaborador','GiselaBlancas',NULL),(1566,'Colaborador','DanielVadillo',NULL),(1567,'Colaborador','SusieBlancas',NULL),(1568,'Colaborador','IsabelSalazar',NULL),(1569,'Colaborador','ManuelGaldon',NULL),(1570,'Colaborador','JulioArcos',NULL),(1571,'Colaborador','ManuelGaldonHernandez',NULL),(1573,'Colaborador','CoachSP',NULL),(1574,'Colaborador','ParticipanteSP',NULL),(1666,'Colaborador','Mercedes',NULL),(1667,'Colaborador','Soraya',NULL),(1668,'Colaborador','Eker',NULL),(1669,'Colaborador','LuciaGamez',NULL),(1670,'Colaborador','DaviCru',NULL),(1673,'Colaborador','LorenaSanchezMP',''),(1674,'Colaborador','LourdesNHernandez',NULL),(1675,'Colaborador','EricMoralesMP',NULL),(1676,'Colaborador','JuanOrejas',NULL),(1677,'Colaborador','AlejandroHernanz',NULL),(1678,'Colaborador','CarlosMontero',NULL),(1679,'Colaborador','AlbertoRodriguez',NULL),(1680,'Colaborador','MarcosBau',NULL),(1681,'Colaborador','CarlosCeballos',NULL),(1682,'Colaborador','LuisParra',NULL),(1683,'Colaborador','AndresPerdiguero',NULL),(1684,'Colaborador','GracielaCastro',NULL),(1685,'Colaborador','EnriqueLiarte',NULL),(1686,'Colaborador','LeopoldoMallo',NULL),(1687,'Colaborador','SalvadorBenedi',NULL),(1688,'Colaborador','DavidBascoy',NULL),(1689,'Colaborador','SebastianCrespo',NULL),(1690,'Colaborador','BorjaCrespo',NULL),(1691,'Colaborador','FranciscoCrespo',NULL),(1692,'Colaborador','RaulEspinosa',NULL),(1693,'Colaborador','operaciones1',NULL),(1694,'Colaborador','CFigueroa',NULL),(1695,'Colaborador','JFernandez',NULL),(1696,'Colaborador','BarbaraRoman',NULL),(1697,'Colaborador','MariaCervino',NULL),(1698,'Colaborador','MarelisaBlanco',NULL),(1699,'Colaborador','AndreaBrandariz',NULL),(1700,'Colaborador','AlvaroGrajal',NULL),(1701,'Colaborador','AitorGrajal',NULL),(1707,'Colaborador','EdgarJimenez',NULL),(1708,'Colaborador','AlazneBayo',NULL),(1709,'Colaborador','VictorCalvo',NULL),(1710,'Colaborador','FernandoFernandez',NULL),(1711,'Colaborador','Ã“scarGonzalez',NULL),(1712,'Colaborador','ChemaRodriguez',NULL),(1713,'Colaborador','AitorA',NULL),(1714,'Colaborador','DavidA',NULL),(1716,'Colaborador','AxelGarcia',NULL),(1717,'Colaborador','PatriciaCabreraGarcia',NULL),(1718,'Colaborador','NataliaCabreraGarcia',NULL),(1721,'Colaborador','LinoBort',NULL),(1722,'Colaborador','SantiAmeller',NULL),(1723,'Colaborador','CoraGonzalez',NULL),(1725,'Colaborador','AHernandez',NULL),(1726,'Colaborador','PMartinez',NULL),(1727,'Colaborador','RubenAnton',NULL),(1728,'Colaborador','AngelAparicio',NULL),(1729,'Colaborador','MiguelSignes',NULL),(1730,'Colaborador','JVeiga',NULL),(1732,'Colaborador','FernandoMartinez',NULL),(1733,'Colaborador','MicaelaRosas',NULL),(1734,'Colaborador','StefanEndler',NULL),(1735,'Colaborador','JuditLaguardia',NULL),(1746,'Colaborador','JVegas',NULL),(1749,'Colaborador','MariaPeÃ±a',NULL),(1751,'Colaborador','MGonzales',NULL),(1752,'Colaborador','EUquillas',NULL),(1753,'Colaborador','WYecid',NULL),(1761,'Colaborador','GusMonterrey','gustavo.monterrey@nexxtlabs.com'),(1765,'Colaborador','AnahiMartinez','anahi.martinez@nexxtlabs.com'),(1768,'Colaborador','MonicaCarrion',NULL),(1770,'Colaborador','GregorioMagno',NULL),(1771,'Colaborador','JuliaRomero',NULL),(1772,'Colaborador','JuliaMartinez',NULL),(1773,'Colaborador','JoseMariaRodriguez',NULL),(1774,'Colaborador','AndoniRecabarren',NULL),(1777,'Colaborador','RosaliaRocha',NULL),(1778,'Colaborador','AlejandraHaro',NULL),(1779,'Colaborador','LuisAcme',NULL),(1780,'Colaborador','AlexAcme',NULL),(1781,'Colaborador','OliverAcme',NULL),(1782,'Colaborador','JaviAcme',NULL),(1783,'Colaborador','JoseAcme',NULL),(1784,'Colaborador','AngelAcme',NULL),(1785,'Colaborador','MarioVelayo',NULL),(1786,'Colaborador','EduardoNunez',NULL),(1787,'Colaborador','HectorAcme',NULL),(1789,'Colaborador','DanielRamÃ­rez',NULL),(1790,'Colaborador','DRamirez',NULL),(1791,'Colaborador','JoseBurgos',NULL),(1792,'Colaborador','Carlos Carreras',NULL),(1793,'Colaborador','PaulaArias',NULL),(1794,'Colaborador','PedroAres',NULL),(1795,'Colaborador','CristinaPena',NULL),(1796,'Colaborador','GerardoGuzman',NULL),(1799,'Colaborador','AQuintana',NULL),(1802,'Colaborador','Alejandro',NULL),(1803,'Colaborador','FranciscoBalestrini',NULL),(1804,'Colaborador','AlbertoDiaz',NULL),(1805,'Colaborador','AlfonsoSiri',NULL),(1806,'Colaborador','BRianny',NULL),(1807,'Colaborador','ElenaSanz',NULL),(1808,'Colaborador','MaEscriva',NULL),(1809,'Colaborador','McBriz',NULL),(1810,'Colaborador','RobertoGh',NULL),(1811,'Colaborador','CMR',NULL),(1812,'Colaborador','DavidDiazalon',NULL),(1813,'Colaborador','MacarenaDiez',NULL),(1814,'Colaborador','RicardoVilluendas',NULL),(1815,'Colaborador','RocioSantos',NULL),(1816,'Colaborador','BrunoPineiro',NULL),(1817,'Colaborador','SergioRodrigues',NULL),(1818,'Colaborador','GonzaloBernad',NULL),(1819,'Colaborador','MonicaFernandez',NULL),(1820,'Colaborador','TomasCalvo',NULL),(1823,'Colaborador','DanielaGarcia',NULL),(1824,'Colaborador','MarceloAntezana',NULL),(1825,'Colaborador','PabloMonterde',NULL),(1826,'Colaborador','LuciaPina',NULL),(1827,'Colaborador','JavierPardo',NULL),(1828,'Colaborador','NorbertoGonzalez',NULL),(1829,'Colaborador','PierinaValdivia',NULL),(1830,'Colaborador','CoteSoler',NULL),(1831,'Colaborador','AngelaRuiz',NULL),(1832,'Colaborador','AnaSuarez',NULL),(1833,'Colaborador','OrianaVazquez',NULL),(1834,'Colaborador','JorgeTexlenet',NULL),(1835,'Colaborador','GiulioTexlenet',NULL),(1836,'Colaborador','PabloTexlenet',NULL),(1838,'Colaborador','MartaTaxlenet',NULL),(1839,'Colaborador','MarinaTexlenet',NULL),(1840,'Colaborador','RicardoVilluendasP',NULL),(1841,'Colaborador','BPrieto',NULL),(1844,'Colaborador','FrancescRamirez',NULL),(1845,'Colaborador','CuervasMons',NULL),(1877,'Colaborador','AnaBelGarcia',NULL),(1878,'Colaborador','SilviaFradera',NULL),(1879,'Colaborador','IvanBlanco',NULL),(1881,'Colaborador','FernandoSalesPlanet',NULL),(1883,'Colaborador','NinoskaNunez',NULL),(1884,'Colaborador','JoselinRosales',NULL),(1885,'Colaborador','AleydaRomero',NULL),(1886,'Colaborador','KarlaDennisSandoval',NULL),(1887,'Colaborador','SilviaGonzalez',NULL),(1888,'Colaborador','DavidMoreno',NULL),(1889,'Colaborador','ClaudiaFernandez',NULL),(1890,'Colaborador','PamelaRamos',NULL),(1891,'Colaborador','GuadalupeAcosta',NULL),(1892,'Colaborador','EstrellaMorales',NULL),(1893,'Colaborador','JosueMartinez',NULL),(1894,'Colaborador','EdgarSalgado',NULL),(1895,'Colaborador','MariaSanchez',NULL),(1896,'Colaborador','NoraMaldonado',NULL),(1897,'Colaborador','GeorginaMejia',NULL),(1898,'Colaborador','RicardoMontanez',NULL),(1899,'Colaborador','KarinaMejia',NULL),(1900,'Colaborador','NoraMaldonado2',NULL),(1901,'Colaborador','GabySanchez',NULL),(1902,'Colaborador','FerideTuglu',NULL),(1903,'Colaborador','VioletaPelaez',NULL),(1905,'Colaborador','DanielaRojas',NULL),(1906,'Colaborador','RafaelTamames',NULL),(1907,'Colaborador','CarlosTamames',NULL),(1908,'Colaborador','TeamTamames',NULL),(1909,'Colaborador','PatriciaTamames',NULL),(1910,'Colaborador','VictorSangabriel',NULL),(1911,'Colaborador','CintiaLiceaga',NULL),(1912,'Colaborador','JulioSangabriel',NULL),(1913,'Colaborador','MinuGrajales',NULL),(1914,'Colaborador','FransiscoRomero',NULL),(1916,'Colaborador','AlejandroCarrasola',NULL),(1917,'Colaborador','GustavoFigueroa',NULL),(1918,'Colaborador','PaolaPineda',NULL),(1920,'Colaborador','MariaNG',NULL),(1921,'Colaborador','PilarRomero',NULL),(1922,'Colaborador','SaraOrdonez',NULL),(1923,'Colaborador','ZuhamyVillasenor',NULL),(1924,'Colaborador','MaiderMendizabal',NULL),(1925,'Colaborador','ClaudiaOrozco',NULL),(1926,'Colaborador','CamilaVilla',NULL),(1927,'Colaborador','LeticiaAboytes',NULL),(1928,'Colaborador','HugoAboytes',NULL),(1929,'Colaborador','AgustinSebastianBarrera',NULL),(1931,'Colaborador','MariaBanguero',NULL),(1932,'Colaborador','DianaHaro',NULL),(1933,'Colaborador','KatherinValencia',NULL),(1934,'Colaborador','RicardoPugaL',NULL),(1935,'Colaborador','AnaLima',NULL),(1936,'Colaborador','JavierSanesteban',NULL),(1937,'Colaborador','InesGago',NULL),(1938,'Colaborador','OscarNaveiras',NULL),(1939,'Colaborador','AlejandraR',NULL),(1940,'Colaborador','CeciliaR',NULL),(1941,'Colaborador','MarthaBaquero',NULL),(1942,'Colaborador','FranciscoPerez',NULL),(1943,'Colaborador','SandraCastanyer',NULL),(1944,'Colaborador','SaraEsparis',NULL),(1945,'Colaborador','JavierCarmona',NULL),(1946,'Colaborador','JavierGomez',NULL),(1947,'Colaborador','ValentinaMaestre',NULL),(1949,'Colaborador','AlejandroSantos',NULL),(1950,'Colaborador','MagdalenaAldao',NULL),(1951,'Colaborador','EmanuelDemichelis',NULL),(1952,'Colaborador','LucreciaCastro',NULL),(1953,'Colaborador','AlejandroC',NULL),(1954,'Colaborador','JuanMa',NULL),(1955,'Colaborador','JohannaGarrido',NULL),(1956,'Colaborador','DavidCabrera',NULL),(1957,'Colaborador','LuciaSantos',NULL),(1958,'Colaborador','SofiaSantos',NULL),(1959,'Colaborador','AliciaSanchez',NULL),(1960,'Colaborador','ClaudioChavez',NULL),(1961,'Colaborador','EduardoGonzalez',NULL),(1962,'Colaborador','ChristianButron',NULL),(1963,'Colaborador','MauricioRodriguez',NULL),(1964,'Colaborador','AntonioMartinez',NULL),(1965,'Colaborador','JavierRamirez',NULL),(1966,'Colaborador','CescIlla',NULL),(1967,'Colaborador','SamanthaMaldonado',NULL),(1968,'Colaborador','YolandaCarmona',NULL),(1969,'Colaborador','LuisSilva',NULL),(1970,'Colaborador','LuzMariaNajera',NULL),(1971,'Colaborador','SairaMaldonado',NULL),(1972,'Colaborador','SimonAtri',NULL),(1974,'Colaborador','Beatriz Reyes',NULL),(1975,'Colaborador','DanielaPuga',NULL),(1976,'Colaborador','KarenGarcia',NULL),(1977,'Colaborador','AlexanderSilva',NULL),(1978,'Colaborador','CarolinaBlanco',NULL),(1979,'Colaborador','JuanCruz',NULL),(1980,'Colaborador','AntonioPading',NULL),(1981,'Colaborador','LuisMolina',NULL),(1982,'Colaborador','YessicaVazquez',NULL),(1983,'Colaborador','Legalnfo',NULL),(1985,'Colaborador','MiguelAngelJimenez',NULL),(1986,'Colaborador','AparicioA',NULL),(1987,'Colaborador','CMarco',NULL),(1988,'Colaborador','JPineiro',NULL),(1989,'Colaborador','AcNoveda',NULL),(1990,'Colaborador','JCuesta',NULL),(1991,'Colaborador','CPlanes',NULL),(1992,'Colaborador','PauCaralt',NULL),(1993,'Colaborador','RicardoRibes',NULL),(1994,'Colaborador','MauricioCavallini',NULL),(1995,'Colaborador','JonanMendoza',NULL),(1996,'Colaborador','IrvingGomez',NULL),(1997,'Colaborador','MaireliParedes',NULL),(1999,'Colaborador','BrayanRivera',NULL),(2000,'Colaborador','ErikaOdilon',NULL),(2001,'Colaborador','AzucenaSalitre',NULL),(2002,'Colaborador','FernandoGaspar',NULL),(2003,'Colaborador','AnaMartinezNL',NULL),(2004,'Colaborador','JazminTrejo',NULL),(2006,'Colaborador','RoehlHernandez',NULL),(2019,'Colaborador','SamanthaSampedro',NULL),(2020,'Colaborador','ZuyAngelRodriguez',NULL),(2021,'Colaborador','ErikaApunte',NULL),(2022,'Colaborador','JhoanyReyes',NULL),(2023,'Colaborador','DenisceGaibor',NULL),(2024,'Colaborador','EduardoGarcia',NULL),(2025,'Colaborador','ChristianButron2',NULL),(2026,'Colaborador','ClaudioChavez2',NULL),(2027,'Colaborador','JCarlosAngeles','juancarlos@salesplanet.io'),(2029,'Colaborador','DiegoRotaldeGarridoLecca',NULL),(2030,'Colaborador','JorgePatricioGarridoGuajardo',NULL),(2031,'Colaborador','MariaPiaEspinelHuertasdelPino',NULL),(2032,'Colaborador','LauraKarinaHenriquezLorca',NULL),(2033,'Colaborador','FelipeAlonsodelValleTorres',NULL),(2035,'Colaborador','JessicaQuintero',NULL),(2036,'Colaborador','SergioLopez',NULL),(2037,'Colaborador','VictorNerin',NULL),(2038,'Colaborador','SandraLopez',NULL),(2039,'Colaborador','NataliaBarbero',NULL),(2040,'Colaborador','BeatrizLlamas',NULL),(2041,'Colaborador','FlorTamames',NULL),(2042,'Colaborador','DanannAguilar','danann_aguilar@yahoo.com'),(2043,'Colaborador','NoraEldaMaldonadoDominguez',NULL),(2044,'Colaborador','CinthiaRodriguez',NULL),(2045,'Colaborador','LupithaTellez',NULL),(2046,'Colaborador','SusanaSanchezPinto',NULL),(2047,'Colaborador','ManuelMedina',NULL),(2048,'Colaborador','AdrianaFlores',NULL),(2049,'Colaborador','MarcelaPadillaGuerrero',NULL),(2050,'Colaborador','PedroVicenteMartinez',NULL),(2051,'Colaborador','AdelaLoyola',NULL),(2052,'Colaborador','LourdesFuentesRodriguez','lula.fr@gmail.com'),(2053,'Colaborador','AmorTerrazas',NULL),(2054,'Colaborador','BereniceApodaca',NULL),(2055,'Colaborador','BeckyBrandi',NULL),(2056,'Colaborador','MalenaBarrera',NULL),(2057,'Colaborador','LilianaRamirezChavez',NULL),(2058,'Colaborador','DarioErazo',NULL),(2059,'Colaborador','AdelaidaMendoza',NULL),(2060,'Colaborador','ClaraMoyaGonzalez',NULL),(2061,'Colaborador','MauricioPatarroyo',NULL),(2062,'Colaborador','EdwinMunoz',NULL),(2063,'Colaborador','MargaritaBrandani',NULL),(2064,'Colaborador','AndreaHernandez',NULL),(2066,'Colaborador','AndresPatarroyo',NULL),(2067,'Colaborador','MyrnaGomez',NULL),(2068,'Colaborador','JorgeCamachoLedesma',NULL),(2069,'Colaborador','PaolaMartinezVizcaino',NULL),(2070,'Colaborador','AnaAdock',NULL),(2071,'Colaborador','AlineSuarezdelReal',NULL),(2072,'Colaborador','MonicaMartinez',NULL),(2073,'Colaborador','DulceRosarioPerezCelis',NULL),(2074,'Colaborador','UsuarioGenerico',NULL),(2075,'Colaborador','MarcoRosso',NULL),(2076,'Colaborador','AlfredoGonzalez',NULL),(2077,'Colaborador','JonatanAmenedo',NULL),(2078,'Colaborador','BenoitFolinais',NULL),(2079,'Colaborador','FedericoSuberbordes',NULL),(2080,'Colaborador','NoeliaRomero',NULL),(2081,'Colaborador','TatianaOrellana',NULL),(2082,'Colaborador','GemaCezon',NULL),(2083,'Colaborador','AlejandroMontesino',NULL),(2084,'Colaborador','MajoSampeiro',NULL),(2085,'Colaborador','Eduardo de la Hoz',NULL),(2086,'Colaborador','RaquelGarciaArisco',NULL),(2087,'Colaborador','JeffreyPeterson',NULL),(2088,'Colaborador','CristianPimentel',NULL),(2091,'Colaborador','BorjaCrespoP',NULL),(2092,'Colaborador','CarlosBianchi',NULL),(2093,'Colaborador','AntonioDavideteP',NULL),(2094,'Colaborador','LuisLagoPYC',NULL),(2096,'Colaborador','DerekLou',NULL),(2097,'Colaborador','AlexRomera',NULL),(2098,'Colaborador','AngelaMartins',NULL),(2099,'Colaborador','AdminAltare',NULL),(2100,'Colaborador','RamonBoncompte',NULL),(2101,'Colaborador','JoanFAubets',NULL),(2102,'Colaborador','AlbertPrieto',NULL),(2104,'Colaborador','GlendaReyes',NULL),(2105,'Colaborador','AritDeLeÃ³n',NULL),(2107,'Colaborador','AmaliaKluge',NULL),(2108,'Colaborador','ArmandoChacon',NULL),(2109,'Colaborador','JoseCervantes',NULL),(2110,'Colaborador','EdiciaEscott',NULL),(2112,'Colaborador','JesusSanchezR',NULL),(2113,'Colaborador','JorgeAlonso',NULL),(2114,'Colaborador','NadiaP',NULL),(2115,'Colaborador','PabloG',NULL),(2116,'Colaborador','DavidFeC',NULL),(2117,'Colaborador','JoseFeC',NULL),(2118,'Colaborador','VictoriaFeC',NULL),(2119,'Colaborador','MontseFeC',NULL),(2120,'Colaborador','DanielFreshPeople',NULL),(2121,'Colaborador','FilippoFerri',NULL),(2122,'Colaborador','Mike.Ryan',NULL),(2123,'administrator','Paola.rocha','Paola.rocha@nexxtlabs.net'),(2124,'Colaborador','JaumeCarreras',NULL),(2125,'Colaborador','CarlosSuceda',NULL),(2126,'Colaborador','Roser Sorribes',NULL),(2127,'Colaborador','PedroDeVicente','pedro.devicente@exprimiendolinkedin.com'),(2128,'administrator','clau_caramelo2010','clau_caramelo2010@hotmail.com'),(2129,'administrator','catiarroyave','catiarroyave@gmail.com'),(2130,'administrator','sandylgm','sandylgm@hotmail.com'),(2132,'Colaborador','lucysagi@hotmail.com',NULL),(2144,'Colaborador','PaolaOrnelas',NULL),(2145,'Colaborador','Ivonne Pineda',NULL),(2146,'Colaborador','LuzGuzman',NULL),(2147,'Colaborador','LeaPorcile',NULL),(2148,'Colaborador','Viky  Merino',NULL),(2149,'Colaborador','BeckyBrandl',NULL),(2150,'Colaborador','Valentina Navarrete',NULL),(2151,'Colaborador','ClaudiaArizmendi',NULL),(2152,'Colaborador','SandyGuevara',NULL),(2153,'Colaborador','Daniela Becerra',NULL),(2154,'Colaborador','IgnacioCasado',NULL),(2155,'Colaborador','ArturoGonzalezTeruel',NULL),(2156,'Colaborador','Antonio Montesinos Cebria',NULL),(2157,'Colaborador','JacoboPablos',NULL),(2158,'Colaborador','AntonioHernandez',NULL),(2159,'Colaborador','JenniferMcDermott',NULL),(2160,'Colaborador','OscarGarcia',NULL),(2161,'Colaborador','ClaudetteCamarena',NULL),(2162,'Colaborador','RocioEscamilla',NULL),(2163,'Colaborador','RafaelTriana',NULL),(2164,'Colaborador','AlenaCantillo',NULL),(2165,'Colaborador','VivianaGarces',NULL),(2166,'Colaborador','MarcoDelgado','marcoalejodr@gmail.com'),(2168,'Colaborador','Elia Palacios',NULL),(2169,'Colaborador','AnaCarolinaDiaz',NULL),(2170,'Colaborador','JuanFerrePuy',NULL),(2171,'Colaborador','GiulianaRitucci',NULL),(2172,'Colaborador','LaiaFarresPadros',NULL),(2173,'Colaborador','SergiArusGarcia',NULL),(2174,'Colaborador','IsabelRemolaGuillermo',NULL),(2175,'Colaborador','HannaTeresaEscondrillasDiez',NULL),(2176,'Colaborador','AnaFernandezBarcia',NULL),(2177,'Colaborador','CesarRuanoGonzalez',NULL),(2178,'Colaborador','JorgeDeLasHerasAlegrÃ­a',NULL),(2179,'Colaborador','MiguelVicen Samperiz',NULL),(2180,'Colaborador','PatriciaCasanovesCaubet',NULL),(2181,'Colaborador','dodoc587568585','dodoc58756@shensufu.com'),(2199,'Colaborador','marketing16884','marketing1@piquerasycrespo.com'),(2200,'Colaborador','francisco9510','francisco@piquerasycrespo.com'),(2201,'Colaborador','marketing12028','marketing1@piquerasycrespo.com'),(2219,'Colaborador','marketing17704','marketing1@piquerasycrespo.com'),(2220,'Colaborador','francisco8156','francisco@piquerasycrespo.com'),(2222,'Colaborador','AlinaMihaelaIvÃ¡n',NULL),(2223,'Colaborador','JuanjoFernÃ¡ndez',NULL),(2224,'Colaborador','DavidCataluÃ±a',NULL),(2225,'Colaborador','NabilaMasri',NULL),(2226,'Colaborador','FelipeBallesteros',NULL),(2227,'administrator','dafuses','dafuses@laoficinadelpresidente.com'),(2228,'Colaborador','CatalinaArroyave',NULL),(2229,'administrator','abdiel.cespedes','abdiel.cespedes@nexxtlabs.com'),(2232,'Colaborador','Da Fuses',NULL),(2236,'Colaborador','lalj_24509','lalj_2@hotmail.com'),(2237,'administrator','eric','eric@genniux.com'),(2239,'administrator','jimenasilva','jimenasilva@scenikus.com'),(2240,'administrator','dulce.mendoza','dulce.mendoza@nexxtlabs.com'),(2241,'administrator','andres.baez','andres.baez@genniux.com'),(2243,'administrator','info','info@rebelocity.net'),(2244,'Colaborador','ramon6849','ramon@distrisantiago.es'),(2245,'Colaborador','Lolaperezgarcia501842','Lolaperezgarcia50@gmail.com'),(2246,'administrator','kilian.barrera','kilian.barrera@welovroi.com'),(2247,'administrator','tania.rodriguez','tania.rodriguez@welovroi.com'),(2248,'administrator','ines.cibrian','ines.cibrian@welovroi.com'),(2249,'administrator','raul.gonzalez','raul.gonzalez@welovroi.com'),(2250,'administrator','edicia','edicia@empowernomics.com'),(2251,'administrator','edica','edica@empowerlabs.com'),(2252,'administrator','bere','bere@empowerlabs.com'),(2253,'administrator','sara','sara@empowerlabs.com'),(2254,'Colaborador','info7892','info@multipapel.com'),(2255,'administrator','virginia','virginia@aymo.es'),(2256,'administrator','alberto.zamora','alberto.zamora@aymo.es'),(2257,'administrator','alberto','alberto@aymo.es'),(2258,'administrator','v.silva','v.silva@dative.io'),(2259,'Colaborador','VSilva',NULL),(2260,'collaborator','alex','alex@empowerlabs.com'),(2261,'Colaborador','JacoboUmbert',NULL),(2262,'Colaborador','LaurenJunestrand',NULL),(2264,'administrator','victoria','victoria@dcycle.io'),(2266,'administrator','floresaldanamario','floresaldanamario@gmail.com'),(2268,'administrator','ericandresbaz','ericandresbaz@empowerlabs.com'),(2271,'collaborator','julio.hs','julio.hs@3destinyra.com'),(2272,'collaborator','braian.turi','braian.turi@3destinyra.com'),(2273,'collaborator','EstebanBalay','EstebanBalay@3destinyra.com'),(2274,'collaborator','joaquin.ponzio','joaquin.ponzio@3destinyra.com'),(2275,'collaborator','juan.dobarro','juan.dobarro@3destinyra.com'),(2276,'collaborator','mahonri.gil','mahonri.gil@3destinyra.com'),(2277,'collaborator','victor.vildoza','victor.vildoza@3destinyra.com'),(2278,'collaborator','jole.petra','jole.petra@3destinyra.com'),(2279,'collaborator','marketing','marketing@nuvix.es'),(2280,'collaborator','pr','pr@nuvix.es'),(2281,'collaborator','clientes','clientes@nuvix.es'),(2282,'collaborator','egonzalez','egonzalez@visualtrans.com'),(2283,'collaborator','aperez','aperez@visualms.com'),(2284,'collaborator','lvazquez','lvazquez@visualms.com'),(2285,'collaborator','pablo.acuna','pablo.acuna@3destinyra.com'),(2286,'administrator','maria.cabrerizo','maria.cabrerizo@welovroi.com'),(2287,'administrator','lara.brenta','lara.brenta@welovroi.com'),(2288,'coilaborator','juan.balay','juan.balay@3destinyra.com'),(2289,'administrator','armandocoronel','armandocoronel@keos.co'),(2290,'administrator','jrodriguez','jrodriguez@keos.co'),(2291,'administrator','vladimircabrera','vladimircabrera@keos.co'),(2292,'administrator','aquiroz','aquiroz@keos.co'),(2293,'administrator','fmontenegro','fmontenegro@keos.co'),(2294,'administrator','maribelgonzalez','maribelgonzalez@keos.co'),(2295,'administrator','scoronel','scoronel@keos.co'),(2296,'administrator','cesarortiz','cesarortiz@keos.co'),(2297,'administrator','angela','angela@aeagenciadigital.com.co'),(2298,'administrator','Pgaibor','Pgaibor@st-marcus.com'),(2299,'Colaborador','javier9546','javier@indubel.es'),(2300,'administrator','rikardofl','rikardofl@gmail.com'),(2301,'administrator','ps.juan.castillo','ps.juan.castillo@gmail.com'),(2302,'administrator','dianacamargo280','dianacamargo280@hotmail.com'),(2303,'administrator','carolinalillotc','carolinalillotc@gmail.com'),(2304,'administrator','psimontesdeoca','psimontesdeoca@gmail.com'),(2305,'administrator','cvelazquezglez','cvelazquezglez@hotmail.com'),(2306,'administrator','sarihta20','sarihta20@gmail.com'),(2307,'administrator','km.desarrollo','km.desarrollo@gmail.com'),(2308,'administrator','alehurtado2004','alehurtado2004@hotmail.com'),(2309,'administrator','Xihomara.amores','Xihomara.amores@gmail.com'),(2310,'administrator','carmenrqa','carmenrqa@hotmail.com'),(2311,'administrator','elenajaz02','elenajaz02@msn.com'),(2312,'administrator','norereyest','norereyest@gmail.com'),(2313,'administrator','cintytrejo','cintytrejo@yahoo.com'),(2314,'administrator','claudiamorenopoo','claudiamorenopoo@me.com'),(2315,'administrator','mlondono','mlondono@keos.co'),(2316,'administrator','juanmartinez','juanmartinez@keos.co'),(2317,'administrator','supersil1','supersil1@hotmail.com'),(2318,'administrator','gabymm.212','gabymm.212@gmail.com'),(2319,'administrator','degtvhotelsales','degtvhotelsales@gmail.com'),(2320,'administrator','magrol','magrol@yahoo.com'),(2321,'administrator','nnaime','nnaime@yahoo.com'),(2322,'collaborator','avalerocardenas','avalerocardenas@gmail.com'),(2323,'administrator','sofiaolvera','sofiaolvera@gmail.com'),(2324,'administrator','km.desarrollointegral','km.desarrollointegral@gmail.com'),(2325,'collaborator','andre.stevens','andre.stevens@globalalumni.org'),(2326,'collaborator','sergio.ballesteros','sergio.ballesteros@globalalumni.org'),(2327,'collaborator','teresa.casares','teresa.casares@globalalumni.org'),(2328,'collaborator','luis.herreria','luis.herreria@globalalumni.org'),(2329,'collaborator','susana.marugan','susana.marugan@globalalumni.org'),(2330,'collaborator','sheila.fernandez','sheila.fernandez@globalalumni.org'),(2331,'collaborator','carlos.solis','carlos.solis@globalalumni.org'),(2332,'collaborator','elias.nazer','elias.nazer@globalalumni.org'),(2333,'collaborator','jaime.villalonga','jaime.villalonga@globalalumni.org'),(2334,'administrator','mellicsandoval','mellicsandoval@gmail.com'),(2335,'Colaborador','AbrahamAcme',NULL),(2336,'Colaborador','CarlosAcme',NULL),(2337,'Colaborador','AlexAcmeS',NULL),(2338,'administrator','diego','diego@doctorisy.com'),(2339,'administrator','nathaly','nathaly@doctorisy.com'),(2340,'administrator','katherine','katherine@doctorisy.com'),(2341,'administrator','martina','martina@doctorisy.com'),(2342,'administrator','evelyn','evelyn@doctorisy.com'),(2343,'collaborator','nicolas.olmeda','nicolas.olmeda@globalalumni.org'),(2344,'administrator','mmoreira','mmoreira@krugercorp.com'),(2345,'administrator','alvaro','alvaro@doctorisy.com'),(2346,'administrator','fernando','fernando@doctorisy.com'),(2347,'administrator','maria','maria@doctorisy.com'),(2348,'collaborator','ariadna.collazos','ariadna.collazos@globalalumni.org'),(2349,'Colaborador','antoniodavidete9103','antoniodavidete@hotmail.com'),(2350,'administrator','vanessa.psaila','vanessa.psaila@maximacompliance.com'),(2351,'administrator','dpinillos','dpinillos@dataxquare.com'),(2352,'administrator','areguera','areguera@dataxquare.com'),(2353,'administrator','jahaziel.baltazar','jahaziel.baltazar@empowerlabs.com'),(2354,'administrator','juancarlos','juancarlos@empowerlabs.com'),(2355,'Colaborador','comercialcentro5866','comercialcentro@balmesistemas.com'),(2356,'administrator','onil','onil@laquadra.tv'),(2357,'administrator','nacho','nacho@laquadra.tv'),(2358,'administrator','veronica','veronica@laquadra.tv'),(2359,'administrator','guy.schumann','guy.schumann@wasdi.cloud'),(2360,'administrator','paolo.campanella','paolo.campanella@wasdi.cloud'),(2361,'administrator','ricardo.topham','ricardo.topham@wasdi.cloud'),(2362,'administrator','asier.sesma','asier.sesma@wasdi.cloud'),(2363,'administrator','heredia.concepts','heredia.concepts@gmail.com'),(2364,'administrator','educacionpeces','educacionpeces@gmail.com'),(2365,'administrator','gaby.reyes','gaby.reyes@empowerlabs.com'),(2366,'administrator','scajonos','scajonos@hotmail.com'),(2367,'administrator','bigbetm.j.g','bigbetm.j.g@gmail.com'),(2368,'administrator','sabrina.sandrin.mv','sabrina.sandrin.mv@gmail.com'),(2369,'administrator','camousseight','camousseight@gmail.com'),(2370,'administrator','haidee78','haidee78@hotmail.com'),(2371,'administrator','eldalaura','eldalaura@dmcmonterrey.com'),(2372,'administrator','psyquelive','psyquelive@gmail.com'),(2373,'administrator','obturatravel','obturatravel@icloud.com'),(2376,'administrator','ediciaantonia','ediciaantonia@hotmail.com'),(2377,'administrator','jescott013','jescott013@gmail.com'),(2378,'administrator','angelmcruz27','angelmcruz27@hotmail.com'),(2379,'administrator','marcechirot19','marcechirot19@hotmail.com'),(2380,'administrator','ediciagonzalez','ediciagonzalez@hotmail.com'),(2381,'administrator','lcharryb','lcharryb@hotmail.com'),(2382,'administrator','santadc64','santadc64@gmail.com'),(2383,'administrator','alberto.mendoza1482','alberto.mendoza1482@gmail.com'),(2384,'administrator','ana.pichardo.ap','ana.pichardo.ap@gmail.com'),(2385,'administrator','jysusvargast79','jysusvargast79@gmail.com'),(2386,'administrator','turisvel','turisvel@gmail.com'),(2387,'administrator','victor','victor@elearninginstitute.org'),(2388,'administrator','ldavila','ldavila@keos.co'),(2389,'administrator','angeles.bravo','angeles.bravo@empowerlabs.com'),(2390,'administrator','karla.gomez','karla.gomez@empowerlabs.com'),(2391,'administrator','paloma.ceron','paloma.ceron@nexxtlabs.com'),(2392,'administrator','jordi.vicente','jordi.vicente@nexxtlabs.com'),(2393,'administrator','naite.hernandez','naite.hernandez@nexxtlabs.com'),(2394,'administrator','iran.marcos','iran.marcos@nexxtlabs.com'),(2395,'administrator','erika.moctezuma','erika.moctezuma@nexxtlabs.com'),(2396,'administrator','sergio.lopez','sergio.lopez@nexxtlabs.com'),(2397,'administrator','paula','paula@doctorisy.com'),(2398,'administrator','victor.heredia','victor.heredia@empowerlabs.com'),(2399,'administrator','santiago.tejeda','santiago.tejeda@nexxtlabs.com'),(2400,'administrator','lorena','lorena@wandertravel.com'),(2401,'administrator','campoverde.realty','campoverde.realty@gmail.com'),(2402,'administrator','lecorpa','lecorpa@gmail.com'),(2403,'administrator','l.infante.delarosa','l.infante.delarosa@hotmail.com'),(2404,'administrator','abravoms','abravoms@gmail.com'),(2405,'administrator','marybeibarra','marybeibarra@yahoo.com'),(2406,'administrator','mary18_agui','mary18_agui@hotmail.com'),(2407,'administrator','carmi_bravo','carmi_bravo@hotmail.com'),(2408,'administrator','l.b.rojas','l.b.rojas@hotmail.com'),(2409,'administrator','paomaciaf','paomaciaf@gmail.com'),(2410,'administrator','sara_sefeliz','sara_sefeliz@hotmail.com'),(2411,'administrator','michelle.s','michelle.s@theflockco.com'),(2412,'administrator','ramiro','ramiro@theflockco.com'),(2413,'administrator','estadias','estadias@nexxtlabs.com'),(2416,'administrator','sales','sales@theflockco.com'),(2417,'administrator','gaby.reyez','gaby.reyez@empowerlabs.com'),(2418,'administrator','marco.delgado','marco.delgado@empowerlabs.com'),(2421,'akarensdlf1644966827335','akarensdlf1644966827335','akarensdlf@gmail.com'),(2422,'administrator','mercedes.otegui','mercedes.otegui@gmail.com'),(2423,'administrator','ale_r_anaya','ale_r_anaya@yahoo.com'),(2424,'administrator','odtogu','odtogu@hotmail.com'),(2425,'administrator','leovazgab','leovazgab@outlook.es'),(2426,'administrator','terecha27','terecha27@hotmail.com'),(2427,'administrator','danyfenton','danyfenton@gmail.com'),(2428,'administrator','roxadame','roxadame@hotmail.com'),(2429,'administrator','a_trabado1','a_trabado1@yahoo.com.mx'),(2430,'administrator','analuciabernal','analuciabernal@gmail.com'),(2431,'administrator','aubert.pia','aubert.pia@gmail.com'),(2432,'administrator','yanenina','yanenina@gmail.com'),(2433,'administrator','irina_goldfeder','irina_goldfeder@hotmail.com'),(2434,'administrator','marina.martinez.arechiga','marina.martinez.arechiga@gmail.com'),(2435,'administrator','mijussaycl','mijussaycl@gmail.com'),(2436,'administrator','roliz4','roliz4@hotmail.com'),(2437,'administrator','lopezjoceline17','lopezjoceline17@gmail.com'),(2438,'administrator','jeannette.ac','jeannette.ac@hotmail.com'),(2439,'administrator','andie.vazcor115','andie.vazcor115@gmail.com'),(2440,'administrator','anamolinagranados','anamolinagranados@gmail.com'),(2441,'administrator','rositalapink09','rositalapink09@gmail.com'),(2442,'administrator','regegakarapetiz','regegakarapetiz@gmail.com'),(2443,'administrator','otienda135','otienda135@gmail.com'),(2444,'administrator','berenicescobar','berenicescobar@gmail.com'),(2445,'administrator','reamex','reamex@yahoo.com.mx'),(2446,'administrator','kdojeda81','kdojeda81@gmail.com'),(2447,'administrator','galovales22','galovales22@gmail.com'),(2448,'administrator','dianarabagot','dianarabagot@gmail.com'),(2449,'administrator','marihea','marihea@gmail.com'),(2450,'administrator','elpo1319','elpo1319@gmail.com'),(2451,'administrator','smac.lion','smac.lion@gmail.com'),(2452,'administrator','anyadgi','anyadgi@hotmail.com'),(2453,'administrator','medeltorom','medeltorom@yahoo.com.mx'),(2454,'administrator','edy-136','edy-136@hotmail.com'),(2455,'administrator','j.isabella.estrada.glez','j.isabella.estrada.glez@gmail.com'),(2456,'sabilloni71645806566386','sabilloni71645806566386','sabilloni7@hotmail.com'),(2457,'mmilena91646100041441','mmilena91646100041441','mmilena9@hotmail.com'),(2458,'administrator','nehuen','nehuen@doctorisy.com'),(2459,'administrator','oscar','oscar@doctorisy.com'),(2460,'Colaborador','94-01',NULL),(2461,'Colaborador','94-02',NULL),(2462,'Colaborador','94-03',NULL),(2463,'Colaborador','94-04',NULL),(2464,'Colaborador','94-05',NULL),(2465,'administrator','pennycaby','pennycaby@gmail.com'),(2466,'administrator','mparientef','mparientef@gmail.com'),(2467,'administrator','violebarron','violebarron@gmail.com'),(2468,'administrator','evirginiamc','evirginiamc@gmail.com'),(2470,'administrator','janeolivares15','janeolivares15@gmail.com'),(2471,'administrator','ale.fraga','ale.fraga@ceiwa.mx'),(2472,'administrator','semilladoradatulum','semilladoradatulum@gmail.com'),(2473,'administrator','adrianagreyesg','adrianagreyesg@gmail.com'),(2474,'administrator','veronik79','veronik79@hotmail.com'),(2475,'administrator','virisansores','virisansores@gmail.com'),(2476,'administrator','hikulihualula','hikulihualula@icloud.com'),(2477,'administrator','anbernardini81','anbernardini81@gmail.com'),(2478,'administrator','OMARGC_04','OMARGC_04@HOTMAIL.COM'),(2479,'administrator','david.martos','david.martos@blueknow.com'),(2480,'administrator','stefano.digiuda','stefano.digiuda@blueknow.com'),(2481,'administrator','paola.marinez','paola.marinez@blueknow.com'),(2482,'administrator','lorenzo.mauro','lorenzo.mauro@blueknow.com'),(2483,'administrator','alfonso.tommaso','alfonso.tommaso@blueknow.com'),(2484,'administrator','eduardo.cuevas','eduardo.cuevas@blueknow.com'),(2486,'administrator','dario','dario@salesplanet.io'),(2487,'administrator','iran','iran@salesplanet.io'),(2489,'administrator','impulsa','impulsa@hotmail.com'),(2490,'administrator','analine261193','analine261193@hotmail.com'),(2491,'administrator','concienciaymotricidad','concienciaymotricidad@gmail.com'),(2492,'administrator','pauruelas','pauruelas@gmail.com'),(2493,'administrator','marure78','marure78@hotmail.com'),(2494,'administrator','andynieto1980','andynieto1980@gmail.'),(2495,'administrator','josepgayare','josepgayare@hotmail.com'),(2496,'administrator','mmafer','mmafer@hotmail.com'),(2497,'administrator','krlagtz','krlagtz@gmail.com'),(2498,'administrator','conchamartinezgasca','conchamartinezgasca@gmail.com'),(2499,'administrator','gabydesgarennes','gabydesgarennes@gmail.com'),(2500,'administrator','jluisavtalan','jluisavtalan@gmail.com'),(2501,'administrator','conyglez','conyglez@hotmail.com'),(2502,'administrator','mariamonteverde','mariamonteverde@gmail.com'),(2503,'administrator','adri.solorzano1974','adri.solorzano1974@gmail.com'),(2504,'Colaborador','VictorHeredia 847','victor@empowerlabs.com'),(2505,'Colaborador','Erick AndresBaez229','eabhaa@live.com.mx'),(2507,'administrator','veroalfaro.2376','veroalfaro.2376@gmail.com'),(2508,'administrator','gers1954','gers1954@hotmail.com'),(2509,'Colaborador','AbrahamRojas471','ing.rojas93@outlook.com'),(2510,'administrator','h.mesura','h.mesura@dative.io'),(2511,'administrator','gabi.silva.ib','gabi.silva.ib@gmail.com'),(2512,'administrator','juballrom','juballrom@live.com.mx'),(2513,'administrator','hola','hola@anamariaoliva.es'),(2514,'administrator','efirojumi','efirojumi@gmail.com'),(2515,'administrator','griselrueda69','griselrueda69@gmail.com'),(2516,'administrator','yanina','yanina@gmail.com'),(2517,'CEO y Founder','LyzEscalante','lescalante@expertosencompetencias.com'),(2518,'colaborador','JuanPerez','proveedor@empowerlabs.com'),(2519,'colaborador','ManuelLopez','comprador@empowerlabs.com'),(2524,'Colaborador','537',''),(2529,'Colaborador','559','AlejandroRojas920'),(2532,'Colaborador','GustavoMonterrey516','tavotony@gmail.com'),(2533,'Colaborador','KarenSaldana','karen.saldana@empowerlabs.com'),(2534,'Colaborador','JesusFelix Olea801','jfelix@psychometrics.com.mx'),(2535,'Colaborador','AnahiMartinez Escalante 431','anamarezc485@gmail.com'),(2536,'Colaborador','Juan CarlosAngeles Ramirez737','jc_angeles@yahoo.com.mx'),(2538,'Colaborador','JosueValencia298','jvalencia.efh00@gmail.com'),(2540,'Colaborador','jesus9san9534','jesus9.san9@gmail.com'),(2541,'Colaborador','BackgroundÂ·757','diana.alvarado@background.com.mx'),(2542,'Colaborador','jmreyna493','jm.reyna@background.com.mx'),(2543,'Colaborador','DavidCanasMartinez687','davidcanasmtz@hotmail.com'),(2544,'Colaborador','DarioErazo577','dario5erazo@hotmail.com'),(2545,'Colaborador','FranciscoVazquez939','franciscovaz.c@gmail.com'),(2546,'Colaborador','SandraMonicaGarcia-NavarreteSalinas586','mosan2002@hotmail.com'),(2547,'Colaborador','AbrahamRojas787','ing.rojas93@gmail.com'),(2548,'Colaborador','BereniceRivera641','bere8607@gmail.com'),(2549,'Colaborador','JorgeUgalde203','jorge@humas.com.mx'),(2550,'Colaborador','MarcoAPlanells207','mplanells@staffselection.com.mx'),(2551,'Colaborador','VictorRomero285','emanuel_v99ici@hotmail.com'),(2552,'Colaborador','VeronicaSaucedoLeal726','capacitadoraverosaucedo@gmail.com'),(2553,'Colaborador','AlfonsoE397','aem72mx@gmail.com'),(2554,'Colaborador','AngelLariosNavarrete232','angel.larios.aln@gmail.com'),(2555,'Colaborador','SASEmpresarial464','linkedin@sasempresarial.com'),(2556,'Colaborador','JesusGonzalez291','jesus.gonzalez@jginstructores.com'),(2557,'Colaborador','FernandaHubardVertiz762','ferhubardvertiz@gmail.com'),(2558,'Colaborador','CarlosAReyesMirus791','carlosmirus@gmail.com'),(2559,'Colaborador','DiegoIturraldeRivadeneiraâœª913','lucas_19891989@hotmail.com'),(2560,'Colaborador','VictorGalicia[LION]877','israelgaliciam@hotmail.com'),(2561,'Colaborador','CesarVarettoni544','cvarettoni@yahoo.com.ar'),(2562,'Colaborador','MarcoAmparo[LiON]109','amparo.marco@hotmail.com'),(2563,'Colaborador','JuanCarlosLastiri169','pikazso@hotmail.com'),(2565,'Colaborador','ArmandoLunaTrejo668','arlut10@hotmail.com'),(2566,'Colaborador','ManuelMarquesRobles698','coach@superatusdesafios.com'),(2567,'Colaborador','ServiIndustrialesYMercadeo105','sym.outsourcingyconsultoria@gmail.com'),(2568,'Colaborador','IsaacGomez-Mercado211','igomezmer@gmail.com'),(2569,'Colaborador','KarolHernandez267','karol.hernandez.medina@gmail.com'),(2570,'Colaborador','AnaSanchezWaldria557','asanchezw@consultingsbsmx.com'),(2571,'Colaborador','MiguelVelazquez754','mvelazquez@migtalent.com.mx'),(2572,'Colaborador','GladysJimenezAristizabal789','gladispsi4@hotmail.com'),(2573,'Colaborador','MijailJRSaturninoReyes522','manager_ms@outlook.com'),(2574,'Colaborador','LuisCarlosTamara286','luiscarlos@itpro.es'),(2575,'Colaborador','SOServices151','ventas@soutse.com'),(2576,'Colaborador','NIEVESDELCARMENARAQUE278','nievesaraque77@gmail.com'),(2577,'Colaborador','SergioFernandezdelMoral561','sergio.frdez@gmail.com'),(2578,'Colaborador','JuanCarlosRuizAmores449','juancarlosruizamores@hotmail.com'),(2579,'Colaborador','MarcoVinicioTejadaBarraza407','marco.v.tejada@gmail.com'),(2580,'Colaborador','NormaGonzalez194','norma.php@gmail.com'),(2581,'Colaborador','EricAndresBaez988','eric.baez@empowerlabs.com'),(2582,'Colaborador','bpreciado455','bpreciado@soteus.com.mx'),(2583,'Colaborador','AlejandroGomezchico220','algomezchico@gmail.com'),(2584,'Colaborador','ErnestoJavierGarciaMunoz878','walk_sun@hotmail.com'),(2585,'Colaborador','LuisaBernhardtFranco391','luisabernhardtf@gmail.com'),(2586,'Colaborador','CarlosLopez-Villar412','clopezdelavilla@gmail.com'),(2587,'Colaborador','JoseAntonioTamayo151','info@origamisoft.es'),(2588,'Colaborador','CesarIzazola171','cizazola@gmail.com'),(2589,'Colaborador','AngelManuelCruzArreola424','acruza1956@gmail.com'),(2590,'Colaborador','rossmorenoarreola259','rossmorenoarreola@gmail.com'),(2591,'Colaborador','MarioMartinezVera742','servicio@thebusinessflow.com'),(2592,'Colaborador','JuanCarlosPaezNunez656','jcpnconsultor@yahoo.com'),(2595,'Colaborador','AngelicaFlores888','psic_angelica_flores@outlook.com'),(2596,'Colaborador','escalantefernandezlyz254','escalantefernandezlyz@gmail.com'),(2598,'Colaborador','alexlnn235','alex.lnn@hotmail.com'),(2599,'Colaborador','ibehar373','ibehar@guesc.com.mx'),(2600,'Colaborador','luis238','luis@34talents.xyz'),(2601,'Colaborador','degartconsultores376','degartconsultores@gmail.com'),(2602,'Colaborador','estefigelroth584','estefi.gelroth@gmail.com'),(2603,'Colaborador','barronwendy506','barronwendy@gmail.com'),(2604,'Colaborador','amguemes552','amguemes@hotmail.com'),(2605,'Colaborador','eddypatriciamoreno573','eddypatricia.moreno@gmail.com'),(2606,'Colaborador','camiloroncanciop652','camiloroncanciop@gmail.com'),(2607,'Colaborador','nejflais194','nejflais@hotmail.com'),(2608,'Colaborador','rivasholdings976','rivasholdings@gmail.com'),(2609,'Colaborador','jbuzon308','jbuzon@vertice.org'),(2610,'Colaborador','jorgealonso333','jorge.alonso@grupocdh.com.mx'),(2611,'Colaborador','bmaderof620','bmaderof@hotmail.com'),(2612,'Colaborador','leidys_wilbert147','leidys_wilbert@outlook.com'),(2613,'Colaborador','a01636751825','a01636751@itesm.mx'),(2614,'Colaborador','mesosagil521','mesosagil@gmail.com'),(2615,'Colaborador','tataorozcoc706','tataorozcoc@gmail.com'),(2616,'Colaborador','betzabeguadalupe117','betzabeguadalupe@hotmail.com'),(2617,'Colaborador','ccordova997','ccordova@machgroupmx.com'),(2618,'Colaborador','maxximex236','maxximex@gmail.com'),(2619,'Colaborador','rjcuellarm991','rjcuellarm@hotmail.com'),(2620,'Colaborador','jguerra_del_castillo570','jguerra_del_castillo@hotmail.com'),(2621,'Colaborador','lindara2002837','lindara2002@hotmail.com'),(2622,'Colaborador','joc90_m149','joc90_m@hotmail.com'),(2623,'Colaborador','gduenas247','gduenas@entropia.group'),(2624,'Colaborador','javiercantos757','javier.cantos@javiercantos.com'),(2625,'Colaborador','contacto295','contacto@bienfest.com'),(2628,'administrator','katheloaiza','katheloaiza@kathedice.com'),(2629,'Colaborador','alejandrorodriguez766','alejandro.rodriguez@gesttiona.io'),(2630,'Colaborador','direccion166','direccion@highrise.com.mx'),(2631,'Colaborador','ricardolucasfernandez944','ricardo.lucas.fernandez@gmail.com'),(2632,'Colaborador','vicksanchez565','vicksanchez@gmail.com'),(2633,'Colaborador','claudiabarbarellacp608','claudia.barbarella.cp@gmail.com'),(2634,'Colaborador','omegamarkpc104','omegamarkpc@gmail.com'),(2635,'Colaborador','fundacionrdh154','fundacionrdh@gmail.com'),(2636,'Colaborador','arodriguez421','arodriguez@wynit-co.com'),(2637,'Colaborador','2005ivan933','2005.ivan@gmail.com'),(2638,'Colaborador','info931','info@coachconchitafigueroa.com'),(2639,'Colaborador','cesar2906272','cesar2906@icloud.com'),(2640,'administrator','mategoca07','mategoca07@gmail.com'),(2641,'administrator','alianza_hipotecaria','alianza_hipotecaria@hotmail.com'),(2642,'administrator','fgutierrez.serrano','fgutierrez.serrano@gmail.com'),(2643,'administrator','renaocejo','renaocejo@hotmail.com'),(2644,'administrator','cecyserrano31','cecyserrano31@gmail.com'),(2645,'administrator','victoriacelesteste2','victoriacelesteste2@outlook.com'),(2646,'administrator','lacasadeloscuentosmx','lacasadeloscuentosmx@gmail.com'),(2647,'administrator','carlamfrangog','carlamfrangog@gmaill.com'),(2648,'administrator','daniela.rdz.aleman','daniela.rdz.aleman@gmail.com'),(2649,'administrator','isiskarina','isiskarina@gmail.com'),(2650,'administrator','claudialama','claudialama@yahoo.com'),(2651,'administrator','carlamfrancog','carlamfrancog@gmail.com'),(2652,'administrator','victoriaceleste2','victoriaceleste2@outlook.com'),(2653,'Colaborador','jorgearamirezrodriguex407','jorgearamirezrodriguex@gmail.com'),(2654,'Colaborador','jefraolea146','jefra.olea@gmail.com'),(2655,'Colaborador','armandochacon1303','armandochacon1@me.com'),(2656,'Colaborador','mmartinezchavez67841','mmartinezchavez67@gmail.com'),(2668,'Colaborador','alopezag8163','alopezag8@gmail.com'),(2669,'Colaborador','mgarcia106','mgarcia@visualk.com'),(2670,'Colaborador','nelsondieguez612','nelson.dieguez@visualk.com'),(2671,'Colaborador','pedrocamey339','pedro.camey@visualk.com'),(2672,'Colaborador','cirogomezc622','ciro.gomez.c@gmail.com'),(2673,'Colaborador','contacto711','contacto@successrh.mx'),(2674,'Colaborador','jessicawherremstucoachlaboral532','jessicawherremstucoachlaboral@gmail.com'),(2677,'Colaborador','vlandin271','v.landin@gacitj.com'),(2678,'Colaborador','israguilas01124','israguilas01@gmail.com'),(2679,'Colaborador','oscarsvvargas750','oscar.sv.vargas@gmail.com'),(2680,'Colaborador','Elizabethordonez469','Elizabeth.ordonez@eoasociados.com'),(2681,'Colaborador','redstoneagencia931','redstone.agencia@gmail.com'),(2682,'Colaborador','renatacarul15373','renatacarul15@gmail.com'),(2683,'Colaborador','craneando767','craneando@gmail.com'),(2684,'Colaborador','carlosjoel45183','carlosjoel45@hotmail.com'),(2685,'Colaborador','atencionclientes202','atencion.clientes@simcacorp.com.mx'),(2686,'Colaborador','georgiazu235','georgiazu@hotmail.com'),(2687,'Colaborador','info537','info@benelux-decor.com'),(2688,'Colaborador','elizabethmunozal872','elizabeth.munoz.al@gmail.com'),(2689,'Colaborador','robertofernandezrizo527','robertofernandezrizo@gmail.com'),(2690,'Colaborador','alisdanialexa695','alisdanialexa@gmail.com'),(2691,'Colaborador','normaerc37x2339','normaerc37x2@gmail.com'),(2692,'Colaborador','88-01',NULL),(2693,'Colaborador','info980','info@juancruz.ar'),(2694,'Colaborador','milagrosvaldiviezo109','milagros.valdiviezo@gmail.com'),(2695,'Colaborador','danz72009986','danz72009@hotmail.com'),(2696,'Colaborador','autoconocimientomarcadevalor441','autoconocimiento.marcadevalor@gmail.com'),(2697,'Colaborador','hdezluevano798','hdezluevano@gmail.com'),(2698,'Colaborador','15-01',NULL),(2699,'Colaborador','15-02',NULL),(2700,'Colaborador','15-03',NULL),(2701,'Colaborador','15-04',NULL),(2702,'Colaborador','15-05',NULL),(2703,'Colaborador','15-06',NULL),(2704,'Colaborador','15-07',NULL),(2705,'Colaborador','15-08',NULL),(2706,'Colaborador','15-09',NULL),(2707,'Colaborador','15-10',NULL),(2708,'Colaborador','15-11',NULL),(2709,'Colaborador','15-12',NULL),(2710,'Colaborador','15-13',NULL),(2711,'Colaborador','15-14',NULL),(2712,'Colaborador','15-15',NULL),(2713,'Colaborador','15-16',NULL),(2714,'Colaborador','15-17',NULL),(2715,'Colaborador','15-18',NULL),(2716,'Colaborador','15-19',NULL),(2717,'Colaborador','15-20',NULL),(2718,'Colaborador','15-21',NULL),(2719,'Colaborador','15-22',NULL),(2720,'Colaborador','15-23',NULL),(2721,'Colaborador','15-24',NULL),(2722,'Colaborador','15-25',NULL),(2723,'Colaborador','15-26',NULL),(2724,'Colaborador','15-27',NULL),(2725,'Colaborador','15-28',NULL),(2726,'Colaborador','15-29',NULL),(2727,'Colaborador','15-30',NULL),(2728,'Colaborador','15-31',NULL),(2729,'Colaborador','15-32',NULL),(2730,'Colaborador','15-33',NULL),(2731,'Colaborador','15-34',NULL),(2732,'Colaborador','15-35',NULL),(2733,'Colaborador','103-01',NULL),(2734,'Colaborador','103-02',NULL),(2735,'Colaborador','103-03',NULL),(2736,'Colaborador','103-04',NULL),(2737,'Colaborador','103-05',NULL),(2738,'Colaborador','103-06',NULL),(2739,'Colaborador','103-07',NULL),(2740,'Colaborador','103-08',NULL),(2741,'Colaborador','103-09',NULL),(2742,'Colaborador','103-10',NULL),(2743,'Colaborador','103-11',NULL),(2744,'Colaborador','103-12',NULL),(2745,'Colaborador','103-13',NULL),(2746,'Colaborador','103-14',NULL),(2747,'Colaborador','103-15',NULL),(2748,'Colaborador','103-16',NULL),(2749,'Colaborador','103-17',NULL),(2750,'Colaborador','103-18',NULL),(2751,'Colaborador','103-19',NULL),(2752,'Colaborador','103-20',NULL),(2753,'Colaborador','info247','info@paradigmab.com'),(2754,'Colaborador','104-01',NULL),(2755,'Colaborador','104-02',NULL),(2756,'Colaborador','104-03',NULL),(2757,'Colaborador','104-04',NULL),(2758,'Colaborador','104-05',NULL),(2759,'Colaborador','104-06',NULL),(2760,'Colaborador','104-07',NULL),(2761,'Colaborador','104-08',NULL),(2762,'Colaborador','104-09',NULL),(2763,'Colaborador','104-10',NULL),(2764,'Colaborador','104-11',NULL),(2765,'Colaborador','104-12',NULL),(2766,'Colaborador','104-13',NULL),(2767,'Colaborador','104-14',NULL),(2768,'Colaborador','104-15',NULL),(2769,'Colaborador','104-16',NULL),(2770,'Colaborador','104-17',NULL),(2771,'Colaborador','104-18',NULL),(2772,'Colaborador','104-19',NULL),(2773,'Colaborador','104-20',NULL),(2774,'Colaborador','104-21',NULL),(2775,'Colaborador','104-22',NULL),(2776,'Colaborador','104-23',NULL),(2777,'Colaborador','104-24',NULL),(2778,'Colaborador','104-25',NULL),(2779,'Colaborador','105-01',NULL),(2780,'Colaborador','105-02',NULL),(2781,'Colaborador','105-03',NULL),(2782,'Colaborador','105-04',NULL),(2783,'Colaborador','105-05',NULL),(2784,'Colaborador','105-06',NULL),(2785,'Colaborador','105-07',NULL),(2786,'Colaborador','105-08',NULL),(2787,'Colaborador','105-09',NULL),(2788,'Colaborador','105-10',NULL),(2789,'Colaborador','105-11',NULL),(2790,'Colaborador','105-12',NULL),(2791,'Colaborador','105-13',NULL),(2792,'Colaborador','105-14',NULL),(2793,'Colaborador','105-15',NULL),(2794,'Colaborador','105-16',NULL),(2795,'Colaborador','105-17',NULL),(2796,'Colaborador','105-18',NULL),(2797,'Colaborador','105-19',NULL),(2798,'Colaborador','105-20',NULL),(2799,'Colaborador','105-21',NULL),(2800,'Colaborador','105-22',NULL),(2801,'Colaborador','105-23',NULL),(2802,'Colaborador','105-24',NULL),(2803,'Colaborador','105-25',NULL),(2804,'Colaborador','106-01',NULL),(2805,'Colaborador','106-02',NULL),(2806,'Colaborador','106-03',NULL),(2807,'Colaborador','106-04',NULL),(2808,'Colaborador','106-05',NULL),(2809,'Colaborador','106-06',NULL),(2810,'Colaborador','106-07',NULL),(2811,'Colaborador','106-08',NULL),(2812,'Colaborador','106-09',NULL),(2813,'Colaborador','106-10',NULL),(2814,'Colaborador','106-11',NULL),(2815,'Colaborador','106-12',NULL),(2816,'Colaborador','106-13',NULL),(2817,'Colaborador','106-14',NULL),(2818,'Colaborador','106-15',NULL),(2819,'Colaborador','PalomaMorales','dove@empowerlabs.com'),(2820,'Colaborador','gquezada411','gquezada@4work.com.mx'),(2821,'administrator','nandezsaez','nandezsaez@gmail.com'),(2822,'administrator','f.i.l.i.a.syarza','f.i.l.i.a.syarza@gmail.com'),(2823,'administrator','sal.zep2020','sal.zep2020@gmail.com'),(2824,'administrator','natziluna','natziluna@gmail.com'),(2825,'administrator','adolfozapata02','adolfozapata02@gmail.com'),(2826,'administrator','heredia.concetps','heredia.concetps@gmail.com'),(2827,'administrator','lety','lety@letymartinez.net'),(2828,'administrator','catlafey','catlafey@yahoo.com'),(2829,'Colaborador','edgar463','edgar@cava-alta.com'),(2830,'Colaborador','pablo_marek794','pablo_marek@yahoo.com.ar'),(2831,'Colaborador','pedro279','pedro@labnave.cl'),(2832,'Colaborador','rrojas803','rrojas@timehunter.co'),(2833,'Colaborador','lety796','lety@letymartinez.com'),(2834,'Colaborador','velascogilalex683','velascogilalex@gmail.com'),(2835,'Colaborador','danielgl89862','danielgl89@gmail.com'),(2836,'Colaborador','jricci2021292','jricci2021@gmail.com'),(2837,'Colaborador','juanluishernandez942','juanluis.hernandez@sodexo.com'),(2838,'Colaborador','ibarbozaperu120','ibarbozaperu@gmail.com'),(2839,'Colaborador','jacquelineruarot17578','jacqueline.ruarot17@gmail.com'),(2840,'administrator','leti','leti@crece.com'),(2841,'Colaborador','admi340','admi@alessacapitalhumano.com'),(2842,'Colaborador','hpulidooperaciones844','hpulido.operaciones@gmail.com'),(2843,'Colaborador','hjmj2346646','hjmj2346@gmail.com'),(2844,'administrator','carlapvelasco','carlapvelasco@gmail.com'),(2845,'administrator','anastasia.fdz','anastasia.fdz@gmail.com'),(2846,'administrator','olimar397','olimar397@gmail.com'),(2848,'Colaborador','thsuarez0893802','thsuarez0893@gmail.com'),(2849,'administrator','marialray','marialray@yahoo.com'),(2850,'Colaborador','flor355','flor@floritechdigital.com'),(2851,'administrator','olivia_fernandez','olivia_fernandez@catawbaschools.net'),(2852,'administrator','letyzdm','letyzdm@gmail.com'),(2853,'administrator','violetabarronsa','violetabarronsa@gmail.com'),(2854,'administrator','claudialama4','claudialama4@gmail.com'),(2855,'administrator','alvarezbalditp','alvarezbalditp@gmail.com'),(2856,'Colaborador','german938','german@g5comunicaciones.es'),(2857,'Papalotes','infopapalotes.mx','info@papalotes.mx'),(2858,'Colaborador','113-01',NULL),(2859,'Colaborador','113-02',NULL),(2860,'Colaborador','113-03',NULL),(2861,'Colaborador','113-04',NULL),(2862,'Colaborador','113-05',NULL),(2863,'Colaborador','113-06',NULL),(2864,'Colaborador','113-07',NULL),(2865,'Colaborador','113-08',NULL),(2866,'Colaborador','113-09',NULL),(2867,'Colaborador','113-10',NULL),(2868,'Colaborador','113-11',NULL),(2869,'Colaborador','113-12',NULL),(2870,'Colaborador','113-13',NULL),(2871,'Colaborador','113-14',NULL),(2872,'Colaborador','113-15',NULL),(2873,'Colaborador','113-16',NULL),(2874,'Colaborador','113-17',NULL),(2875,'Colaborador','113-18',NULL),(2876,'Colaborador','113-19',NULL),(2877,'Colaborador','113-20',NULL),(2878,'Colaborador','114-01',NULL),(2879,'Colaborador','114-02',NULL),(2880,'Colaborador','114-03',NULL),(2881,'Colaborador','114-04',NULL),(2882,'Colaborador','114-05',NULL),(2883,'Colaborador','114-06',NULL),(2884,'Colaborador','114-07',NULL),(2885,'Colaborador','114-08',NULL),(2886,'Colaborador','114-09',NULL),(2887,'Colaborador','114-10',NULL),(2888,'Colaborador','114-11',NULL),(2889,'Colaborador','114-12',NULL),(2890,'Colaborador','114-13',NULL),(2891,'Colaborador','114-14',NULL),(2892,'Colaborador','114-15',NULL),(2893,'Colaborador','114-16',NULL),(2894,'Colaborador','114-17',NULL),(2895,'Colaborador','114-18',NULL),(2896,'Colaborador','114-19',NULL),(2897,'Colaborador','114-20',NULL),(2898,'Colaborador','115-01',NULL),(2899,'Colaborador','115-02',NULL),(2900,'Colaborador','115-03',NULL),(2901,'Colaborador','115-04',NULL),(2902,'Colaborador','115-05',NULL),(2903,'Colaborador','115-06',NULL),(2904,'Colaborador','115-07',NULL),(2905,'Colaborador','115-08',NULL),(2906,'Colaborador','115-09',NULL),(2907,'Colaborador','115-10',NULL),(2908,'Colaborador','115-11',NULL),(2909,'Colaborador','115-12',NULL),(2910,'Colaborador','115-13',NULL),(2911,'Colaborador','115-14',NULL),(2912,'Colaborador','115-15',NULL),(2913,'Colaborador','115-16',NULL),(2914,'Colaborador','115-17',NULL),(2915,'Colaborador','115-18',NULL),(2916,'Colaborador','115-19',NULL),(2917,'Colaborador','115-20',NULL),(2918,'Colaborador','115-21',NULL),(2919,'Colaborador','115-22',NULL),(2920,'Colaborador','115-23',NULL),(2921,'Colaborador','115-24',NULL),(2922,'Colaborador','115-25',NULL),(2923,'Colaborador','115-26',NULL),(2924,'Colaborador','115-27',NULL),(2925,'Colaborador','115-28',NULL),(2926,'Colaborador','115-29',NULL),(2927,'Colaborador','115-30',NULL),(2962,'administrator','sophisticada','sophisticada@gmail.com'),(2963,'Colaborador','mayerlinpacheco5350','mayerlinpacheco5@gmail.com'),(2965,'Colaborador externo','AbrahamRojas934','ingjoserojas1993@gmail.com'),(2966,'Colaborador externo','NatalyV260','natalyvaleriov0127@gmail.com'),(2967,'Colaborador','albertoriveradlt851','albertorivera.dlt@gmail.com'),(2968,'Colaborador','rodriguezcj10810','rodriguezcj10@gmail.com'),(2969,'administrator','elizabethrugerio4','elizabethrugerio4@gmail.com'),(2970,'administrator','abigailchavezg0','abigailchavezg0@gmail.com'),(2971,'administrator','brenrglez','brenrglez@gmail.com'),(2972,'administrator','c_tolotti','c_tolotti@yahoo.com'),(2973,'administrator','culantrilloenlasacequias','culantrilloenlasacequias@gmail.com'),(2974,'administrator','valeria.dmtz','valeria.dmtz@gmail.com'),(2975,'administrator','k_bedolla','k_bedolla@yahoo.com'),(2976,'administrator','zugehy.sv','zugehy.sv@gmail.com'),(2977,'administrator','afm_angel','afm_angel@yahoo.com'),(2979,'Colaborador','BrendaRubio','brenrglez@gmail.com'),(2980,'Colaborador','ElizabethRugerio',''),(2981,'Colaborador','AbigailChavez','abigailchavezg0@gmail.com'),(2982,'administrator','brenrubioglez','brenrubioglez@gmail.com'),(2983,'Colaborador','karensaldanaf633','karensaldanaf@gmail.com'),(3002,'','demo@masterplaybooks.com','demo@masterplaybooks.com'),(3003,'Colaborador','aneudy91160','aneudy91@gmail.com'),(3007,'Colaborador','angelesms','angeles@mastersuite.app'),(3008,'Colaborador','juancarlosms','juancarlos@mastersuite.app'),(3009,'Colaborador','palomams','paloma@mastersuite.app'),(3010,'Colaborador','anahims','anahi@mastersuite.app'),(3011,'Colaborador','victorms','victor@mastersuite.app'),(3012,'Colaborador','colaborador1ms','colaborador1@mastersuite.app'),(3013,'Colaborador','colaborador2ms','colaborador2@mastersuite.app'),(3014,'Colaborador','masterbot','masterbot@mastersuite.app'),(3015,'','maria.','maria.'),(3016,'','ing.rojas934@outlook.com','ing.rojas934@outlook.com'),(3017,'Colaborador','mgalarreta528','mgalarreta@dcgtec.com'),(3021,'','Alex Rojas534','rockanalex@gmail.com'),(3022,'','abraham@genniux.com','abraham@genniux.com'),(3027,'','ing.rojas934@gmail.com','ing.rojas934@gmail.com'),(3028,'','ing.rojas9345@gmail.com','ing.rojas9345@gmail.com'),(3029,'','abraham@empowerlabs.com','abraham@empowerlabs.com'),(3032,'','victor_mex@hotmail.com','victor_mex@hotmail.com'),(3033,'Colaborador','apps871','apps@genniux.com'),(3034,'','alex@empowerlaabs.com','alex@empowerlaabs.com'),(3035,'','noalhidalgo@gmail.com','noalhidalgo@gmail.com'),(3037,'','naahimartinez@gmail.com','naahimartinez@gmail.com'),(3038,'','ing.joserojas1993@gmail.com','ing.joserojas1993@gmail.com'),(3039,'','Anahi_160899@outlook.com','Anahi_160899@outlook.com'),(3041,'Colaborador','paloma.morales22@gmail.com','paloma.morales22@gmail.com'),(3042,'','angelesbravop@hotmail.com','angelesbravop@hotmail.com'),(3043,'Colaborador','jefv0808580','jefv0808@gmail.com'),(3044,'','demos@genniux.com','demos@genniux.com'),(3045,'Colaborador','creatiwaaMP','creatiwaa@gmail.com'),(3046,'','natziluna@yahoo.com.mx','natziluna@yahoo.com.mx'),(3047,'','hectoradamer@gmail.com','hectoradamer@gmail.com'),(3048,'','Circuitoultras@gmail.com','Circuitoultras@gmail.com'),(3049,'','rfranco@grupoendor.com','rfranco@grupoendor.com'),(3050,'','edwin.basto@loyyalty-p.com','edwin.basto@loyyalty-p.com'),(3052,'','litos.heredia@gmail.com','litos.heredia@gmail.com'),(3053,'','rikiman06@gmail.com','rikiman06@gmail.com'),(3054,'','aaldave8@gmail.com','aaldave8@gmail.com'),(3055,'Colaborador','alvaro673','alvaro@ipagroup.co'),(3056,'Colaborador','creativalaboral886','creativalaboral@hotmail.com'),(3057,'Colaborador','matguarellow943','matguarellow@gmail.com'),(3058,'','jejata9062@marksia.com','jejata9062@marksia.com'),(3059,'Colaborador','hugodelacruz382','hugo.delacruz@vivoconsulting.com'),(3060,'Colaborador','maria150','maria@mariaospina.vip'),(3061,'','jcarlosangel01@gmail.com','jcarlosangel01@gmail.com'),(3062,'','Tximeletapapalotl@gmail.com','Tximeletapapalotl@gmail.com'),(3063,'','gracesaarod@gmail.com','gracesaarod@gmail.com'),(3064,'','ddaniellla@hotmail.com','ddaniellla@hotmail.com'),(3065,'','Mondi.cecilia@gmail.com','Mondi.cecilia@gmail.com '),(3066,'','admin','admin@controlsys.com'),(3067,'','cachiva@gmail.com','cachiva@gmail.com'),(3068,'','Jgutierrezcalderon@hotmail.com','Jgutierrezcalderon@hotmail.com'),(3069,'','victor@crece.com','victor@crece.com'),(3070,'','jp.heredia@icloud.com','jp.heredia@icloud.com'),(3072,'','Sandrapineros@hotmail.com','Sandrapineros@hotmail.com'),(3073,'','dmodamedina@yahoo.com','dmodamedina@yahoo.com'),(3076,'','lucysanchezsagi@gmail.com','lucysanchezsagi@gmail.com'),(3077,'Colaborador','cristina594','cristina@nextchallenge.cl'),(3078,'','roby-ali@hotmail.com','roby-ali@hotmail.com'),(3080,'','zavorag2021@gmail.com','zavorag2021@gmail.com'),(3081,'Colaborador','admin2','admin2@controlsys.com'),(3082,'Colaborador','colaborador','colab@controlsys.com'),(3090,'Colaborador','alberthperez455','alberth.perez@hotmail.com'),(3111,'Colaborador','raileanuionut150325987','raileanuionut150325@gmail.com'),(3112,'Colaborador','remycarpentier461','remy.carpentier@morethanperks.com'),(3114,'Colaborador','AngelesBravo','maria.bravo@empowerlabs.com'),(3118,'Colaborador','125-01',NULL),(3119,'Colaborador','125-02',NULL),(3120,'Colaborador','125-03',NULL),(3121,'Colaborador','125-04',NULL),(3122,'Colaborador','125-05',NULL),(3123,'Colaborador','125-06',NULL),(3124,'Colaborador','125-07',NULL),(3125,'Colaborador','125-08',NULL),(3126,'Colaborador','125-09',NULL),(3127,'Colaborador','125-10',NULL),(3128,'Colaborador','125-11',NULL),(3129,'Colaborador','125-12',NULL),(3130,'Colaborador','125-13',NULL),(3131,'Colaborador','125-14',NULL),(3132,'Colaborador','125-15',NULL),(3133,'Colaborador','125-16',NULL),(3134,'Colaborador','125-17',NULL),(3135,'Colaborador','125-18',NULL),(3136,'Colaborador','125-19',NULL),(3137,'Colaborador','125-20',NULL),(3138,'Colaborador','125-21',NULL),(3139,'Colaborador','125-22',NULL),(3140,'Colaborador','125-23',NULL),(3141,'Colaborador','125-24',NULL),(3150,'Colaborador','juradojhovaldo481','jurado.jhovaldo@gmail.com'),(3152,'Colaborador','teresapecosancho1971606','teresapecosancho1971@gmil.com'),(3153,'Colaborador','leonelalvarado1971502','leonelalvarado1971@gmail.com'),(3164,'Colaborador','contacto395','contacto@monttextil.com'),(3165,'Colaborador','mp5690925824','mp5690925@gmail.com'),(3167,'Colaborador','jesika032005971','jesika032005@gmail.com'),(3168,'Colaborador','iransuymoya359','iransuymoya@gmail.com'),(3169,'Colaborador','noyablanco21448','noyablanco21@gmail.com'),(3170,'Colaborador','rafaellucero739','rafael.lucero@adum.es'),(3171,'Colaborador','liliagonzalezlopez118','liliagonzalezlopez@gmail.com'),(3172,'Colaborador','ELSY393','ELSY@HANDELMAYER.COM'),(3173,'Colaborador','mariov423762','mariov423@gmail.com'),(3174,'Colaborador','lprats436','lprats@saisamexico.mx'),(3175,'Colaborador','ceo927','ceo@designthinking.today'),(3176,'Colaborador','publimagengroup225','publimagen.group@gmail.com'),(3177,'Colaborador','126-01',NULL),(3178,'Colaborador','126-02',NULL),(3179,'Colaborador','126-03',NULL),(3180,'Colaborador','126-04',NULL),(3181,'Colaborador','126-05',NULL),(3182,'Colaborador','126-06',NULL),(3183,'Colaborador','126-07',NULL),(3184,'Colaborador','126-08',NULL),(3185,'Colaborador','126-09',NULL),(3186,'Colaborador','126-10',NULL),(3187,'Colaborador','126-11',NULL),(3188,'Colaborador','126-12',NULL),(3189,'Colaborador','126-13',NULL),(3190,'Colaborador','126-14',NULL),(3191,'Colaborador','126-15',NULL),(3192,'Colaborador','126-16',NULL),(3193,'Colaborador','126-17',NULL),(3194,'Colaborador','126-18',NULL),(3195,'Colaborador','126-19',NULL),(3196,'Colaborador','126-20',NULL),(3197,'Colaborador','126-21',NULL),(3198,'Colaborador','126-22',NULL),(3199,'Colaborador','126-23',NULL),(3200,'Colaborador','126-24',NULL),(3201,'Colaborador','126-25',NULL),(3202,'Colaborador','126-26',NULL),(3203,'Colaborador','126-27',NULL),(3204,'Colaborador','126-28',NULL),(3205,'Colaborador','126-29',NULL),(3206,'Colaborador','126-30',NULL),(3207,'Colaborador','126-31',NULL),(3208,'Colaborador','126-32',NULL),(3209,'Colaborador','126-33',NULL),(3210,'Colaborador','126-34',NULL),(3211,'Colaborador','126-35',NULL),(3212,'Colaborador','126-36',NULL),(3213,'Colaborador','cuestionhumana497','cuestionhumana@yahoo.com.mx'),(3214,'Colaborador','santiagoseri467','santiagoseri@gmail.com'),(3215,'Colaborador','gwilmarys799','gwilmarys@gmail.com'),(3216,'Colaborador','Lilia Gonzalez','lilia@crece.com'),(3218,'Colaborador','jg35689713173','jg35689713@gmail.com'),(3219,'Colaborador','Adriana de la Torre','adrianadelator@gmail.com'),(3220,'Colaborador','drix27954989132','drix27954989@gmail.com'),(3221,'Colaborador','joseinmor18810','joseinmor18@gmail.com'),(3222,'Colaborador','sergioaguilar306','sergio.aguilar@evoxhc.com'),(3223,'Colaborador','fasterprintmk370','fasterprintmk@gmail.com'),(3224,'Colaborador','josejorge59942','josejorge59@gmail.com'),(3225,'Colaborador','Ruthdarymartinez809365','Ruthdarymartinez809@gmail'),(3227,'Colaborador','erickdj2343593','erickdj2343@hotmail.com'),(3229,'Colaborador','poolana58448','poolana58@gmail.com'),(3232,'Colaborador','gustavomonterrey01713','gustavo.monterrey01@gmail.com'),(3233,'Colaborador','Kukulkan123252','Kukulkan123@yahoo.com'),(3234,'Colaborador','migleygarzon150995107','migleygarzon150995@gmail.com'),(3235,'Colaborador','gumerescribas945','gumerescribas@hotmail.com'),(3236,'Colaborador','yenarosario524','yenarosario@gmail.com'),(3237,'Colaborador','jdominguez177','jdominguez@geovictoria.com'),(3238,'Colaborador','d5ve920','d5ve@outlook.com'),(3239,'Colaborador','Rodolfobastardo13626','Rodolfobastardo13@gmail.com'),(3240,'Colaborador','raywillacuna40941','raywillacuna40@gmail.com'),(3241,'Colaborador','mnalvarado599','mnalvarado@outlook.es'),(3242,'Colaborador','marquezangela3101865','marquezangela3101@gmail.com'),(3243,'Colaborador','ivethadriana2021715','ivethadriana2021@gmail.com'),(3244,'Colaborador','jazminbazaldua0020316','jazminbazaldua0020@gmail.com'),(3245,'Colaborador','angelittorres2812928','angelittorres2812@gmail.com'),(3246,'Colaborador','gamerch7742','gamerch7@outlook.com'),(3247,'Colaborador','yaritzaleonclap172','yaritzaleonclap@gmail.com'),(3248,'Colaborador','jaimaris123456663','jaimaris123456@gmail.com'),(3249,'Colaborador','xolegolas312','xolegolas@gmai.com'),(3250,'Colaborador','Silvanovnzla3902','Silvanovnzla3@gmail.com'),(3251,'Colaborador','lioscaribeloz3470','lioscaribeloz3@gmail.com'),(3252,'Colaborador','liannysdayana511','liannysdayana@gmail.com'),(3253,'Colaborador','eliannydelvalletovarmartinez741','eliannydelvalletovarmartinez@gmail.com'),(3254,'Colaborador','Noelyparedes2302673','Noelyparedes2302@gmail.com'),(3255,'Colaborador','jgabrielcuencav948','jgabrielcuencav@gmail.com'),(3256,'Colaborador','jessikro28435','jessikro28@gmail.com'),(3257,'Colaborador','yusbelysz24814','yusbelysz24@gmail.com'),(3258,'Colaborador','orlandojramosm1980740','orlandojramosm1980@gmail.com'),(3259,'Colaborador','adriananinerby295','adriananinerby@gmail.com'),(3260,'Colaborador','mvelasquez292','m.velasquez@creceexplora.com'),(3261,'Colaborador','Vbravocc929','Vbravocc@gmail.com'),(3263,'Colaborador','mario139','mario@academiadehabilidadesdigitales.com'),(3264,'Colaborador','aidriogo659','aidriogo@gmail.com'),(3265,'Colaborador','rmedinag31775','rmedinag31@gmail.com'),(3266,'Colaborador','mairarodriguez25041961673','mairarodriguez25041961@gmail.com'),(3267,'Colaborador','hdzmartha88987','hdzmartha88@gmail.com'),(3268,'Colaborador','Jcesarmartinez2014539','Jcesarmartinez2014@gmail.com'),(3269,'Colaborador','Eberthgalicia676','Eberth.galicia@gmail.com'),(3270,'Colaborador','mmaraima85402','mmaraima85@gmail.com'),(3271,'Colaborador','jg7504544614','jg7504544@gmail.com'),(3272,'Colaborador','josecllo993','josecllo@hotmail.com'),(3273,'Colaborador','luismanuelrodrigueznoguera993','luismanuelrodrigueznoguera@gamil.com.cu'),(3274,'Colaborador','mauriciorios153','mauricio.rios@teledisca.com'),(3275,'Colaborador','emelygeraldinebellomorales500','emelygeraldinebellomorales@gmail.com'),(3276,'Colaborador','knunezfe995','knunez.fe@gmail.com'),(3277,'Colaborador','dahianapacheco857698','dahianapacheco857@gmail.com'),(3298,'Colaborador','127-01',NULL),(3299,'Colaborador','127-02',NULL),(3300,'Colaborador','127-03',NULL),(3301,'Colaborador','127-04',NULL),(3302,'Colaborador','127-05',NULL),(3303,'Colaborador','127-06',NULL),(3304,'Colaborador','127-07',NULL),(3305,'Colaborador','127-08',NULL),(3306,'Colaborador','127-09',NULL),(3307,'Colaborador','127-10',NULL),(3308,'Colaborador','127-11',NULL),(3309,'Colaborador','127-12',NULL),(3310,'Colaborador','127-13',NULL),(3311,'Colaborador','127-14',NULL),(3312,'Colaborador','127-15',NULL),(3313,'Colaborador','127-16',NULL),(3314,'Colaborador','127-17',NULL),(3315,'Colaborador','127-18',NULL),(3316,'Colaborador','127-19',NULL),(3317,'Colaborador','127-20',NULL),(3318,'Colaborador','echeverriabermudez278','echeverriabermudez@gmail.com'),(3319,'Colaborador','128-01',NULL),(3320,'Colaborador','128-02',NULL),(3321,'Colaborador','128-03',NULL),(3322,'Colaborador','128-04',NULL),(3323,'Colaborador','128-05',NULL),(3324,'Colaborador','128-06',NULL),(3325,'Colaborador','128-07',NULL),(3326,'Colaborador','128-08',NULL),(3327,'Colaborador','128-09',NULL),(3328,'Colaborador','128-10',NULL),(3329,'Colaborador','128-11',NULL),(3330,'Colaborador','128-12',NULL),(3331,'Colaborador','128-13',NULL),(3332,'Colaborador','128-14',NULL),(3333,'Colaborador','128-15',NULL),(3334,'Colaborador','128-16',NULL),(3335,'Colaborador','128-17',NULL),(3336,'Colaborador','128-18',NULL),(3337,'Colaborador','128-19',NULL),(3338,'Colaborador','128-20',NULL),(3339,'Colaborador','yriananieves851','yriananieves@gmail.com'),(3340,'Colaborador','cc286858808','cc286858@gmail.com'),(3341,'Colaborador','camachoyambry01106','camachoyambry01@gmail.com'),(3342,'Colaborador','anahur04927','anahur04@gmail.com'),(3343,'Colaborador','yobannylista9468','yobannylista9@gmail.com'),(3344,'Colaborador','juliobazan2383399','juliobazan2383@gmail.com'),(3345,'Colaborador','Ritsacoll17981','Ritsacoll17@gmail.com'),(3346,'Colaborador','figueroathais17962','figueroathais17@gmail.com'),(3348,'Colaborador','AdminNetjer','netjer@mastersuite.app'),(3349,'Colaborador','duartejhonson01184','duartejhonson01@gmail.com'),(3350,'Colaborador','simordaz705','simordaz@gmail.com'),(3351,'Colaborador','jmruizdiaz01125','jmruizdiaz01@gmail.com'),(3352,'Colaborador','megansolis70272','megansolis70@gmail.com'),(3353,'Colaborador','eulgivivilla837','eulgivivilla@gmail.com'),(3354,'Colaborador','schmarquina706','schmarquina@hotmail.com'),(3355,'Colaborador','doriannyberroeta80803','doriannyberroeta80@gmail.com'),(3356,'Colaborador','gilbertormatam927','gilbertormatam@yahoo.com'),(3357,'Colaborador','rubyesnavas211','rubyesnavas@gmail.com'),(3358,'Colaborador','fmbgsistema637','fmbgsistema@gmail.com'),(3359,'Colaborador','AdminLab','lab.mastersuite.app'),(3360,'Colaborador','wuilkerg30540','wuilkerg30@gmail.com'),(3361,'Colaborador','alexanderdeabreu33539','alexanderdeabreu33@gmail.com'),(3362,'Colaborador','ArturoVillegas','hola@arturovillegas.com.mx'),(3363,'Colaborador','AndresOrnelas','andres.ornelas.c@icloud.com'),(3364,'Colaborador','andreinazcm30610','andreinazcm.30@gmail.com'),(3365,'Colaborador','luidyperezz835','luidyperezz@gmail.com'),(3366,'Colaborador','villarroel1997688','villarroel1997@gmail.com'),(3367,'Colaborador','marwinnavarrofp873','marwinnavarrofp@gmail.com'),(3368,'Colaborador','Tabascaisrrael706','Tabascaisrrael@gmail.com'),(3369,'Colaborador','57gonzalezmaria09577','57gonzalezmaria09@gimail.com'),(3370,'Colaborador','lothardear2018548','lothardear2018@gmail.com'),(3371,'Colaborador','121-01',NULL),(3372,'Colaborador','121-02',NULL),(3373,'Colaborador','121-03',NULL),(3374,'Colaborador','121-04',NULL),(3375,'Colaborador','121-05',NULL),(3376,'Colaborador','121-06',NULL),(3377,'Colaborador','121-07',NULL),(3378,'Colaborador','121-08',NULL),(3379,'Colaborador','121-09',NULL),(3380,'Colaborador','121-10',NULL),(3381,'Colaborador','121-11',NULL),(3382,'Colaborador','121-12',NULL),(3383,'Colaborador','121-13',NULL),(3384,'Colaborador','121-14',NULL),(3385,'Colaborador','121-15',NULL),(3386,'Colaborador','121-16',NULL),(3387,'Colaborador','121-17',NULL),(3388,'Colaborador','121-18',NULL),(3389,'Colaborador','121-19',NULL),(3390,'Colaborador','121-20',NULL),(3391,'Colaborador','121-21',NULL),(3392,'Colaborador','121-22',NULL),(3393,'Colaborador','121-23',NULL),(3394,'Colaborador','121-24',NULL),(3395,'Colaborador','121-25',NULL),(3396,'Colaborador','121-26',NULL),(3397,'Colaborador','121-27',NULL),(3398,'Colaborador','121-28',NULL),(3399,'Colaborador','121-29',NULL),(3400,'Colaborador','121-30',NULL),(3401,'Colaborador','121-31',NULL),(3402,'Colaborador','121-32',NULL),(3403,'Colaborador','121-33',NULL),(3404,'Colaborador','121-34',NULL),(3405,'Colaborador','121-35',NULL),(3406,'Alianza interuniversitaria de incubadoras','118-01','vinculacionsocial.teh@uvp.mx'),(3407,'Alianza Interuniversitaria de Incubadoras','118-02','blanca.delarosa@uttehuacan.edu.mx'),(3408,'Alianza por una citricultura sustentable en el Municipio de Álamo Temapache','118-03','jcav_halcon@hotmail.com'),(3409,'apicultores de itácuaro','118-04','thais.ciie@gmail.com'),(3410,'Bienestar SocioAmbiental Terrenate','118-05','claudiayahaira.zamora@uptlax.edu.mx'),(3411,'Campus Colima','118-06','nodess@colima.tecnm.mx'),(3412,'Cholollan','118-07','gsalgadobenitez@yahoo.com.mx'),(3413,'Clúster Natura Xochimilco','118-08','addhusac@gmail.com'),(3414,'COCOSAN','118-09','vin_smarcos@tecnm.mx'),(3415,'COCOSAN','118-10','valle_lupita@hotmail.com'),(3416,'Desarrollo sustentable de la subregión sierra de Tabasco','118-11','jorge.vc@regionsierra.tecnm.mx'),(3417,'Desarrollo, innovación y sostenibilidad para el campo hidalguense','118-12','martin_hernandez@uaeh.edu.mx'),(3418,'DESARROLLOS SOSTENIBLES EN COMUNIDADES MORELENSES','118-13','josegilbertoortegagarcia@uflp.edu.mx'),(3419,'Economías Transformadoras para Comunidades Unidas','118-14','guperez@upmh.edu.mx'),(3420,'Essalia','118-15','jjesusriverar@gmail.com'),(3421,'Gestión y Desarrollo de Cooperativas y Organizaciones Sociales Productivas','118-16','sergio.sosa@correo.buap.mx'),(3422,'Gestiòn y Desarrollo de Cooperativas y Organizaciones Sociales Productivas','118-17','rufino.mz@gmail.com'),(3423,'Huatulco','118-18','rdepl@huatulco.umar.mx'),(3424,'Impulso a Mujeres Artesanas Silvícolas del Estado de México','118-19','div.gestion@tesjo.edu.mx'),(3425,'LAA YETZI UNSIJ-IXTLÁN','118-20','esmebolesc09@gmail.com'),(3426,'Nodess  Hidalgo','118-21','edith.garcia@ciad.mx'),(3427,'NODESS Clúster Natura Xochimilco','118-22','marco.penavera@gmail.com'),(3428,'Nodess colpos agropecuario','118-23','verajavier69@gmail.com'),(3429,'NODESS DE LOS RIOS DE TABASCO','118-24','yhadira.huicab@gmail.com'),(3430,'NODESS ECONOMIAS ALTERNATIVAS TLANSFORMADORAS','118-25','ana.rodriguez@uiep.edu.mx'),(3431,'Nodess Ecoturismo y su Cadena de Valor','118-26','alejo@efectivotech.com'),(3432,'NODESS IIK HABANERO','118-27','miroslava.talavera@gmail.com'),(3433,'NODESS SUR DE VERACRUZ - CHOAPAS','118-28','j-salmeronl@choapas.tecnm.mx'),(3434,'NODESS SUR DE VERACRUZ - CHOAPAS','118-29','j-galiciam@choapas.tecnm.mx'),(3435,'NODESS SUR DE VERACRUZ - CHOAPAS','118-30','riconsoto@gmail.com'),(3436,'NODESS Tulancingo','118-31','gabriela.ortiz@upt.edu.mx'),(3437,'NODESS Zacatecas','118-32','axelrodriguez394@gmail.com'),(3438,'NODESS ZACATECAS','118-33','cenuaz.finanzas@gmail.com'),(3439,'NODO Economía Social y Solidaridad UTTECAM','118-34','vinculacion@uttecam.edu.mx'),(3440,'NODO Economía Social y Solidaridad UTTECAM','118-35','extensionuniversitaria@uttecam.edu.mx'),(3441,'NODO ESS UTTECAM','118-36','roxana.guerrero.papaqui19@gmail.com'),(3442,'NODO ESS UTTECAM','118-37','inglauracebada@outlook.es'),(3443,'Selva Chiapas','118-38','vinculacion@laselva.edu.mx'),(3444,'Sistema Estratégico Cafetalero','118-39','guadalupe.vera@hidalgo.gob.mx'),(3445,'Tecámac-Zumpango-Hueypoxtla','118-40','jsilvac@uttecamac.edu.mx'),(3446,'Turismo Comunitario y Sostenible Rancho los Cantiles San Marcos Gro.','118-41','josuesalado1@hotmail.com'),(3447,'Turismo en la Sierra Norte de Puebla','118-42','vinculacion@uiepa.edu.mx'),(3448,'UNIÓN ITESHU','118-43','macruz@iteshu.edu.mx'),(3449,'UNIÓN ITESHU','118-44','ucamacho@iteshu.edu.mx'),(3450,'Valle de Serdán','118-45','aotlica@cdserdan.tecnm.mx'),(3451,'Colaborador','118-46','victor@masterplaybooks.com'),(3452,'Sistema estrátegico para el desarrollo cafetalero en zonas vulnerables de la Sierra Gorda Hidalguense','118-47','chapulhuacan@uttt.edu.mx'),(3453,'Observatorio Tecnológico Productivo Ibero Torreón','118-48','mayra.puentes@iberotorreon.edu.mx'),(3454,'Impulso a la Actividad Ostricola en Sonora','118-49','anna.perez@sonora.gob.mx'),(3455,'Red de Juventudes y Cooperativistas del Usumacinta','118-50','marcos.zequera@gmail.com'),(3456,'Canatlán Bovino','118-51','luis.rios@itdadistancia.tv'),(3457,'Economias Alternativas y transformadoras','118-52','elizabet.ibarra22@gmail.com'),(3458,'noj kaaj','118-53','alugal4@gmail.com'),(3459,'NODO MIXTECO DE ECONOMIA SOCIAL Y SOLIDARIA','118-54','extension.itstr@gmail.com'),(3460,'noj kaaj','118-55','cruken@uqroo.edu.mx'),(3461,'Acompañamiento a las Jefas de Familia estudiantes de Piedras Negras.','118-56','blanca.em@piedrasnegras.tecnm.mx'),(3462,'Res de economía social y solidaria para el desarrollo del sistema de valor del bacanora','118-57','sanchezgamboajm@gmail.com'),(3463,'NODESS TURISMO HUATUSCO Y NODESS AGUACATE HUATUSCO','118-58','zmirandag@huatusco.tecnm.mx'),(3464,'Plantas medicinales: uso sostenible y conservación como impulso a la economía social en Hidalgo','118-59','rene_velazquez10269@uaeh.edu.mx'),(3465,'Alianza social y solidaria del Valle de Toluca','118-60','erick.gg@toluca.tecnm.mx'),(3466,'UTD sin fronteras','118-61','karla.ortegavaldez@gmail.com'),(3467,'ALIANZA SOCIAL Y SOLIDARIA','118-62','rosaiselahm74@gmail.com'),(3468,'Aneteq','118-63','antonio.hernandez@tequila.tecmm.edu.mx'),(3469,'NODESS SUR DE VERACRUZ - CHOAPAS','118-64','j-galiciam@choapas.tecnm.mx'),(3470,'Desarrollo Integral del Mayo','118-65','mayte.vn@huatabampo.tecnm.mx'),(3471,'TEQUITL','118-66','helue.garcia@uptlax.edu.mx'),(3472,'El Punto Tuxtlecp','118-67','mcid@ittg.edu.mx'),(3473,'NODESS-HUATULCO','118-68','antonpat2@gmail.com'),(3474,'SETILI','118-69','ciie_dtianguistenco@test.edu.mx'),(3475,'NODO ESS UTTECAM','118-70','lae.yahe@gmail.com'),(3476,'NODO ESS UTTECAM','118-71','yos.rv.89@gmail.com'),(3477,'ESSALIA','118-72','mendezarenasgilberto@gmail.com'),(3478,'NODESS UPTX VIDA SALUD Y BIENESTAR TLAXCALA','118-73','transferencia.innovacion@uptlax.edu.mx'),(3479,'Grupo Agroecologo Colibri','118-74','hildeberthaesteban@gmail.com'),(3480,'imprendetec','118-75','incubadora_teh@tehuacan.tecnm.mx'),(3481,'Nodo Economía Fungi Huixquilucan','118-76','anayetzin.t.r@huixquilucan.tecnm.mx'),(3482,'ESS DEL ISTMO DE TEHUANTEPEC','118-77','maramm.ciie23@gmail.com'),(3483,'Nodess Hidalgo','118-78','nodess.hidalgo@gmail.com'),(3484,'Plantas medicinales: uso sostenible y conservación como impulso a la economía social en Hidalgo','118-79','rene_velazquez10269@uaeh.edu.mx'),(3485,'Producción Ovina Yucatán Centro','118-80','juan.rl@conkal.tecnm.mx'),(3486,'patzcuro-zirahuen','118-81','veronica@itspa.edu.mx'),(3487,'vinculación','118-82','d_vinculacion04@tecnm.mx'),(3488,'Colaborador','paolabenavidesgarcia144','paolabenavidesgarcia@gmail.com'),(3489,'Colaborador','djjavier477629','djjavier477@gmail.com'),(3490,'Colaborador','keibermora64685','keibermora64@gmail.com'),(3491,'Colaborador','pradoandreina07796','pradoandreina07@gmail.com');

--
-- Table structure for table `quizz_cuestionario`
--

CREATE TABLE `quizz_cuestionario` (
  `id` int NOT NULL AUTO_INCREMENT,
  `titulo` text NOT NULL,
  `empresa` int NOT NULL,
  `visible` tinyint NOT NULL,
  PRIMARY KEY (`id`),
  KEY `empresa` (`empresa`),
  CONSTRAINT `quizz_cuestionario_ibfk_1` FOREIGN KEY (`empresa`) REFERENCES `pap_eje` (`id`) ON DELETE CASCADE ON UPDATE CASCADE
) ENGINE=InnoDB AUTO_INCREMENT=6 DEFAULT CHARSET=latin1;

--
-- Dumping data for table `quizz_cuestionario`
--

INSERT INTO `quizz_cuestionario` VALUES (1,'B2B Lead Gen Master Test',59,1),(3,'Diagnostico Empowernomics',59,0),(4,'Sales Planet Business Insight',59,0),(5,'Evaluación Exprés de Observabilidad',59,0);

--
-- Table structure for table `quizz_pregunta`
--

CREATE TABLE `quizz_pregunta` (
  `id` int NOT NULL AUTO_INCREMENT,
  `texto` text NOT NULL,
  `cuestionario` int NOT NULL,
  `visible` tinyint NOT NULL,
  PRIMARY KEY (`id`),
  KEY `cuestionario` (`cuestionario`),
  CONSTRAINT `quizz_pregunta_ibfk_1` FOREIGN KEY (`cuestionario`) REFERENCES `quizz_cuestionario` (`id`) ON DELETE CASCADE ON UPDATE CASCADE
) ENGINE=InnoDB AUTO_INCREMENT=33 DEFAULT CHARSET=latin1;

--
-- Dumping data for table `quizz_pregunta`
--

INSERT INTO `quizz_pregunta` VALUES (1,'¿Estás generando la cantidad suficiente de leads que tienes estipulada en tu plan de ventas?',1,1),(2,'¿Logras convertir a más del 40% de las personas interesadas en tus productos o servicios en clientes que realizan compras?',1,1),(3,'¿Estás cerrando ventas importantes en menos de 60 días (a partir de hacer un contacto)?',1,1),(4,'¿Tienes claro quién es y dónde está tu cliente ideal (premium)?',1,1),(5,'¿Tienes una oferta de valor clara y poderosa que atraiga prospectos ideales y contribuya a cerrar ventas rápidamente?',1,1),(6,'¿Tus productos o servicios son fáciles de comprar para tus clientes?',1,1),(7,'¿Tienes establecido un sistema digitalizado de ventas?',1,1),(8,' ¿Tienes documentados tus procesos comerciales?',1,1),(9,'¿Cuentas con una persona o equipo responsable de generar leads y cerrar ventas?',1,1),(10,'¿Tienen un sistema CRM para gestionar y dar seguimiento a sus leads de manera efectiva? ',1,1),(18,'¿Cuentas con métricas claras que definan tu negocio?',4,1),(19,'Nueva pregunta',4,1),(20,'Nueva pregunta',4,1),(21,'Pregunta 4',4,1),(23,'¿Cuentas con una plataforma de observabilidad digital que te proporcione visibilidad en tiempo real sobre el rendimiento de tus sistemas y aplicaciones críticas?',5,1),(24,'¿Tu infraestructura digital utiliza herramientas de monitoreo predictivo para anticipar problemas antes de que impacten tus procesos de negocio?',5,1),(25,'¿Tus equipos utilizan tableros centralizados que integran datos de múltiples sistemas para monitorear el estado de los procesos digitales críticos en tiempo real?',5,1),(26,'¿Estás utilizando inteligencia artificial para identificar y correlacionar eventos en tus sistemas que puedan anticipar desviaciones antes de que se conviertan en un incidente?',5,1),(27,'¿Tu sistema de observabilidad permite monitorear tanto datos de infraestructura, aplicaciones y ciberseguridad de tus procesos digitales?',5,1),(28,'¿Tu plataforma de observabilidad está integrada con tus sistemas de negocio (ERP, CRM, etc.) para correlacionar eventos y métricas en tiempo real?',5,1),(29,'¿Tienes capacidad para generar alertas automáticas basadas en reglas de negocio para detectar desviaciones en el comportamiento de tus procesos digitales?',5,1),(30,'¿Utilizas observabilidad para optimizar el uso de recursos y reducir tiempos de inactividad en tus procesos digitales?',5,1),(31,'¿Tienes la capacidad de realizar un análisis de causa raíz en tiempo real para identificar y solucionar problemas que afecten los procesos digitales?',5,1),(32,'¿Estás utilizando métricas claras y cuantificables para medir el retorno de inversión (ROI) de tu sistema de observabilidad digital?',5,1);

--
-- Table structure for table `quizz_report_item`
--

CREATE TABLE `quizz_report_item` (
  `id` int NOT NULL AUTO_INCREMENT,
  `respuesta` int NOT NULL,
  `texto` text NOT NULL,
  PRIMARY KEY (`id`),
  KEY `respuesta` (`respuesta`),
  CONSTRAINT `quizz_report_item_ibfk_1` FOREIGN KEY (`respuesta`) REFERENCES `quizz_respuesta` (`id`) ON DELETE CASCADE ON UPDATE CASCADE
) ENGINE=InnoDB AUTO_INCREMENT=21 DEFAULT CHARSET=latin1;

--
-- Dumping data for table `quizz_report_item`
--

INSERT INTO `quizz_report_item` VALUES (1,1001,'Los felicitamos por estar generando la cantidad suficiente de leads como lo tienen estipulado en su plan de ventas. Este logro es fundamental en el mundo de las ventas B2B, ya que una corriente constante de leads cualificados es la base de un proceso de ventas exitoso. Esta capacidad para alcanzar sus objetivos de generación de leads demuestra que están en el camino correcto y que sus estrategias de atracción de clientes están funcionando de manera efectiva.\r\n\r\nSin embargo, es importante recordar que el éxito en ventas no solo se trata de cantidad, sino también de calidad y costo. A medida que avancen, asegúrense de mantener un equilibrio entre la cantidad y la calidad de los leads. Esto garantizará que están aprovechando al máximo cada oportunidad de conversión y que están dirigiéndote a prospectos que realmente tienen el potencial de convertirse en clientes ideales de alto valor.'),(2,1002,'Si  su organización no está generando la cantidad suficiente de leads que tiene estipulada en su plan de ventas, es importante abordar este desafío de manera estratégica. La generación de leads es el punto de partida para todo el proceso de ventas B2B, y no alcanzar los objetivos puede impactar negativamente en sus resultados finales.\r\n\r\nEs fundamental reconocer que la generación insuficiente de leads puede llevar a oportunidades perdidas y a un crecimiento limitado. Los leads son la materia prima de tus ventas, y contar con un flujo constante es esencial. Además, generar la cantidad estipulada de leads en tu plan de ventas es importante porque está alineada con tus metas de crecimiento y facturación.\r\n\r\nLes recomendamos evaluar sus estrategias actuales de generación de leads y considerar nuevas tácticas para aumentar la cantidad de leads cualificados. Es importante asegurarse que los objetivos de generación de leads estén en sintonía con sus objetivos de ventas y que todo su equipo esté alineado en este sentido. La generación de leads es un pilar fundamental para el éxito en ventas B2B, y abordar este desafío de manera efectiva puede tener un impacto significativo en sus resultados comerciales a largo plazo.'),(3,1003,'Felicidades por lograr una tasa de conversión del 40% o más. Este resultado indica una efectividad notable en la transformación de clientes potenciales en clientes reales, pues el promedio en el mercado B2B está entre el 5 y el 10% de conversión. Es evidente que su organización ha establecido estrategias sólidas para persuadir y cerrar ventas. \r\n\r\nPara seguir fortaleciendo este logro, les recomendamos centrarse en la identificación y ampliación de las prácticas que están contribuyendo al éxito actual. Además, consideren realizar un análisis más detallado de los perfiles de los clientes que convierten con mayor frecuencia. Esto les permitirá afinar aún más sus estrategias y personalizar su enfoque para diferentes segmentos de clientes. \r\n'),(4,1004,'Si bien es normal enfrentar desafíos en la conversión, este resultado ofrece una oportunidad valiosa para el crecimiento. Es esencial recordar que la efectividad de la conversión está estrechamente relacionada con la calidad de los leads que atraemos. Por lo tanto, un paso fundamental es identificar con claridad a su cliente ideal. Esto les permitirá enfocar sus esfuerzos de generación de leads en prospectos que tienen una mayor probabilidad de convertirse en clientes valiosos.\r\n\r\nAdemás, consideren implementar estrategias de Demand Generation (Generación de Demanda) para crear intención de compra antes de que los prospectos lleguen a su proceso de ventas. Al generar un interés sólido y una alta intención de compra antes de que los prospectos lleguen a su equipo de ventas, aumentarán la probabilidad de que estén dispuestos a hablar con ustedes y a avanzar más rápido en el proceso de conversión. Esto no solo acortará los ciclos de venta, sino que también mejorará la calidad de sus conversiones.\r\n\r\nRecuerden que, en un entorno B2B, la personalización y la relevancia son esenciales. Adaptar sus mensajes y ofertas a las necesidades específicas de sus prospectos idealmente cualificados marcará la diferencia en la conversión. Aprovechen las oportunidades para recopilar comentarios directos de aquellos que no se convierten y utilicen esta información para afinar continuamente su enfoque.'),(5,1005,'Es impresionante saber que están cerrando ventas importantes en menos de 60 días después de hacer un contacto. Esto demuestra una gran eficiencia en su proceso de ventas B2B. Un ciclo de ventas más corto no solo mejora la rentabilidad, sino que también aumenta la satisfacción del cliente, ya que obtienen resultados más rápido.\r\n\r\nEste logro sugiere que están identificando oportunidades de manera efectiva, presentando soluciones persuasivas y cerrando tratos de manera ágil. Para seguir capitalizando este éxito, les animamos a seguir monitoreando y optimizando su proceso de ventas. Identifiquen las mejores prácticas que les han llevado a este logro y compártanlas con su equipo. Además, mantengan un enfoque en la calidad de las relaciones con los clientes, ya que las conexiones sólidas pueden acelerar aún más el proceso de ventas.'),(6,1006,'Si no están cerrando ventas importantes en menos de 60 días después de hacer un contacto, es importante abordar este desafío estratégicamente. Un ciclo de ventas prolongado puede tener un impacto negativo en la rentabilidad y en la satisfacción del cliente. Además, puede dificultar el logro de sus metas de ventas.\r\n\r\nEs fundamental reconocer que un ciclo de ventas más largo puede deberse a varios factores, como la complejidad de su oferta, la falta de urgencia por parte del cliente o posibles obstáculos en el proceso de toma de decisiones. Para mejorar esta métrica, consideren cómo pueden agilizar el proceso. Esto podría incluir simplificar el proceso de toma de decisiones, identificar posibles puntos de fricción y desarrollar estrategias para abordarlos.\r\n\r\nAdemás, enfóquense en crear una mayor intención de compra desde el principio, lo que puede ayudar a acortar los ciclos de venta. Generar un interés sólido y una alta intención de compra antes de que los prospectos lleguen a su proceso de ventas puede ser una estrategia efectiva.\r\n\r\nRecuerden que la adaptabilidad es clave en las ventas B2B, y abordar este desafío puede ser la clave para impulsar un crecimiento más rápido y mejorar la eficiencia de su equipo de ventas.'),(7,1007,'Felicidades por tener una comprensión clara de quién es y dónde está su cliente ideal en el segmento premium. Este nivel de claridad es esencial en el marketing y las ventas B2B, ya que les permite enfocar sus esfuerzos y recursos de manera precisa. Al identificar a su cliente ideal, pueden adaptar sus estrategias para llegar a ellos de manera más efectiva y personalizada.\r\n\r\n\r\nLes recomendamos aprovechar aún más esta ventaja. Refinen su conocimiento sobre las necesidades específicas de su cliente premium, ajusten su mensaje para resaltar los beneficios que más valoran y busquen oportunidades de expansión dentro de este segmento. Además, consideren compartir este conocimiento con su equipo para que todos estén alineados en la dirección estratégica\r\n\r\n\r\n'),(8,1008,'Si no tienen claro quién es y dónde está su cliente ideal en el segmento premium, es crucial abordar este aspecto estratégico. La identificación precisa del cliente ideal es fundamental para orientar sus esfuerzos de marketing y ventas de manera efectiva. Sin esta claridad, pueden estar perdiendo oportunidades valiosas y dispersando recursos de manera innecesaria.\r\n\r\nUna vez que tengan esta claridad, podrán adaptar sus estrategias de marketing y ventas de manera más efectiva, aumentando la relevancia y atrayendo a clientes premium de manera más consistente. Este enfoque refinado no solo optimizará sus esfuerzos, sino que también fortalecerá su posición en el mercado.'),(9,1009,'Felicidades por contar con una oferta de valor clara y poderosa que atrae a prospectos ideales y contribuye a cerrar ventas rápidamente. Este logro es un activo valioso en el mundo de las ventas B2B. Una oferta de valor convincente comunica de manera efectiva cómo sus productos o servicios resuelven los problemas de sus clientes de manera única y ventajosa.\r\n\r\nPara continuar aprovechando esta ventaja, les animamos a seguir fortaleciendo y comunicando su oferta de valor de manera consistente. Asegúrense de que todos los miembros de su equipo estén alineados en la entrega de este mensaje poderoso. También consideren personalizar su oferta para adaptarse a las necesidades específicas de diferentes segmentos de clientes, lo que puede aumentar aún más su efectividad.\r\n\r\nAdemás, les recomendamos monitorear de cerca la retroalimentación de sus clientes y utilicen sus comentarios para refinar y mejorar su oferta de valor con el tiempo. El éxito continuo dependerá de su capacidad para mantener su oferta relevante y atractiva para sus prospectos ideales.                                           '),(10,1010,'Si no tienen una oferta de valor clara y poderosa que atraiga prospectos ideales y contribuya a cerrar ventas rápidamente, es crítico abordar esta área. Una oferta de valor efectiva es la base de su estrategia de ventas y marketing. Sin ella, pueden estar perdiendo oportunidades de conversión y luchando por diferenciarse en un mercado competitivo.\r\n\r\nLes sugierimos trabajar en la definición de una oferta de valor sólida que comunique claramente cómo sus productos o servicios resuelven los problemas de sus clientes de manera única y beneficiosa. Realicen una investigación exhaustiva de mercado para comprender las necesidades y deseos de su audiencia objetivo y utilicen esta información para crear una oferta que resuene con ellos.\r\n\r\nUna vez que tengan una oferta de valor sólida, asegúrense de que todos los miembros de su equipo estén alineados en su entrega. La consistencia es clave para construir una marca fuerte y atractiva. Además, consideren la posibilidad de personalizar su oferta para diferentes segmentos de clientes para aumentar su efectividad.\r\n\r\nRecuerden que una oferta de valor bien definida puede marcar la diferencia en la conversión de prospectos en clientes satisfechos y leales.'),(11,1011,'Nos parece excelente saber que sus productos o servicios son percibidos como fáciles de comprar para sus clientes. La facilidad en el proceso de compra es un factor crítico para la satisfacción del cliente y la eficiencia del equipo de ventas. Este logro sugiere que su empresa ha implementado procesos efectivos, interfaces amigables y una comunicación clara que facilita a sus clientes la toma de decisiones.\r\n\r\nPara maximizar este éxito, les recomendamos seguir recopilando retroalimentación directa de sus clientes sobre su experiencia de compra. Esta información puede ayudarles a identificar posibles áreas de mejora y a adaptarse a las cambiantes expectativas del cliente. Además, asegúrense de que su equipo de ventas esté completamente capacitado para guiar a los clientes a través del proceso de compra de manera efectiva.'),(12,1012,'Si sus productos o servicios no son percibidos como fáciles de comprar, es importante abordar este desafío para mejorar la experiencia del cliente y optimizar sus tasas de conversión. La facilidad en el proceso de compra es un factor determinante en la toma de decisiones del cliente, y dificultades en este aspecto pueden resultar en oportunidades perdidas.\r\n\r\nLes sugerimos realizar una revisión exhaustiva de sus procesos de ventas y puntos de contacto con el cliente. Identifiquen posibles obstáculos o complicaciones que los clientes puedan enfrentar y trabajen en soluciones para simplificar el proceso. Además, consideren la posibilidad de proporcionar recursos adicionales, como material educativo o demostraciones, que faciliten la comprensión y evaluación de sus productos o servicios por parte de los clientes.\r\n\r\nLa retroalimentación directa de sus clientes actuales y potenciales será invaluable en este proceso. Escuchen sus comentarios y utilicen esa información para realizar ajustes específicos que mejoren la experiencia de compra. La facilidad en el proceso de compra no solo aumentará la satisfacción del cliente, sino que también contribuirá a cerrar ventas de manera más eficiente.'),(13,1013,'Felicidades por contar con un sistema digitalizado de ventas. La implementación de tecnología en sus procesos de ventas puede proporcionar una serie de beneficios, desde la automatización de tareas rutinarias hasta el seguimiento eficiente de leads y la mejora de la colaboración dentro del equipo. Este enfoque moderno indica que están aprovechando las herramientas digitales para optimizar la eficiencia y la efectividad en su equipo de ventas.\r\n\r\nPara aprovechar al máximo este sistema, les recomendamos explorar continuamente nuevas funcionalidades y actualizaciones tecnológicas que puedan mejorar aún más su proceso de ventas. Además, asegúrense de que su equipo esté completamente capacitado en el uso efectivo de estas herramientas digitales para maximizar su impacto en todas las etapas del embudo de ventas.'),(14,1014,'Si aún no tienen un sistema digitalizado de ventas, es una oportunidad para considerar las ventajas que la tecnología puede aportar a su equipo y proceso de ventas. La digitalización puede agilizar tareas, mejorar la colaboración interna y proporcionar una visión más clara de la eficacia de sus estrategias de ventas.\r\n\r\nLes sugerimos explorar opciones de sistemas de gestión de relaciones con el cliente (CRM) y otras herramientas digitales que se adapten a las necesidades específicas de su empresa. La implementación de un sistema digitalizado puede no solo mejorar la eficiencia, sino también permitir un seguimiento más efectivo de leads y oportunidades de ventas.\r\n\r\nAsegúrense de involucrar a su equipo en el proceso de selección e implementación para garantizar una adopción exitosa. La digitalización puede ser un catalizador significativo para la mejora continua en sus operaciones de ventas y la optimización de resultados.'),(15,1015,'Es muy alentador saber que tienen documentados sus procesos comerciales. La documentación de procesos es una práctica esencial en el entorno de ventas B2B, ya que proporciona claridad y consistencia en cada etapa del proceso de ventas. Esto es especialmente valioso cuando se trata de entrenar a nuevos miembros del equipo y asegurar una ejecución precisa y efectiva. \r\n\r\nPara aprovechar al máximo la documentación de procesos, les sugerimos mantenerla actualizada y accesible para todos los miembros de su equipo de ventas. Esto garantiza que todos estén alineados en las mejores prácticas y procedimientos establecidos. Además, consideren la posibilidad de revisar periódicamente sus procesos para identificar oportunidades de mejora y eficiencia.\r\n\r\nEsta documentación también es valiosa para la adaptabilidad. A medida que el mercado y las necesidades de los clientes cambian, tener procesos documentados facilita la rápida adaptación y la implementación de nuevas estrategias.'),(16,1016,'Si no tienen documentados sus procesos comerciales, es importante considerar esta práctica. La documentación de procesos es fundamental en el entorno de ventas B2B, ya que proporciona claridad, consistencia y eficiencia en cada etapa del proceso de ventas.\r\n\r\nLes recomendamos comenzar por identificar los procesos clave en su ciclo de ventas, desde la generación de leads hasta el cierre de ventas. Luego, documenten cada uno de estos procesos de manera clara y concisa. Esto ayudará a su equipo a comprender y ejecutar las tareas de manera consistente, lo que puede mejorar la calidad de las interacciones con los clientes y la eficiencia en general.\r\n\r\nAdemás, asegúrense de que esta documentación esté disponible y sea accesible para todos los miembros del equipo de ventas. La documentación de procesos no solo facilita el entrenamiento de nuevos miembros del equipo, sino que también es esencial para garantizar una ejecución efectiva y coherente de sus estrategias de ventas. La inversión en documentación de procesos puede generar beneficios a largo plazo en términos de eficiencia y resultados comerciales.'),(17,1017,'Es muy alentador saber que cuentan con una persona o equipo dedicado a la generación de leads y al cierre de ventas. Esta estructura organizativa es esencial para maximizar la eficacia en el proceso de ventas B2B. Al tener roles específicos y equipos enfocados en estas áreas clave, pueden asignar recursos y habilidades de manera estratégica para optimizar los resultados.\r\n\r\nPara seguir capitalizando esta ventaja, les recomendamos fomentar una comunicación sólida y una colaboración efectiva entre los equipos de generación de leads y ventas. Esto garantiza que la transición de leads de marketing a ventas sea fluida y que los esfuerzos estén alineados en la búsqueda de los mismos objetivos.\r\n\r\nAdemás, consideren establecer métricas y KPIs claros para evaluar el desempeño de cada equipo y realizar ajustes según sea necesario. Un enfoque basado en datos les permitirá medir el impacto de sus estrategias y optimizar continuamente sus procesos.'),(18,1018,'Si no cuentan con una persona o equipo dedicado a la generación de leads y al cierre de ventas, es importante considerar esta estructura organizativa. En el entorno de ventas B2B, la generación de leads y el cierre de ventas son funciones críticas, y tener roles específicos y equipos dedicados puede mejorar significativamente la eficacia y la eficiencia.\r\n\r\nLes sugerimos explorar la posibilidad de crear roles o equipos dedicados para estas funciones clave. Esto les permitirá asignar recursos de manera estratégica y centrarse en la especialización necesaria para obtener resultados exitosos. Además, fomenten una comunicación sólida entre los equipos de marketing y ventas para asegurarse de que estén alineados en la consecución de objetivos compartidos. \r\n\r\nLa colaboración y la coordinación entre los equipos son esenciales para garantizar una transición fluida de leads de marketing a ventas y una experiencia del cliente coherente. Consideren establecer métricas y KPIs para medir el desempeño y ajustar sus estrategias según sea necesario. La estructura organizativa adecuada puede ser un factor determinante en el éxito de su estrategia de ventas B2B.'),(19,1019,'Es excelente saber que cuentan con un sistema CRM para gestionar y dar seguimiento a sus leads de manera efectiva. La implementación de un CRM es fundamental en el entorno de ventas B2B, ya que proporciona una plataforma centralizada para organizar, analizar y optimizar las interacciones con los clientes. Este enfoque demuestra un compromiso con la eficiencia y la mejora continua en su estrategia de ventas.\r\n\r\nPara maximizar los beneficios de su sistema CRM, les sugerimos explorar las funcionalidades avanzadas que ofrece y asegurarse de que su equipo esté plenamente capacitado en su uso. La automatización de procesos, la personalización de interacciones y el análisis de datos detallado son áreas clave para explorar. Además, establezcan procedimientos claros para garantizar una entrada de datos consistente y precisa.\r\n'),(20,1020,'Si aún no cuentan con un sistema CRM para gestionar y dar seguimiento a sus leads, es una oportunidad para considerar la implementación de esta herramienta valiosa. Un sistema CRM no solo centraliza la información del cliente, sino que también mejora la colaboración entre equipos, facilita el seguimiento de leads y proporciona una visión más clara del embudo de ventas.\r\n\r\nLes recomendamos explorar las opciones de sistemas CRM que se adapten a las necesidades específicas de su empresa. La implementación de un CRM puede optimizar significativamente la eficacia de sus operaciones de ventas, desde la generación de leads hasta el cierre de ventas. Asegúrense de proporcionar la capacitación necesaria a su equipo para garantizar una adopción efectiva y un uso continuo del sistema. La inversión en un CRM puede marcar la diferencia en la eficiencia y el rendimiento general de su estrategia de ventas B2B.');

--
-- Table structure for table `quizz_respuesta`
--

CREATE TABLE `quizz_respuesta` (
  `id` int NOT NULL AUTO_INCREMENT,
  `texto` text CHARACTER SET latin1 COLLATE latin1_swedish_ci,
  `id_pregunta` int NOT NULL,
  `visible` tinyint NOT NULL,
  PRIMARY KEY (`id`),
  KEY `id_pregunta` (`id_pregunta`),
  CONSTRAINT `quizz_respuesta_ibfk_1` FOREIGN KEY (`id_pregunta`) REFERENCES `quizz_pregunta` (`id`) ON DELETE CASCADE ON UPDATE CASCADE
) ENGINE=InnoDB AUTO_INCREMENT=1054 DEFAULT CHARSET=latin1;

--
-- Dumping data for table `quizz_respuesta`
--

INSERT INTO `quizz_respuesta` VALUES (1001,'Si',1,1),(1002,'No',1,1),(1003,'Si',2,1),(1004,'No',2,1),(1005,'Si',3,1),(1006,'No',3,1),(1007,'Si',4,1),(1008,'No',4,1),(1009,'Si',5,1),(1010,'No',5,1),(1011,'Si',6,1),(1012,'No',6,1),(1013,'Si',7,1),(1014,'No',7,1),(1015,'Si',8,1),(1016,'No',8,1),(1017,'Si',9,1),(1018,'No',9,1),(1019,'Si',10,1),(1020,'No',10,1),(1024,'Si',18,1),(1025,'No',18,1),(1026,'Si',19,1),(1027,'tal vez',19,1),(1028,'Si',20,1),(1029,'No',20,1),(1030,'Yes',21,1),(1031,'No',21,1),(1034,'Si',23,1),(1035,'No',23,1),(1036,'Si',24,1),(1037,'No',24,1),(1038,'Si',25,1),(1039,'No',25,1),(1040,'Si',26,1),(1041,'No',26,1),(1042,'Si',27,1),(1043,'No',27,1),(1044,'Si',28,1),(1045,'No',28,1),(1046,'Si',29,1),(1047,'No',29,1),(1048,'Si',30,1),(1049,'No',30,1),(1050,'Si',31,1),(1051,'No',31,1),(1052,'Si',32,1),(1053,'No',32,1);

--
-- Table structure for table `quotation`
--

CREATE TABLE `quotation` (
  `id` int NOT NULL AUTO_INCREMENT,
  `userId` int NOT NULL,
  `company` varchar(50) DEFAULT NULL,
  `location` varchar(50) NOT NULL,
  `productId` int NOT NULL,
  `status` tinyint(1) NOT NULL,
  `createdAt` datetime NOT NULL DEFAULT CURRENT_TIMESTAMP,
  PRIMARY KEY (`id`)
) ENGINE=InnoDB DEFAULT CHARSET=utf8mb3;

--
-- Dumping data for table `quotation`
--


--
-- Table structure for table `quotes`
--

CREATE TABLE `quotes` (
  `id` int NOT NULL AUTO_INCREMENT,
  `text` varchar(300) NOT NULL,
  `author` varchar(120) NOT NULL,
  `status` varchar(36) NOT NULL,
  `lang` varchar(32) NOT NULL,
  `domain` varchar(120) DEFAULT NULL,
  `date` datetime NOT NULL,
  PRIMARY KEY (`id`)
) ENGINE=InnoDB AUTO_INCREMENT=15 DEFAULT CHARSET=latin1;

--
-- Dumping data for table `quotes`
--

INSERT INTO `quotes` VALUES (1,'This is your world. Shape it or someone else will.','Gary Lew','active','en','https://mastersuite.app','2023-09-22 09:13:34'),(2,'\"Reinvéntate y crea la mejor versión de ti mismo\"','Victor Heredia','active','es','https://masterplaybooks.com','2023-09-23 14:16:16'),(3,'\"Descubre el poder de las jugadas\"','.','active','es','https://masterplaybooks.com','2024-01-29 17:47:16'),(4,'\"El éxito no se logra por lo que tienes, sino por quién eres\"','Napoleon Hill','active','es','https://masterplaybooks.com','2024-01-29 17:47:32'),(5,'No busques clientes para tus productos, busca productos para tus clientes.','Seth Godin','active','es','https://app.crece.com','2024-03-01 10:58:46'),(6,'El éxito es la suma de pequeños esfuerzos repetidos día tras día.','Robert Collier','active','es','https://app.crece.com','2024-03-01 10:59:59'),(7,'No importa lo lento que vayas, siempre y cuando no te detengas.','Confucio','active','es','https://app.crece.com','2024-03-01 11:00:54'),(8,'Las oportunidades no ocurren. Las creas.','Chris Grosser','active','es','https://app.crece.com','2024-03-01 11:01:16'),(9,'No te preguntes si es posible; pregúntate cómo hacerlo posible.','Jim Rohn','active','es','https://app.crece.com','2024-03-01 11:01:32'),(10,'No se trata de ideas. Se trata de hacer que estas ideas se conviertan en realidad.','Scott Belsky','active','es','https://app.crece.com','2024-03-01 11:01:54'),(11,'El empresario siempre busca el cambio, responde a él y lo explota como una oportunidad.','Peter Drucker','active','es','https://app.crece.com','2024-03-01 11:02:08'),(12,'Haz hoy lo que otros no quieren, haz mañana lo que otros no pueden.','Jerry Rice','active','es','https://app.crece.com','2024-03-01 11:07:30'),(13,'Nunca he soñado con el éxito. Trabajé para ello.','Estée Lauder','active','es','https://app.crece.com','2024-03-01 11:07:43'),(14,'El fracaso es simplemente la oportunidad de comenzar de nuevo, esta vez de manera más inteligente.','Henry Ford','active','es','https://app.crece.com','2024-03-01 11:08:01');

--
-- Table structure for table `rally`
--

CREATE TABLE `rally` (
  `id` int NOT NULL AUTO_INCREMENT,
  `nombre` varchar(50) NOT NULL,
  `id_empresa` int NOT NULL,
  `open` int NOT NULL,
  PRIMARY KEY (`id`),
  KEY `id_empresa` (`id_empresa`),
  CONSTRAINT `rally_ibfk_1` FOREIGN KEY (`id_empresa`) REFERENCES `pap_eje` (`id`) ON DELETE CASCADE ON UPDATE CASCADE
) ENGINE=InnoDB AUTO_INCREMENT=71 DEFAULT CHARSET=latin1;

--
-- Dumping data for table `rally`
--

INSERT INTO `rally` VALUES (31,'Reinvéntate Lab',43,1),(32,'Reinvéntate Pro',43,1),(42,'Sumathon Acme',90,1),(43,'Diagnóstico',94,1),(48,'Test rally 1',88,1),(49,'Test rally',88,1),(50,'Retos y oportunidades EmpowerLabs',15,1),(51,'Retos y oportunidades EmpowerLabs',103,1),(52,'VIVA Grupo 1',104,1),(53,'VIVA Grupo 2',105,1),(54,'VIVA Grupo 3',106,1),(56,'PPP G1',113,1),(57,'PPP G2',114,1),(58,'PPP G3',115,1),(59,'PPP G4',116,1),(60,'Diagnóstico Area Comercial',125,1),(61,'Diagnóstico Empowernomics',126,1),(64,'NetJer Grupo 1',127,1),(65,'NetJer Grupo 2',127,1),(68,'NetJer Grupo 2',128,1),(69,'Diagnostico Aeroméxico',121,1),(70,'DIagnóstico NODESS',118,1);

--
-- Table structure for table `rating`
--

CREATE TABLE `rating` (
  `id` int NOT NULL AUTO_INCREMENT,
  `conversation` int NOT NULL,
  `rating` int NOT NULL,
  `comment` varchar(250) NOT NULL,
  `guest` varchar(50) NOT NULL,
  `date` date NOT NULL,
  `hour` time NOT NULL,
  PRIMARY KEY (`id`),
  KEY `user` (`guest`),
  KEY `conversation` (`conversation`),
  CONSTRAINT `rating_ibfk_1` FOREIGN KEY (`conversation`) REFERENCES `conversacion` (`id`) ON DELETE CASCADE ON UPDATE CASCADE,
  CONSTRAINT `rating_ibfk_2` FOREIGN KEY (`guest`) REFERENCES `guest` (`id`) ON DELETE CASCADE ON UPDATE CASCADE
) ENGINE=InnoDB DEFAULT CHARSET=utf8mb3;

--
-- Dumping data for table `rating`
--


--
-- Table structure for table `reactions`
--

CREATE TABLE `reactions` (
  `id` int NOT NULL AUTO_INCREMENT,
  `item_id` int NOT NULL,
  `autor` varchar(120) NOT NULL,
  `reaction` text NOT NULL,
  `date` datetime NOT NULL,
  `status` tinyint(1) DEFAULT NULL,
  `type` varchar(32) NOT NULL,
  PRIMARY KEY (`id`)
) ENGINE=InnoDB AUTO_INCREMENT=413 DEFAULT CHARSET=latin1;

--
-- Dumping data for table `reactions`
--

INSERT INTO `reactions` VALUES (1,104373,'jesus9san9534',':wave:','2023-08-14 00:00:00',NULL,'Private-chat'),(2,33901,'AnahiMartinez',':+1:','2023-08-14 00:00:00',NULL,'Group-chat'),(3,33902,'AnahiMartinez',':+1:','2023-08-14 00:00:00',NULL,'Group-chat'),(4,33899,'AnahiMartinez',':+1:','2023-08-14 00:00:00',NULL,'Group-chat'),(5,33902,'JoseRojas',':+1:','2023-08-14 00:00:00',NULL,'Group-chat'),(6,33904,'VictorHeredia',':+1:','2023-08-14 00:00:00',NULL,'Activity-chat'),(7,106269,'VictorHeredia',':+1:','2023-08-14 00:00:00',NULL,'Activity-chat'),(8,106270,'VictorHeredia',':+1:','2023-08-14 00:00:00',NULL,'Private-chat'),(9,105255,'JesusSanchez',':+1:','2023-08-14 00:00:00',NULL,'Activity-chat'),(10,106273,'VictorHeredia',':+1:','2023-08-14 00:00:00',NULL,'Group-chat'),(11,33907,'JuanCarlosAngeles',':+1:','2023-08-14 00:00:00',NULL,'Group-chat'),(12,33907,'JesusSanchez',':+1:','2023-08-14 00:00:00',NULL,'Group-chat'),(13,33907,'KarenSaldana',':handshake:','2023-08-14 00:00:00',NULL,'Group-chat'),(14,33907,'JoseRojas',':+1:','2023-08-14 09:48:30',NULL,'Group-chat'),(15,33916,'JuanCarlosAngeles',':+1:','2023-08-15 09:11:34',NULL,'Group-chat'),(16,33922,'KarenSaldana',':+1:','2023-08-15 11:17:34',NULL,'Group-chat'),(17,106350,'VictorHeredia',':+1:','2023-08-15 12:19:14',NULL,'Private-chat'),(18,106363,'JesusSanchez',':+1:','2023-08-15 16:31:16',NULL,'Private-chat'),(19,33923,'JuanCarlosAngeles',':+1:','2023-08-16 08:49:26',NULL,'Group-chat'),(20,33923,'JesusSanchez',':+1:','2023-08-16 08:56:56',NULL,'Group-chat'),(21,33929,'KarenSaldana',':+1:','2023-08-16 09:14:20',NULL,'Group-chat'),(22,106368,'KarenSaldana',':partying_face:','2023-08-17 09:10:57',NULL,'Activity-chat'),(23,33940,'KarenSaldana',':+1:','2023-08-17 14:13:40',NULL,'Group-chat'),(24,33946,'AbrahamRojas',':+1:','2023-08-18 15:21:38',NULL,'Group-chat'),(25,33946,'AnahiMartinez',':+1:','2023-08-18 15:42:09',NULL,'Group-chat'),(26,33946,'JoseRojas',':+1:','2023-08-18 16:00:07',NULL,'Group-chat'),(27,33948,'JuanCarlosAngeles',':+1:','2023-08-21 09:03:03',NULL,'Group-chat'),(28,33948,'JoseRojas',':+1:','2023-08-21 09:03:32',NULL,'Group-chat'),(29,33948,'AnahiMartinez',':+1:','2023-08-21 09:03:56',NULL,'Group-chat'),(30,33955,'VictorHeredia',':+1:','2023-08-21 09:36:00',NULL,'Group-chat'),(31,33951,'VictorHeredia',':+1:','2023-08-21 09:36:14',NULL,'Group-chat'),(32,33949,'VictorHeredia',':+1:','2023-08-21 09:36:43',NULL,'Group-chat'),(33,33952,'VictorHeredia',':+1:','2023-08-21 09:36:49',NULL,'Group-chat'),(34,33953,'VictorHeredia',':+1:','2023-08-21 09:36:56',NULL,'Group-chat'),(35,33954,'VictorHeredia',':+1:','2023-08-21 09:37:01',NULL,'Group-chat'),(36,33950,'VictorHeredia',':+1:','2023-08-21 09:37:05',NULL,'Group-chat'),(37,106412,'JoseRojas',':+1:','2023-08-21 14:18:54',NULL,'Private-chat'),(38,106433,'VictorHeredia',':+1:','2023-08-22 09:13:42',NULL,'Private-chat'),(39,33967,'JesusSanchez',':white_check_mark:','2023-08-22 09:23:56',NULL,'Group-chat'),(40,33967,'AbrahamRojas',':+1:','2023-08-22 09:28:40',NULL,'Group-chat'),(41,33967,'JoseRojas',':+1:','2023-08-22 09:30:21',NULL,'Group-chat'),(42,33967,'GusMonterrey',':+1:','2023-08-22 09:34:55',NULL,'Group-chat'),(43,33958,'JoseRojas',':white_check_mark:','2023-08-22 09:46:39',NULL,'Group-chat'),(44,106437,'JesusSanchez',':+1:','2023-08-22 10:11:04',NULL,'Private-chat'),(45,106446,'JesusSanchez',':+1:','2023-08-22 10:58:00',NULL,'Private-chat'),(46,106450,'JesusSanchez',':+1:','2023-08-23 00:39:17',NULL,'Private-chat'),(47,33964,'VictorHeredia',':+1:','2023-08-23 09:00:06',NULL,'Group-chat'),(48,33965,'VictorHeredia',':+1:','2023-08-23 09:00:09',NULL,'Group-chat'),(49,33966,'VictorHeredia',':+1:','2023-08-23 09:00:14',NULL,'Group-chat'),(50,33972,'JoseRojas',':+1:','2023-08-23 09:03:28',NULL,'Group-chat'),(51,33972,'GusMonterrey',':+1:','2023-08-23 09:10:50',NULL,'Group-chat'),(52,106471,'VictorHeredia',':+1:','2023-08-24 09:16:00',NULL,'Private-chat'),(53,33983,'JuanCarlosAngeles',':+1:','2023-08-24 09:16:46',NULL,'Group-chat'),(54,33993,'JuanCarlosAngeles',':+1:','2023-08-25 09:13:12',NULL,'Group-chat'),(55,33999,'JoseRojas',':+1:','2023-08-25 09:41:19',NULL,'Group-chat'),(56,34006,'JesusSanchez',':+1:','2023-08-28 09:00:29',NULL,'Group-chat'),(57,34007,'JesusSanchez',':+1:','2023-08-28 09:00:39',NULL,'Group-chat'),(58,34006,'JuanCarlosAngeles',':+1:','2023-08-28 09:03:59',NULL,'Group-chat'),(59,34007,'JoseRojas',':+1:','2023-08-28 08:08:21',NULL,'Group-chat'),(60,34007,'GusMonterrey',':+1:','2023-08-28 09:22:13',NULL,'Group-chat'),(61,34014,'AngelesBravo',':+1:','2023-08-28 14:53:08',NULL,'Group-chat'),(62,34013,'AngelesBravo',':+1:','2023-08-28 15:10:29',NULL,'Group-chat'),(63,34020,'JuanCarlosAngeles',':+1:','2023-08-29 09:03:10',NULL,'Group-chat'),(64,34020,'JesusSanchez',':+1:','2023-08-29 09:03:47',NULL,'Group-chat'),(65,106482,'AbrahamRojas',':+1:','2023-08-29 09:04:26',NULL,'Private-chat'),(66,34020,'AbrahamRojas',':+1:','2023-08-29 09:04:47',NULL,'Group-chat'),(67,34023,'JesusSanchez',':+1:','2023-08-29 09:27:59',NULL,'Group-chat'),(68,34023,'GusMonterrey',':+1:','2023-08-29 09:32:31',NULL,'Group-chat'),(69,106493,'JesusSanchez',':+1:','2023-08-29 10:09:38',NULL,'Private-chat'),(70,106512,'JesusSanchez',':+1:','2023-08-29 17:28:42',NULL,'Private-chat'),(71,106525,'JoseRojas',':+1:','2023-08-29 17:02:45',NULL,'Private-chat'),(72,34026,'JesusSanchez',':+1:','2023-08-30 09:01:38',NULL,'Group-chat'),(73,34026,'AbrahamRojas',':+1:','2023-08-30 09:03:20',NULL,'Group-chat'),(74,34026,'VictorHeredia',':+1:','2023-08-30 09:05:02',NULL,'Group-chat'),(75,34026,'JuanCarlosAngeles',':+1:','2023-08-30 09:05:06',NULL,'Group-chat'),(76,34032,'JuanCarlosAngeles',':+1:','2023-08-30 09:09:24',NULL,'Group-chat'),(77,34032,'AnahiMartinez',':+1:','2023-08-30 09:11:08',NULL,'Group-chat'),(78,106544,'JuanCarlosAngeles',':+1:','2023-08-30 11:19:02',NULL,'Private-chat'),(79,106555,'JesusSanchez',':+1:','2023-08-30 13:46:47',NULL,'Private-chat'),(80,106556,'JesusSanchez',':+1:','2023-08-30 13:48:45',NULL,'Private-chat'),(81,105466,'jesus9san9534',':+1:','2023-08-30 15:42:15',NULL,'Private-chat'),(82,32561,'JesusSanchez',':+1:','2023-08-30 15:43:16',NULL,'Group-chat'),(83,32562,'JesusSanchez',':+1:','2023-08-30 15:43:30',NULL,'Group-chat'),(84,34037,'JesusSanchez',':+1:','2023-08-31 09:06:43',NULL,'Group-chat'),(85,34041,'JuanCarlosAngeles',':+1:','2023-08-31 11:20:52',NULL,'Group-chat'),(86,34041,'GusMonterrey',':+1:','2023-08-31 11:21:27',NULL,'Group-chat'),(87,34041,'JesusSanchez',':+1:','2023-08-31 11:21:40',NULL,'Group-chat'),(88,34042,'GusMonterrey',':+1:','2023-09-01 09:00:40',NULL,'Group-chat'),(89,34042,'JesusSanchez',':+1:','2023-09-01 09:01:29',NULL,'Group-chat'),(90,34042,'AbrahamRojas',':+1:','2023-09-01 09:02:08',NULL,'Group-chat'),(92,34054,'JesusSanchez',':white_check_mark:','2023-09-01 12:57:39',NULL,'Group-chat'),(93,34054,'AbrahamRojas',':+1:','2023-09-01 13:28:07',NULL,'Group-chat'),(94,34060,'AbrahamRojas',':+1:','2023-09-04 09:04:13',NULL,'Group-chat'),(95,34067,'GusMonterrey',':+1:','2023-09-05 08:58:15',NULL,'Group-chat'),(96,34067,'JesusSanchez',':+1:','2023-09-05 08:59:05',NULL,'Group-chat'),(97,34067,'AngelesBravo',':+1:','2023-09-05 09:00:01',NULL,'Group-chat'),(98,34067,'VictorHeredia',':+1:','2023-09-05 09:01:23',NULL,'Group-chat'),(99,34067,'JuanCarlosAngeles',':+1:','2023-09-05 09:05:46',NULL,'Group-chat'),(100,34067,'AbrahamRojas',':+1:','2023-09-05 09:06:08',NULL,'Group-chat'),(101,34074,'GusMonterrey',':+1:','2023-09-06 08:59:56',NULL,'Group-chat'),(102,34074,'JesusSanchez',':+1:','2023-09-06 09:00:15',NULL,'Group-chat'),(103,34074,'VictorHeredia',':muscle:','2023-09-06 09:02:35',NULL,'Group-chat'),(104,34074,'JuanCarlosAngeles',':+1:','2023-09-06 09:03:30',NULL,'Group-chat'),(105,34074,'AbrahamRojas',':+1:','2023-09-06 09:11:53',NULL,'Group-chat'),(106,106617,'JesusSanchez',':+1:','2023-09-06 17:55:03',NULL,'Private-chat'),(107,34081,'JesusSanchez',':+1:','2023-09-07 09:01:56',NULL,'Group-chat'),(108,34081,'VictorHeredia',':muscle:','2023-09-07 09:02:22',NULL,'Group-chat'),(109,34081,'AbrahamRojas',':+1:','2023-09-07 09:06:55',NULL,'Group-chat'),(110,34081,'JuanCarlosAngeles',':+1:','2023-09-07 09:11:02',NULL,'Group-chat'),(111,34088,'JesusSanchez',':+1:','2023-09-07 09:53:41',NULL,'Group-chat'),(112,34088,'GusMonterrey',':+1:','2023-09-07 09:58:52',NULL,'Group-chat'),(113,34088,'AbrahamRojas',':+1:','2023-09-07 10:08:06',NULL,'Group-chat'),(114,34089,'AbrahamRojas',':+1:','2023-09-07 15:04:56',NULL,'Group-chat'),(115,106626,'AnahiMartinez',':+1:','2023-09-07 17:31:39',NULL,'Ticket-chat'),(116,34088,'JoseRojas',':+1:','2023-09-07 17:40:45',NULL,'Group-chat'),(117,34103,'VictorHeredia',':+1:','2023-09-08 08:55:20',NULL,'Group-chat'),(118,34103,'JesusSanchez',':+1:','2023-09-08 08:57:33',NULL,'Group-chat'),(119,34103,'JuanCarlosAngeles',':+1:','2023-09-08 08:58:53',NULL,'Group-chat'),(120,34107,'JuanCarlosAngeles',':+1:','2023-09-08 09:06:26',NULL,'Group-chat'),(121,34103,'AbrahamRojas',':+1:','2023-09-08 09:06:56',NULL,'Group-chat'),(122,34119,'JesusSanchez',':+1:','2023-09-08 09:16:10',NULL,'Group-chat'),(123,106629,'VictorHeredia',':+1:','2023-09-08 09:31:08',NULL,'Private-chat'),(124,34120,'JesusSanchez',':+1:','2023-09-08 11:59:02',NULL,'Group-chat'),(125,34055,'JesusSanchez',':+1:','2023-09-08 12:03:24',NULL,'Group-chat'),(126,106633,'JesusSanchez',':+1:','2023-09-08 12:03:47',NULL,'Private-chat'),(127,34127,'VictorHeredia',':+1:','2023-09-11 08:32:49',NULL,'Group-chat'),(128,34126,'VictorHeredia',':+1:','2023-09-11 08:32:53',NULL,'Group-chat'),(129,34128,'GusMonterrey',':+1:','2023-09-11 08:58:39',NULL,'Group-chat'),(130,34128,'JesusSanchez',':+1:','2023-09-11 09:00:23',NULL,'Group-chat'),(131,34128,'AbrahamRojas',':+1:','2023-09-11 09:03:46',NULL,'Group-chat'),(132,34128,'JuanCarlosAngeles',':+1:','2023-09-11 09:06:24',NULL,'Group-chat'),(133,34135,'JesusSanchez',':+1:','2023-09-11 09:56:07',NULL,'Group-chat'),(134,34135,'JoseRojas',':+1:','2023-09-11 09:58:49',NULL,'Group-chat'),(135,106636,'JesusSanchez',':+1:','2023-09-11 10:06:19',NULL,'Private-chat'),(136,34135,'GusMonterrey',':+1:','2023-09-11 10:20:56',NULL,'Group-chat'),(137,34135,'AbrahamRojas',':+1:','2023-09-11 11:55:46',NULL,'Group-chat'),(138,34152,'JoseRojas',':+1:','2023-09-12 12:48:07',NULL,'Group-chat'),(139,34153,'AbrahamRojas',':+1:','2023-09-13 08:52:27',NULL,'Group-chat'),(140,34153,'JuanCarlosAngeles',':+1:','2023-09-13 08:59:11',NULL,'Group-chat'),(141,34162,'GusMonterrey',':+1:','2023-09-14 09:03:05',NULL,'Group-chat'),(142,106693,'JesusSanchez',':+1:','2023-09-14 18:03:20',NULL,'Private-chat'),(143,34171,'AbrahamRojas',':+1:','2023-09-15 09:04:31',NULL,'Group-chat'),(144,34171,'AnahiMartinez',':+1:','2023-09-15 09:04:46',NULL,'Group-chat'),(145,34171,'JesusSanchez',':+1:','2023-09-15 09:06:12',NULL,'Group-chat'),(146,34175,'JesusSanchez',':+1:','2023-09-15 09:07:11',NULL,'Group-chat'),(147,34175,'GusMonterrey',':+1:','2023-09-15 09:17:56',NULL,'Group-chat'),(148,34176,'VictorHeredia',':muscle:','2023-09-18 08:50:41',NULL,'Group-chat'),(149,34176,'GusMonterrey',':+1:','2023-09-18 09:03:25',NULL,'Group-chat'),(150,34176,'JesusSanchez',':+1:','2023-09-18 09:03:44',NULL,'Group-chat'),(151,34176,'JuanCarlosAngeles',':+1:','2023-09-18 09:06:16',NULL,'Group-chat'),(152,34176,'AbrahamRojas',':+1:','2023-09-18 09:06:25',NULL,'Group-chat'),(153,34184,'JuanCarlosAngeles',':+1:','2023-09-19 09:00:59',NULL,'Group-chat'),(154,34190,'AbrahamRojas',':+1:','2023-09-19 09:30:06',NULL,'Group-chat'),(155,34184,'AbrahamRojas',':+1:','2023-09-19 09:30:22',NULL,'Group-chat'),(156,34191,'GusMonterrey',':+1:','2023-09-19 11:10:51',NULL,'Group-chat'),(157,34190,'JoseRojas',':+1:','2023-09-19 22:52:41',NULL,'Group-chat'),(158,34192,'GusMonterrey',':+1:','2023-09-20 08:59:20',NULL,'Group-chat'),(159,34192,'VictorHeredia',':+1:','2023-09-20 09:03:47',NULL,'Group-chat'),(160,34192,'JoseRojas',':+1:','2023-09-20 09:04:22',NULL,'Group-chat'),(161,34192,'AbrahamRojas',':+1:','2023-09-20 09:16:50',NULL,'Group-chat'),(162,106726,'JesusSanchez',':eye:','2023-09-21 09:14:16',NULL,'Private-chat'),(163,106723,'AngelesBravo',':heart:','2023-09-21 10:42:46',NULL,'Noticia-chat'),(164,34208,'AbrahamRojas',':+1:','2023-09-21 12:05:09',NULL,'Group-chat'),(165,34216,'AbrahamRojas',':+1:','2023-09-22 09:01:42',NULL,'Group-chat'),(166,34218,'AbrahamRojas',':+1:','2023-09-22 09:01:55',NULL,'Group-chat'),(167,106729,'VictorHeredia',':+1:','2023-09-23 10:49:51',NULL,'Ticket-chat'),(168,34224,'GusMonterrey',':+1:','2023-09-25 09:00:46',NULL,'Group-chat'),(169,34223,'GusMonterrey',':+1:','2023-09-25 09:01:14',NULL,'Group-chat'),(170,34223,'JuanCarlosAngeles',':+1:','2023-09-25 09:02:11',NULL,'Group-chat'),(171,34223,'AbrahamRojas',':+1:','2023-09-25 09:02:52',NULL,'Group-chat'),(172,34224,'JesusSanchez',':+1:','2023-09-25 09:04:16',NULL,'Group-chat'),(173,34224,'JoseRojas',':+1:','2023-09-25 09:21:18',NULL,'Group-chat'),(174,34240,'GusMonterrey',':+1:','2023-09-26 08:59:22',NULL,'Group-chat'),(175,34240,'JuanCarlosAngeles',':+1:','2023-09-26 09:01:47',NULL,'Group-chat'),(176,34240,'AbrahamRojas',':+1:','2023-09-26 09:04:40',NULL,'Group-chat'),(177,106745,'VictorHeredia',':+1:','2023-09-26 09:31:51',NULL,'Private-chat'),(178,105843,'jesus9san9534',':+1:','2023-09-26 12:15:01',NULL,'Private-chat'),(179,106447,'jesus9san9534',':+1:','2023-09-26 12:15:29',NULL,'Private-chat'),(180,34247,'GusMonterrey',':+1:','2023-09-27 09:00:52',NULL,'Group-chat'),(181,34247,'JesusSanchez',':+1:','2023-09-27 09:01:10',NULL,'Group-chat'),(182,34247,'JuanCarlosAngeles',':+1:','2023-09-27 09:11:19',NULL,'Group-chat'),(183,34247,'AbrahamRojas',':+1:','2023-09-27 10:44:54',NULL,'Group-chat'),(184,34252,'JoseRojas',':astonished:','2023-09-27 13:46:38',NULL,'Group-chat'),(185,106762,'VictorHeredia',':+1:','2023-09-27 17:35:31',NULL,'Ticket-chat'),(186,106763,'VictorHeredia',':+1:','2023-09-27 17:36:05',NULL,'Ticket-chat'),(187,106764,'VictorHeredia',':+1:','2023-09-27 17:36:58',NULL,'Ticket-chat'),(188,34258,'AbrahamRojas',':+1:','2023-09-28 08:54:28',NULL,'Group-chat'),(189,34258,'VictorHeredia',':+1:','2023-09-28 09:08:11',NULL,'Group-chat'),(190,34267,'AbrahamRojas',':+1:','2023-09-29 07:54:08',NULL,'Group-chat'),(191,34269,'AbrahamRojas',':+1:','2023-09-29 09:01:45',NULL,'Group-chat'),(192,34267,'VictorHeredia',':+1:','2023-09-29 09:04:57',NULL,'Group-chat'),(193,34268,'JuanCarlosAngeles',':+1:','2023-09-29 09:05:30',NULL,'Group-chat'),(194,34279,'AbrahamRojas',':+1:','2023-09-29 11:24:16',NULL,'Group-chat'),(195,106819,'JesusSanchez',':+1:','2023-09-29 11:31:22',NULL,'Private-chat'),(196,34267,'JoseRojas',':+1:','2023-09-29 12:48:07',NULL,'Group-chat'),(197,106822,'JesusSanchez',':+1:','2023-09-29 14:59:05',NULL,'Private-chat'),(198,34284,'JoseRojas',':+1:','2023-09-29 15:25:48',NULL,'Group-chat'),(199,34285,'VictorHeredia',':+1:','2023-10-02 08:55:24',NULL,'Group-chat'),(200,34286,'JoseRojas',':+1:','2023-10-02 08:56:16',NULL,'Group-chat'),(201,34287,'VictorHeredia',':+1:','2023-10-02 08:56:40',NULL,'Group-chat'),(202,34290,'GusMonterrey',':+1:','2023-10-02 09:01:18',NULL,'Group-chat'),(203,34286,'GusMonterrey',':+1:','2023-10-02 09:03:00',NULL,'Group-chat'),(204,34287,'GusMonterrey',':+1:','2023-10-02 09:03:07',NULL,'Group-chat'),(205,34290,'AbrahamRojas',':+1:','2023-10-02 09:19:39',NULL,'Group-chat'),(206,106856,'VictorHeredia',':+1:','2023-10-02 09:38:46',NULL,'Private-chat'),(207,34290,'JoseRojas',':+1:','2023-10-02 10:36:39',NULL,'Group-chat'),(208,106894,'JesusSanchez',':+1:','2023-10-02 15:38:48',NULL,'Private-chat'),(209,34302,'JoseRojas',':sunglasses:','2023-10-03 08:29:39',NULL,'Group-chat'),(210,34302,'VictorHeredia',':+1:','2023-10-03 08:59:31',NULL,'Group-chat'),(211,34302,'GusMonterrey',':+1:','2023-10-03 09:00:40',NULL,'Group-chat'),(212,34301,'GusMonterrey',':+1:','2023-10-03 09:00:58',NULL,'Group-chat'),(213,34309,'JoseRojas',':+1:','2023-10-03 09:05:05',NULL,'Group-chat'),(214,34313,'GusMonterrey',':+1:','2023-10-03 09:48:26',NULL,'Group-chat'),(215,34316,'JoseRojas',':+1:','2023-10-03 16:22:32',NULL,'Group-chat'),(216,34321,'VictorHeredia',':+1:','2023-10-04 09:01:23',NULL,'Group-chat'),(217,34322,'GusMonterrey',':+1:','2023-10-04 09:01:46',NULL,'Group-chat'),(218,34322,'JuanCarlosAngeles',':+1:','2023-10-04 09:03:42',NULL,'Group-chat'),(219,106947,'VictorHeredia',':+1:','2023-10-04 10:14:18',NULL,'Private-chat'),(220,106958,'JesusSanchez',':white_check_mark:','2023-10-04 17:25:11',NULL,'Private-chat'),(221,34350,'GusMonterrey',':+1:','2023-10-05 08:59:42',NULL,'Group-chat'),(222,106971,'JoseRojas',':+1:','2023-10-05 10:45:02',NULL,'Private-chat'),(223,34357,'AbrahamRojas',':+1:','2023-10-05 16:49:53',NULL,'Group-chat'),(224,34357,'JoseRojas',':+1:','2023-10-05 17:39:57',NULL,'Group-chat'),(225,34369,'JoseRojas',':+1:','2023-10-06 09:45:16',NULL,'Group-chat'),(226,107024,'JesusSanchez',':+1:','2023-10-06 09:50:28',NULL,'Private-chat'),(227,34370,'JoseRojas',':clap:','2023-10-06 10:02:17',NULL,'Group-chat'),(228,107030,'JesusSanchez',':+1:','2023-10-06 11:30:22',NULL,'Private-chat'),(229,107031,'JoseRojas',':+1:','2023-10-06 13:43:30',NULL,'Private-chat'),(230,34371,'JesusSanchez',':+1:','2023-10-06 14:32:49',NULL,'Group-chat'),(231,34374,'GusMonterrey',':+1:','2023-10-09 08:59:18',NULL,'Group-chat'),(232,34374,'AnahiMartinez',':tada:','2023-10-09 08:59:38',NULL,'Group-chat'),(233,34374,'JuanCarlosAngeles',':+1:','2023-10-09 09:00:38',NULL,'Group-chat'),(234,34382,'GusMonterrey',':+1:','2023-10-10 08:59:32',NULL,'Group-chat'),(235,34382,'AngelesBravo',':+1:','2023-10-10 09:02:26',NULL,'Group-chat'),(236,34382,'VictorHeredia',':+1:','2023-10-10 09:04:25',NULL,'Group-chat'),(237,107060,'VictorHeredia',':+1:','2023-10-10 09:28:10',NULL,'Private-chat'),(238,107082,'JesusSanchez',':+1:','2023-10-10 18:04:37',NULL,'Private-chat'),(239,34389,'GusMonterrey',':+1:','2023-10-11 09:01:16',NULL,'Group-chat'),(240,34389,'AngelesBravo',':+1:','2023-10-11 09:09:37',NULL,'Group-chat'),(241,34407,'JoseRojas',':rocket:','2023-10-12 08:53:33',NULL,'Group-chat'),(242,34407,'JuanCarlosAngeles',':+1:','2023-10-12 08:58:32',NULL,'Group-chat'),(243,107089,'JesusSanchez',':+1:','2023-10-12 08:59:30',NULL,'Private-chat'),(244,34407,'GusMonterrey',':+1:','2023-10-12 08:59:46',NULL,'Group-chat'),(245,34418,'GusMonterrey',':+1:','2023-10-13 09:02:49',NULL,'Group-chat'),(246,34425,'JuanCarlosAngeles',':+1:','2023-10-16 09:01:49',NULL,'Group-chat'),(247,107124,'JesusSanchez',':+1:','2023-10-16 09:22:33',NULL,'Private-chat'),(248,34433,'AbrahamRojas',':+1:','2023-10-16 17:07:21',NULL,'Group-chat'),(249,34433,'JesusSanchez',':+1:','2023-10-16 17:11:03',NULL,'Group-chat'),(250,34433,'GusMonterrey',':+1:','2023-10-16 17:14:56',NULL,'Group-chat'),(251,34434,'GusMonterrey',':+1:','2023-10-17 09:01:05',NULL,'Group-chat'),(252,107144,'JesusSanchez',':+1:','2023-10-20 09:35:02',NULL,'Private-chat'),(253,107154,'JesusSanchez',':+1:','2023-10-20 10:07:52',NULL,'Private-chat'),(254,34470,'GusMonterrey',':+1:','2023-10-23 09:00:47',NULL,'Group-chat'),(255,34472,'GusMonterrey',':+1:','2023-10-23 09:00:52',NULL,'Group-chat'),(256,34470,'VictorHeredia',':+1:','2023-10-23 09:05:06',NULL,'Group-chat'),(257,107164,'JesusSanchez',':+1:','2023-10-23 09:06:43',NULL,'Private-chat'),(258,34479,'GusMonterrey',':+1:','2023-10-23 09:21:47',NULL,'Group-chat'),(259,34488,'GusMonterrey',':+1:','2023-10-25 09:02:01',NULL,'Group-chat'),(260,34488,'AnahiMartinez',':+1:','2023-10-25 09:02:17',NULL,'Group-chat'),(261,34497,'JuanCarlosAngeles',':+1:','2023-10-26 09:06:27',NULL,'Group-chat'),(262,107226,'JesusSanchez',':+1:','2023-10-26 18:31:01',NULL,'Private-chat'),(263,34505,'VictorHeredia',':+1:','2023-10-27 09:04:57',NULL,'Group-chat'),(264,34515,'AnahiMartinez',':+1:','2023-10-30 09:00:41',NULL,'Group-chat'),(265,34515,'VictorHeredia',':+1:','2023-10-30 09:03:45',NULL,'Group-chat'),(266,34525,'JoseRojas',':+1:','2023-10-30 10:10:59',NULL,'Group-chat'),(267,34525,'AngelesBravo',':+1:','2023-10-30 10:21:01',NULL,'Group-chat'),(268,107237,'JesusSanchez',':+1:','2023-10-30 16:33:30',NULL,'Private-chat'),(269,34535,'GusMonterrey',':+1:','2023-11-01 09:01:29',NULL,'Group-chat'),(270,107277,'VictorHeredia',':+1:','2023-11-02 12:06:05',NULL,'Noticia-chat'),(271,107286,'VictorHeredia',':+1:','2023-11-02 12:59:48',NULL,'Ticket-chat'),(272,34550,'JesusSanchez',':+1:','2023-11-02 13:25:59',NULL,'Group-chat'),(273,34550,'AbrahamRojas',':+1:','2023-11-02 13:33:52',NULL,'Group-chat'),(274,34550,'AngelesBravo',':+1:','2023-11-02 13:35:38',NULL,'Group-chat'),(275,34550,'GusMonterrey',':+1:','2023-11-02 13:38:54',NULL,'Group-chat'),(276,34550,'AnahiMartinez',':+1:','2023-11-02 14:28:54',NULL,'Group-chat'),(277,34552,'JuanCarlosAngeles',':+1:','2023-11-03 09:02:21',NULL,'Group-chat'),(278,34560,'JesusSanchez',':+1:','2023-11-03 10:20:58',NULL,'Group-chat'),(279,34560,'GusMonterrey',':+1:','2023-11-03 10:21:45',NULL,'Group-chat'),(280,34560,'AngelesBravo',':+1:','2023-11-03 10:23:09',NULL,'Group-chat'),(281,34561,'JoseRojas',':+1:','2023-11-03 10:53:37',NULL,'Group-chat'),(282,34560,'JoseRojas',':+1:','2023-11-03 10:54:14',NULL,'Group-chat'),(283,34562,'JoseRojas',':+1:','2023-11-03 11:08:26',NULL,'Group-chat'),(284,107342,'JesusSanchez',':+1:','2023-11-03 13:36:27',NULL,'Private-chat'),(285,34563,'JesusSanchez',':+1:','2023-11-06 09:00:07',NULL,'Group-chat'),(286,34564,'JesusSanchez',':+1:','2023-11-06 09:00:23',NULL,'Group-chat'),(287,34565,'VictorHeredia',':+1:','2023-11-06 09:01:09',NULL,'Group-chat'),(288,34570,'JoseRojas',':+1:','2023-11-06 09:01:58',NULL,'Group-chat'),(289,34580,'JesusSanchez',':+1:','2023-11-07 09:04:07',NULL,'Group-chat'),(290,107371,'JesusSanchez',':+1:','2023-11-07 12:38:24',NULL,'Private-chat'),(291,34596,'JuanCarlosAngeles',':+1:','2023-11-09 09:00:54',NULL,'Group-chat'),(292,34596,'VictorHeredia',':heart:','2023-11-09 09:04:37',NULL,'Group-chat'),(293,34596,'AnahiMartinez',':+1:','2023-11-09 09:05:37',NULL,'Group-chat'),(294,34605,'JuanCarlosAngeles',':clap:','2023-11-09 09:06:24',NULL,'Group-chat'),(295,34605,'JoseRojas',':clap:','2023-11-09 16:24:20',NULL,'Group-chat'),(296,107447,'JesusSanchez',':+1:','2023-11-14 13:31:54',NULL,'Private-chat'),(297,106696,'VictorHeredia',':+1:','2023-11-15 16:35:25',NULL,'Ticket-chat'),(298,107455,'JesusSanchez',':+1:','2023-11-17 10:48:11',NULL,'Private-chat'),(299,34643,'GusMonterrey',':+1:','2023-11-17 11:10:35',NULL,'Group-chat'),(300,34643,'JesusSanchez',':+1:','2023-11-17 11:36:04',NULL,'Group-chat'),(301,34644,'GusMonterrey',':+1:','2023-11-21 08:59:56',NULL,'Group-chat'),(302,34644,'AnahiMartinez',':+1:','2023-11-21 09:01:11',NULL,'Group-chat'),(303,107474,'JoseRojas',':+1:','2023-11-22 10:10:15',NULL,'Private-chat'),(304,34656,'JoseRojas',':+1:','2023-11-23 09:19:25',NULL,'Group-chat'),(305,34672,'JoseRojas',':+1:','2023-11-24 14:19:49',NULL,'Group-chat'),(306,34672,'AnahiMartinez',':+1:','2023-11-24 14:20:23',NULL,'Group-chat'),(307,34672,'GusMonterrey',':+1:','2023-11-24 14:24:15',NULL,'Group-chat'),(308,107508,'JesusSanchez',':+1:','2023-11-27 09:16:43',NULL,'Private-chat'),(309,107509,'JesusSanchez',':+1:','2023-11-27 09:17:02',NULL,'Private-chat'),(310,107597,'JesusSanchez',':+1:','2023-11-29 13:51:34',NULL,'Private-chat'),(311,107608,'JesusSanchez',':+1:','2023-11-30 09:20:22',NULL,'Private-chat'),(312,107612,'JesusSanchez',':+1:','2023-11-30 11:15:38',NULL,'Private-chat'),(313,107626,'JesusSanchez',':+1:','2023-11-30 11:51:49',NULL,'Private-chat'),(314,107684,'JesusSanchez',':+1:','2023-12-07 12:18:13',NULL,'Private-chat'),(315,107696,'JesusSanchez',':+1:','2023-12-11 10:07:09',NULL,'Private-chat'),(316,107780,'JesusSanchez',':+1:','2023-12-18 17:48:52',NULL,'Private-chat'),(317,34754,'JuanCarlosAngeles',':+1:','2023-12-19 10:49:03',NULL,'Group-chat'),(318,107800,'JesusSanchez',':+1:','2023-12-20 09:34:13',NULL,'Private-chat'),(319,107842,'JesusSanchez',':+1:','2023-12-20 17:26:34',NULL,'Private-chat'),(320,107850,'JoseRojas',':+1:','2023-12-21 17:41:26',NULL,'Private-chat'),(321,107870,'JesusSanchez',':+1:','2023-12-22 17:03:25',NULL,'Private-chat'),(322,34809,'PalomaMorales',':+1:','2024-01-02 14:10:28',NULL,'Group-chat'),(323,107892,'JesusSanchez',':+1:','2024-01-02 16:58:41',NULL,'Private-chat'),(324,34823,'JoseRojas',':+1:','2024-01-04 10:54:42',NULL,'Group-chat'),(325,107903,'JesusSanchez',':+1:','2024-01-04 12:22:00',NULL,'Private-chat'),(326,107950,'JesusSanchez',':+1:','2024-01-09 13:22:51',NULL,'Private-chat'),(327,34852,'VictorHeredia',':+1:','2024-01-09 13:34:47',NULL,'Group-chat'),(328,107953,'JesusSanchez',':+1:','2024-01-11 09:48:25',NULL,'Private-chat'),(329,34869,'VictorHeredia',':+1:','2024-01-12 17:28:42',NULL,'Group-chat'),(330,34882,'GusMonterrey',':+1:','2024-01-15 08:59:27',NULL,'Group-chat'),(331,34884,'VictorHeredia',':+1:','2024-01-15 09:03:45',NULL,'Group-chat'),(332,34887,'VictorHeredia',':+1:','2024-01-15 09:03:50',NULL,'Group-chat'),(333,34886,'VictorHeredia',':+1:','2024-01-15 09:03:53',NULL,'Group-chat'),(334,34885,'VictorHeredia',':+1:','2024-01-15 09:03:56',NULL,'Group-chat'),(335,107973,'VictorHeredia',':+1:','2024-01-17 09:09:25',NULL,'Private-chat'),(336,107980,'JesusSanchez',':+1:','2024-01-17 11:18:00',NULL,'Private-chat'),(337,107982,'JesusSanchez',':+1:','2024-01-17 11:32:40',NULL,'Private-chat'),(338,108025,'JesusSanchez',':white_check_mark:','2024-01-19 12:28:00',NULL,'Private-chat'),(339,108028,'JesusSanchez',':100:','2024-01-19 12:59:48',NULL,'Private-chat'),(340,108042,'JesusSanchez',':+1:','2024-01-19 13:34:46',NULL,'Private-chat'),(341,108045,'GusMonterrey',':+1:','2024-01-19 13:37:26',NULL,'Private-chat'),(342,108059,'GusMonterrey',':+1:','2024-01-23 09:31:39',NULL,'Private-chat'),(343,108061,'JesusSanchez',':+1:','2024-01-23 17:59:11',NULL,'Private-chat'),(344,108066,'JesusSanchez',':100:','2024-01-24 09:13:36',NULL,'Private-chat'),(345,108083,'GusMonterrey',':+1:','2024-01-24 13:12:07',NULL,'Private-chat'),(346,34953,'JoseRojas',':+1:','2024-01-25 09:01:20',NULL,'Group-chat'),(347,34953,'JuanCarlosAngeles',':+1:','2024-01-25 09:01:36',NULL,'Group-chat'),(348,34953,'GusMonterrey',':+1:','2024-01-25 09:03:25',NULL,'Group-chat'),(349,108089,'GusMonterrey',':+1:','2024-01-25 09:20:47',NULL,'Private-chat'),(350,108118,'AbrahamRojas',':+1:','2024-01-26 11:58:46',NULL,'Private-chat'),(351,34967,'GusMonterrey',':+1:','2024-01-26 14:53:35',NULL,'Group-chat'),(352,34970,'JuanCarlosAngeles',':+1:','2024-01-29 09:02:57',NULL,'Group-chat'),(353,108165,'JesusSanchez',':+1:','2024-01-30 16:28:47',NULL,'Private-chat'),(354,34984,'AbrahamRojas',':+1:','2024-01-31 09:26:45',NULL,'Group-chat'),(355,108253,'JesusSanchez',':+1:','2024-02-13 15:52:03',NULL,'Private-chat'),(356,108288,'JesusSanchez',':+1:','2024-02-21 17:32:22',NULL,'Private-chat'),(357,108350,'JesusSanchez',':+1:','2024-02-28 12:37:09',NULL,'Private-chat'),(358,108361,'JesusSanchez',':+1:','2024-02-28 13:18:48',NULL,'Private-chat'),(359,35106,'JesusSanchez',':white_check_mark:','2024-03-01 15:27:45',NULL,'Group-chat'),(360,108411,'JesusSanchez',':+1:','2024-03-04 17:28:04',NULL,'Private-chat'),(361,108414,'JesusSanchez',':+1:','2024-03-05 16:09:26',NULL,'Private-chat'),(362,108450,'JesusSanchez',':+1:','2024-03-12 09:33:50',NULL,'Private-chat'),(363,108465,'JesusSanchez',':+1:','2024-03-12 09:54:21',NULL,'Private-chat'),(364,108487,'JesusSanchez',':+1:','2024-03-12 12:36:34',NULL,'Private-chat'),(365,35151,'GusMonterrey',':+1:','2024-03-15 15:41:48',NULL,'Group-chat'),(366,35151,'PalomaMorales',':+1:','2024-03-15 15:42:06',NULL,'Group-chat'),(367,35151,'JesusSanchez',':+1:','2024-03-15 15:42:50',NULL,'Group-chat'),(368,108523,'JoseRojas',':+1:','2024-03-15 16:55:39',NULL,'Private-chat'),(369,108533,'JesusSanchez',':100:','2024-03-19 09:38:03',NULL,'Private-chat'),(370,108538,'JesusSanchez',':+1:','2024-03-19 10:46:15',NULL,'Private-chat'),(371,108554,'JesusSanchez',':+1:','2024-03-25 12:04:47',NULL,'Private-chat'),(372,108577,'JoseRojas',':+1:','2024-04-01 13:24:22',NULL,'Private-chat'),(373,108591,'JesusSanchez',':+1:','2024-04-01 13:35:02',NULL,'Private-chat'),(374,35215,'JoseRojas',':+1:','2024-04-05 15:59:51',NULL,'Group-chat'),(375,108611,'JesusSanchez',':100:','2024-04-10 10:15:33',NULL,'Private-chat'),(376,108624,'JesusSanchez',':white_check_mark:','2024-04-11 09:59:16',NULL,'Private-chat'),(377,108633,'JesusSanchez',':100:','2024-04-11 12:00:36',NULL,'Private-chat'),(378,35238,'JuanCarlosAngeles',':+1:','2024-04-12 14:35:20',NULL,'Group-chat'),(379,35238,'JesusSanchez',':+1:','2024-04-12 14:36:18',NULL,'Group-chat'),(380,35238,'GusMonterrey',':+1:','2024-04-12 14:46:40',NULL,'Group-chat'),(381,35257,'JoseRojas',':+1:','2024-04-17 08:48:19',NULL,'Group-chat'),(383,35271,'GusMonterrey',':male-student:','2024-04-22 09:31:20',NULL,'Group-chat'),(384,35271,'JoseRojas',':station:','2024-04-22 16:57:01',NULL,'Group-chat'),(385,108750,'JesusSanchez',':male-student:','2024-04-26 09:28:14',NULL,'Private-chat'),(386,35301,'JoseRojas',':point_right:','2024-04-30 09:23:36',NULL,'Group-chat'),(387,108792,'JesusSanchez',':male-student:','2024-05-02 10:05:45',NULL,'Private-chat'),(388,35327,'JuanCarlosAngeles',':male-student:','2024-05-10 09:03:58',NULL,'Group-chat'),(389,35327,'JoseRojas',':bullettrain_side:','2024-05-10 09:21:22',NULL,'Group-chat'),(390,108824,'JesusSanchez',':male-student:','2024-05-13 13:18:19',NULL,'Private-chat'),(391,108834,'JesusSanchez',':male-student:','2024-05-17 09:57:16',NULL,'Private-chat'),(392,108860,'JesusSanchez',':male-student:','2024-05-20 12:14:52',NULL,'Private-chat'),(393,108861,'JoseRojas',':face_with_cowboy_hat:','2024-05-20 12:15:25',NULL,'Private-chat'),(394,108880,'JesusSanchez',':male-student:','2024-05-20 17:43:41',NULL,'Private-chat'),(395,108902,'JesusSanchez',':male-student:','2024-05-22 11:13:24',NULL,'Private-chat'),(396,35374,'JuanCarlosAngeles',':male-student:','2024-05-24 16:10:27',NULL,'Group-chat'),(397,108914,'JoseRojas',':station:','2024-05-28 09:24:49',NULL,'Private-chat'),(398,108926,'JesusSanchez',':+1:','2024-06-05 09:26:51',NULL,'Noticia-chat'),(399,108944,'JesusSanchez',':+1:','2024-06-11 09:49:14',NULL,'Private-chat'),(402,35433,'JoseRojas',':+1:','2024-06-11 13:35:05',NULL,'Group-chat'),(403,35455,'jesus9san9534',':grinning:','2024-06-13 09:34:57',NULL,'Group-chat'),(404,35462,'JoseRojas',':+1:','2024-06-14 15:51:10',NULL,'Group-chat'),(405,108962,'JesusSanchez',':+1:','2024-06-17 09:38:05',NULL,'Private-chat'),(406,35487,'VictorHeredia',':+1:','2024-06-25 09:06:14',NULL,'Group-chat'),(407,109004,'JesusSanchez',':+1:','2024-06-27 15:08:13',NULL,'Private-chat'),(408,35501,'JesusSanchez',':+1:','2024-06-28 14:00:57',NULL,'Group-chat'),(409,109031,'JesusSanchez',':+1:','2024-07-05 13:57:17',NULL,'Private-chat'),(410,109114,'JesusSanchez',':+1:','2024-07-23 15:33:58',NULL,'Private-chat'),(411,35554,'JesusSanchez',':+1:','2024-09-06 14:09:47',NULL,'Group-chat'),(412,35554,'JoseRojas',':+1:','2024-09-06 14:47:42',NULL,'Group-chat');

--
-- Table structure for table `recurso`
--

CREATE TABLE `recurso` (
  `id` int NOT NULL AUTO_INCREMENT,
  `titulo` varchar(240) CHARACTER SET utf8mb3 COLLATE utf8mb3_general_ci NOT NULL,
  `descripcion` text CHARACTER SET utf8mb3 COLLATE utf8mb3_general_ci NOT NULL,
  `tags` text CHARACTER SET utf8mb3 COLLATE utf8mb3_general_ci NOT NULL,
  `portada` text CHARACTER SET utf8mb3 COLLATE utf8mb3_general_ci NOT NULL,
  `audio` text CHARACTER SET utf8mb3 COLLATE utf8mb3_general_ci NOT NULL,
  `fecha_de_creacion` datetime NOT NULL DEFAULT CURRENT_TIMESTAMP,
  `programa` int NOT NULL,
  PRIMARY KEY (`id`),
  KEY `programa` (`programa`),
  CONSTRAINT `recurso_ibfk_1` FOREIGN KEY (`programa`) REFERENCES `pap_sub_eje` (`id`) ON DELETE CASCADE ON UPDATE CASCADE
) ENGINE=InnoDB AUTO_INCREMENT=174 DEFAULT CHARSET=latin1;

--
-- Dumping data for table `recurso`
--

INSERT INTO `recurso` VALUES (1,'De las decisiones a las acciones','Pasar a la acción es fundamental para validar la decisión tomada.','Lo nuevo','https://genniux.net/mastersherpa/programa/video_portadas/Rectangular.png','https://genniux.net/mastersherpa/bridge.php?id_audio=39062','2022-02-15 00:00:00',50410),(2,'El poder de nuestras decisiones ','Sesión de inicio de semana','Lo nuevo','https://genniux.net/mastersherpa/programa/video_portadas/Rectangular.png','https://genniux.net/mastersherpa/bridge.php?id_audio=39009','2022-02-14 00:00:00',50410),(3,'Tomas control de tu intención y tú destino ','Acciones, tema de la semana','Desarrollo personal','https://genniux.net/mastersherpa/programa/video_portadas/Rectangular.png','https://genniux.net/mastersherpa/bridge.php?id_audio=39016','2022-02-11 00:00:00',50410),(4,'Descubre el secreto del resultado de nuestras acciones','Acciones, tema de la semana','Desarrollo personal','https://genniux.net/mastersherpa/programa/video_portadas/Rectangular.png','https://genniux.net/mastersherpa/bridge.php?id_audio=39018','2022-02-10 00:00:00',50410),(5,'Eleva tu energía y expande tu vida','Descubre como elevar tu energía en esta sesión ','Desarrollo personal','https://genniux.net/mastersherpa/programa/video_portadas/Rectangular.png','https://genniux.net/mastersherpa/bridge.php?id_audio=39019','2022-02-09 00:00:00',50410),(6,'10 formas de llenarte de energía','Descubre como llenarte de energía en esta sesión ','Desarrollo personal','https://genniux.net/mastersherpa/programa/video_portadas/Rectangular.png','https://genniux.net/mastersherpa/bridge.php?id_audio=39022','2022-02-08 00:00:00',50410),(7,'Enamórate de la vida y llénate de energía','Sesión para llenarse de energía','Desarrollo personal','https://genniux.net/mastersherpa/programa/video_portadas/Rectangular.png','https://genniux.net/mastersherpa/bridge.php?id_audio=39024','2022-02-07 00:00:00',50410),(8,'50 lecciones de un año mágico en Club House','Lecciones ClubHouse','Desarrollo personal','https://genniux.net/mastersherpa/programa/video_portadas/Rectangular.png','https://genniux.net/mastersherpa/bridge.php?id_audio=39101','2022-02-05 00:00:00',50410),(9,'Los equipos más efectivos del mundo','Descrubre como generar y dirigir equipos de poder','Equipos de poder','https://genniux.net/mastersherpa/programa/video_portadas/Rectangular.png','https://genniux.net/mastersherpa/bridge.php?id_audio=39026','2022-02-02 00:00:00',50410),(10,'Secretos para generar logros extraordinarios','Descrubre como generar y dirigir equipos de poder','Equipos de poder','https://genniux.net/mastersherpa/programa/video_portadas/Rectangular.png','https://genniux.net/mastersherpa/bridge.php?id_audio=39028','2022-02-01 00:00:00',50410),(11,'Secretos para generar resultados','Descrubre como generar y dirigir equipos de poder','Equipos de poder','https://genniux.net/mastersherpa/programa/video_portadas/Rectangular.png','https://genniux.net/mastersherpa/bridge.php?id_audio=39031','2022-01-31 00:00:00',50410),(12,'Expande tu conciencia y expande tu potencial','Descubre como romper tus límites','Rompe tus limites','https://genniux.net/mastersherpa/programa/video_portadas/Rectangular.png','https://genniux.net/mastersherpa/bridge.php?id_audio=39032','2022-01-28 00:00:00',50410),(13,'Secretos para vivir conscientemente','Cambia tu mente y transforma tu mundo','Mindset','https://genniux.net/mastersherpa/programa/video_portadas/Rectangular.png','https://genniux.net/mastersherpa/bridge.php?id_audio=39034','2022-01-27 00:00:00',50410),(14,'Vivir en automático vs conscientemente','Cambia tu mente y transforma tu mundo','Mindset','https://genniux.net/mastersherpa/programa/video_portadas/Rectangular.png','https://genniux.net/mastersherpa/bridge.php?id_audio=39035','2022-01-26 00:00:00',50410),(15,'El arte de vivir conscientemente','Cambia tu mente y transforma tu mundo','Mindset','https://genniux.net/mastersherpa/programa/video_portadas/Rectangular.png','https://genniux.net/mastersherpa/bridge.php?id_audio=39033','2022-01-25 00:00:00',50410),(16,'El reto de ser tu mismo','Cambia tu mente y transforma tu mundo','Mindset','https://genniux.net/mastersherpa/programa/video_portadas/Rectangular.png','https://genniux.net/mastersherpa/bridge.php?id_audio=39030','2022-01-24 00:00:00',50410),(17,'Creando una nueva versión de ti mismo','Cambia tu mente y transforma tu mundo','Mindset','https://genniux.net/mastersherpa/programa/video_portadas/Rectangular.png','https://genniux.net/mastersherpa/bridge.php?id_audio=39029','2022-01-20 00:00:00',50410),(18,'Manifiesta con visualización creativa','Conoce el poder de la visualización creativa','Visualización creativa','https://genniux.net/mastersherpa/programa/video_portadas/Rectangular.png','https://genniux.net/mastersherpa/bridge.php?id_audio=38918','2022-01-07 00:00:00',50410),(19,'Visualización creativa, casos y ejemplos','Conoce el poder de la visualización creativa','Visualización creativa','https://genniux.net/mastersherpa/programa/video_portadas/Rectangular.png','https://genniux.net/mastersherpa/bridge.php?id_audio=38919','2022-01-06 00:00:00',50410),(20,'El poder de la visualización creativa','Conoce el poder de la visualización creativa','Visualización creativa','https://genniux.net/mastersherpa/programa/video_portadas/Rectangular.png','https://genniux.net/mastersherpa/bridge.php?id_audio=38920','2022-01-05 00:00:00',50410),(21,'La importancia de estar preparado para los grandes retos ','Conoce el poder de la visualización creativa','Visualización creativa','https://genniux.net/mastersherpa/programa/video_portadas/Rectangular.png','https://genniux.net/mastersherpa/bridge.php?id_audio=38921','2022-01-04 00:00:00',50410),(22,'¿Listo para el mejor año de tu vida... 2022?','Conoce el poder de la visualización creativa','Visualización creativa','https://genniux.net/mastersherpa/programa/video_portadas/Rectangular.png','https://genniux.net/mastersherpa/bridge.php?id_audio=38922','2022-01-03 00:00:00',50410),(23,'Reinventando tu mundo: vida y negocios','Tips para reinventar tu negocio','Reinvención de negocios','https://genniux.net/mastersherpa/programa/video_portadas/Rectangular.png','https://genniux.net/mastersherpa/bridge.php?id_audio=38923','2021-12-06 00:00:00',50410),(24,'El poder de reinventar nuestras vidas y negocios','Tips para reinventar tu negocio','Reinvención de negocios','https://genniux.net/mastersherpa/programa/video_portadas/Rectangular.png','https://genniux.net/mastersherpa/bridge.php?id_audio=38924','2021-04-26 00:00:00',50410),(25,'Creando y conservando momentum en tu vida y negocios','Tips para reinventar tu negocio','Reinvención de negocios','https://genniux.net/mastersherpa/programa/video_portadas/Rectangular.png','https://genniux.net/mastersherpa/bridge.php?id_audio=38925','2021-12-23 00:00:00',50410),(26,'El poder de la anticipación en los negocios','Tips para reinventar tu negocio','Reinvención de negocios','https://genniux.net/mastersherpa/programa/video_portadas/Rectangular.png','https://genniux.net/mastersherpa/bridge.php?id_audio=39006','2021-11-14 00:00:00',50410),(27,'El poder de la perspectiva en los negocios','Tips para reinventar tu negocio','Reinvención de negocios','https://genniux.net/mastersherpa/programa/video_portadas/Rectangular.png','https://genniux.net/mastersherpa/bridge.php?id_audio=39007','2021-11-03 00:00:00',50410),(28,'Cómo escalar a otro nivel en la vida y negocios','Tips para reinventar tu negocio','Reinvención de negocios','https://genniux.net/mastersherpa/programa/video_portadas/Rectangular.png','https://genniux.net/mastersherpa/bridge.php?id_audio=38952','2021-07-05 00:00:00',50410),(29,'Reinventando tu empresa o negocio','Tips para reinventar tu negocio','Reinvención de negocios','https://genniux.net/mastersherpa/programa/video_portadas/Rectangular.png','https://genniux.net/mastersherpa/bridge.php?id_audio=38954','2021-11-22 00:00:00',50410),(30,'Más secretos para superar grandes retos de vida y negocios','Tips para reinventar tu negocio','Reinvención de negocios','https://genniux.net/mastersherpa/programa/video_portadas/Rectangular.png','https://genniux.net/mastersherpa/bridge.php?id_audio=38955','2021-11-19 00:00:00',50410),(31,'Innovando, creando la escalera de valor','Tips para reinventar tu negocio','Reinvención de negocios','https://genniux.net/mastersherpa/programa/video_portadas/Rectangular.png','https://genniux.net/mastersherpa/bridge.php?id_audio=38956','2021-11-26 00:00:00',50410),(32,'De la pirámide a la escalera de valor','Tips para reinventar tu negocio','Reinvención de negocios','https://genniux.net/mastersherpa/programa/video_portadas/Rectangular.png','https://genniux.net/mastersherpa/bridge.php?id_audio=38957','2021-11-25 00:00:00',50410),(33,'El secreto de la pirámide de valor','Tips para reinventar tu negocio','Reinvención de negocios','https://genniux.net/mastersherpa/programa/video_portadas/Rectangular.png','https://genniux.net/mastersherpa/bridge.php?id_audio=38958','2021-11-24 00:00:00',50410),(34,'Secretos para reinventar tu proyecto empresarial','Tips para reinventar tu negocio','Reinvención de negocios','https://genniux.net/mastersherpa/programa/video_portadas/Rectangular.png','https://genniux.net/mastersherpa/bridge2.php?id_audio=39589','2021-11-23 00:00:00',50410),(35,'Fórmula para potenciar tus resultados personales y de negocios','Tips para reinventar tu negocio','Reinvención de negocios','https://genniux.net/mastersherpa/programa/video_portadas/Rectangular.png','https://genniux.net/mastersherpa/bridge2.php?id_audio=39590','2022-02-03 00:00:00',50410),(36,'Expande tu consciencia y tu mindset','Cambia tu mente y transforma tu mundo','Mindset','https://genniux.net/mastersherpa/programa/video_portadas/Rectangular.png','https://genniux.net/mastersherpa/bridge.php?id_audio=38959','2021-05-31 00:00:00',50410),(37,'Mindset extraordinario','Cambia tu mente y transforma tu mundo','Mindset','https://genniux.net/mastersherpa/programa/video_portadas/Rectangular.png','https://genniux.net/mastersherpa/bridge.php?id_audio=38960','2021-03-18 00:00:00',50410),(38,'Expande tu mindset y reinventa tu mundo','Cambia tu mente y transforma tu mundo','Mindset','https://genniux.net/mastersherpa/programa/video_portadas/Rectangular.png','https://genniux.net/mastersherpa/bridge.php?id_audio=38961','2022-01-21 00:00:00',50410),(39,'Reinvéntate y digitaliza tus capacidades','Desarrolla tus habilidades para el mundo digital','Habilidades digitales','https://genniux.net/mastersherpa/programa/video_portadas/Rectangular.png','https://genniux.net/mastersherpa/bridge.php?id_audio=38914','2022-01-19 00:00:00',50410),(40,'Conecta y Nutre Tus Redes','Desarrolla tus habilidades para el mundo digital','Habilidades digitales','https://genniux.net/mastersherpa/programa/video_portadas/Rectangular.png','https://genniux.net/mastersherpa/bridge.php?id_audio=38915','2022-01-18 00:00:00',50410),(41,'Conectar y nutrir: Visión holística','Desarrolla tus habilidades para el mundo digital','Habilidades digitales','https://genniux.net/mastersherpa/programa/video_portadas/Rectangular.png','https://genniux.net/mastersherpa/bridge.php?id_audio=38916','2022-01-17 00:00:00',50410),(42,'Las grandes oportunidades del mundo digital','Desarrolla tus habilidades para el mundo digital','Habilidades digitales','https://genniux.net/mastersherpa/programa/video_portadas/Rectangular.png','https://genniux.net/mastersherpa/bridge.php?id_audio=38891','2022-01-14 00:00:00',50410),(43,'Claves para el éxito en el mundo digital','Desarrolla tus habilidades para el mundo digital','Habilidades digitales','https://genniux.net/mastersherpa/programa/video_portadas/Rectangular.png','https://genniux.net/mastersherpa/bridge.php?id_audio=38892','2022-01-13 00:00:00',50410),(44,'Las 7 habilidades criticas para el mundo digital','Desarrolla tus habilidades para el mundo digital','Habilidades digitales','https://genniux.net/mastersherpa/programa/video_portadas/Rectangular.png','https://genniux.net/mastersherpa/bridge.php?id_audio=38893','2022-01-12 00:00:00',50410),(45,'Secretos para manifestar en el mundo digital (parte2)','Desarrolla tus habilidades para el mundo digital','Habilidades digitales','https://genniux.net/mastersherpa/programa/video_portadas/Rectangular.png','https://genniux.net/mastersherpa/bridge.php?id_audio=38894','2022-01-11 00:00:00',50410),(46,'Secretos para manifestar en el mundo digital (parte1)','Desarrolla tus habilidades para el mundo digital','Habilidades digitales','https://genniux.net/mastersherpa/programa/video_portadas/Rectangular.png','https://genniux.net/mastersherpa/bridge.php?id_audio=38895','2022-01-10 00:00:00',50410),(47,'Secretos para superar grandes retos','Lecciones para enfrentar grandes retos ','Enfrentando grandes retos','https://genniux.net/mastersherpa/programa/video_portadas/Rectangular.png','https://genniux.net/mastersherpa/bridge.php?id_audio=38962 ','2021-11-18 00:00:00',50410),(48,'Qué hacer frente a grandes retos #2','Lecciones para enfrentar grandes retos ','Enfrentando grandes retos','https://genniux.net/mastersherpa/programa/video_portadas/Rectangular.png','https://genniux.net/mastersherpa/bridge.php?id_audio=38963','2021-11-17 00:00:00',50410),(49,'Qué hacer frente a grandes retos #1','Lecciones para enfrentar grandes retos ','Enfrentando grandes retos','https://genniux.net/mastersherpa/programa/video_portadas/Rectangular.png','https://genniux.net/mastersherpa/bridge.php?id_audio=38965','2021-11-16 00:00:00',50410),(50,'Descubriendo la magia de tu vida #1','Lecciones para enfrentar grandes retos ','Enfrentando grandes retos','https://genniux.net/mastersherpa/programa/video_portadas/Rectangular.png','https://genniux.net/mastersherpa/bridge.php?id_audio=38970','2021-11-15 00:00:00',50410),(51,'Secretos para superar nuestros límites','Descubre como romper tus límites','Rompe tus limites','https://genniux.net/mastersherpa/programa/video_portadas/Rectangular.png','https://genniux.net/mastersherpa/bridge.php?id_audio=38971','2021-11-12 00:00:00',50410),(52,'Empodérate y rompe tus límites #4','Descubre como romper tus límites','Rompe tus limites','https://genniux.net/mastersherpa/programa/video_portadas/Rectangular.png','https://genniux.net/mastersherpa/bridge.php?id_audio=38972','2021-11-11 00:00:00',50410),(53,'Empodérate y rompe tus límites #3','Descubre como romper tus límites','Rompe tus limites','https://genniux.net/mastersherpa/programa/video_portadas/Rectangular.png','https://genniux.net/mastersherpa/bridge.php?id_audio=38975','2021-11-10 00:00:00',50410),(54,'Empodérate y rompe tus límites #2','Descubre como romper tus límites','Rompe tus limites','https://genniux.net/mastersherpa/programa/video_portadas/Rectangular.png','https://genniux.net/mastersherpa/bridge.php?id_audio=39004','2021-11-09 00:00:00',50410),(55,'Empodérate y rompe tus límites #1','Descubre como romper tus límites','Rompe tus limites','https://genniux.net/mastersherpa/programa/video_portadas/Rectangular.png','https://genniux.net/mastersherpa/bridge.php?id_audio=39005','2021-11-08 00:00:00',50410),(56,'¿Cómo convertir tus súper poderes en valor?','Descubre la importancia de conocer nuestros superpoderes','Superpoderes','https://genniux.net/mastersherpa/programa/video_portadas/Rectangular.png','https://genniux.net/mastersherpa/bridge.php?id_audio=39042/','2021-12-15 00:00:00',50410),(57,'¿Cuál es tu súper poder?','Descubre la importancia de conocer nuestros superpoderes','Superpoderes','https://genniux.net/mastersherpa/programa/video_portadas/Rectangular.png','https://genniux.net/mastersherpa/bridge.php?id_audio=39069','2021-12-14 00:00:00',50410),(58,'Descubre tus superpoderes','Descubre la importancia de conocer nuestros superpoderes','Superpoderes','https://genniux.net/mastersherpa/programa/video_portadas/Rectangular.png','','2021-03-02 00:00:00',50410),(59,'Crea un destino extraordinario con la rueda de la vida','Descubre la importancia del equilibrio en la rueda de la vida','La rueda de la vida','https://genniux.net/mastersherpa/programa/video_portadas/Rectangular.png','https://genniux.net/mastersherpa/bridge.php?id_audio=39008','2021-10-29 00:00:00',50410),(60,'Transformando tu vida con la rueda de la vida','Descubre la importancia del equilibrio en la rueda de la vida','La rueda de la vida','https://genniux.net/mastersherpa/programa/video_portadas/Rectangular.png','','2021-10-28 00:00:00',50410),(61,'Empodera tu área financiera','Descubre la importancia del equilibrio en la rueda de la vida','La rueda de la vida','https://genniux.net/mastersherpa/programa/video_portadas/Rectangular.png','https://genniux.net/mastersherpa/bridge2.php?id_audio=39067','2021-10-27 00:00:00',50410),(62,'¿Existe la pareja ideal?','Descubre la importancia del equilibrio en la rueda de la vida','La rueda de la vida','https://genniux.net/mastersherpa/programa/video_portadas/Rectangular.png','https://genniux.net/mastersherpa/bridge.php?id_audio=39010','2021-10-26 00:00:00',50410),(63,'El área de la familia en la rueda de la vida','Descubre la importancia del equilibrio en la rueda de la vida','La rueda de la vida','https://genniux.net/mastersherpa/programa/video_portadas/Rectangular.png','https://genniux.net/mastersherpa/bridge.php?id_audio=39011','2021-10-25 00:00:00',50410),(64,'La magia del área mágica de la rueda de la vida','Descubre la importancia del equilibrio en la rueda de la vida','La rueda de la vida','https://genniux.net/mastersherpa/programa/video_portadas/Rectangular.png','https://genniux.net/mastersherpa/bridge.php?id_audio=39012','2021-10-22 00:00:00',50410),(65,'Tu propósito: el eje de la rueda de tu vida','Descubre la importancia del equilibrio en la rueda de la vida','La rueda de la vida','https://genniux.net/mastersherpa/programa/video_portadas/Rectangular.png','https://genniux.net/mastersherpa/bridge.php?id_audio=39013','2021-10-21 00:00:00',50410),(66,'El camino espiritual.','Descubre la importancia del equilibrio en la rueda de la vida','La rueda de la vida','https://genniux.net/mastersherpa/programa/video_portadas/Rectangular.png','https://genniux.net/mastersherpa/bridge.php?id_audio=39014','2021-10-18 00:00:00',50410),(67,'Integrando la rueda de la vida.','Descubre la importancia del equilibrio en la rueda de la vida','La rueda de la vida','https://genniux.net/mastersherpa/programa/video_portadas/Rectangular.png','https://genniux.net/mastersherpa/bridge.php?id_audio=39015','2021-10-15 00:00:00',50410),(68,'Empodera tus relaciones y tu red.','Descubre la importancia del equilibrio en la rueda de la vida','La rueda de la vida','https://genniux.net/mastersherpa/programa/video_portadas/Rectangular.png','https://genniux.net/mastersherpa/bridge.php?id_audio=39017','2021-10-14 00:00:00',50410),(69,'Reinventa tu salud.','Descubre la importancia del equilibrio en la rueda de la vida','La rueda de la vida','https://genniux.net/mastersherpa/programa/video_portadas/Rectangular.png','https://genniux.net/mastersherpa/bridge.php?id_audio=39020','2021-10-13 00:00:00',50410),(70,'El poder del desarrollo personal.','Descubre la importancia del equilibrio en la rueda de la vida','La rueda de la vida','https://genniux.net/mastersherpa/programa/video_portadas/Rectangular.png','https://genniux.net/mastersherpa/bridge.php?id_audio=39023','2021-10-12 00:00:00',50410),(71,'Haz magia con la rueda de tu vida','Descubre la importancia del equilibrio en la rueda de la vida','La rueda de la vida','https://genniux.net/mastersherpa/programa/video_portadas/Rectangular.png','https://genniux.net/mastersherpa/bridge.php?id_audio=39025','2021-10-11 00:00:00',50410),(72,'Creando un destino mágico y extraordinario','Descubre la importancia del equilibrio en la rueda de la vida','La rueda de la vida','https://genniux.net/mastersherpa/programa/video_portadas/Rectangular.png','https://genniux.net/mastersherpa/bridge.php?id_audio=39027','2021-10-08 00:00:00',50410),(73,'Equipos de poder','Descrubre como generar y dirigir equipos de poder','Equipos de poder','https://genniux.net/mastersherpa/programa/video_portadas/Rectangular.png','https://genniux.net/mastersherpa/bridge.php?id_audio=39043','2021-08-16 00:00:00',50410),(74,'El mindset de los equipos de poder','Descrubre como generar y dirigir equipos de poder','Equipos de poder','https://genniux.net/mastersherpa/programa/video_portadas/Rectangular.png','https://genniux.net/mastersherpa/bridge.php?id_audio=39044','2021-08-17 00:00:00',50410),(75,'Las habilidades clave de los equipos de poder','Descrubre como generar y dirigir equipos de poder','Equipos de poder','https://genniux.net/mastersherpa/programa/video_portadas/Rectangular.png','https://genniux.net/mastersherpa/bridge.php?id_audio=39045','2021-08-18 00:00:00',50410),(76,'Creando equipos virtuales de poder','Descrubre como generar y dirigir equipos de poder','Equipos de poder','https://genniux.net/mastersherpa/programa/video_portadas/Rectangular.png','https://genniux.net/mastersherpa/bridge.php?id_audio=39046','2021-08-20 00:00:00',50410),(77,'Apalanca tus proyectos con equipos de poder','Descrubre como generar y dirigir equipos de poder','Equipos de poder','https://genniux.net/mastersherpa/programa/video_portadas/Rectangular.png','https://genniux.net/mastersherpa/bridge.php?id_audio=39047','2021-08-19 00:00:00',50410),(78,'El poder de la reinvención','Descubre la importancia de reinventarse','Reinvención','https://genniux.net/mastersherpa/programa/video_portadas/Rectangular.png','https://genniux.net/mastersherpa/bridge2.php?id_audio=39593','2021-12-21 00:00:00',50410),(79,'Qué se requiere para reinventarse','Descubre la importancia de reinventarse','Reinvención','https://genniux.net/mastersherpa/programa/video_portadas/Rectangular.png','https://genniux.net/mastersherpa/bridge2.php?id_audio=39594','2021-12-08 00:00:00',50410),(80,'La magia de reinventar tu vida','Descubre la importancia de reinventarse','Reinvención','https://genniux.net/mastersherpa/programa/video_portadas/Rectangular.png','https://genniux.net/mastersherpa/bridge.php?id_audio=39048','2021-09-06 00:00:00',50410),(81,'Reinventa tu mundo','Descubre la importancia de reinventarse','Reinvención','https://genniux.net/mastersherpa/programa/video_portadas/Rectangular.png','https://genniux.net/mastersherpa/bridge.php?id_audio=39049','2021-08-24 00:00:00',50410),(82,'Atrevete a ser tu mismo','Descubre la importancia de reinventarse','Reinvención','https://genniux.net/mastersherpa/programa/video_portadas/Rectangular.png','https://genniux.net/mastersherpa/bridge.php?id_audio=39041','2021-08-31 00:00:00',50410),(83,'El mundo se reinventa y tú #2','Descubre la importancia de reinventarse','Reinvención','https://genniux.net/mastersherpa/programa/video_portadas/Rectangular.png','https://genniux.net/mastersherpa/bridge.php?id_audio=39040','2021-09-02 00:00:00',50410),(84,'El mundo se reinventa y tú','Descubre la importancia de reinventarse','Reinvención','https://genniux.net/mastersherpa/programa/video_portadas/Rectangular.png','https://genniux.net/mastersherpa/bridge.php?id_audio=39039','2021-09-01 00:00:00',50410),(85,'The great reinvention: La era que lo cambiara todo','Descubre la importancia de reinventarse','Reinvención','https://genniux.net/mastersherpa/programa/video_portadas/Rectangular.png','https://genniux.net/mastersherpa/bridge.php?id_audio=39038','2021-08-23 00:00:00',50410),(86,'Reinventa tus hábitos y empodera tu vida','Descubre la importancia de crear hábitos de poder','Hábitos de Poder','https://genniux.net/mastersherpa/programa/video_portadas/Rectangular.png','https://genniux.net/mastersherpa/bridge.php?id_audio=39037','2021-08-26 00:00:00',50410),(87,'El poder de tu human design #1','Descubre el poder de tu diseño humano','Diseño Humano','https://genniux.net/mastersherpa/programa/video_portadas/Rectangular.png','','2021-03-24 00:00:00',50410),(88,'El poder de tu human design #2','Descubre el poder de tu diseño humano','Diseño Humano','https://genniux.net/mastersherpa/programa/video_portadas/Rectangular.png','','2021-03-25 00:00:00',50410),(89,'El poder de tu human design #3','Descubre el poder de tu diseño humano','Diseño Humano','https://genniux.net/mastersherpa/programa/video_portadas/Rectangular.png','','2021-03-31 00:00:00',50410),(90,'Descubre el poder de human design y reinvéntate','Descubre el poder de tu diseño humano','Diseño Humano','https://genniux.net/mastersherpa/programa/video_portadas/Rectangular.png','','2021-03-31 00:00:00',50410),(91,'Descubre el poder de tu diseño humano y reinvéntate','Descubre el poder de tu diseño humano','Diseño Humano','https://genniux.net/mastersherpa/programa/video_portadas/Rectangular.png','','2021-12-03 00:00:00',50410),(92,'HR Room: La ciencia del human design','Descubre el poder del diseño humano en los negocios','Diseño Humano','https://genniux.net/mastersherpa/programa/video_portadas/Rectangular.png','','2021-03-31 00:00:00',50410),(93,'El poder del desarrollo personal','Descubre la importancia del desarrollo personal','Desarrollo personal','https://genniux.net/mastersherpa/programa/video_portadas/Rectangular.png','','2021-11-29 00:00:00',50410),(94,'La clave del desarrollo personal','Descubre la importancia del desarrollo personal','Desarrollo personal','https://genniux.net/mastersherpa/programa/video_portadas/Rectangular.png','https://genniux.net/mastersherpa/bridge.php?id_audio=39036','2021-11-30 00:00:00',50410),(95,'Despertando lo mejor de nosotros mismos','Descubre la importancia del desarrollo personal','Desarrollo personal','https://genniux.net/mastersherpa/programa/video_portadas/Rectangular.png','https://genniux.net/mastersherpa/bridge2.php?id_audio=39582','2021-12-24 00:00:00',50410),(96,'Secretos para maximizar','Secretos para potenciar tu desarrollo personal','Desarrollo personal','https://genniux.net/mastersherpa/programa/video_portadas/Rectangular.png','https://genniux.net/mastersherpa/bridge.php?id_audio=39050','2021-09-29 00:00:00',50410),(97,'Secretos para potenciar','Secretos para potenciar tu desarrollo personal','Desarrollo personal','https://genniux.net/mastersherpa/programa/video_portadas/Rectangular.png','https://genniux.net/mastersherpa/bridge.php?id_audio=39051','2021-09-28 00:00:00',50410),(98,'EMPOWER Gym mas energía, VITALIDAD','Secretos para potenciar tu desarrollo personal','Desarrollo personal','https://genniux.net/mastersherpa/programa/video_portadas/Rectangular.png','https://genniux.net/mastersherpa/bridge.php?id_audio=39052','2021-09-27 00:00:00',50410),(99,'Alineando todo a tu favor','Lecciones para enfrentar grandes retos ','Enfrentando grandes retos','https://genniux.net/mastersherpa/programa/video_portadas/Rectangular.png','https://genniux.net/mastersherpa/bridge.php?id_audio=39053','2021-09-24 00:00:00',50410),(100,'Convierte la adversidad','Lecciones para enfrentar grandes retos ','Enfrentando grandes retos','https://genniux.net/mastersherpa/programa/video_portadas/Rectangular.png','https://genniux.net/mastersherpa/bridge.php?id_audio=39054','2021-09-23 00:00:00',50410),(101,'El secreto para crear un destino #2','Lecciones para enfrentar grandes retos ','Enfrentando grandes retos','https://genniux.net/mastersherpa/programa/video_portadas/Rectangular.png','https://genniux.net/mastersherpa/bridge.php?id_audio=39055','2021-09-22 00:00:00',50410),(102,'El secreto para lograr todo en la rueda','Descubre la importancia del equilibrio en la rueda de la vida','La rueda de la vida','https://genniux.net/mastersherpa/programa/video_portadas/Rectangular.png','https://genniux.net/mastersherpa/bridge.php?id_audio=39056','2021-09-21 00:00:00',50410),(103,'Secretos para triunfar','Descubre la importancia del equilibrio en la rueda de la vida','La rueda de la vida','https://genniux.net/mastersherpa/programa/video_portadas/Rectangular.png','https://genniux.net/mastersherpa/bridge.php?id_audio=39057','2021-09-20 00:00:00',50410),(104,'Digitalízate y anticípate al cambio #2','Desarrolla tus habilidades para el mundo digital','Habilidades digitales','https://genniux.net/mastersherpa/programa/video_portadas/Rectangular.png','https://genniux.net/mastersherpa/bridge.php?id_audio=39058','2021-09-16 00:00:00',50410),(105,'Digitalízate y anticípate al cambio','Desarrolla tus habilidades para el mundo digital','Habilidades digitales','https://genniux.net/mastersherpa/programa/video_portadas/Rectangular.png','https://genniux.net/mastersherpa/bridge.php?id_audio=39059','2021-09-15 00:00:00',50410),(106,'Emprendiendo la era del cambio','Tips para emprender','Emprendimiento','https://genniux.net/mastersherpa/programa/video_portadas/Rectangular.png','https://genniux.net/mastersherpa/bridge.php?id_audio=39060','2021-09-14 00:00:00',50410),(107,'La era del cambio','Desarrolla tus habilidades para el mundo digital','Habilidades digitales','https://genniux.net/mastersherpa/programa/video_portadas/Rectangular.png','https://genniux.net/mastersherpa/bridge.php?id_audio=39063','2021-09-13 00:00:00',50410),(108,'Eleva tu vitalidad y energía mental','Descubre como elevar tu energía en esta sesión ','Desarrollo personal','https://genniux.net/mastersherpa/programa/video_portadas/Rectangular.png','https://genniux.net/mastersherpa/bridge.php?id_audio=39064','2021-09-08 00:00:00',50410),(109,'Eleva tu energía y vitalidad','Descubre como elevar tu energía en esta sesión ','Desarrollo personal','https://genniux.net/mastersherpa/programa/video_portadas/Rectangular.png','https://genniux.net/mastersherpa/bridge.php?id_audio=39066','2021-09-07 00:00:00',50410),(110,'Descubre el líder en ti','Cambia tu mente y transforma tu mundo','Mindset','https://genniux.net/mastersherpa/programa/video_portadas/Rectangular.png','https://genniux.net/mastersherpa/bridge.php?id_audio=39068','2021-09-03 00:00:00',50410),(111,'Superando cualquier desafio: personal mastery','Cambia tu mente y transforma tu mundo','Mindset','https://genniux.net/mastersherpa/programa/video_portadas/Rectangular.png','https://genniux.net/mastersherpa/bridge2.php?id_audio=39585','2021-07-30 00:00:00',50410),(112,'Transforma todo a tu favor: personal mastery','Cambia tu mente y transforma tu mundo','Mindset','https://genniux.net/mastersherpa/programa/video_portadas/Rectangular.png','https://genniux.net/mastersherpa/bridge2.php?id_audio=39587','2021-07-29 00:00:00',50410),(113,'El arte de decidir: personal mastery','Cambia tu mente y transforma tu mundo','Mindset','https://genniux.net/mastersherpa/programa/video_portadas/Rectangular.png','https://genniux.net/mastersherpa/bridge2.php?id_audio=39580','2021-07-28 00:00:00',50410),(114,'El secreto esta en ti: personal mastery','Cambia tu mente y transforma tu mundo','Mindset','https://genniux.net/mastersherpa/programa/video_portadas/Rectangular.png','https://genniux.net/mastersherpa/bridge2.php?id_audio=39588','2021-07-27 00:00:00',50410),(115,'La magia de un nuevo comienzo: personal mastery','Cambia tu mente y transforma tu mundo','Mindset','https://genniux.net/mastersherpa/programa/video_portadas/Rectangular.png','https://genniux.net/mastersherpa/bridge2.php?id_audio=39586','2021-07-26 00:00:00',50410),(116,'El arte de emprender la hora de la verdad','Tips para emprender','Emprendimiento','https://genniux.net/mastersherpa/programa/video_portadas/Rectangular.png','https://genniux.net/mastersherpa/bridge2.php?id_audio=39584','2021-07-23 00:00:00',50410),(117,'El arte de emprender paso a paso... #4','Tips para emprender','Emprendimiento','https://genniux.net/mastersherpa/programa/video_portadas/Rectangular.png','https://genniux.net/mastersherpa/bridge2.php?id_audio=39591','2021-07-22 00:00:00',50410),(118,'El arte de emprender paso a paso... #3','Tips para emprender','Emprendimiento','https://genniux.net/mastersherpa/programa/video_portadas/Rectangular.png','https://genniux.net/mastersherpa/bridge2.php?id_audio=39592','2021-07-21 00:00:00',50410),(119,'El arte de emprender paso a paso... #2','Tips para emprender','Emprendimiento','https://genniux.net/mastersherpa/programa/video_portadas/Rectangular.png','https://genniux.net/mastersherpa/bridge2.php?id_audio=39595','2021-07-20 00:00:00',50410),(120,'El arte de emprender paso a paso...','Tips para emprender','Emprendimiento','https://genniux.net/mastersherpa/programa/video_portadas/Rectangular.png','https://genniux.net/mastersherpa/bridge2.php?id_audio=39620','2021-07-19 00:00:00',50410),(121,'Retos y más oportunidades en la era digital #3','Desarrolla tus habilidades para el mundo digital','Habilidades digitales','https://genniux.net/mastersherpa/programa/video_portadas/Rectangular.png','https://genniux.net/mastersherpa/bridge2.php?id_audio=39622','2021-07-16 00:00:00',50410),(122,'Retos y oportunidades en la era digital #2','Desarrolla tus habilidades para el mundo digital','Habilidades digitales','https://genniux.net/mastersherpa/programa/video_portadas/Rectangular.png','https://genniux.net/mastersherpa/bridge2.php?id_audio=39623','2021-07-15 00:00:00',50410),(123,'Retos y oportunidades en la era digital #1','Desarrolla tus habilidades para el mundo digital','Habilidades digitales','https://genniux.net/mastersherpa/programa/video_portadas/Rectangular.png','https://genniux.net/mastersherpa/bridge2.php?id_audio=39625','2021-07-14 00:00:00',50410),(124,'Masterweek: las 10 habilidades digitales clave','Desarrolla tus habilidades para el mundo digital','Habilidades digitales','https://genniux.net/mastersherpa/programa/video_portadas/Rectangular.png','https://genniux.net/mastersherpa/bridge2.php?id_audio=39626','2021-07-13 00:00:00',50410),(125,'Masterweek: el poder de una mente digital','Desarrolla tus habilidades para el mundo digital','Habilidades digitales','https://genniux.net/mastersherpa/programa/video_portadas/Rectangular.png','https://genniux.net/mastersherpa/bridge2.php?id_audio=39630','2021-07-12 00:00:00',50410),(126,'La mejor oportunidad de negocio hacia el 2025','Tips para emprender','Emprendimiento','https://genniux.net/mastersherpa/programa/video_portadas/Rectangular.png','https://genniux.net/mastersherpa/bridge2.php?id_audio=39631','2021-07-09 00:00:00',50410),(127,'La prueba de fuego el emprendimiento y la vida','Tips para emprender','Emprendimiento','https://genniux.net/mastersherpa/programa/video_portadas/Rectangular.png','https://genniux.net/mastersherpa/bridge2.php?id_audio=39633','2021-07-08 00:00:00',50410),(128,'Toma el control de tu destino: secretos','Lecciones para enfrentar grandes retos ','Enfrentando grandes retos','https://genniux.net/mastersherpa/programa/video_portadas/Rectangular.png','https://genniux.net/mastersherpa/bridge2.php?id_audio=39634','2021-07-07 00:00:00',50410),(129,'Toma el control de tu destino: liderazgo','Lecciones para enfrentar grandes retos ','Enfrentando grandes retos','https://genniux.net/mastersherpa/programa/video_portadas/Rectangular.png','https://genniux.net/mastersherpa/bridge2.php?id_audio=39636','2021-07-06 00:00:00',50410),(130,'El camino... decisiones poderosas','Lecciones para enfrentar grandes retos ','Enfrentando grandes retos','https://genniux.net/mastersherpa/programa/video_portadas/Rectangular.png','https://genniux.net/mastersherpa/bridge2.php?id_audio=39638','2021-07-02 00:00:00',50410),(131,'El camino... las decisiones de poder','Lecciones para enfrentar grandes retos ','Enfrentando grandes retos','https://genniux.net/mastersherpa/programa/video_portadas/Rectangular.png','https://genniux.net/mastersherpa/bridge2.php?id_audio=39639','2021-07-01 00:00:00',50410),(132,'Despierta el líder en ti y reinvéntate','Reconociendo tu poder interior ','Desarrollo personal','https://genniux.net/mastersherpa/programa/video_portadas/Rectangular.png','https://genniux.net/mastersherpa/bridge.php?id_audio=39061','2022-02-16 00:00:00',50410),(133,'El poder de simplificar tu vida','Descubre el poder de la simplicidad','Desarrollo personal','https://genniux.net/mastersherpa/programa/video_portadas/Rectangular.png','https://genniux.net/mastersherpa/bridge.php?id_audio=39072','2022-02-17 00:00:00',50410),(134,'Prueba de registro','Se sube el archivo','test url put','https://media.sproutsocial.com/uploads/2017/02/10x-featured-social-media-image-size.png','https://elabsdev.slack.com/files/U026XKACC4E/F033FD6GB34/avances_14-16.mp3','2022-02-23 00:00:00',41891),(136,'Recurso 1','Recurso por medio del front','-front-test','https://media.sproutsocial.com/uploads/2017/02/10x-featured-social-media-image-size.png','https://elabsdev.slack.com/files/U026XKACC4E/F033FD6GB34/avances_14-16.mp3','2022-02-23 00:00:00',41891),(140,'Recurso 3','Recurso agregado desde https://reinventate.club/app/','server-final','https://www.gettyimages.es/gi-resources/images/500px/983703508.jpg','https://genniux.net/mastersherpa/bridge.php?id_audio=39072','2022-02-24 00:00:00',41891),(144,'Recurso 4','Recurso','test','https://www.sesametime.com/assets/wp-content/uploads/2020/01/beneficios-del-smart-working.jpg','https://genniux.net/mastersherpa/bridge.php?id_audio=39072','2022-02-28 00:00:00',41891),(146,'Tomando el control de tu destino','¿Tienes el control de tu destino?','Destino','https://genniux.net/mastersherpa/programa/video_portadas/Rectangular.png','https://genniux.net/mastersherpa/bridge2.php?id_audio=39102','2022-03-01 00:00:00',50410),(147,'Claves para aumentar tus posibilidades y oportunidades','Aumenta tus posibilidades!!','Oportunidades','https://genniux.net/mastersherpa/programa/video_portadas/Rectangular.png','https://genniux.net/mastersherpa/bridge.php?id_audio=39543','2022-03-01 00:00:00',50410),(148,'Convirtiendo posibilidades en oportunidades','Descubre como hacer de una posibilidad una oportunidad','Oportunidades','https://genniux.net/mastersherpa/programa/video_portadas/Rectangular.png','https://genniux.net/mastersherpa/bridge.php?id_audio=39542','2022-03-01 00:00:00',50410),(149,'Creando grandes oportunidades en tu vida','Las grandes oportunidades de la vida','Oportunidades','https://genniux.net/mastersherpa/programa/video_portadas/Rectangular.png','https://genniux.net/mastersherpa/bridge.php?id_audio=39541','2022-03-01 00:00:00',50410),(150,'Cómo crear grandes oportunidades','Descubre como crear grandes oportunidades en tu vida!','','https://genniux.net/mastersherpa/programa/video_portadas/Rectangular.png','https://genniux.net/mastersherpa/bridge.php?id_audio=39540','2022-03-01 00:00:00',50410),(151,'Convirtiendo la adversidad en oportunidad','Transforma la adversidad en una gran oportunidad.','Oportunidades','https://genniux.net/mastersherpa/programa/video_portadas/Rectangular.png','https://genniux.net/mastersherpa/bridge.php?id_audio=39539','2022-03-01 00:00:00',50410),(152,'¡Crea valor!','Arranque de nuestra serie: Reinvéntate y emprende.','Emprendimiento','https://genniux.net/mastersherpa/programa/video_portadas/Rectangular.png','https://genniux.net/mastersherpa/bridge2.php?id_audio=39583','2022-03-01 00:00:00',50410),(153,'Reinvéntate y reinventa tu mundo','El proceso de reinvención es constante.','Reinvencion','https://genniux.net/mastersherpa/programa/video_portadas/Rectangular.png','https://genniux.net/mastersherpa/bridge2.php?id_audio=39621','2022-03-01 00:00:00',50410),(154,'La pirámide de valor','Descubre la importancia de diseñar tu pirámide de valor.','Emprendimiento','https://genniux.net/mastersherpa/programa/video_portadas/Rectangular.png','https://genniux.net/mastersherpa/bridge2.php?id_audio=39685','2022-03-02 00:00:00',50410),(155,'Minimiza riesgos','Descubre la formula para minimizar riesgos en tu emprendimiento ','Emprendimiento','https://genniux.net/mastersherpa/programa/video_portadas/Rectangular.png','https://genniux.net/mastersherpa/bridge2.php?id_audio=39768','2022-03-08 00:00:00',50410),(156,'Preguntas poderosas, sabiduría colectiva','Juntos somos mejores','Emprendimiento-Comunidad','https://genniux.net/mastersherpa/programa/video_portadas/Rectangular.png','https://genniux.net/mastersherpa/bridge2.php?id_audio=39769','2022-03-08 00:00:00',50410),(157,'¿Preparado para un nuevo entorno?','Prepárate para un mundo nuevo ','Reinvencion','https://genniux.net/mastersherpa/programa/video_portadas/Rectangular.png','https://genniux.net/mastersherpa/bridge2.php?id_audio=39771','2022-03-08 00:00:00',50410),(158,'Conecta con tu ser extraordinario - microtaller','Lo mejor de ti, esta en ti! ','Desarrollo personal','https://genniux.net/mastersherpa/programa/video_portadas/Rectangular.png','https://genniux.net/mastersherpa/bridge2.php?id_audio=39752','2022-03-08 00:00:00',50410),(159,'El poder de ser tu mismo','Reconociendo tu propio poder','Desarrollo personal','https://genniux.net/mastersherpa/programa/video_portadas/Rectangular.png','https://genniux.net/mastersherpa/bridge2.php?id_audio=39753','2022-03-08 00:00:00',50410),(160,'El poder de tus divinas obsesiones','¿Conoces tus obsesiones?','','https://genniux.net/mastersherpa/programa/video_portadas/Rectangular.png','https://genniux.net/mastersherpa/bridge2.php?id_audio=39755','2022-03-08 00:00:00',50410),(161,'Las preguntas poderosas clave','La calidad de tus preguntas definen tu vida.','Preguntas poderos-Empoderamiento','https://genniux.net/mastersherpa/programa/video_portadas/Rectangular.png','https://genniux.net/mastersherpa/bridge2.php?id_audio=39821','2022-03-11 00:00:00',50410),(162,'El arte de hacer preguntas poderosas','Formular preguntas poderosas es todo un arte.','Preguntas poderosas-Empoderamiento','https://genniux.net/mastersherpa/programa/video_portadas/Rectangular.png','https://genniux.net/mastersherpa/bridge2.php?id_audio=39822','2022-03-11 00:00:00',50410),(163,'El poder de la anticipación','¿Tienes lo necesario para afrontar nuevos retos?','Empoderamiento','https://genniux.net/mastersherpa/programa/video_portadas/Rectangular.png','https://genniux.net/mastersherpa/bridge2.php?id_audio=39829','2022-03-11 00:00:00',50410),(164,'La magia de un nuevo comienzo','¿Estás listo para una nueva etapa?','','https://genniux.net/mastersherpa/programa/video_portadas/Rectangular.png','https://genniux.net/mastersherpa/bridge2.php?id_audio=40464','2022-04-04 00:00:00',50410),(165,'La gran oportunidad de los negocios de servicios B2B','Descubre las grandes oportunidades para los servicios B2B.','Business','https://genniux.net/mastersherpa/programa/video_portadas/Rectangular.png','https://genniux.net/mastersherpa/bridge2.php?id_audio=40761','2022-04-12 00:00:00',50410),(166,'La importancia de una vida espiritual','¿Para ti qué es la espiritualidad?','Espiritualidad','https://genniux.net/mastersherpa/programa/video_portadas/Rectangular.png','https://genniux.net/mastersherpa/bridge2.php?id_audio=40762','2022-04-12 00:00:00',50410),(167,'El mindset del emprendedor, las decisiones criticas.','¿Cuáles son las decisiones criticas a las que se enfrenta un emprendedor?','Business','https://genniux.net/mastersherpa/programa/video_portadas/Rectangular.png','https://genniux.net/mastersherpa/bridge2.php?id_audio=41356','2022-04-19 00:00:00',50410),(168,'Tiempos de emprender. ¿Estás listo?','¿Cómo se que estoy listo para emprender?','Business','https://genniux.net/mastersherpa/programa/video_portadas/Rectangular.png','https://genniux.net/mastersherpa/bridge2.php?id_audio=41354','2022-04-19 00:00:00',50410),(169,'Definiendo tu cliente ideal. Negocios B2B.','¿Cómo defino a mi cliente ideal?','Business','https://genniux.net/mastersherpa/programa/video_portadas/Rectangular.png','https://genniux.net/mastersherpa/bridge2.php?id_audio=41358','2022-04-19 00:00:00',50410),(170,'El mindset del emprendedor: Trabajando la idea','Definir tu idea de negocio es fundamental.','','https://genniux.net/mastersherpa/programa/video_portadas/Rectangular.png','https://genniux.net/mastersherpa/bridge2.php?id_audio=41592','2022-04-28 00:00:00',50410),(171,'El mindset del emprendedor, minimizando riesgos.','Considerar todos los escenarios de riesgo posibles es un trabajo imprescindible.','','https://genniux.net/mastersherpa/programa/video_portadas/Rectangular.png','https://genniux.net/mastersherpa/bridge2.php?id_audio=41593','2022-04-28 00:00:00',50410),(172,'El mindset del emprendedor: Thinking time','¿Aplicas el thinking time en tu día a día?','','https://genniux.net/mastersherpa/programa/video_portadas/Rectangular.png','https://genniux.net/mastersherpa/bridge2.php?id_audio=41594','2022-04-28 00:00:00',50410);

--
-- Table structure for table `request`
--

CREATE TABLE `request` (
  `id` int NOT NULL AUTO_INCREMENT,
  `email` varchar(250) NOT NULL,
  `program` int NOT NULL,
  `date` datetime NOT NULL,
  PRIMARY KEY (`id`)
) ENGINE=InnoDB AUTO_INCREMENT=21 DEFAULT CHARSET=utf8mb3;

--
-- Dumping data for table `request`
--

INSERT INTO `request` VALUES (1,'dodoc58756@shensufu.com',47620,'2021-09-13 11:23:13'),(5,'marketing1@piquerasycrespo.com',47620,'2021-09-14 00:15:38'),(6,'%EMAIL%',47620,'2021-09-14 02:14:10'),(7,'francisco@piquerasycrespo.com',47620,'2021-09-14 02:20:34'),(11,'alex@empowerlabs.com',47620,'2021-09-14 17:26:19'),(13,'jesus@empowerlabs.com',41891,'2021-09-20 15:23:13'),(14,'lalj_2@hotmail.com',47620,'2021-09-21 05:31:23'),(15,'ramon@distrisantiago.es',47620,'2021-09-30 09:09:06'),(16,'Lolaperezgarcia50@gmail.com',47620,'2021-09-30 10:13:42'),(17,'info@multipapel.com',47620,'2021-09-30 17:13:45'),(18,'javier@indubel.es',47620,'2021-10-24 13:15:34'),(19,'antoniodavidete@hotmail.com',47620,'2021-11-19 02:54:33'),(20,'comercialcentro@balmesistemas.com',47620,'2021-11-24 03:39:40');

--
-- Table structure for table `resources`
--

CREATE TABLE `resources` (
  `id` int NOT NULL AUTO_INCREMENT,
  `descripcion` text NOT NULL,
  `link` text NOT NULL,
  `tipo` varchar(10) NOT NULL,
  `actividad` int NOT NULL,
  `status` varchar(10) DEFAULT NULL,
  PRIMARY KEY (`id`),
  KEY `actividad` (`actividad`),
  CONSTRAINT `resources_ibfk_1` FOREIGN KEY (`actividad`) REFERENCES `pap_sub_eje` (`id`) ON DELETE CASCADE ON UPDATE CASCADE
) ENGINE=InnoDB AUTO_INCREMENT=813 DEFAULT CHARSET=utf8mb3;

--
-- Dumping data for table `resources`
--

INSERT INTO `resources` VALUES (12,'Cambios de spot Xterra Paraguay','http://www.youtube.com/embed/','youtube',1611,NULL),(13,'Spot XTERRA Paraguay','http://www.youtube.com/embed/OPT_2iUdVMc','youtube',10213,NULL),(15,'XTERRA Paraguay Video Promocional','http://www.youtube.com/embed/OPT_2iUdVMc','youtube',1358,NULL),(16,'','','image',10289,NULL),(17,'Documentación de xCoreBoard','http://docs.google.com/gview?url=http://intra.intellibanks.com/bin/view/XCoreWorkIntra/XCBDocumentacion&embedded=true','ptt',10289,NULL),(19,'foto de foco fundido','http://elabs.xcoreboard.com/files/10567/foco_fundido.jpg','image',10567,NULL),(21,'barda','http://elabs.xcoreboard.com/files/10570/barda.jpg','image',10570,NULL),(22,'','','image',10568,NULL),(23,'Video de eWork adaptado a xCoreWork','http://www.youtube.com/embed/','youtube',10312,NULL),(24,'Cambios, y adaptación, con subtítulos automáticos para video de xCoreWork','http://www.youtube.com/embed/EnJh9DUwZr8','youtube',10591,NULL),(25,'','http://www.youtube.com/embed/EnJh9DUwZr8','youtube',10312,NULL),(26,'Cambio de fecha a 3 de Diciembre de 2016','http://www.youtube.com/embed/dnhdfc1kyoI','youtube',10640,NULL),(27,'','http://www.pppexperience.com/wiki/bin/view/PPPIntra/PPPTechnologyToolboxPlan','image',11083,NULL),(28,'Video Tutorial','http://www.youtube.com/embed/','youtube',11178,NULL),(29,'Time management Tips','http://www.youtube.com/embed/go5XyuI7DkA','youtube',11141,NULL),(31,'Estudiar video antes de hacer el plan','http://www.youtube.com/embed/CDANQRXdkek','youtube',11079,NULL),(33,'Strategy Board','http://elabs.xcoreboard.com/Grabaciones/Tutorial/activity-board.mov','video',10329,NULL),(34,'Activity Log','http://elabs.xcoreboard.com/Grabaciones/Tutorial/Activity-Log.mov','video',10329,NULL),(35,'PunchList','http://elabs.xcoreboard.com/Grabaciones/Tutorial/punch-list.mov','video',10329,NULL),(36,'Weekly Sprint','http://elabs.xcoreboard.com/Grabaciones/Tutorial/weekly-sprint.mov','video',10329,NULL),(37,'Conversations','http://elabs.xcoreboard.com/Grabaciones/Tutorial/mensajes.mov','video',10329,NULL),(38,'Strategy Board','http://elabs.xcoreboard.com/Grabaciones/Tutorial/strategy.mov','video',11523,NULL),(39,'Activity Board','http://elabs.xcoreboard.com/Grabaciones/Tutorial/activity-board.mov','video',11523,NULL),(40,'Activity Log','http://elabs.xcoreboard.com/Grabaciones/Tutorial/Activity-Log.mov','video',11523,NULL),(41,'PunchList','http://elabs.xcoreboard.com/Grabaciones/Tutorial/punch-list.mov','video',11523,NULL),(42,'Weekly Sprint','http://elabs.xcoreboard.com/Grabaciones/Tutorial/weekly-sprint.mov','video',11523,NULL),(43,'Conversations','http://elabs.xcoreboard.com/Grabaciones/Tutorial/mensajes.mov','video',11523,NULL),(44,'nose pued resalizar por falta de matearial','','image',10891,NULL),(46,'EmpowerLabs is a professional in achieving exponential results in the digital age and believes in the power of eWork. This video shares some of the benefits of eWork for organizations. Times have changed and businesses can prosper by learning the advantages of working exponentially.','http://www.youtube.com/embed/EnJh9DUwZr8','youtube',11595,NULL),(48,'','http://docs.google.com/gview?url=http://elabs.xcoreboard.com/files/11574/Flayer xCoreWork.pdf&embedded=true','pdf',11574,NULL),(49,'','http://docs.google.com/gview?url=http://elabs.xcoreboard.com/files/11575/PPP TOTW print.pdf&embedded=true','pdf',11575,NULL),(50,'Video','http://www.youtube.com/embed/7hHZnvjCbVw','youtube',10467,NULL),(51,'PDF File','http://docs.google.com/gview?url=http://www.pdf995.com/samples/pdf.pdf&embedded=true','pdf',10467,NULL),(52,'','http://docs.google.com/gview?url=&embedded=true','pdf',11758,NULL),(53,'Presentacion SPG Español','http://docs.google.com/gview?url=&embedded=true','pdf',12665,NULL),(54,'','https://www.abasteo.mx/Laptop-Dell-Inspiron-5559-15-6-Intel-Core-i5-6200U-2-30GHz-8GB-1TB-Windows-10-64-bit-Negro.html','image',12814,NULL),(55,'Design Hotels \nMONTHLY MEMBER REPORT\nSEPTEMBER 2016','','image',12853,NULL),(58,'substring','http://curtistimson.co.uk/wp-content/uploads/2014/09/cache-buster-example.png','image',1651,NULL),(59,'Correo  de XTERRA Paraguay para conversión de clientes al evento del 3 de Diciembre','http://elabs.xcoreboard.com/files/13229/CorreoXterra.png','image',13229,NULL),(61,'Video GenniuxWorks','http://www.youtube.com/embed/JLLGtWnxWbM','youtube',13227,NULL),(63,'','http://docs.google.com/gview?url=&embedded=true','pdf',13656,NULL),(64,'','http://www.youtube.com/embed/e2b9FzC937g','youtube',13584,NULL),(65,'Video con la descripción de cómo se debe de hacer una avalúo de un bien inmueble','http://www.youtube.com/embed/UUMRiLJ-Km8','youtube',13592,NULL),(66,'Video de cómo se presenta un proyecto en video','http://www.youtube.com/embed/sSJ7d88-6LI','youtube',13942,NULL),(67,'','http://elabs.xcoreboard.com/files/14175/Empowerpedia-23.png','image',14175,NULL),(72,'','http://elabs.xcoreboard.com/files/13960/Empowerpedia-principal.png','image',13960,NULL),(77,'Video eWorks','http://www.youtube.com/embed/JLLGtWnxWbM','youtube',41,NULL),(78,'','http://docs.google.com/gview?url=http://intra.intellibanks.com/pub/EmpowerLabsAdminIntra/GenniuxBlueprint/Blueprint-Genniux_1_22TheSmartestWayToWorkAndRunABusiness.pdf&embedded=true','pdf',14372,NULL),(80,'','','image',3,NULL),(86,'prsentacion','http://docs.google.com/gview?url=&embedded=true','pdf',15647,NULL),(89,'GenniuxBoardDocumentación','https://genniux.net/wiki/elabs/bin/view/XCoreWorkIntra/GenniuxBoardDocumentacion','video',16411,NULL),(90,'GenniuxBoardDocumentacion','https://genniux.net/wiki/elabs/bin/view/XCoreWorkIntra/GenniuxBoardDocumentacion','video',16548,NULL),(94,'TET','http://www.youtube.com/embed/','youtube',10192,'disable'),(96,'User Xperience Fundamentals','http://www.youtube.com/embed/','youtube',19297,'disable'),(97,'UX for websites','https://www.youtube.com/embed/CJnfAXlBRTE','youtube',18980,NULL),(98,'Documentacion de noticias','https://genniux.net/wiki/elabs/bin/view/EmpowerLabsIntra/DocumentacionAppNoticias','link',19367,NULL),(101,'EmpowerLabs','http://www.youtube.com/embed/','youtube',19297,'disable'),(115,'UI/UX Fundamentals','https://blog.teamtreehouse.com/10-user-interface-design-fundamentals','link',3,'disable'),(116,'UI/UX Fundamentals','https://blog.teamtreehouse.com/10-user-interface-design-fundamentals','link',19297,NULL),(117,'Best Practices For UI/UX','https://www.uxpin.com/studio/blog/guide-design-consistency-best-practices-ui-ux-designers/','link',19297,NULL),(126,'Revisión funcionalidades','https://genniux.net/wiki/elabs/bin/view/GenniuxApps/EmpowerLabsIntraDocumentacionAppPunchList','link',10450,NULL),(129,'bias','https://genniux.net/app/beta/','link',19297,'disable'),(130,'Genniux - Proceso de implementación','https://www.mindmeister.com/1163342579','link',19439,NULL),(131,'EPP - Regalo','https://genniux.net/wiki/elabs/bin/view/AlkimiaLiving/LMPIPosterParaDifusion','link',19176,''),(141,'Respaldos','https://drive.google.com/drive/folders/1td0Zgv3YcYNN4CcqM9gDEjsicIByPd7c','link',17746,NULL),(153,'test1','https://docs.google.com/gview?url=https://docs.google.com/presentation/d/1IWi9OgM-n-evyFF89VBnIqE67okqDRzFLgv3AidW_Y8/edit#slide=id.g19aa3f652c_6_191&embedded=true','ptt',10192,NULL),(163,'Minuta 30 de Oct. 2018','https://genniux.net/wiki/elabs/bin/view/AlkimiaLiving/JuntaRevisionWebSites30Octubre2018','link',18796,NULL),(164,'Mapa Proceso de Implementación Genniux Work','https://www.mindmeister.com/1169957228','link',359,NULL),(165,'Modelo del Gradsoflife','https://gradsoflife.org/our-model/','link',22,NULL),(166,'Control de cuentas y Materiales','https://docs.google.com/spreadsheets/u/1/d/1WsJd_t1rt28NItGOfCFkmx6U0THJA2CECeLGemQxPbo/edit?usp=drive_web&ouid=112350820676746619064','link',19275,NULL),(167,'Control de cuentas','https://docs.google.com/spreadsheets/d/1h9REsnJHHQwV63emvfQrDCSBs8HMFyFYiNEuxQ78OFY/edit#gid=1821603968','link',18822,NULL),(168,'Histórico de artículos para Blog','https://docs.google.com/spreadsheets/d/1Bc5ibETRfyGwgL52CdKszR-M6VS7RqpYhAuKr4l8lpg/edit#gid=1374895445','link',18822,NULL),(169,'Mockup - Operation','https://drive.google.com/file/d/1Jqoh5kJ5fiMBr9WpOsqPIzT8E-lxiJhk/view?usp=sharing','link',19297,NULL),(172,'WorkBook - Magia Primera Infancia','https://genniux.net/wiki/elabs/bin/view/AlkimiaLiving/LMPIWorkBookManualPadres','link',19176,''),(176,'Folleto - simplicity Parenting','https://genniux.net/wiki/elabs/bin/view/AlkimiaLiving/FolletoSimplicityParentingObservaciones','link',19176,NULL),(177,'Preparación de Webinar - desafíos AS','https://genniux.net/wiki/elabs/bin/view/Crece/WebinarDesafiosAgentesSegurosYFianzas','link',211,NULL),(182,'Revisar estructura de curso SP','https://bliss-beyond-naptime.teachable.com/p/simplicity-parenting-ecourse','link',19176,''),(183,'1 ra demo','http://estadias.genniux.net/practicas/login/genniux_13_11_2018/','link',19489,NULL),(184,'Paletade colores','https://genniux.net/app/board/apoyo/paleta.png','link',19489,NULL),(188,'Sumathon - Clip 99','https://docs.google.com/presentation/d/1PLEytlMS71tNx87AUUlO4N7l8AtYKFDhjBfvwKhBjY0/edit#slide=id.g485bd166db_8_19','link',20035,NULL),(189,'Reporte de Mayo (referencia)','https://www.pppexperience.com/wiki/bin/view/PPPIntra/EmpowerLabsReporteGlobalMayo2018','link',19198,''),(190,'Reporte de Septiembre','https://www.pppexperience.com/wiki/bin/view/PPPIntra/EmpowerLabsReporteGlobalSeptiembre2018','link',19198,NULL),(199,'Rebelocity especificaciones','https://docs.google.com/document/d/1oPCfS9simtJiG6tMsx0TZHejAy41zAFMsfBGXpxv4cA/edit?ts=5c1032d5','link',20283,NULL),(200,'Tabla de actualizaciones','https://docs.google.com/spreadsheets/d/1p1QECNe5mDrvPqLI9TzVpK9bmcgd3SAU2NigAJKCuJM/edit#gid=0','link',14362,NULL),(202,'El multitasking y la productividad','https://docs.google.com/document/d/16RdpgiWlaVBy1UfTGS4l8Of03KMhfTooKXbCf4GupSQ/edit?usp=sharing','link',14236,''),(203,'Tópico','https://genniux.net/wiki/elabs/bin/view/EmpowerLabsIntra/EmpowerLabsHistoria','link',20318,NULL),(205,'Lista de contactos','https://docs.google.com/spreadsheets/d/1thtmXeN4bA_VtK5ohYZ8RSy04svN4JVKYRFUP6B58vQ/edit#gid=0','link',20766,NULL),(211,'Flyer (1) _ LMPI','https://genniux.net/wiki/elabs/bin/view/AlkimiaLiving/LMPIPosterRedesSociales','link',19275,NULL),(212,'Poster LMPI','https://genniux.net/wiki/elabs/bin/view/AlkimiaLiving/LMPIPosterParaDifusion','link',19176,NULL),(214,'Poster Taller de Cuentos','https://genniux.net/wiki/elabs/bin/view/AlkimiaLiving/TallerCuentosPosterParaDifusion','link',19176,NULL),(217,'Hábitos para ser eficiente','https://docs.google.com/document/d/1EaVSGWC2FkmlzTiE-6rQcLiPHTeFSWDjLbNVzxus5hQ/edit#heading=h.tluwk36f3k2t','link',14236,NULL),(230,'Liga CHAT','https://genniux.net/app/conversa/','link',10192,NULL),(259,'Drive de  Contenido','https://docs.google.com/document/d/1PYfKkklxndK0n7Lv5gAehK4TXaG8k4mrbDI-2U4enqY/edit#heading=h.r7wjvx5m779x','link',22338,NULL),(274,'Liga al vídeo publicado','https://www.youtube.com/embed/cQfk0Hqk18g','youtube',22404,NULL),(275,'Introducción 3 Reinvéntate','https://docs.google.com/document/d/1EmiOGddOrWaMdJBCrhaNbuxGnvOcYKF2WkC67jp-1O4/edit','link',22331,NULL),(276,'Eventos Reinvéntate','https://empowerlabs.com/wiki/bin/view/ReinventateLabIntra/ReinventatePlanReestructuraWebSite','link',22331,NULL),(277,'Testimonios Reinventa tu Vida','https://empowerlabs.com/wiki/bin/view/ReinventateLabIntra/ProgramaReinventaTuVidaTestimonios','link',22331,NULL),(278,'Programa Descubre tu Esencia','https://empowerlabs.com/wiki/bin/view/ReinventateLabIntra/ProgramaReinventateConoceTuHD','link',22331,NULL),(284,'Reinvéntate CDMX','https://docs.google.com/document/d/1epO79gMljJp3zq69aKso725fdS00qbcW3Y97diB_iCc/edit#heading=h.9rn9ren0zjz','link',22331,NULL),(285,'Reinventa tu vida','https://empowerlabs.com/wiki/bin/view/ReinventateLabIntra/ReinventaTuVidaWebsiteContenido','link',22331,NULL),(286,'Pagos Descubre tu Esencia','https://empowerlabs.com/wiki/bin/view/ReinventateLabIntra/PlanMontajeDescubreTuEsenciaJunio2019','link',22331,NULL),(287,'FAQs Reinventate Lab','https://empowerlabs.com/wiki/bin/view/ReinventateLabIntra/ReinventateLabProgramaFAQs','link',22331,NULL),(300,'Mockup Website EmpowerLabs','https://create.piktochart.com/output/39933819-elabs-website','link',22426,NULL),(301,'Metodología 4 hrs de Colaboración','https://genniuxwiki.com/empowerlabs/bin/view/EmpowerLabsIntra/EmpowerLabsSesiones4HorasColaboracion','link',19328,NULL),(312,'LIga Alta Google Cuentas Externas','https://accounts.google.com/signup/v2/webcreateaccount?continue=https%3A%2F%2Fwww.google.com%3Fhl%3Des&hl=es&gmb=exp&biz=false&flowName=GlifWebSignIn&flowEntry=SignUp','link',22457,NULL),(315,'Modificaciones Website EmpowerLabs 30-08-2019','https://zoom.us/recording/share/g4-VMzDh9XIM4MxCL4lG-x20KcwhSQ8JMZ1UxRDeHVOwIumekTziMw?startTime=1564595821000','link',22426,'disable'),(318,'EPPLMPIProcesoGrupoFB','https://genniuxwiki.com/empowerlabs/bin/view/EscuelaParaPadresIntra/EPPLMPIProcesoGrupoFB','link',22534,NULL),(319,'Contenido Docs','https://docs.google.com/document/d/1hbul1zpzkw3Ay1rnrdupAwZW8YPzNcP-G26kFh1NEZ8/edit#heading=h.ssh0pqye5e1z','link',22426,NULL),(321,'Lista de asistencia y acceso a grupo de curso','https://docs.google.com/spreadsheets/d/1b67U957UE8z4lGM0PUGYDh2EN_1nbuIY2hj-0R6Sfa4/edit#gid=222161814','link',22534,NULL),(322,'Seguimiento al app de curso','https://genniuxwiki.com/empowerlabs/bin/view/GenniuxApps/GenniuxLearningApp','link',22534,NULL),(323,'Liga Acceder a EPP','https://genniux.net//app/epp/video/help/epp.mp4','link',22457,NULL),(327,'Actividades especificas realizadas','https://docs.google.com/spreadsheets/d/1or6VHl8S80GhLq7eUfTRZBqAPD5JrADsRjx5mHc-XcQ/edit#gid=0','link',22421,''),(349,'Listado de elementos con colores','https://docs.google.com/spreadsheets/d/1zHve_ggaHHrStYjDg89jn9tNzemV7ho4NgD1YNzdaSI/edit?usp=sharing','link',22647,NULL),(360,'Presentación Prototipo','https://docs.google.com/presentation/d/1r6l6BfLb_wKXvnPEq8fgxjuKoZLp_UuRTzK2mxwIRYw/edit#slide=id.g636f3a6e69_7_1','link',22408,NULL),(361,'Tabla contenidos','https://docs.google.com/spreadsheets/d/1r3agEMEcOshq6PY4232Zx0i67YqP8dwvVKyRFkvcs0w/edit#gid=1935165159','link',22408,NULL),(365,'Formas para identificar Influencers','https://genniuxwiki.com/empowerlabs/bin/view/DigitalMarketingLab/FormasParaIdentificarInfluencers','link',23396,NULL),(377,'HD de participantes','https://reinventatelabs.com/wiki/bin/view/MPMGProyPDV/MPMGHumanDesignParticipantes','link',23614,NULL),(389,'Artículo Nov 12-19','https://docs.google.com/document/d/1IyVoMCtiACdmDPxR5zzCeRgPLzRKUE4N-MxigAr5JNw/edit#','link',22446,''),(390,'Propuesta- nuevo modelo de negocio','https://docs.google.com/presentation/d/1SbEAQABxWy9kFNZX1tYPU9RY_tuh9eROSeHQOZYEBag/edit#slide=id.p','link',24320,NULL),(391,'Rally de inducción al Board','https://genniuxwiki.com/mpmg/bin/view/EmpowerTeams/RallyInduccionBoard','link',24507,NULL),(392,'Artículo 27 Nov-2019','https://docs.google.com/document/d/1SZ4ErC5gAiiQ-on-eq0zte5F0-nhk-aofa9OEdiqCZc/edit?ts=5ddc2232','link',22446,NULL),(393,'Interesados en cursos y talleres','https://docs.google.com/spreadsheets/d/1vLpzXZ7C2_n1tEQkF5Opv8jLJd2RdNPBtIgM2Qej55I/edit#gid=938267083','link',22329,NULL),(394,'Reporte Diagnóstico','https://docs.google.com/document/d/1eTPwKvGbtgQAO1JhL0orke-LX10nZuvOReoPwEx4Bog/edit#heading=h.rqcef779ji59','link',24480,NULL),(395,'Mapa de Mapas','https://www.mindmeister.com/1345596743','link',24481,NULL),(401,'Estrategia de cambio','https://docs.google.com/spreadsheets/d/1tSeBEjaMlh3Qrt1qFDEx28rQifXS_sJ6UYZYtDoMCi8/edit#gid=1061860515','link',24480,NULL),(414,'Web del proceso','https://reinventatelabs.com/wiki/bin/view/ProyectoEstadias/WebHome','link',24573,NULL),(415,'Plan de contenido','https://docs.google.com/spreadsheets/d/1-fShQ1pMKZ5kCVO3PYYHrMikyp-8YPB4LcFOyBNIojo/edit#gid=917884300','link',24573,NULL),(418,'Calendario de publicaciones','https://docs.google.com/spreadsheets/d/1iTOXeWZv8BA58fPEmUOFSw3r05trpdwwbMINhZm5i48/edit#gid=0','link',23396,NULL),(433,'Herramientas','https://docs.google.com/document/d/1hYqiO8PsIb-sB9vhS1pxuvAmlI2e41QBd09Df-xX7H0/edit?usp=sharing','link',24781,NULL),(434,'1. Introducción al uso del programa','https://www.saleshackers.es/courses/sales-hackers-programa-aceleracion-de-ventas/186782-empezando-el-viaje/556002-0-introduccion-al-uso-del-programa','link',24834,''),(438,'Preparar col email','https://docs.google.com/document/d/1n1u8u9H-N6LT5-QhtUJV1t0P7MkCWl1emQE-zM2ek_E/edit','link',24838,NULL),(439,'Método para la identificación del nicho','https://docs.google.com/document/d/1C71IrxBKfHmXqDLCUfT3C71rTO0UV-2vvmw3AjddhJ0/edit','link',24839,NULL),(440,'Fundamentos','https://www.saleshackers.es/courses/sales-hackers-programa-aceleracion-de-ventas/185214-fundamentos-de-nicho-posicionamiento-y-product-market-fit/555602-1-fundamentos-mp4','link',24839,NULL),(441,'Método de informe sectorial','https://docs.google.com/document/u/1/d/1Gjv69DuJK8mW7TbWlKQxjoQJ3vHnCWz7f3RQkoL04yk/edit','link',24840,NULL),(442,'Plantilla para validación de fundamentos','https://docs.google.com/presentation/d/1Z7nH8TwoPqhyyjs7uh-c7xaDLSMMmofxE11rdlER0rQ/edit#slide=id.p','link',24841,NULL),(443,'Validar la transformación, hipótesis y precio','https://docs.google.com/document/d/1tXjIZX_0kxBZWt6stSZ7Afl7PifWQGVXFyQZ-8l7N80/edit','link',24842,NULL),(444,'Como resolver el mecanismo y la contribución','https://docs.google.com/document/d/1KXPmdYj4VNVxbbk8hWOP2a4kfTQA8PBYOVvgxv60eHQ/edit','link',24843,''),(445,'Métodos para la recopilación de casos de éxito','https://docs.google.com/document/d/14Zks6Qg7h-y5NovrowB4txHg_HjBeoxhEVkdxAtKelw/edit','link',24844,NULL),(446,'Influencers','https://docs.google.com/document/d/1yBEWVcEIeESEIUrvWBye81hZ0Z8GUZsEY5Ecd5S5ZeQ/edit','link',24845,NULL),(461,'COVID 19 (parte 3)','https://noralhidalgo.com/parenting/covid19-parte-3/','link',22446,NULL),(462,'COVID 19 (parte 2)','https://noralhidalgo.com/parenting/covid19-parte-2/','link',22446,NULL),(463,'COVID 19 (parte 1)','https://noralhidalgo.com/parenting/covid19-parte-1/','link',22446,NULL),(477,'2. Tesis sobre el método de Sales Hackers','https://docs.google.com/document/d/1DAaZEpO8PElSLQtwFDjAAhPmUcUu2uqbPlhUc3wsYmw/edit','link',24834,''),(478,'3. Fundamentos de ventas B2B','https://www.saleshackers.es/courses/sales-hackers-programa-aceleracion-de-ventas/185214-fundamentos-de-nicho-posicionamiento-y-product-market-fit/555602-1-fundamentos-mp4','link',24834,NULL),(479,'2. Tesis sobre el método de Sales Hackers','https://docs.google.com/document/d/1DAaZEpO8PElSLQtwFDjAAhPmUcUu2uqbPlhUc3wsYmw/edit','link',24834,NULL),(480,'1. Introducción al uso del programa','https://www.saleshackers.es/courses/sales-hackers-programa-aceleracion-de-ventas/186782-empezando-el-viaje/556002-0-introduccion-al-uso-del-programa','link',24834,NULL),(481,'Academia SH','https://www.saleshackers.es/academy','link',24777,NULL),(484,'3. Programa de aceleración de ventas','https://www.saleshackers.es/sales-hackers-programa-aceleracion-de-ventas','link',24778,NULL),(485,'2. Carpeta de materiales','https://drive.google.com/drive/folders/1Z3l_LZSjrtTTPR7PyVwyJoyKB4iU1hzK?usp=sharing','link',24778,NULL),(486,'1. Formulario de registro','https://forms.gle/XB7QxCFa8xxUh76RA','link',24778,NULL),(489,'3. Sesión de los jueves','https://zoom.us/webinar/register/WN_ec0tzL1bQcy-jm3lhFroMg','link',24781,NULL),(490,'2. Sesión de los martes','https://zoom.us/webinar/register/WN_538qkIi2SDO2MJuaZs6E3w','link',24781,NULL),(491,'https://bookme.name/saleshackers/lite/revision-programa-acompanamiento','1. SesiÃ³n Onetoone','link',24781,NULL),(492,'1. Plantilla de fundamentos','https://docs.google.com/spreadsheets/d/125Nph6zaZya3Tjs8Cz1ZsTpLF_hcoEB4KYihYT1qR-Q/edit#gid=0','link',24839,NULL),(493,'2. Vídeo de Fundamentos','https://www.saleshackers.es/courses/sales-hackers-programa-aceleracion-de-ventas/185214-fundamentos-de-nicho-posicionamiento-y-product-market-fit/555602-1-fundamentos-mp4','link',24839,NULL),(494,'1. Método para la identificación de nicho','https://docs.google.com/document/d/1C71IrxBKfHmXqDLCUfT3C71rTO0UV-2vvmw3AjddhJ0/edit#','link',24839,NULL),(495,'3. Página de ventas (mockup)','https://drive.google.com/file/d/1Q4ehQuiY5oaRAxM_s5Uuwf7SIXy2YjnZ/view','link',24853,NULL),(496,'2. Análisis de rentabilidad (ROI) por tipo de funnel','https://www.saleshackers.es/courses/sales-hackers-programa-aceleracion-de-ventas/186783-construccion-de-activos/631402-analisis-de-rentabilidad-roi-por-tipo-de-funnel','link',24853,NULL),(497,'1. Cómo construir páginas que venden','https://docs.google.com/document/d/1CBzRUB-o8bCwi7lzALn6fhRNsjTP8D-V1M1ezHOXV4k/edit','link',24853,NULL),(498,'Planificación de pagina de ventas','https://docs.google.com/spreadsheets/d/1E0L9GTktEHLyufNaVWAxvnKoSo4mCKk8vXZGKUt0ty8/edit#gid=0','link',24854,NULL),(499,'Encabezados y Copys','https://docs.google.com/document/d/1LtnEavHRjaVVraJsASBW6TINGWRtuOIJvhAf4tcwOqg/edit','link',24854,NULL),(500,'Encabezados y Copys','https://docs.google.com/document/d/1LtnEavHRjaVVraJsASBW6TINGWRtuOIJvhAf4tcwOqg/edit','link',24854,NULL),(501,'Planificación de página de ventas','https://docs.google.com/spreadsheets/d/1E0L9GTktEHLyufNaVWAxvnKoSo4mCKk8vXZGKUt0ty8/edit#gid=0','link',24854,NULL),(502,'Como producir videos de características','https://docs.google.com/document/d/1o0uj4nRPYfUpSQlEwTo9SUTnby1l9XDQkdCgQmRW_Eo/edit','link',24855,NULL),(503,'Como escribir y producir videos de ventas (VSL)','https://docs.google.com/document/d/1o0uj4nRPYfUpSQlEwTo9SUTnby1l9XDQkdCgQmRW_Eo/edit','link',24856,NULL),(504,'Como escribir y producir videos de ventas (VSL)','https://docs.google.com/document/d/1o0uj4nRPYfUpSQlEwTo9SUTnby1l9XDQkdCgQmRW_Eo/edit','link',24856,NULL),(505,'Ejemplos de FAQs','https://docs.google.com/document/d/10AFhNLU70V0uE-kKzVzl3e9TGHKECE8PMJ-e9HgYu2I/edit','link',24858,NULL),(506,'Cómo construir una página de formulario','https://docs.google.com/document/d/17h5OGL_j9Az0gRckXGp6FFMaPp-7QSzfWianrLzS6tM/edit','link',24859,NULL),(507,'Calendly','https://calendly.com/es/','link',24860,NULL),(508,'Como construir una página de formulario','https://docs.google.com/document/d/17h5OGL_j9Az0gRckXGp6FFMaPp-7QSzfWianrLzS6tM/edit','link',24860,NULL),(509,'Contenido del Website','https://docs.google.com/document/d/1hbul1zpzkw3Ay1rnrdupAwZW8YPzNcP-G26kFh1NEZ8/edit#','link',22426,NULL),(514,'Plan de inducción','https://docs.google.com/spreadsheets/d/1hGxNi-dpWCXbLcA2dqh6PNHVqbTWCzi27PpbXzmKH84/edit#gid=1470425369','link',24573,NULL),(522,'Tópico de inducción a herramientas','https://reinventatelabs.com/wiki/bin/view/ProyectoEstadias/ELabsInduccionHerramientas','link',22327,NULL),(525,'Proyecto activación de proyectos','https://genniuxwiki.com/mpmg/bin/view/MPMGCuentas/EmpowerTeamsActivacionProyectos','link',25001,NULL),(533,'Inducción Elsa','https://genniuxwiki.com/mpmg/bin/view/ProyectosEmpowerLabs/Junta07Abril20ReunionActivacionProyectos','link',25001,NULL),(534,'Inducción Elsa','https://genniuxwiki.com/mpmg/bin/view/ProyectosEmpowerLabs/Junta07Abril20ReunionActivacionProyectos','link',24506,NULL),(539,'Grabaciones','https://drive.google.com/drive/u/1/folders/1rm-OYImEtbYU9OR3y0gvmhlBGKfTDTu9','link',24649,NULL),(543,'Cómo recuperar ritmo_PDF','https://drive.google.com/file/d/1VMqJIQtM4tCbUQLMsASB0Xt5hZsSuCOI/view?usp=sharing','link',25050,'disable'),(544,'Ritmo (PDF) actualizado','https://drive.google.com/file/d/1iP7UwW_YxgkOjSU4mHCKcnFnh8JULV-R/view?usp=sharing','link',25050,NULL),(553,'Proceso general EmpowerTeams','https://docs.google.com/presentation/d/1qNFFrWlw9VqLzy8Cczr-3Jgo6zSpS-ExCZq9WdUOi0c/edit#slide=id.p','link',25001,NULL),(554,'Clip-cuellos de botella-trampas','https://drive.google.com/open?id=1AD3NGpk3i5vVkCk92XKUJNahZmbSi473','link',25001,NULL),(563,'URL del programa Genniux SH','https://genniux.net/app/genniuxsh/actividades/41571','url',41574,NULL),(575,'Preguntas para sesión Junio 08','https://docs.google.com/document/d/1IHhAdHR0VBhcPEo4uZ5H-liIkgZt-I7LQzhj3GML6KY/edit','link',25050,NULL),(576,'Info para HD','https://docs.google.com/spreadsheets/d/1M8IE0E9OKzATtF3Z6sjk_DrGldldFnUn2x-e2Qo3T0w/edit#gid=0','link',41713,NULL),(584,'Testeo','https://reinventatelabs.com/wiki/bin/view/EmpowerLabsIntra/EmpowerLabsProcesoTesteoAplicaciones','url',41951,NULL),(587,'Carpeta con Fotos','https://drive.google.com/drive/folders/1U-xpU2MI2VfjYPi17ZpM3xSzUaNh2yJB?usp=sharing','link',42051,NULL),(589,'Plan Anahí - EPP','https://docs.google.com/spreadsheets/d/1vLpzXZ7C2_n1tEQkF5Opv8jLJd2RdNPBtIgM2Qej55I/edit#gid=1918046228','link',41713,NULL),(590,'Relación de vídeos','https://docs.google.com/document/d/1M4gz3Iuz7zdjxO9v_5AZcM56QjQEaoNPqLLhrkh8MNI/edit#','link',24573,NULL),(591,'Presentación ELabs Junio 2020','https://docs.google.com/presentation/d/17HS8uyk3tIEWfdV37ZWUsjj6X9dEkdp5_-5mQfnlZZc/edit#slide=id.g8b66285ccf_5_14','link',22426,NULL),(592,'Destiny Media - Lista de Videos','https://docs.google.com/spreadsheets/d/1IRlnNJLbngVs2iHpd4e6WvWWJ4DiqykeXTR8ZAwtY-A/edit#gid=0','link',22408,NULL),(593,'formulario recopilar contactos','https://docs.google.com/forms/d/1i5e072dVvYDakWEjOJR5Ivc0PH8m7kLg9UZEub8BwQ0/edit','link',23795,NULL),(594,'Relación de contenidos','https://docs.google.com/spreadsheets/d/1vLpzXZ7C2_n1tEQkF5Opv8jLJd2RdNPBtIgM2Qej55I/edit#gid=741964224','link',25050,NULL),(595,'Portadas Live','https://docs.google.com/presentation/d/1dN955C93HmM7afnSTfD9NuJ_QrLHtKgtZx3u6D_Cvaw/edit#slide=id.g8b13409244_1_44','link',25050,NULL),(598,'App Wiki','https://docs.google.com/spreadsheets/d/1ZbcWJlVVpTun70CsIPzVEKaca_YCTdCAbYPUhtHWEbg/edit?usp=sharing','link',41801,NULL),(599,'Portadas Empowerteams','https://docs.google.com/presentation/d/1rG2DSblrvIwQJWvKUJ03BlqSKNz-WjgX3dpZcbj9DsY/edit#slide=id.g8b027699a4_2_0','link',41713,NULL),(602,'Redes Sociales','https://www.mindmeister.com/1571526415?t=XiDtm2aHK8','link',42369,NULL),(603,'RoadMap Profesional Extraordinario','https://www.mindmeister.com/1566378231?t=LBQNFp2f7v#','link',42369,NULL),(604,'Liga','https://reinventatelabs.com/wiki/bin/view/DestinyMedia/WebHome','link',42372,NULL),(606,'tabla','https://docs.google.com/spreadsheets/d/1m0Z3F9zYSe5NI04R3FA48VoATuq09hOr74bnLmHasho/edit#gid=1125780592','link',42442,NULL),(607,'Carpeta para NexxtLabs','https://drive.google.com/drive/u/0/folders/1MNRM8Iw0-cucYQlxj0SDJaZ3rjTdYifI','link',42441,NULL),(608,'Carpeta para logo','https://drive.google.com/drive/folders/1apZXuBDUIwWoQ0kjQyCtQfQqtX1yOVAJ','link',42451,NULL),(610,'Carpeta para subir','https://drive.google.com/drive/folders/1OPkWt1llEXd_g6-f644saE3yEzKMjEA8','link',42486,NULL),(611,'Documento drive','https://docs.google.com/document/d/1BQE2tMJKlvWHzJWylh_SseAlGuprgxksYoeB1ZuBtps/edit#','link',42487,NULL),(642,'Hola','https://genniux.net/app/beta/','url',42920,NULL),(643,'Listado de participantes','https://docs.google.com/spreadsheets/d/1wzigm09-7FhgjzZ9ElyyJSDSR7Tzv1qpGerfyZs4b8M/edit?usp=sharing','link',42998,NULL),(645,'Video','https://www.youtube.com/embed/h0Tb9VtVzVE','youtube',43028,NULL),(646,'Prueba recursos','https://docs.google.com/gview?url=www.zaitun.es&embedded=true','pdf',41962,NULL),(659,'Vídeo de muestra','https://somup.com/c0Vv39xxO8','link',52183,'disable'),(660,'Ejemplo problema con editor','https://somup.com/c0Vv0wxxU1','link',52183,''),(661,'Mapa Planeación','https://www.mindmeister.com/2558735255','link',52184,NULL),(663,'NLabs - Contenido Landing page','https://docs.google.com/document/d/1Jskmw9XZl8D2NsFHy5iB4APMUowmyW5XbZRmbIQog7A/edit','link',52288,''),(664,'Mapa del Plan Diagnóstico','https://www.mindmeister.com/2600265297?e=turtle#','link',52221,''),(666,'Lista de usuarios PPP/Elabs','https://docs.google.com/spreadsheets/d/1W65J-ezIBbdT-I3NT8VzWLWnuFDOP0Ds6-H4LVIHbIc/edit#gid=0','link',52272,NULL),(667,'Tabla de planeación del proyecto','https://docs.google.com/spreadsheets/d/1fCUaaKkKNF3ASXTjDt3ILn3El5FO6TpaYAbZvi8VZzE/edit#gid=1724355933','link',52251,NULL),(668,'Carpeta principal del proyecto','https://drive.google.com/drive/folders/1ou76Wxhu6fsksPt9ofkLDCCwyj15Cdgl?usp=sharing','link',52251,NULL),(669,'Presentación Proyectos','https://docs.google.com/gview?url=https://docs.google.com/presentation/d/1RdU2_50Bxqr-Bmg4Y0fzNvHuBdCTFE2Eu9u9JpbfdbA/edit#slide=id.g1d5e337c932_0_46&embedded=true','ptt',52184,NULL),(670,'Tabla Sistmas','https://docs.google.com/spreadsheets/d/1LO-iCXtnCTS51N87Hiolf_hdTk0HK0Yd7HW9zyZne4Y/edit#gid=1724355933','link',52254,'disable'),(671,'Tabla de planeación (Sistemas)','https://docs.google.com/spreadsheets/d/1LO-iCXtnCTS51N87Hiolf_hdTk0HK0Yd7HW9zyZne4Y/edit#gid=1724355933','link',52250,''),(672,'Tabla de planeación y seguimiento','https://docs.google.com/spreadsheets/d/1LO-iCXtnCTS51N87Hiolf_hdTk0HK0Yd7HW9zyZne4Y/edit?usp=sharing','link',52253,NULL),(673,'Guía para diagnostico organizacional','https://docs.google.com/document/d/1CS4oCC8P2FIBP52GZyE46WAYbNicjNAusO14yGFRjo4/edit?usp=share_link','link',52467,NULL),(674,'24Feb2023 - Minuta','https://docs.google.com/document/d/13V8_YEToyWvYZggKaG53D9lPynAWz1Nx3z8_duG5RXY/edit#','link',52467,NULL),(675,'24Enero2023 - Minuta','https://docs.google.com/document/d/1MeBchjroKjXABpuqejbJIGSD_bEbpzqzztCnLPuoDx0/edit?usp=share_link','link',52467,NULL),(676,'Tabla funcionalidades Suite Innsist','https://docs.google.com/spreadsheets/d/1MyOHoJkE3iye6skmAE-tbhG_oZx1BBm62hbQTSu4t0M/edit?usp=sharing','link',52254,''),(677,'Tabla de funcionalidades del PMS','Thttps://docs.google.com/spreadsheets/d/1_cQQP8R9UptdNR3CznffzNTDQPjXNbPgvz9uZ4Vgq0I/edit?usp=sharing','link',52254,NULL),(678,'Tabla funcionalidades Peoplevine','https://docs.google.com/spreadsheets/d/1emu6vQHSOBRDxfRoNQ6KFzYhfl_nFYphGbRsPYC8Q8c/edit?usp=sharing','link',52255,NULL),(679,'Innsist PMS - Features','https://docs.google.com/spreadsheets/d/1_cQQP8R9UptdNR3CznffzNTDQPjXNbPgvz9uZ4Vgq0I/edit?usp=sharing','link',52526,NULL),(680,'Innsist - Soluciones / Funcionalidades','https://docs.google.com/spreadsheets/d/1MyOHoJkE3iye6skmAE-tbhG_oZx1BBm62hbQTSu4t0M/edit?usp=sharing','link',52526,NULL),(681,'Peoplevine - Features','https://docs.google.com/spreadsheets/d/1emu6vQHSOBRDxfRoNQ6KFzYhfl_nFYphGbRsPYC8Q8c/edit?usp=sharing','link',52526,NULL),(682,'Video sobre funcionalidades Innsist-Peoplevine','https://screencast-o-matic.com/watch/c0nuq1VyJcu','link',52526,NULL),(684,'Guía de aplicación Sumathon','https://docs.google.com/document/d/1CS4oCC8P2FIBP52GZyE46WAYbNicjNAusO14yGFRjo4/edit#heading=h.qznyxs8u82wi','link',54326,''),(686,'C-P11 prueba','C-P11','link',54319,NULL),(687,'prueba','http://www.youtube.com/embed/','youtube',54284,'disable'),(688,'Ajustes','https://systems.mastersherpa.app/intellibanks/99/document/ajustes-generales-abr-2023','link',52927,NULL),(689,'Pres MasterSuite PPP','https://docs.google.com/presentation/d/1hPYNwTHp5nZj0peR7xd4lA9QRo6Aqk9UqunbTJj4Urg/edit#slide=id.g23aaefa0934_0_98','link',55237,NULL),(690,'Programa de implementación','https://docs.google.com/document/d/1OMNW7FoOJZPJrcwO9P7lMNEY77wrP7jtKP5b9hYF3eg/edit#heading=h.nqz0r8yni1rx','link',55236,NULL),(692,'Building a StoryBrand Summary','https://www.mindmeister.com/1980554588','link',55353,NULL),(693,'Factoria B2B de Servicios Especializados','https://docs.google.com/document/d/1bHil2ve2fNVT-Kpg_Wb_iHBvy8Y3q9n1SbEANCtgUvE/edit#','link',55354,NULL),(696,'Falla de actividades en Rally de inducción','https://somup.com/c0hqFta2TK','link',55569,NULL),(697,'Tabla de funcionalidades','https://docs.google.com/spreadsheets/d/1XMQoiHwmQENoOQK1fozaIEZv2zKhyp6m9BJruI-EGHg/edit#gid=1745044464','link',56778,NULL),(698,'Tabla de herramientas','https://docs.google.com/spreadsheets/d/1bD3vxEHQiZJ7JXAs9O0SXNuLxv4iTV0GV3-V3tEMz_g/edit#gid=510448123','link',56847,NULL),(700,'PrecisionMS Rental Agreement','https://docs.google.com/spreadsheets/d/1YvLC35l4z0OTkyofpGrznxg3_cEsTJeYmZ8GHifWFI8/edit#gid=0','link',56877,NULL),(702,'Código de vídeo en vimeo','https://docs.google.com/document/d/1yu1TC-A9BnKplb8yyb6NnEeoozCUb9SqtkjYfTgN5vE/edit#heading=h.374j8iz4m9ep','link',56900,NULL),(704,'Landing en rocket','https://app.gohighlevel.com/v2/preview/2b6WOTx7ZqDJrA3D1Ook','link',56491,NULL),(706,'Contenido landing','https://docs.google.com/document/d/1dBIPBrqHTRuc0Hm7QBIwFV3giGw_xeY-mnTwX3oiLls/edit#heading=h.xwwg5n9qb9ob','link',56491,NULL),(708,'Guía de aprendizaje Liderazgo','https://docs.google.com/document/d/1jUzW5c_ipEgRCT2vA2fnEzlX7D4fYyk8c-zz4Kh7jpo/edit','link',55019,NULL),(710,'Template Guía de aprendizaje','https://docs.google.com/document/d/1Gqy2FR_jtO9_N8IokdUp6IfDxMC8yslSfwQtC2SsWss/edit','link',55019,NULL),(712,'Estandares de competencia','https://docs.google.com/document/d/1uNZlqiKLTvNaEvnJ0dy3maq0nJologQ4BUBezKsdCA8/edit','link',55019,NULL),(714,'Carpeta Fichas de estandares de competencia','https://drive.google.com/drive/u/0/folders/1nFypoY-fJB-oRF3-p32llrpjvhhPGnOg','link',55019,NULL),(716,'Propuesta de diseño para presentaciones','https://docs.google.com/presentation/d/16YN-S7MGUV4ze63Z9ivIz_MYdLzcDrMlGn6Lw_aa0So/edit?usp=drive_link','link',57533,NULL),(718,'Propuesta de guiones para inducción','https://docs.google.com/document/d/1pxuR_KxIgV1SA6Jo5iwJisPua3dcHvTB4qa1XEOwhGw/edit?usp=drive_link','link',57533,NULL),(720,'Propuesta de contenido Inducción','https://docs.google.com/presentation/d/1802LZdazVcGbZJHhwaorMvkFGg1jFEAG/edit#slide=id.p1','link',57533,NULL),(724,'ChatGPT Conversación','https://chat.openai.com/share/768f3e6f-0936-4f76-bfe4-afee4dcae07e','link',57965,NULL),(726,'How I Use AI to take perfect notes...without typing','https://www.youtube.com/embed/','youtube',57965,NULL),(728,'ChatGPT Tips Doc','https://chat.openai.com/share/5c510b3a-20ad-4616-83bc-931428e20585','link',57967,''),(730,'ChatGPT Tecnicas de Cierre','https://chat.openai.com/share/286a8879-718a-47ce-8278-0319491522b6','link',57968,NULL),(732,'ChatGPT Resumen y Guía','https://chat.openai.com/share/3ebc596f-e20b-45bb-8080-5fdf1eb05abd','link',57978,NULL),(736,'Otro Video: Build a Botpress Chatbot that Syncs Customer Data to Google Sheets','https://www.youtube.com/embed/','youtube',57978,NULL),(738,'Video ChatBot Gym','https://www.youtube.com/embed/XLDZJEN0zxk','youtube',57978,NULL),(740,'Using Botpress To Build Custom Trained AI ChatBots ','https://www.youtube.com/embed/','youtube',57966,NULL),(742,'BOTPRESS + ZAPIER = LEAD GENERATION MACHINE','https://youtu.be/8Hh7iE8_WnQ','link',57978,NULL),(748,'Mapa ChatBots AI','https://www.mindmeister.com/app/map/2881825134','link',57966,NULL),(750,'Mapa Factoria MPbooks','https://www.mindmeister.com/app/map/2873571507','link',56870,NULL),(752,'Chat','https://mastersuite.app/chat','link',52927,''),(755,'Mapa MPBook','https://www.mindmeister.com/app/map/2886709718','link',57965,NULL),(757,'Master News','https://mastersuite.app/connect','link',55518,NULL),(759,'Mapa de referencia','https://www.mindmeister.com/app/map/2878848519','link',57966,NULL),(761,'MPBook MasterWork Trabajo Hiper Productivo (Equipos - Empresas)','https://www.mindmeister.com/app/map/2880034223','link',57990,NULL),(763,'MPBook Crea tu chatbot','https://docs.google.com/document/d/15nsSzT0fEoiXHNcd713lRNh753GjMM2668mS7MiuCj0/edit#heading=h.5z535xrskiiw','link',57966,NULL),(765,'Procesos creación Chatbot Reinventate','https://docs.google.com/document/d/163C65C3fK5dCoeQE6q3FUTJMXOCOgIuFGSCsJUzITlg/edit#heading=h.l2uyjz3uzai7','link',57966,NULL),(768,'Phantombuster','https://phantombuster.com','link',58383,NULL),(770,'Linkedhelper.','https://www.linkedhelper.com','link',58383,NULL),(772,'Waalaxy','https://www.waalaxy.com','link',58383,NULL),(774,'Dripify','https://dripify.io','link',58383,NULL),(776,'Carpeta con Documentos (fotos) con Temario','https://drive.google.com/drive/folders/1FTDmAzaNMxq0rXHk78RQyMp8ZP4Kis1O?usp=drive_link','link',58385,NULL),(778,'Crapeta del temario','https://drive.google.com/drive/u/1/folders/1aFQcs90DwlR7tHJYTb31-YUc71SOJq-H','link',58387,NULL),(780,'Temario Derecho procesal penal','https://drive.google.com/drive/u/1/folders/1gDRNL0D_PcngFiuMe6oOZiX0HysqLLIq','link',58389,NULL),(782,'Temario Derecho Forense','https://drive.google.com/drive/u/1/folders/1x53Qh4ier7xKG1l06sYXQKFHD6A4lJT8','link',58391,NULL),(784,'Diagrama de la integración','https://drive.google.com/file/d/10Emq_DQze1bYHXoGj4Oq37Z14OfSjWDx/view?usp=sharing','link',58351,NULL),(786,'Fornulario de alta manual de Cert Lider de Grupo de Orientación y Disciplina','https://training.institutosimplicityparenting.com/offers/edadcb75-90c5-4536-94cf-c52699475bda','link',58508,NULL),(788,'Formulario de alta manual de Entr. Lider de Grupo de Vida Familiar','https://training.institutosimplicityparenting.com/offers/4fd19c0b-5456-408e-8143-aeb6e6740ae5','link',58508,NULL),(791,'Mapa de MasterPlaybooks One Rocket Integración Automatización','https://www.mindmeister.com/app/map/2969045434','link',58732,NULL),(793,'Documento Proyecto Integración One Rocket con Master Sherpa','https://docs.google.com/document/d/1_TLXfG27-Yvmlr18QpnJe9GDNAPjrbcU7Bez457Y7t8/edit?usp=sharing','link',58732,NULL),(795,'Especificaciones para completar la integración MPb - OneRocket (Lector)','https://docs.google.com/document/d/1g_LddvWOV4TLtqXDKatwRLDeePXeJHT_uZ2vzxRPgL4/edit?usp=sharing','link',58732,NULL),(797,'Presentación corregida','https://docs.google.com/presentation/d/1xgb96TqtJ9ddcLdIWPomtVhnHD3nfQicEcn7rL_HMF8/edit?usp=sharing','link',58697,NULL),(799,'Instagram Fernando Anzures','https://www.instagram.com/fanzures/?img_index=1','link',58919,NULL),(801,'Talleres y programas MPBooks','https://www.mindmeister.com/app/map/2970342203','link',58974,NULL),(804,'Mapa Templater Producción MasterPlaybooks','https://www.mindmeister.com/app/map/2873337649','link',57566,NULL),(808,'Checklist Branding Book','https://docs.google.com/spreadsheets/d/1eECuT615WDDDN4eEF10981LcRHvmw-MKIiHzpFcADgQ/edit?gid=1624238697#gid=1624238697','link',62374,NULL),(809,'Checklist Auditoria redes sociales ','https://docs.google.com/spreadsheets/d/1eECuT615WDDDN4eEF10981LcRHvmw-MKIiHzpFcADgQ/edit?gid=100000028#gid=100000028','link',62381,NULL),(810,'Checklist Plan de mejoras de perfiles sociales','https://docs.google.com/spreadsheets/d/1eECuT615WDDDN4eEF10981LcRHvmw-MKIiHzpFcADgQ/edit?gid=229485421#gid=229485421','link',62381,NULL),(811,'Checklist Auditoria redes sociales ','https://docs.google.com/spreadsheets/d/1eECuT615WDDDN4eEF10981LcRHvmw-MKIiHzpFcADgQ/edit?gid=100000028#gid=100000028','link',62386,NULL),(812,'Checklist Plan de mejoras de perfiles sociales','https://docs.google.com/spreadsheets/d/1eECuT615WDDDN4eEF10981LcRHvmw-MKIiHzpFcADgQ/edit?gid=229485421#gid=229485421','link',62386,NULL);

--
