INSERT INTO `actividad` VALUES (5584,'','Clave Federico del Castillo para Intellibanks #Aserta','100','15','http://www.intellibanks.net/cendesi/bin/view/AsertaIntra/AsertaBitacoraActividades','AnabelVelasquez','','','2015-12-07','','','a','Cliente','11:00','2015-12-07'),(5585,'','Modulo para dar de alta  una meta','100','30','','EricBaez','','','2015-12-07','','','a','Proyectos','11:00','2015-12-07'),(5586,'','hacer nuevo board en concepboard para ver propuestas de símbolo con logotipo de EmpowerLabs','0','60','','UrielHidalgo','','','2015-12-07','','','a','Proyectos','09:00','2015-12-07'),(5587,'','Continuar con documentación para presentación de cotización de videos','0','180','','UrielHidalgo','','','2015-12-07','','','a','Documentación','09:00','2015-12-07'),(5588,'','Revisar calificaciones o asistencias de Cédula A en Aserta del día 4, 5 y 6','100','30','','GuadalupeSanchez','','','2015-12-07','','','c','Administrativa','09:00','2015-12-07'),(5589,'','Checar curso de Webcamp sobre WordPress','100','45','','GuadalupeSanchez','','','2015-12-07','','','c','Administrativa','09:00','2015-12-07'),(5590,'','#Junta para revisar funcionalidades de #SalaVirtual','100','90','https://www.mindmeister.com/615650358','AnabelVelasquez','','','2015-12-07','','','b','Proyectos','14:00','2015-12-07'),(5591,'','Enviar reporte directivos Ced A y B #Aserta','100','30','https://docs.google.com/spreadsheets/d/1EoVTUnBq4kJ0_AJRLby4hA8twco9Mgm9a5NJySt0NcM/edit#gid=475143500','AnabelVelasquez','','','2015-12-07','','','a','Cliente','16:30','2015-12-07'),(5592,'','#Junta con VH para revisar caso IP - #SalasVirtuales','100','15','','AnabelVelasquez','','Junta Andrés - Miércoles 9 dic','2015-12-07','','','a','Cliente','15:30','2015-12-07'),(5593,'','Junta #SalasHTML5','100','90','','AngelesBravo','','','2015-12-07','','','b','Junta','14:00','2015-12-07'),(5594,'','Iteración a módulo de \"recipes\" app #CBS móvil','75','90','','AngelesBravo','','','2015-12-07','','','b','Programación','17:00','2015-12-07'),(5595,'','Bordes en Moodle con HTML','0','60','','JavierAaronLoraRangel','','','2015-12-07','','','c','Investigación','16:00','2015-12-07'),(5596,'','#Junta con VH para revisar sig. pasos de #BSolutions','100','90','https://www.mindmeister.com/616575840','AnabelVelasquez','','','2015-12-07','','','a','Cliente','15:30','2015-12-07'),(5597,'','Adaptar script para #SysTranformation  que   te diga a cuales programas  ya estas dado de alta','75','120','','EricBaez','','','2015-12-07','','','a','Proyectos','15:30','2015-12-07'),(5598,'','Crear modulo para ajustar el wikiname','100','180','','EdiEusebio','','','2015-12-07','','','c','Administrativa','09:00','2015-12-07'),(5599,'','Terminar de ajustar modulo de GuardasBancarias de DesarrolloBSPromotoria','100','180','','EdiEusebio','','','2015-12-07','','','c','Proyectos','11:00','2015-12-07'),(5600,'','Proceso de alta de cuenta al grupo de EmpowerLabs a los usuarios de Best Solutions ','100','15','http://www.empowerlabs.com/intellibanks/bin/view/EmpowerLabsAdminIntra/ProcesoAltaMindMeister','PabloLopez','GuadalupeSanchez','','2015-12-07','','','b','Planeación','17:30','2015-12-07'),(5601,'','Checar Template para la documentación de los procesos de Best Solutions ','100','15','http://www.empowerlabs.com/intellibanks/bin/view/ProyectoBSolutions/DocumentacionDeProcesos','PabloLopez','GuadalupeSanchez','','2015-12-07','','','b','Documentación','17:30','2015-12-07'),(5602,'','Junta con equipo #RealTimeSystem ','100','90','','AngelesBravo','','','2015-12-07','','','b','Junta','15:30','2015-12-07'),(5603,'','Adaptar  tabla  de  metas  en   mis  objetivos','75','90','','EricBaez','EdiEusebio','','2015-12-07','','','b','Proyectos','11:30','2015-12-07'),(5604,'','Junta para ver  lpendientes para la induccion de bsolutions','100','30','','EricBaez','','','2015-12-07','','','b','Proyectos','16:30','2015-12-07'),(5605,'','Carga de formatos #Bsolutions','100','120','http://www.empowerlabs.com/intellibanks/bin/view/ProyectoBSolutions/BSolutionsProcesosInformacionInicial','AnabelVelasquez','','Financial, HR, Management','2015-12-07','','','a','Cliente','19:30','2015-12-07'),(5606,'','Carga de formatos #Bsolutions','100','60','','AnabelVelasquez','','Project management & sales','2015-12-07','','','a','Cliente','23:00','2015-12-07'),(5607,'','Carga de formatos #Bsolutions','100','30','http://www.empowerlabs.com/intellibanks/bin/view/ProyectoBSolutions/BSolutionsProcesosInformacionInicial','AnabelVelasquez','','Diagramas & word de correo','2015-12-08','','','a','Cliente','09:00','2015-12-08'),(5608,'','Revisar tópicos de web #Aserta','0','15','','AnabelVelasquez','','','2015-12-15','','','c','Cliente','','2015-12-15'),(5609,'','Participar en sesión de BS','100','0','','GuadalupeSanchez','','','2015-12-08','','','c','Documentación','09:00','2015-12-08'),(5610,'','Revisar avances del equipo #BSysTeam ','100','30','https://www.mindmeister.com/621320373?t=MIjeicTgDS#','PabloLopez','','Ver como van en que están si tienen dudas apoyarlos','2015-12-08','','','b','Planeación','09:00','2015-12-08'),(5611,'','Sesión informe técnico alumnos UP - Tapachula','100','90','','VictorCastillo','','','2015-12-07','','','a','Proyectos','','2015-12-07'),(5612,'','Monitoreo, apoyo y revisión reporte #Aserta','100','60','','VictorCastillo','','','2015-12-07','','','b','Cliente','','2015-12-07'),(5613,'','Seguimiento convenio UP- Tapachula','100','15','','VictorCastillo','','','2015-12-07','','','b','Administrativa','','2015-12-07'),(5614,'','Revisión de detalles y elaboración documentos Abraham','100','60','','VictorCastillo','','','2015-12-07','','','b','Administrativa','','2015-12-07'),(5615,'','Seguimineto telefónico #ELabsAcademy','100','60','','VictorCastillo','','','2015-12-07','','','b','Proyectos','','2015-12-07'),(5616,'','Comenzar hacer checklist de Intellibanks y sus funciones','100','60','http://www.empowerlabs.com/intellibanks/bin/view/EmpowerLabsIntellibanksUsability/CheckListThemesIntellibanks','CristianMoreno','','Primera Iterada','2015-12-08','','','b','Planeación','09:30','2015-12-08'),(5617,'','Depósito de documentos en servicio de paquetería','100','120','','VictorCastillo','','','2015-12-07','','','a','Administrativa','','2015-12-07'),(5618,'','Realizar mejora del Skin para eliminar el Pie de Pagina','null','60','','CristianMoreno','','','2015-12-08','','','b','Planeación','10:00','2015-12-08'),(5619,'','Elaboración documentos de salida de alumnos UP Tapachula','100','30','','VictorCastillo','','','2015-12-07','','','b','Administrativa','','2015-12-07'),(5620,'','Iteración a apartado de cargar y compartir docs #SalasHTML','0','150','','AngelesBravo','','','2015-12-08','','','b','Programación','09:30','2015-12-08'),(5621,'','Junta de avances equipo Alex','0','30','','AngelesBravo','','','2015-12-08','','','b','Junta','13:30','2015-12-08'),(5622,'','Revisión de específicaciones nuevo #GestorActividades','0','45','','AngelesBravo','','','2015-12-08','','','b','Proyectos','14:00','2015-12-08'),(5623,'','Junta con el grupo Best Solutions','100','180','','PabloLopez','','','2015-12-08','','','b','Junta','09:30','2015-12-08'),(5624,'','Ver la forma de tener 2 campos select que depende del contenido del otro en intellibanks','75','60','','CristianMoreno','','Se realizo prueba y si funciona','2015-12-08','','','b','Junta','12:00','2015-12-08'),(5625,'','Prueba de movil de intellibanks','100','180','http://www.empowerlabs.com/intellibanks/bin/save/EmpowerLabsIntellibanksUsability/LeanSUCreateNewMovil','CristianMoreno','','Se esta trbajando en la prueba','2015-12-08','','','b','Administrativa','13:00','2015-12-08'),(5626,'','Revisar proyecto externo de bachillerato','100','45','','CristianMoreno','','Se coordino reunion para el jueves con colegio de IMAT','2015-12-08','','','b','Junta','11:00','2015-12-08'),(5627,'','Buscar videos motivacionales #BSolutions','100','15','https://www.mindmeister.com/616575840','AnabelVelasquez','','','2015-12-08','','','a','Cliente','09:30','2015-12-08'),(5628,'','#Junta con equipo para preparar sesión #BSolutions','100','30','https://www.mindmeister.com/616575840','AnabelVelasquez','','','2015-12-08','','','a','Cliente','09:30','2015-12-08'),(5629,'','Modificar interfaz grafica de las #SalasHTML para que tengan un diseño acorde a las apps de empowerlabs','100','60','','CarlosVazquez','','','2015-12-08','','','b','Programación','','2015-12-08'),(5630,'','Modificar interfaz grafica de las #SalasHTML para que los elementos se visualicen correctamente en OSX','100','90','http://empowerlabs.com/proyectos/VirtualRoom/','CarlosVazquez','','','2015-12-08','','','b','Programación','','2015-12-08'),(5631,'','Crear funcionalidad de boton de register en BSTranformation','75','180','','EdiEusebio','','','2015-12-08','','','c','Programación','10:00','2015-12-08'),(5632,'','Crear presentación #BSolutions - Procesos','100','30','https://docs.google.com/presentation/d/1nTDMKEBUB2nIBdDYO6EyZjXoPWSKQWDPMSUCqGyk7gg/edit#slide=id.gf23d1a07b_0_46','AnabelVelasquez','GuadalupeSanchez','','2015-12-08','','','a','Cliente','10:00','2015-12-08'),(5633,'','#Junta #BSolutions para definición de procesos','100','90','https://www.mindmeister.com/616575840','AnabelVelasquez','','','2015-12-08','','','a','Cliente','10:30','2015-12-08'),(5634,'','Hacer reporte de Aserta en Cédula B','100','30','','GuadalupeSanchez','','','2015-12-08','','','b','Administrativa','09:00','2015-12-08'),(5635,'','Actualizar bitácora #Aserta','100','15','http://www.intellibanks.net/cendesi/bin/view/AsertaIntra/AsertaBitacoraActividades','AnabelVelasquez','','','2015-12-08','','','a','Cliente','11:30','2015-12-08'),(5636,'','Reporte Accesos/Calificaciones ASERTA','100','120','','JavierAaronLoraRangel','','','2015-12-08','','','b','Proyectos','10:00','2015-12-08'),(5637,'','Pre-Reporte Accesos/Calificaciones ASERTA','100','60','','JavierAaronLoraRangel','','','2015-12-08','','','c','Proyectos','09:00','2015-12-08'),(5638,'','Continuar con documentación para presentación de cotización de videos','0','180','','UrielHidalgo','','','2015-12-08','','','a','Proyectos','09:00','2015-12-08'),(5639,'','Segunda iteración CedA','0','180','','JavierAaronLoraRangel','','','2015-12-08','','','c','Proyectos','12:00','2015-12-08'),(5640,'','Crear diagnóstico de upgrade #IHG','100','90','https://www.mindmeister.com/621741866#','AnabelVelasquez','MarioCortes','','2015-12-08','','','a','Cliente','12:00','2015-12-08'),(5641,'','Seguimiento al proceso  de inducción para best solution ','100','180','https://www.mindmeister.com/621320373?t=MIjeicTgDS#','EricBaez','','','2015-12-08','','','a','Junta','09:30','2015-12-08'),(5642,'','Junta con el grupo Best Solutions','100','60','https://www.mindmeister.com/621320373?t=MIjeicTgDS#','PabloLopez','','','2015-12-08','','','b','Junta','12:30','2015-12-08'),(5643,'','Revisar el Product y Sprint Backlog para ver en donde estamos que tenemos y que no esta quedando para apoyar al equipo','100','30','','PabloLopez','','','2015-12-08','','','b','Personal','13:30','2015-12-08'),(5644,'','Enviar reporte #Aserta Directivos','100','30','https://docs.google.com/spreadsheets/d/1EoVTUnBq4kJ0_AJRLby4hA8twco9Mgm9a5NJySt0NcM/edit#gid=0','AnabelVelasquez','','','2015-12-08','','','a','Cliente','14:00','2015-12-08'),(5645,'','Crear la gráfica de estadística de ventas ','100','90','http://www.empowerlabs.com/intellibanks/bin/view/DesarrolloBSysPromoria/PruebaGraficaVenta','PabloLopez','','Parte 1/2','2015-12-08','','','b','Programación','14:00','2015-12-08'),(5646,'','Notificar a Rogerio error en #SalaVirtual para Mac','100','15','http://50.62.139.69/masteradmin/','AnabelVelasquez','','','2015-12-08','','','b','Proyectos','13:30','2015-12-08'),(5647,'','Trabajar en chat individual para entregable sala virtual','75','120','','JoseRojas','','','2015-12-08','','','b','Programación','10:00','2015-12-08'),(5648,'','Mapear propuesta #Aserta Diagnóstico y Planeación','100','90','https://www.mindmeister.com/621830267','AnabelVelasquez','','','2015-12-08','','','a','Cliente','14:30','2015-12-08'),(5649,'','Trabajar en plan para nuevo gestor de actividad ','0','120','','JoseRojas','','','2015-12-08','','','b','Planeación','12:00','2015-12-08'),(5650,'','Agregar login a las #SalasHTML','100','90','http://empowerlabs.com/proyectos/VirtualRoom/login.html','CarlosVazquez','','','2015-12-08','','','b','Programación','','2015-12-08'),(5651,'','Junta de analisis   con representante de aserta','100','60','','EricBaez','','','2015-12-08','','','a','Junta','16:30','2015-12-08'),(5652,'','montar modulo  para mostrar  programas  subcritos al  sistema de transformción','100','120','','EricBaez','','','2015-12-08','','','b','Proyectos','14:00','2015-12-08'),(5653,'','Montar modulo php de lectura de programa suscrito ','75','120','','EricBaez','EdiEusebio','','2015-12-08','','','c','Proyectos','16:00','2015-12-08'),(5654,'','Junta para ver la oportunidad con Aserta','100','60','','PabloLopez','','','2015-12-08','','','b','Junta','16:30','2015-12-08'),(5655,'','	Crear la gráfica de estadística de ventas','100','30','http://www.empowerlabs.com/intellibanks/bin/view/DesarrolloBSysPromoria/PruebaGraficaVenta','PabloLopez','','Parte 2/2, ya esta la gráfica ya leo datos desde un php y gráfico los datos','2015-12-08','','','b','Programación','17:30','2015-12-08'),(5656,'','Poner requerimientos para intellibanks','100','45','http://www.empowerlabs.com/intellibanks/bin/view/EmpowerLabsIntra/RequerimientosIntellibanksSalasVirtuales','CristianMoreno','','','2015-12-08','','','b','Documentación','17:00','2015-12-08'),(5657,'','Detallar propuestas #Aserta','100','60','https://docs.google.com/document/d/1ijnDo2Fd3WIv1e2qoMYVipSJxtaTIMjvEUh3eoOMjqY/edit#','AnabelVelasquez','','','2015-12-08','','','a','Cliente','16:00','2015-12-08'),(5658,'','#Junta diagnóstico con #Aserta','100','60','https://www.mindmeister.com/621830267','AnabelVelasquez','','Propuesta procesos','2015-12-08','','','a','Cliente','17:00','2015-12-08'),(5659,'','Generar claves #Aserta Grupo 8 Ced F','100','60','','AnabelVelasquez','','','2015-12-08','','','a','Cliente','22:30','2015-12-08'),(5660,'','Detallar propuestas #Aserta','100','150','https://docs.google.com/document/d/1ijnDo2Fd3WIv1e2qoMYVipSJxtaTIMjvEUh3eoOMjqY/edit#','AnabelVelasquez','','','2015-12-09','','','a','Cliente','09:30','2015-12-09'),(5661,'','Actualizar bitácora #Aserta','100','15','http://www.intellibanks.net/cendesi/bin/view/AsertaIntra/AsertaBitacoraActividades','AnabelVelasquez','','','2015-12-09','','','a','Cliente','09:00','2015-12-09'),(5662,'','Liberar curso #Aserta Grupo 8 Ced F','100','45','http://www.asertacapacitacion.com.mx/index.php/mi-campus','AnabelVelasquez','','','2015-12-09','','','a','Cliente','12:00','2015-12-09'),(5663,'','Notificar a Rogerio error en #SalaVirtual para Mac - Seguimiento','0','15','','AnabelVelasquez','','','2015-12-09','','','c','Proyectos','12:00','2015-12-09'),(5664,'','Enviar reporte #Aserta Directivos','100','45','https://docs.google.com/spreadsheets/d/1EoVTUnBq4kJ0_AJRLby4hA8twco9Mgm9a5NJySt0NcM/edit#gid=102913549','AnabelVelasquez','','','2015-12-09','','','a','Cliente','13:00','2015-12-09'),(5665,'','Transferencia procesos #Cendesi','100','120','','AnabelVelasquez','','','2015-12-09','','','b','Cliente','16:00','2015-12-09'),(5666,'','Revisar el mapa de Best Solutions - Core Business','100','30','https://www.mindmeister.com/621320373?t=MIjeicTgDS#','PabloLopez','','','2015-12-09','','','b','Planeación','09:00','2015-12-09'),(5667,'','Planeación con el equipo BSysTeam para ver en que esta, que procede con sus actividades','100','30','','PabloLopez','','Edi continuara con el proyecto de BSysPromotoria lo cuál estaré revisando y validando actividad','2015-12-09','','','a','Planeación','09:30','2015-12-09'),(5668,'','Crear un tópico y ahi poner lo más relevante de la investigación de servidores','0','60','','GuadalupeSanchez','','','2015-12-09','','','c','Documentación','09:00','2015-12-09'),(5669,'','Continuar con apartado para subir archivos al servidor #SalasHTML','0','180','','AngelesBravo','','','2015-12-09','','','b','Programación','09:30','2015-12-09'),(5670,'','Seguimineto telefónico #ELabsAcademy','100','90','','VictorCastillo','','','2015-12-08','','','b','Proyectos','','2015-12-08'),(5671,'','Seugnda Iterada de checklist de Intellibanks y sus funciones','100','45','','CristianMoreno','','','2015-12-09','','','b','Planeación','09:30','2015-12-09'),(5672,'','Seguimiento convenio UO - Puebla','100','15','','VictorCastillo','','','2015-12-08','','','b','Proyectos','','2015-12-08'),(5673,'','Apoyar con el skin de la web de Aserta','100','90','','CristianMoreno','','','2015-12-09','','','b','Planeación','10:30','2015-12-09'),(5674,'','Junta con equipo teamchat','100','90','','JoseRojas','','','2015-12-09','','','b','Junta','11:00','2015-12-09'),(5675,'','Monitoreo, apoyo y revisión reporte #Aserta','100','120','','VictorCastillo','','','2015-12-08','','','b','Cliente','','2015-12-08'),(5676,'','Continuar con Jquery mobile en Intellibanks','100','120','','CristianMoreno','','','2015-12-09','','','b','Planeación','11:30','2015-12-09'),(5677,'','Acoplar skin limpio con form con Jquery mobile','75','60','','CristianMoreno','','Se esta trabajando en esto','2015-12-09','','','b','Programación','15:00','2015-12-09'),(5678,'','Pre-Reporte Accesos/Calificaciones ASERTA','100','60','','JavierAaronLoraRangel','','','2015-12-09','','','c','Proyectos','09:00','2015-12-09'),(5679,'','Verificar la nueva version de Intellibanks, ver que mejoras tiene','100','120','','CristianMoreno','','Se logro instalar sobre intellibanks.net/ibanks6','2015-12-09','','','b','Planeación','16:00','2015-12-09'),(5680,'','Reporte de accesos/calificaciones Campus ASERTA','100','90','','JavierAaronLoraRangel','','','2015-12-09','','','c','Proyectos','10:00','2015-12-09'),(5681,'','Agregar usuarios conectados en las #SalasHTML','0','60','','CarlosVazquez','','','2015-12-09','','','b','Programación','','2015-12-09'),(5682,'','Agregar alertas cuando un usuario inicia sesión en las #SalasHTML','0','45','','CarlosVazquez','','','2015-12-09','','','c','Programación','','2015-12-09'),(5683,'','Colaborar en tabla de plan de fases de desarrollo del gestor','100','90','','JoseRojas','','','2015-12-09','','','b','Planeación','09:00','2015-12-09'),(5684,'','Junta TeamChat','100','30','http://www.empowerlabs.com/intellibanks/bin/view/EmpowerConferenceProject/Meeting9Dec15TeamChat','VictorHeredia','Jose.Rojas','11:00 Hr Mexico','2015-12-09','','','c','Proyectos','09:00','2015-12-09'),(5685,'','Macro Propuesta #Aserta - Borrador Docs','100','60','https://docs.google.com/document/d/1ijnDo2Fd3WIv1e2qoMYVipSJxtaTIMjvEUh3eoOMjqY/edit#','VictorHeredia','','','2015-12-09','','','a','Documentación','08:00','2015-12-09'),(5686,'','#Best Solutions Inducción','100','30','','VictorHeredia','Pablo.Lopez','Preparación para la sesión de mañana','2015-12-09','','','a','Cliente','11:00','2015-12-09'),(5687,'','HealthCare','100','30','','VictorHeredia','','','2015-12-09','','','a','Personal','19:00','2015-12-09'),(5688,'','Evento Armand Morin (Decidir)','50','15','','VictorHeredia','','','2015-12-09','','','a','Evento','09:00','2015-12-09'),(5689,'','Coordinación espacios #Aserta Cliente','100','05','','VictorHeredia','Cristian.Moreno','Reconfigurar espacios en wiki Cendesi a Aserta','2015-12-09','','','a','Proyectos','08:30','2015-12-09'),(5690,'','Especificaciones Server Salas Virtuales','100','30','','VictorHeredia','','','2015-12-09','','','a','Documentación','08:30','2015-12-09'),(5691,'','Añadir soporte para varias #SalasHTML','0','180','','CarlosVazquez','','','2015-12-11','','','b','Programación','','2015-12-11'),(5692,'','Crear minuta de la reunión sobre las #SalasHTML','100','15','http://www.empowerlabs.com/intellibanks/bin/view/EmpowerConferenceProject/Meeting9Dec15EConferencePlanDecember','CarlosVazquez','','','2015-12-09','','','b','Proyectos','','2015-12-09'),(5693,'','Junta con Lupita-Eric-Abraham para coordinar el procedimiento de Best Solutions','100','60','','PabloLopez','','','2015-12-09','','','b','Planeación','10:00','2015-12-09'),(5694,'','Junta con Jovy-Eric-Abraham para coordinar el procedimiento de Best Solutions','100','60','http://www.empowerlabs.com/intellibanks/bin/view/EmpowerLabsBusinessSolutions/ProjectBestSolutions','GuadalupeSanchez','','','2015-12-09','','','b','Junta','10:00','2015-12-09'),(5695,'','Junta con Lupita-Eric-Abraham para coordinar el procedimiento de Best Solution','100','60','','EricBaez','','','2015-12-09','','','b','Proyectos','10:00','2015-12-09'),(5696,'','Completar la inducción light para Best Solutions','100','120','http://www.empowerlabs.com/intellibanks/bin/view/EmpowerLabsAdminIntra/PlanInduccionBSolution','PabloLopez','AbrahamRojas','Parte 1/3','2015-12-09','','','b','Documentación','11:00','2015-12-09'),(5697,'','Junta con Lupita-Eric-Abraham para coordinar el procedimiento de Best Solutions','100','60','http://www.empowerlabs.com/intellibanks/bin/view/EmpowerLabsBusinessSolutions/ProjectBestSolutions','AbrahamRojas','','','2015-12-09','','','b','Planeación','10:00','2015-12-09'),(5698,'','Migrar los mapas al espacio del proyecto de BSolution','100','120','','EricBaez','','Hace falta  validar ','2015-12-09','','','b','Proyectos','11:00','2015-12-09'),(5699,'','Reportar accesos y calificaciones de Aserta, Cédula F ','100','45','','GuadalupeSanchez','','','2015-12-09','','','b','Administrativa','09:00','2015-12-09'),(5700,'','Crear minuta de la junta con TeamChat','100','15','http://www.empowerlabs.com/intellibanks/bin/view/EmpowerConferenceProject/Meeting9Dec15TeamChat','CarlosVazquez','','','2015-12-09','','','b','Proyectos','','2015-12-09'),(5701,'','Explorar TeamChat','50','180','https://www.mindmeister.com/622322525','JoseRojas','','Se crea un mapa mental','2015-12-10','','','b','Investigación','10:00','2015-12-10'),(5702,'','#Junta con VH y JC para revisar Propuestas #Aserta','100','30','https://docs.google.com/document/d/1ijnDo2Fd3WIv1e2qoMYVipSJxtaTIMjvEUh3eoOMjqY/edit#','AnabelVelasquez','','Previa junta JC','2015-12-09','','','a','Cliente','12:30','2015-12-09'),(5703,'','Activar las opciones del menú de Intellibanks estaban desactivadas y no deja editar tópicos ','100','30','http://www.empowerlabs.com/intellibanks/bin/view/ProyectoBSolutions/WebTopMenu','PabloLopez','AbrahamRojas','Se realizo esto porque era molestoso poner directamente en la URL que se quería editar, a su vez Abraham aprendió hacer este proceso.','2015-12-09','','','b','Programación','13:00','2015-12-09'),(5704,'','	Completar la inducción light para Best Solutions','100','120','http://www.empowerlabs.com/intellibanks/bin/view/EmpowerLabsAdminIntra/PlanInduccionBSolution','PabloLopez','AbrahamRojas','Parte 2/3','2015-12-09','','','b','Documentación','13:30','2015-12-09'),(5705,'','Organizar información en el tópico de EmpowerConference para tener claridad de la situación actual de las salas virtuales y hacia donde s','100','150','http://www.empowerlabs.com/intellibanks/bin/view/EmpowerConferenceProject/','CarlosVazquez','','Realizando inventario de los tópicos que conforman la Home para reorganizarlos','2015-12-11','','','b','Proyectos','','2015-12-11'),(5706,'','Completar documentación del proyecto bsystems ','75','90','','EricBaez','','','2015-12-09','','','b','Proyectos','14:00','2015-12-09'),(5707,'','hacer una iteración  en el mapa de aserta','50','60','','EricBaez','','','2015-12-09','','','b','Proyectos','16:00','2015-12-09'),(5708,'','Revisar configuración de actividades CedA Intelifin','0','60','','JavierAaronLoraRangel','','','2015-12-09','','','c','Proyectos','12:00','2015-12-09'),(5709,'','Quitar híper-vínculos en actividades CedA Intelifin','0','120','','JavierAaronLoraRangel','','','2015-12-09','','','c','Proyectos','13:00','2015-12-09'),(5710,'','	Completar la inducción light para Best Solutions','100','60','http://www.empowerlabs.com/intellibanks/bin/view/EmpowerLabsAdminIntra/PlanInduccionBSolution','PabloLopez','AbrahamRojas','Parte 3/3: creo que fue una gran experiencia debatir entre ambos y ver las cosas de diferentes perspectivas esto ayuda a mejorar el proceso ','2015-12-09','','','b','Documentación','16:30','2015-12-09'),(5711,'','Checar con Edi detalles de consulta de datos a la base de datos de metas #BSysPromotoria','100','30','http://www.empowerlabs.com/intellibanks/bin/view/DesarrolloBSysPromoria/ObjetivosTemplate','PabloLopez','EdiEusebio','Script de alta resuelto, falta por hacer el script para ver las metas de los objetivos ','2015-12-09','','','b','Programación','17:30','2015-12-09'),(5712,'','Crear un modulo de alta metas ','100','180','','EdiEusebio','','','2015-12-09','','','c','Programación','09:30','2015-12-09'),(5713,'','Crear modulo de DB para mostrar metas ','50','180','','EdiEusebio','','','2015-12-09','','','c','Programación','12:30','2015-12-09'),(5714,'','Trabajar en la revisión de mapas y documentación de BSolutions ','100','0','','GuadalupeSanchez','EricBaez','','2015-12-09','','','b','Documentación','09:00','2015-12-09'),(5715,'','Crear tópico PropuestasEmpowerLabsAserta en la web AsertaIntra y bajar las propuestas EmpowerLabs-Aserta','100','60','http://www.intellibanks.net/cendesi/bin/view/AsertaIntra/PropuestasEmpowerLabsAserta','JuanCarlosAngeles','','','2015-12-09','','','b','Cliente','18:30','2015-12-09'),(5716,'','Agregar información, revisar y corregir errores del documento en google drive EEco- Macro Propuesta Servicios eLearning','100','120','https://docs.google.com/document/d/1ijnDo2Fd3WIv1e2qoMYVipSJxtaTIMjvEUh3eoOMjqY/edit','JuanCarlosAngeles','','','2015-12-09','','','a','Cliente','16:30','2015-12-09'),(5717,'','Levantar nuevo intellibanks en empowerlabs para pruebas con la nueva version','0','120','','CristianMoreno','','','2015-12-10','','','b','Programación','09:30','2015-12-10'),(5718,'','Implmentar app sencilla que permita despues pasarse a Jquery mobile','0','45','','CristianMoreno','','','2015-12-10','','','b','Planeación','10:30','2015-12-10'),(5719,'','Crear plan con mario de  Logueo Unificado','0','120','','CristianMoreno','','','2015-12-10','','','c','Planeación','12:00','2015-12-10'),(5720,'','Estudiar el Patter skin para entender su estructura','0','90','','CristianMoreno','','','2015-12-10','','','b','Planeación','15:00','2015-12-10'),(5721,'','Junta para realizar la planeación para Best solution ','100','30','','PabloLopez','','','2015-12-10','','','b','Junta','09:00','2015-12-10'),(5722,'','Participar en preparación de proceso con BSolutions','100','150','','GuadalupeSanchez','','','2015-12-10','','','b','Cliente','09:00','2015-12-10'),(5723,'','Reportar actividades y asistencias en Cédula A de Aserta','100','45','','GuadalupeSanchez','','','2015-12-10','','','b','Administrativa','09:00','2015-12-10'),(5724,'','Ajustar ligas y asegurar que todo esta al 100 para el proceso con Best Solution','100','30','','PabloLopez','','','2015-12-10','','','b','Planeación','09:30','2015-12-10'),(5725,'','Junto de planificación de proceso Best Solutions','null','30','','AbrahamRojas','','','2015-12-10','','','a','Planeación','09:00','2015-12-10'),(5726,'','Proceso Best Solutions','0','180','','AbrahamRojas','','','2015-12-10','','','b','Curso','10:00','2015-12-10'),(5727,'','Afinar detalles Best Solutions','0','30','','AbrahamRojas','','','2015-12-10','','','a','Planeación','09:30','2015-12-10'),(5728,'','Pre-Reporte Accesos/Calificaciones ASERTA','100','30','','JavierAaronLoraRangel','','','2015-12-10','','','c','Proyectos','09:30','2015-12-10'),(5729,'','Reunión Team EmpowerLabs','100','30','','JavierAaronLoraRangel','','','2015-12-10','','','c','Junta','09:00','2015-12-10'),(5730,'','Definir historias de usuario de  los procesos de bsolution','50','60','','EricBaez','','','2015-12-10','','','b','Proyectos','09:00','2015-12-10'),(5731,'','Monitoreo Instituto HG ','100','30','','VictorCastillo','','','2015-12-08','','','c','Cliente','','2015-12-08'),(5732,'','Planeación de actividades','100','15','','VictorCastillo','','','2015-12-10','','','b','Administrativa','09:00','2015-12-10'),(5733,'','Coordinación y revisión de actividades #ELabsAcademy','100','15','','VictorCastillo','','','2015-12-10','','','b','Planeación','09:00','2015-12-10'),(5734,'','Apoyo, elaboración y revisión de reporte #Aserta','100','90','','VictorCastillo','','','2015-12-10','','','b','Cliente','10:00','2015-12-10'),(5735,'','Llamada para  ver detalles de convenio UP - Xochitepec (Puebla)','100','15','','VictorCastillo','','','2015-12-10','','','b','Proyectos','09:30','2015-12-10'),(5736,'','Desarrolllar Curso Habilidades Digitales','50','60','','VictorCastillo','','','2015-12-10','','','b','Documentación','12:30','2015-12-10'),(5737,'','Continuar llamadas seguimiento para firma y envío de correos','50','90','','VictorCastillo','','','2015-12-10','','','b','Proyectos','12:00','2015-12-10'),(5738,'','junta con equipo BestSolutins','50','45','','JoseRojas','','','2015-12-10','','','b','Junta','09:00','2015-12-10'),(5739,'','Junta con el equipo para planear soluciones en BestSolution','100','30','','EdiEusebio','','','2015-12-10','','','c','Proyectos','09:00','2015-12-10'),(5740,'','Reporte de Accesos/Calificaciones ASERTA CedB','0','60','','JavierAaronLoraRangel','','','2015-12-10','','','c','Proyectos','10:00','2015-12-10'),(5741,'','Agregar tópicos BSolutions para tener todo en un lugar y revisar el Home','100','15','http://www.empowerlabs.com/intellibanks/bin/view/ProyectoBSolutions/BSolutionsProcesos','GuadalupeSanchez','','','2015-12-10','','','c','Administrativa','09:00','2015-12-10'),(5742,'','Continuar proyecto campus intelifin','0','120','','JavierAaronLoraRangel','','','2015-12-10','','','c','Proyectos','11:00','2015-12-10'),(5743,'','Elaboración reporte semanal Ced-H','100','60','','VictorCastillo','','','2015-12-10','','','b','Cliente','11:00','2015-12-10'),(5744,'','Junta con Best Solution para tener un tour en Intellibanks','100','150','','PabloLopez','','','2015-12-10','','','b','Junta','10:00','2015-12-10'),(5745,'','Crear directorio de BSolution','100','15','http://www.empowerlabs.com/intellibanks/bin/view/ProyectoBSolutions/BSolutionsDirectorio','EricBaez','','','2015-12-10','','','a','Proyectos','10:00','2015-12-10'),(5746,'','Enviar informes de los cursos #Intelifin a Arturo Rugarcia Torres <arturorugarciatorres@hotmail.com>','100','05','','JuanCarlosAngeles','','','2015-12-10','','','c','Cliente','12:00','2015-12-10'),(5747,'','Realizar consulta php para mostrar en metas de un topico','100','180','','EdiEusebio','','','2015-12-10','','','c','Proyectos','10:00','2015-12-10'),(5748,'','Reparar grabaciones de las sesiones de repaso #Intelifin','100','120','','JuanCarlosAngeles','','','2015-12-10','','','c','Curso','11:00','2015-12-10'),(5749,'','Elaborar y enviar reporte #Aserta Directivos','100','30','','JuanCarlosAngeles','','','2015-12-10','','','b','Curso','12:30','2015-12-10'),(5750,'','Coordinación con Jose Arambula','100','05','','PabloLopez','','José es integrante de Best Solutions no tenia dudas solo se le olvido dar cancelar','2015-12-10','','','b','Planeación','12:30','2015-12-10'),(5751,'','Ver avances en general de la nueva iteración de #BSysPromotoria','100','30','','PabloLopez','','Ver en que estamos en donde estamos, que hace falta y organizar al equipo BSysTeam','2015-12-10','','','b','Planeación','12:30','2015-12-10'),(5752,'','Arreglar el home y logos de la web intra de Best Solutions ','100','30','http://www.empowerlabs.com/intellibanks/bin/view/ProyectoBSolutions/WebPreferences','PabloLopez','EricBaez','','2015-12-10','','','c','Programación','13:00','2015-12-10'),(5753,'','Crear minuta de Junta con BSolutions','100','30','http://www.empowerlabs.com/intellibanks/bin/view/EmpowerLabsIntra/Junta10Dic15BestSolutions','GuadalupeSanchez','','','2015-12-10','','','c','Documentación','09:00','2015-12-10'),(5754,'','Crear tópico de Notas para una organización inteligente que iremos iterando','100','15','http://www.empowerlabs.com/intellibanks/bin/view/EmpowerLabsIntra/ConstruyendoOrganizacionInteligente','GuadalupeSanchez','','','2015-12-10','','','c','Documentación','09:00','2015-12-10'),(5755,'','Revisar avances con Edi','100','90','','PabloLopez','EdiEusebio','Detalles con mostrar datos de los objetivos, se completo la App #BSysPromotoria','2015-12-10','','','b','Programación','13:30','2015-12-10'),(5756,'','Revisar  ajustes de directorio  ','100','15','http://www.empowerlabs.com/intellibanks/bin/view/ProyectoBSolutions/BSolutionsDirectorio','EricBaez','','','2015-12-10','','','a','Proyectos','13:30','2015-12-10'),(5757,'','Pruebas de metas  en   mis  objetivos  Promotorias','100','90','http://www.empowerlabs.com/intellibanks/bin/view/DesarrolloBSysPromoria/Obj-EricBaez-1#','EricBaez','','','2015-12-10','','','b','Proyectos','14:00','2015-12-10'),(5758,'','Incluir la App de objetivos en el  menú lateral','100','30','http://www.empowerlabs.com/intellibanks/bin/view/DesarrolloBSysPromoria/WebHome','PabloLopez','','','2015-12-10','','','b','Programación','16:00','2015-12-10'),(5759,'','Graficar las ventas para estadística de ventas cerradas por mes (gráfica completa, estamos en desarrollo del script para leer ventas de ce','75','90','http://www.empowerlabs.com/intellibanks/bin/view/DesarrolloBSysPromoria/PruebaGraficaVenta','PabloLopez','La gráfica ya quedo estamos en desarrollo del script para leer las ventas cerradas por mes de las ventas de Intellibanks','Edi registrando ventas para hacer pruebas, Eric y Jovy creando script para poder leer las ventas cerradas Edi observador de como hacer este','2015-12-10','','','b','Programación','16:30','2015-12-10'),(5760,'','Graficar las ventas para estadística de ventas cerradas por mes','100','90','','EricBaez','','','2015-12-10','','','b','Proyectos','16:30','2015-12-10'),(5761,'','Incluir la App de objetivos en el menú lateral','75','30','','EricBaez','','','2015-12-10','','','b','Proyectos','16:00','2015-12-10'),(5762,'','Graficar las ventas para estadística de ventas cerradas por mes','75','90','','EdiEusebio','','Edi registrando ventas para hacer pruebas, Eric y Jovy creando script para poder leer las ventas cerradas Edi observador de como hacer este','2015-12-10','','','c','Proyectos','16:30','2015-12-10'),(5763,'','Incluir la App de objetivos en el menú lateral','75','30','','EdiEusebio','','','2015-12-10','','','c','Proyectos','16:00','2015-12-10'),(5764,'','Concluir módulo para subir archivos al servidor','100','90','','AngelesBravo','','','2015-12-10','','','b','Programación','09:30','2015-12-10'),(5765,'','Junta con el equipo #BSystem','100','30','','AngelesBravo','','','2015-12-10','','','b','Junta','09:00','2015-12-10'),(5766,'','Crear módulo de encuestas para #SalasHTML5','0','180','','AngelesBravo','','','2015-12-10','','','b','Programación','14:00','2015-12-10'),(5767,'','Realizar pruebas módulo para subir archivos al servidor','100','45','','AngelesBravo','','','2015-12-10','','','b','Proyectos','12:00','2015-12-10'),(5768,'','Investigar como realizar encuestas y si existen plugins/librerias ','50','90','','AngelesBravo','','','2015-12-10','','','b','Investigación','14:00','2015-12-10'),(5769,'','Junta con VicCastillo ver que seguimiento se va realizar el dia de hoy con #ELabsAcademy','100','30','','JohnMota','','','2015-12-10','','','b','Proyectos','09:30','2015-12-10'),(5770,'','realizar una iterando con lo del  curso de habilidades digitales','75','90','http://www.empowerlabs.com/intellibanks/bin/view/EmpowerLabsAdminIntra/EmpowerLabsCursoDigitalizacion','JohnMota','','#ELabsAcademy pagada','2015-12-10','','','c','Proyectos','10:00','2015-12-10'),(5771,'','plan de las universidades  de Chiapas','75','90','https://docs.google.com/spreadsheets/d/12-nMklA1tgG02nuuFo7-hiz5JTAFZCOY56u8K_eVPAU/edit#gid=442486616','JohnMota','','buscar datos de las universidades de chipas en donde se va integrar Empowerlabs $','2015-12-10','','','c','Proyectos','11:00','2015-12-10'),(5772,'','Realizar un plan sobre el proceso que se va a llevar en EmpowerLabsCursoDigitalizacion','75','120','http://www.empowerlabs.com/intellibanks/bin/view/EmpowerLabsAdminIntra/ProyectoEmpowerLabsInduccion','JohnMota','','revise los antiguos de ProyectoEmpowerLabsInduccion','2015-12-10','','','c','Proyectos','14:00','2015-12-10'),(5773,'','Actualizar directorio de EmpowerLabs','100','15','http://www.empowerlabs.com/intellibanks/bin/view/EmpowerLabsIntra/EmpowerLabsDirectorio','GuadalupeSanchez','','','2015-12-10','','','d','Administrativa','09:00','2015-12-10'),(5774,'','Crear una mini app Tablero de Propuestas en la web Aserta Intra','100','150','http://www.intellibanks.net/cendesi/bin/view/AsertaIntra/PropuestasEmpowerLabsAserta','JuanCarlosAngeles','','','2015-12-10','','','b','Programación','13:30','2015-12-10'),(5775,'','Junta de revisión de avances','100','60','','GuadalupeSanchez','','','2015-12-10','','','c','Junta','09:00','2015-12-10'),(5776,'','Realizar y grabar llamada con Ani y con Eduardo Benítez del Tec de Monterrey (revisar requerimientos eLearning)','100','30','http://www.intellibanks.net/ecosystem/bin/view/EEcoSalesIntra/SPTM-10126','JuanCarlosAngeles','','','2015-12-11','','','c','Cliente','09:00','2015-12-11'),(5777,'','Pre-Reporte Accesos/Calificaciones ASERTA','100','30','','JavierAaronLoraRangel','','','2015-12-11','','','c','Proyectos','09:00','2015-12-11'),(5778,'','Colaborar con Reporte Aserta','100','60','','JavierAaronLoraRangel','','','2015-12-11','','','c','Proyectos','09:30','2015-12-11'),(5779,'','Construir CedA Intelifin','75','120','','JavierAaronLoraRangel','','','2015-12-11','','','c','Proyectos','11:00','2015-12-11'),(5780,'','Revisar el proyecto de Best Solutions','100','45','http://www.empowerlabs.com/intellibanks/bin/view/ProyectoBSolutions/InduccionIntellibanks','PabloLopez','EricBaez','Para facilitar el metodo de firmas por Best Solutions hemos tomado la decisión de crear un botón de Firma','2015-12-11','','','a','Planeación','09:00','2015-12-11'),(5781,'','Reportar actividad en cédula B de Aserta','100','45','','GuadalupeSanchez','','','2015-12-11','','','b','Administrativa','09:00','2015-12-11'),(5782,'','Ajustar de detalles para poder usar el PAP','100','150','http://www.empowerlabs.com/intellibanks/bin/view/EmpowerLabsIntra/PlanAccionesPrioritariasDashboard','PabloLopez','AbrahamRojas','Ajuste de experiencia del usuario, y componiendo la instalación se instalo mal el PAP ','2015-12-11','','','a','Programación','13:00','2015-12-11'),(5783,'','Revisar ajustes de la App de estadísticas de ventas ','100','180','','PabloLopez','EricBaez','Creando la funcionalidad de que el usuario pueda la gráfica del año actual y 5 años antes','2015-12-11','','','b','Programación','09:30','2015-12-11'),(5784,'','Diagóstico #prospecto ITESM','100','45','http://www.intellibanks.net/ecosystem/bin/view/EEcoSalesIntra/SPTM-10126','AnabelVelasquez','JuanCarlosAngeles','','2015-12-11','','','a','Cliente','09:00','2015-12-11'),(5785,'','Actualizar bitácora #Aserta','100','15','http://www.intellibanks.net/cendesi/bin/view/AsertaIntra/AsertaBitacoraActividades','AnabelVelasquez','','','2015-12-11','','','c','Cliente','09:30','2015-12-11'),(5786,'','Buscar información sobre encuestas dinámicas #SalasHTML5','100','150','','AngelesBravo','','','2015-12-11','','','b','Investigación','09:30','2015-12-11'),(5787,'','Crear prototipos de encuestas #SalasHRML5','50','180','','AngelesBravo','','','2015-12-11','','','b','Programación','11:00','2015-12-11'),(5788,'','Realizar pruebas de prototipos de encuestas','50','60','','AngelesBravo','','','2015-12-11','','','b','Proyectos','16:30','2015-12-11'),(5789,'','concluir propuestas nuevas de infografía par alkimia','100','60','https://app.conceptboard.com/board/9rdm-pzp5-nrp8-ypym-ex57#','UrielHidalgo','','','2015-12-11','','','a','Proyecto','','2015-12-11'),(5790,'','Concluir fases de proceso general de Diseño','100','60','http://www.empowerlabs.com/intellibanks/bin/view/ProjectDigitalDesignStudio/ProcesoGeneralDiseno','UrielHidalgo','','','2015-12-11','','','a','Documentación','','2015-12-11'),(5791,'','verificar con Mario el login unificado y plantear la idea de implementarlo como se hizo con Intelifin','0','45','','CristianMoreno','','','2015-12-11','','','b','Junta','11:00','2015-12-11'),(5792,'','Revisar hoja de control #Aserta','100','15','https://docs.google.com/spreadsheets/d/1EoVTUnBq4kJ0_AJRLby4hA8twco9Mgm9a5NJySt0NcM/edit#gid=475143500','AnabelVelasquez','VictorCastillo','','2015-12-11','','','a','Cliente','10:00','2015-12-11'),(5793,'','Seguimiento a error en #SalaVirtual para Mac','100','15','','AnabelVelasquez','RogerioSilva','Rogerio Silva reporta que está en proceso','2015-12-11','','','c','Proyectos','10:00','2015-12-11'),(5794,'','Crear modulo de alta en PuntosIntegrales','100','180','','EdiEusebio','','','2015-12-11','','','c','Programación','09:30','2015-12-11'),(5795,'','Crear modulo que permita mostrar en una tabla Puntos integrales','100','180','','EdiEusebio','','','2015-12-11','','','c','Programación','12:30','2015-12-11'),(5796,'','#Junta con VH y equipo para revisar plan cierre año','100','15','http://www.empowerlabs.com/intellibanks/bin/view/EmpowerLabsIntra/EmpowerLabsTableroPrioridades','AnabelVelasquez','','','2015-12-11','','','a','Proyectos','11:00','2015-12-11'),(5797,'','Enviar reporte #Aserta Directivos A y B','100','30','https://docs.google.com/spreadsheets/d/1EoVTUnBq4kJ0_AJRLby4hA8twco9Mgm9a5NJySt0NcM/edit#gid=475143500','AnabelVelasquez','','','2015-12-11','','','a','Cliente','12:30','2015-12-11'),(5798,'','Procesar nuevas claves #IHG Fogoncito','100','45','https://docs.google.com/spreadsheets/d/1DaeU6XTJd3u1R9R035c53nlgpKPUwa--xh3Bx8I55gg/edit#gid=1036515099','AnabelVelasquez','','','2015-12-11','','','b','Cliente','10:30','2015-12-11'),(5799,'','Correr script de sincronizacion de BD #IHG','100','15','http://institutohg.com/','AnabelVelasquez','','','2015-12-14','','','a','Cliente','09:00','2015-12-14'),(5800,'','Actualizar tablero de prioridades','100','15','http://www.empowerlabs.com/intellibanks/bin/view/EmpowerLabsIntra/EmpowerLabsTableroPrioridades#Gestor_de_Actividades_L_der_Alex','JoseRojas','','','2015-12-11','','','a','Proyectos','11:00','2015-12-11'),(5801,'','Definir arquitectura de nuevo gestor de actividades','100','180','http://www.empowerlabs.com/intellibanks/bin/view/EmpowerLabsMobileApps/ProjectGestorDeActividadesVSolucion#Arquitectura','JoseRojas','','','2015-12-15','','','a','Proyectos','','2015-12-15'),(5802,'','Establecer plan de trabajo','100','45','','JoseRojas','','','2015-12-11','','','b','Planeación','10:00','2015-12-11'),(5803,'','Junta objetivos de diciembre 2015','100','15','','JoseRojas','','','2015-12-11','','','b','Junta','10:30','2015-12-11'),(5804,'','Participar en el WebCamp on WordPress','100','90','','GuadalupeSanchez','','Duró 2 horas pero no pude verlo completo','2015-12-11','','','d','Personal','11:00','2015-12-11'),(5805,'','Junta con Jovy y Eric para detalles del Bsystem de Best Solutions','100','15','','JuanCarlosAngeles','','','2015-12-11','','','c','Planeación','13:00','2015-12-11'),(5806,'','Migrar app de \"licitaciones\" a la web de BSolutions para la adaptación a su Core Business Process','100','90','www.empowerlabs.com/intellibanks/bin/view/ProyectoBSolutions/AppProcesoLicitacionAdjudicacion','JuanCarlosAngeles','','','2015-12-11','','','b','Programación','13:30','2015-12-11'),(5807,'','Avanzar con el plan para la próxima etapa de los cursos Aserta','75','60','http://www.intellibanks.net/ecosystem/bin/view/EEcoNegocios/IntelifinIntra/PlanEmpowerlabsAsertaDic2015','JuanCarlosAngeles','','','2015-12-17','','','d','Planeación','','2015-12-17'),(5808,'','Revisar actividades de Gustavo Carmona','100','15','','GuadalupeSanchez','','Envío de correo, para saber si hay dudas y poder seguir avanzando con sus actividades de BSolutions','2015-12-11','','','b','Cliente','09:00','2015-12-11'),(5809,'','Editar Tablero de prioridades #EmpowerLabs','100','15','http://www.empowerlabs.com/intellibanks/bin/view/EmpowerLabsIntra/EmpowerLabsTableroPrioridades','AnabelVelasquez','','','2015-12-11','','','a','Proyectos','11:00','2015-12-11'),(5810,'','Incorporar la subida de archivos realizada por Ãngeles en las #SalasHTML','0','60','','CarlosVazquez','','','2015-12-11','','','b','Programación','','2015-12-11'),(5811,'','Ajustar  Gráfica para mostrar servicios por usuarios','100','90','','EricBaez','','','2015-12-11','','','b','Proyectos','14:00','2015-12-11'),(5812,'','Probar teamchat, explorar sus finciones','100','150','','JoseRojas','','','2015-12-11','','','b','Investigación','12:00','2015-12-11'),(5813,'','Junta para ver la planeación de la App de Sales Tracker','100','30','http://www.empowerlabs.com/intellibanks/bin/view/EmpowerLabsBusinessSolutions/PlanImplementacionBSystemsTracker','PabloLopez','JuanCarlosAngeles','y con EricBaez','2015-12-11','','','b','Junta','12:30','2015-12-11'),(5814,'','Junta para ver la planeación de la App de Sales Tracker','100','45','','EricBaez','','Con Jovy','2015-12-11','','','a','Junta','13:30','2015-12-11'),(5815,'','Inscribir claves Fogoncito en #LMS #IHG','100','60','https://docs.google.com/spreadsheets/d/1DaeU6XTJd3u1R9R035c53nlgpKPUwa--xh3Bx8I55gg/edit?usp=drive_web','AnabelVelasquez','','','2015-12-11','','','b','Cliente','15:00','2015-12-11'),(5816,'','Revisar reporte de Ced H #Aserta semanal y generar corte de claves','100','60','https://docs.google.com/spreadsheets/d/1EoVTUnBq4kJ0_AJRLby4hA8twco9Mgm9a5NJySt0NcM/edit#gid=475143500','AnabelVelasquez','','','2015-12-11','','','a','Cliente','11:30','2015-12-11'),(5817,'','Resumen requerimientos #prospecto ITESM','100','30','http://www.intellibanks.net/ecosystem/bin/view/EEcoSalesIntra/SPTM-10126','AnabelVelasquez','','','2015-12-11','','','a','Cliente','13:00','2015-12-11'),(5818,'','Crear segunda interfaz de la gráfica de ventas debido a que si no somos promotores debemos de poder ver sola la gráfica con nuestras venta','100','45','','PabloLopez','EricBaez','También incorporar estas opciones al menú lateral izquierdo','2015-12-11','','','a','Programación','16:30','2015-12-11'),(5819,'','Actualizar proceso de realización de videos indicando las fases donde se necesita de la intervención del cliente','100','60','http://www.empowerlabs.com/intellibanks/bin/view/ProjectDigitalDesignStudio/ProcesoVideoIlustrativos','UrielHidalgo','','','2015-12-11','','','a','Documentación','','2015-12-11'),(5820,'','Se ajusto la Base de datos con todos los datos necesarios pra ponernos en contacto y ingresar sus datos a la AccounDB ','75','180','https://docs.google.com/spreadsheets/d/12-nMklA1tgG02nuuFo7-hiz5JTAFZCOY56u8K_eVPAU/edit#gid=1682481032','JohnMota','','','2015-12-11','','','b','Proyectos','10:00','2015-12-11'),(5821,'','Se reviso el proceso que va tener el EmpowerLabsCursoDigitalizacion.','75','60','','JohnMota','','','2015-12-11','','','c','Proyectos','14:00','2015-12-11'),(5822,'','se actualizo los datos de las universidades de Chiapas para der seguimiento con #ELabsAcademy','75','60','','JohnMota','','','2015-12-11','','','c','Proyectos','15:00','2015-12-11'),(5823,'','Junta con CH para revisar avances y dar prioridad a tareas','100','30','','UrielHidalgo','','','2015-12-11','','','a','Junta','09:00','2015-12-11'),(5824,'','Junta con el inge para la reunión con Best Solutions','0','45','','PabloLopez','','','2015-12-11','','','a','Junta','17:00','2015-12-11'),(5825,'','Junta  con BSolutions  para ver mostrar  app de ventas(ejemplo)','100','60','','EricBaez','','','2015-12-11','','','b','Junta','17:00','2015-12-11'),(5826,'','Rehacer el plan de hacer la alta y consulta de PuntosIntegrales','100','120','','EdiEusebio','','','2015-12-11','','','c','Programación','14:00','2015-12-11'),(5827,'','Pre-reporte calificaciones/accesos ASERTA','100','60','','JavierAaronLoraRangel','','','2015-12-14','','','c','Proyectos','09:00','2015-12-14'),(5828,'','Reporte calificaciones/accesos ASERTA','100','90','','JavierAaronLoraRangel','','','2015-12-14','','','b','Proyectos','10:00','2015-12-14'),(5829,'','Crear módulo de encuestas app #Salas HTML','50','180','','AngelesBravo','','','2015-12-14','','','b','Programación','09:30','2015-12-14'),(5830,'','Seguimiento con #prospecto ITESM','100','15','http://www.intellibanks.net/ecosystem/bin/view/EEcoSalesIntra/SPTM-10126','AnabelVelasquez','JuanCarlosAngeles','','2015-12-14','','','b','Cliente','09:30','2015-12-14'),(5831,'','Actualizar bitácora #Aserta','100','15','http://www.intellibanks.net/cendesi/bin/view/AsertaIntra/AsertaBitacoraActividades','AnabelVelasquez','','','2015-12-14','','','a','Cliente','09:00','2015-12-14'),(5832,'','Seguimiento a error en #SalaVirtual para Mac','0','05','','AnabelVelasquez','','','2015-12-15','','','b','Proyectos','','2015-12-15'),(5833,'','Seguimiento a actividades de Tablero de prioridades #EmpowerLabs','100','60','','AnabelVelasquez','','','2015-12-15','','','a','Proyectos','','2015-12-15'),(5834,'','Trabajar en los formularios para las encuestas #SalasHTML','50','180','','AngelesBravo','','','2015-12-14','','','b','Programación','09:30','2015-12-14'),(5835,'','Enviar reporte #Aserta Directivos A y B','100','30','https://docs.google.com/spreadsheets/d/1EoVTUnBq4kJ0_AJRLby4hA8twco9Mgm9a5NJySt0NcM/edit#gid=475143500','AnabelVelasquez','','','2015-12-14','','','a','Cliente','12:00','2015-12-14'),(5836,'','Seguimiento a Gestor de Actividades #Empowerlabs','100','15','http://www.empowerlabs.com/intellibanks/bin/view/EmpowerLabsIntra/RealTimeSystem','AnabelVelasquez','JoseRojas','Pendiente carga de datos en form de edición - Contemplado para versión 2','2015-12-14','','','c','Proyectos','09:30','2015-12-14'),(5837,'','Mapear preguntas diagnóstico #Aserta','100','90','https://www.mindmeister.com/623424005','AnabelVelasquez','MarioCortes','Tecnología / Infraestructura e Instalación / Configuración LMS Apoya JC','2015-12-14','','','a','Cliente','10:00','2015-12-14'),(5838,'','Revisar avances del equipo de Best Solutions #BestSolutions','100','30','','PabloLopez','EricBaez','','2015-12-14','','','b','Planeación','08:30','2015-12-14'),(5839,'','Planeación de actividades','0','15','','VictorCastillo','','','2015-12-14','','','b','Administrativa','09:00','2015-12-14'),(5840,'','Revisar el Core Business Process para ajustar el Sales Tracker #BestSolutions','100','60','http://www.empowerlabs.com/intellibanks/bin/view/ProyectoBSolutions/AjustesSalesTracker','PabloLopez','EricBaez','','2015-12-14','','','b','Personal','09:30','2015-12-14'),(5841,'','Reportar calificaciones o actividades en cédula F de Aserta','100','45','','GuadalupeSanchez','','','2015-12-14','','','b','Administrativa','09:00','2015-12-14'),(5842,'','Incorporar subida de archivos a las #SalasHTML usando Angular Material','100','150','','CarlosVazquez','','','2015-12-15','','','b','Programación','','2015-12-15'),(5843,'','Establecer plan de desarrollo del nuevo gestor de actividades','100','60','','JoseRojas','','','2015-12-14','','','b','Planeación','10:00','2015-12-14'),(5844,'','terminar presentación de videos','100','150','http://www.empowerlabs.com/intellibanks/bin/view/ProjectDigitalDesignStudio/DigitalDesignUnidadNegocios','UrielHidalgo','','','2015-12-14','','','a','Documentación','','2015-12-14'),(5845,'','Iterar tópico de ProcesoVideoIlustrativos ','100','30','http://www.empowerlabs.com/intellibanks/bin/view/ProjectDigitalDesignStudio/ProcesoVideoIlustrativos','UrielHidalgo','','','2015-12-14','','','b','Documentación','','2015-12-14'),(5846,'','Iterar tópico de fases de proceso general de Diseño','75','30','http://www.empowerlabs.com/intellibanks/bin/view/ProjectDigitalDesignStudio/ProcesoGeneralDiseno','UrielHidalgo','','','2015-12-14','','','b','Documentación','','2015-12-14'),(5847,'','Completar la sección de ejecución (todo el equipo) en mapa de CBP de Best Solutions','null','0','https://www.mindmeister.com/621320373','GuadalupeSanchez','','','2015-12-14','','','b','Proyectos','09:00','2015-12-14'),(5848,'','Análizar requisitos previos para poder actualizar el Sales Tracker #BestSolutions','100','60','http://www.empowerlabs.com/intellibanks/bin/view/EmpowerLabsBusinessSolutions/PlanImplementacionBSystemsTracker','PabloLopez','EricBaez','Planeación del sales tracker','2015-12-14','','','b','Programación','10:30','2015-12-14'),(5849,'','Ajustar la App de puntos integrales #BSysPromotoria','100','30','','PabloLopez','','Detalles no hay base de datos por eso no jala al parecer Edi uso su propio servidor mas no el de la empresa','2015-12-14','','','b','Programación','11:30','2015-12-14'),(5850,'','COmpletar tabla de inventario de sitios web','50','60','','MarioCortes','','','2015-12-14','','','b','Documentación','11:30','2015-12-14'),(5851,'','Coordinar detalles finales de migración Intelifin','50','60','','MarioCortes','','','2015-12-14','','','b','Cliente','12:30','2015-12-14'),(5852,'','Concluir CedA Intelifin','100','120','','JavierAaronLoraRangel','','','2015-12-14','','','c','Proyectos','11:30','2015-12-14'),(5853,'','Mapear preguntas diagnóstico #Aserta','100','90','https://www.mindmeister.com/623424005','AnabelVelasquez','','Operación Campus','2015-12-14','','','a','Cliente','13:00','2015-12-14'),(5854,'','Revisar corte de claves #Aserta Ced H','100','30','https://docs.google.com/spreadsheets/d/1EoVTUnBq4kJ0_AJRLby4hA8twco9Mgm9a5NJySt0NcM/edit#gid=475143500','AnabelVelasquez','','','2015-12-14','','','b','Cliente','11:30','2015-12-14'),(5855,'','Enviar informes de los cursos Intelifin a jose luis treviño <taverapp@hotmail.com>','100','15','','JuanCarlosAngeles','','','2015-12-14','','','c','Cliente','12:30','2015-12-14'),(5856,'','Crear listado de Usuarios activos en los cursos Intelifin para hacer el cambio de LMS (baja de intellibanks)','100','30','','JuanCarlosAngeles','','','2015-12-14','','','b','Curso','13:00','2015-12-14'),(5857,'','Avanzar con el respaldo de las sesiones grab de repaso de los cursos de céd A y B Intelifin ','50','60','','JuanCarlosAngeles','','','2015-12-21','','','c','Curso','','2015-12-21'),(5858,'','Analizar   la versión anterior de la notaria  paraa partir de esta ','100','60','','EricBaez','','','2015-12-14','','','b','Proyectos','13:00','2015-12-14'),(5859,'','Enviar correo al Lic. Benitez del ITESM (negativa de servicio elearning)','100','15','','JuanCarlosAngeles','','','2015-12-14','','','c','Cliente','09:30','2015-12-14'),(5860,'','Rehacer todos los scripts para el módulo de \"Puntos integrales\" Parte 1/2','100','150','http://www.empowerlabs.com/intellibanks/bin/view/DesarrolloBSysPromoria/PuntosIntegrales','PabloLopez','EdiEusebio','','2015-12-14','','','b','Programación','12:30','2015-12-14'),(5861,'','Crear plan para el desarrollo de la demo de las #SalasHTML','100','45','http://www.empowerlabs.com/intellibanks/bin/view/EmpowerConferenceProject/DecDeliverablePlan','CarlosVazquez','','','2015-12-14','','','b','Proyectos','','2015-12-14'),(5862,'','Soporte manejo menues #IHG','100','45','http://www.cendesi.com','AnabelVelasquez','','','2015-12-14','','','a','Cliente','12:30','2015-12-14'),(5863,'','#Junta con Jesús Sibilla ','100','60','','AnabelVelasquez','','','2015-12-14','','','b','Cliente','16:30','2015-12-14'),(5864,'','Revisar formato CedA','100','120','','JavierAaronLoraRangel','','','2015-12-14','','','c','Proyectos','13:30','2015-12-14'),(5865,'','Realizar Junta con vic Castillo','75','30','','JohnMota','','','2015-12-14','','','b','Proyectos','09:30','2015-12-14'),(5866,'','Adaptar  menu desplegable integrando todas las funciones del sistema de  notarias','100','120','http://www.empowerlabs.com/intellibanks/bin/view/ProyectoNotaria22/HomeMenu','EricBaez','','','2015-12-14','','','b','Proyectos','16:00','2015-12-14'),(5867,'','Actualizar Bitácora general de #LabsAcademy con puntos nuevos  para el proceso ','75','30','http://www.empowerlabs.com/intellibanks/bin/view/EmpowerLabsAdminIntra/EmpowerLabsPromocionEstadiasBitacora','JohnMota','','','2015-12-14','','','c','Proyectos','10:00','2015-12-14'),(5868,'','Actualizar el Estatus sobre Universidades  nuevas que ya tenemos convenios  ','75','30','','JohnMota','','','2015-12-14','','','c','Proyectos','10:30','2015-12-14'),(5869,'','crear proceso de Presentacion de promoción de Empowerlabs','75','90','http://www.empowerlabs.com/intellibanks/bin/view/EmpowerLabsAdminIntra/EmpowerLabsPromocionEstadiasMaterialesPresentaciones','JohnMota','','','2015-12-14','','','b','Proyectos','12:00','2015-12-14'),(5870,'','Revisión de avances por Alex','100','15','','AngelesBravo','','','2015-12-14','','','b','Junta','17:30','2015-12-14'),(5871,'','Rehacer todos los scripts para el módulo de \"Puntos integrales\" Parte 2/2','100','120','http://www.empowerlabs.com/intellibanks/bin/view/DesarrolloBSysPromoria/PuntosIntegrales','PabloLopez','EdiEusebio','Completo el módulo de puntos integrales para el sistema #BSysPromotoria','2015-12-14','','','b','Programación','16:00','2015-12-14'),(5872,'','Crear BD de Puntos integrales','100','30','','EdiEusebio','','','2015-12-14','','','c','Programación','09:00','2015-12-14'),(5873,'','Ver una solución para la demo #BSysNotaria','100','30','http://www.empowerlabs.com/intellibanks/bin/view/ProyectoNotaria22/WebHome','PabloLopez','EricBaez','Llegamos a la conclusión de regresar la demo como antes y ajustar bien la información para la demo ','2015-12-14','','','b','Junta','12:00','2015-12-14'),(5874,'','modulo de alta para puntos integrales en php','100','60','','EdiEusebio','','','2015-12-14','','','c','Programación','09:30','2015-12-14'),(5875,'','Agregar condiciones de fiscalización de actividad CedA','100','60','','JavierAaronLoraRangel','','','2015-12-14','','','b','Proyectos','16:30','2015-12-14'),(5876,'','Corregir bug de bordes en actividades intelifin','100','45','','JavierAaronLoraRangel','','','2015-12-14','','','c','Proyectos','17:30','2015-12-14'),(5877,'','Revisión general al formato de actividades CedA','100','60','','JavierAaronLoraRangel','','','2015-12-14','','','b','Proyectos','18:30','2015-12-14'),(5878,'','Revisión al formato de actividades CedB Intelifin','100','60','','JavierAaronLoraRangel','','','2015-12-15','','','c','Proyectos','09:00','2015-12-15'),(5879,'','Reporte de accesos/calificaciones ASERTA','100','60','','JavierAaronLoraRangel','','','2015-12-15','','','c','Proyectos','10:00','2015-12-15'),(5880,'','Pendientes de administración MCRI','100','0','','VictorHeredia','','','2015-12-15','','','a','Proyectos','09:00','2015-12-15'),(5881,'','Plan Task Manager','100','','','VictorHeredia','Jose.Rojas','','2015-12-16','','','','','','2015-12-16'),(5882,'','Plan B Systems','75','','','VictorHeredia','Pablo.Lopez','','2015-12-17','','','','','','2015-12-17'),(5883,'','Plan Technology','100','','','VictorHeredia','Guadalupe.Sanchez','','2015-12-16','','','','','','2015-12-16'),(5884,'','Dar una iterada al Plan #BestSolutions Core Business Process','100','15','http://www.empowerlabs.com/intellibanks/bin/view/ProyectoBSolutions/BestSolutionsCoreBusinessProcessSystem','PabloLopez','','','2015-12-15','','','b','Documentación','09:00','2015-12-15'),(5885,'','Junta con Edi','100','0','','VictorHeredia','','','2015-12-15','','','a','Administrativa','09:30','2015-12-15'),(5886,'','defimir actividades para bsolutios','100','30','','EricBaez','','','2015-12-15','','','b','Proyectos','09:00','2015-12-15'),(5887,'','Plan Business Academy','75','','','VictorHeredia','Victor.Castillo','','2015-12-17','','','','','','2015-12-17'),(5888,'','Revisar el proyecto #BSysPromotoria y ver en que esta y que hace falta ','100','15','http://www.empowerlabs.com/intellibanks/bin/view/EmpowerLabsBusinessSolutions/ProjectBusinessSystemPromotoriaSegurosDesarrollo','PabloLopez','','Ver y dar actividades a Edi','2015-12-15','','','b','Planeación','09:00','2015-12-15'),(5889,'','Revisar el proyecto notarial #BSysNotaria','100','60','http://www.empowerlabs.com/intellibanks/bin/view/ProyectoNotaria22/WebHome','PabloLopez','EricBaez','Se ajusto ligas y detalles al restaurar el backup, se ajustara la información de la demo','2015-12-15','','','b','Planeación','10:00','2015-12-15'),(5890,'','Junta Carlos H','100','0','','VictorHeredia','','','2015-12-15','','','a','Proyectos','09:00','2015-12-15'),(5891,'','Junta con Carol - Real State','null','','','VictorHeredia','','','2015-12-16','','','','','18:00','2015-12-16'),(5892,'','Meeting with Rogerio and Meeting Rooms','100','15','','VictorHeredia','','','2015-12-15','','','a','Administrativa','10:00','2015-12-15'),(5893,'','Seguimiento Proyectos de Aserta','100','','','VictorHeredia','AnabelVelasquez','Seguimiento a propuetas RH','2015-12-16','','','','','','2015-12-16'),(5894,'','Mail diversos','100','0','','VictorHeredia','','','2015-12-15','','','a','Personal','09:30','2015-12-15'),(5895,'','Planeación de actividades','0','15','','VictorCastillo','','','2015-12-15','','','b','Administrativa','09:00','2015-12-15'),(5896,'','Revisión  de status de universidades para seguimiento','0','15','','VictorCastillo','','','2015-12-15','','','b','Proyectos','09:00','2015-12-15'),(5897,'','Crear dos encuestas de prueba en la BD #SalasHTML','100','30','','AngelesBravo','','','2015-12-15','','','b','Proyectos','09:30','2015-12-15'),(5898,'','Programar encuestas #SalasHTML de lado del usuario','50','150','','AngelesBravo','','Y se jalan los datos de una encuesta de prueba','2015-12-15','','','b','Programación','10:00','2015-12-15'),(5899,'','Modificar mensajes del chat grupal de las #SalasHTML para soportar varios tipos de mensajes','100','180','http://empowerlabs.com/proyectos/VirtualRoom/','CarlosVazquez','','Actualmente soporta imagenes y mensajes de texto','2015-12-15','','','b','Programación','','2015-12-15'),(5900,'','Crear comunicación entre el chat grupal y la carga de archivos de las #SalasHTML','100','45','','CarlosVazquez','','','2015-12-15','','','b','Programación','','2015-12-15'),(5901,'','Crear planes de tecnología junto con Mario','75','0','','GuadalupeSanchez','','','2015-12-15','','','b','Administrativa','09:00','2015-12-15'),(5902,'','Agregar seguridad al módulo de Puntos Integrales solo el promotor puede dar de alta y su secretaria inmediata','100','30','http://www.empowerlabs.com/intellibanks/bin/view/DesarrolloBSysPromoria/PuntosIntegrales','PabloLopez','','','2015-12-15','','','b','Programación','09:30','2015-12-15'),(5903,'','Diseñar ventanas modales para encuestas #SalasHTML5','0','150','','AngelesBravo','','','2015-12-15','','','b','Programación','13:00','2015-12-15'),(5904,'','Revisión al formato de actividades CedF Intelifin','100','180','','JavierAaronLoraRangel','','','2015-12-15','','','c','Proyectos','11:00','2015-12-15'),(5905,'','#Junta con equipo estadías','100','30','','AnabelVelasquez','','','2015-12-14','','','c','Proyectos','17:30','2015-12-14'),(5906,'','Renew domains','100','0','','VictorHeredia','','','2015-12-15','','','a','Administrativa','12:00','2015-12-15'),(5907,'','Actualizar bitácora #Aserta','100','15','http://www.intellibanks.net/cendesi/bin/view/AsertaIntra/AsertaBitacoraActividades','AnabelVelasquez','','','2015-12-15','','','b','Cliente','09:00','2015-12-15'),(5908,'','Liberar preguntas diagnóstico #Aserta','0','0','','AnabelVelasquez','','','2015-12-15','','','a','Administrativa','','2015-12-15'),(5909,'','Enviar reporte #Aserta Directivos A y B','100','30','','AnabelVelasquez','','','2015-12-15','','','a','Cliente','','2015-12-15'),(5910,'','Seguimiento #ElabsAcademy plan general','100','60','http://www.empowerlabs.com/intellibanks/bin/view/EmpowerLabsAdminIntra/EmpowerLabsPromocionEstadiasPlan','AnabelVelasquez','VictorCastillo','','2015-12-15','','','b','Proyectos','16:30','2015-12-15'),(5911,'','Altas de grupo 9 Ced A #Aserta','100','15','','AnabelVelasquez','','','2015-12-15','','','b','Cliente','','2015-12-15'),(5912,'','Revisar procesos del  #LabDigitalStudio','50','90','','UrielHidalgo','','','2015-12-15','','','a','Documentación','09:00','2015-12-15'),(5913,'','Migrar la BD de Puntos integrales a empowerlabs','100','60','','EdiEusebio','','','2015-12-15','','','c','Proyectos','09:00','2015-12-15'),(5914,'','Migrar modulos de AltaPuntos.php y DBPutnos.php','100','30','','EdiEusebio','','Realizar pruebas del funcionamiento','2015-12-15','','','c','Proyectos','10:30','2015-12-15'),(5915,'','Coordinación con Guadalupe para plan de hoy en nventario del servidor','100','30','','MarioCortes','','','2015-12-15','','','b','Documentación','09:30','2015-12-15'),(5916,'','Coordinacón con Javier para conclusión de migración en #Intelifin','100','30','','MarioCortes','','','2015-12-15','','','b','Cliente','10:00','2015-12-15'),(5917,'','Ajustar modulos de KnowledgeBankDataBase','100','30','','EdiEusebio','','','2015-12-15','','','c','Proyectos','11:00','2015-12-15'),(5918,'','Hacer reporte de Aserta, Cédula A','100','45','','GuadalupeSanchez','','','2015-12-15','','','b','Administrativa','09:00','2015-12-15'),(5919,'','Junta para ver detalles del plan del mes de Diciembre','100','60','','PabloLopez','','','2015-12-15','','','b','Junta','11:00','2015-12-15'),(5920,'','Junta de estrategia global','100','60','','GuadalupeSanchez','','','2015-12-15','','','b','Junta','09:00','2015-12-15'),(5921,'','Crear minuta de junta','100','15','http://www.empowerlabs.com/intellibanks/bin/view/EmpowerLabsAdminIntra/Junta15Dic2015Estrategia','GuadalupeSanchez','','','2015-12-15','','','b','Documentación','09:00','2015-12-15'),(5922,'','Junta con Lupita-Eric para ver como se documentará el proceso de #BestSolutions','100','30','','PabloLopez','','','2015-12-15','','','b','Documentación','12:00','2015-12-15'),(5923,'','Junta para ver pendientes para fin de año','100','60','','EricBaez','','','2015-12-15','','','b','Proyectos','11:00','2015-12-15'),(5924,'','Junta con Vic Castillo para reanudar con el proceso de llamadas ','100','30','','JohnMota','','','2015-12-15','','','c','Proyectos','09:30','2015-12-15'),(5925,'','Iniciar con llamadas hacer lista de universidades de l BD que vamos a retomar llamadas  ','75','30','https://docs.google.com/spreadsheets/d/12-nMklA1tgG02nuuFo7-hiz5JTAFZCOY56u8K_eVPAU/edit#gid=442486616','JohnMota','','','2015-12-15','','','c','Proyectos','10:00','2015-12-15'),(5926,'','reanudar llamadas con UT-Puebla y con el valle de mezquital ','75','90','http://www.empowerlabs.com/intellibanks/bin/view/EmpowerLabsAdminIntra/EmpowerLabsPromocionEstadiasBitacora?twiki_redirect_cache=dd486ff3d13','JohnMota','','Aun se esta realizan llamdas a otras Uni. durante el dia ','2015-12-15','','','c','Proyectos','11:00','2015-12-15'),(5927,'','Junta con Edi para ver como agregar las nuevas funcionalidades a los menús y ver que ya se tiene y que no del proyecto','100','150','http://www.empowerlabs.com/intellibanks/bin/view/DesarrolloBSysPromoria/WebHome','PabloLopez','','Checando que todo este funcional en base a las especificaciones de Angy, se ajusto todo ya esta la nueva versión ','2015-12-15','','','b','Programación','12:30','2015-12-15'),(5928,'','Ajustar tabla de KnowledgeBankDataBase para reducir el tamaño de la tabla','100','30','','EdiEusebio','','','2015-12-15','','','c','Programación','14:00','2015-12-15'),(5929,'','Terminar de ajustar el  espacio de  notaria para demo ','100','120','','EricBaez','','','2015-12-15','','','b','Proyectos','13:00','2015-12-15'),(5930,'','Hacer diagrama de flujo del proceso de hacer videos con el cliente','100','45','http://www.empowerlabs.com/intellibanks/bin/view/ProjectDigitalDesignStudio/ProcesoVideoIlustrativos','UrielHidalgo','','','2015-12-15','','','a','Documentación','','2015-12-15'),(5931,'','Ajustar la información de #BSysPromotoria en la bitácora y en la metodología de desarrollo ','75','30','http://www.empowerlabs.com/intellibanks/bin/view/EmpowerLabsBusinessSolutions/ProjectBusinessSystemPromotoriaSeguros','PabloLopez','','','2015-12-15','','','b','Programación','16:00','2015-12-15'),(5932,'','Documentar todo el plan de trabajo del proyecto #BestSolutions','0','30','http://www.empowerlabs.com/intellibanks/bin/view/EmpowerLabsBusinessSolutions/ProjectBestSolutionsPlanTrabajo','PabloLopez','','','2015-12-15','','','b','Documentación','16:30','2015-12-15'),(5933,'','Revisión al formato de actividades CedH Intelifin','20','120','','JavierAaronLoraRangel','','','2015-12-15','','','b','Proyectos','16:00','2015-12-15'),(5934,'','	Junta con Jovy para ver como agregar las nuevas funcionalidades a los menús y ver que ya se tiene y que no del proyecto','100','150','','EdiEusebio','','','2015-12-15','','','c','Proyectos','12:30','2015-12-15'),(5935,'','Junta con jovy, eric y lupita para hacer plan diciembre-enero','100','30','','EdiEusebio','','','2015-12-15','','','c','Documentación','14:30','2015-12-15'),(5936,'','Junta con el Ing. Victor Heredia','100','30','','EdiEusebio','','','2015-12-15','','','c','Personal','17:00','2015-12-15'),(5937,'','Revisión de funcionalidad del PAP','100','30','','EdiEusebio','','','2015-12-15','','','c','Proyectos','15:30','2015-12-15'),(5938,'','Ajustar  la creación de actividades ','100','60','','EricBaez','','','2015-12-15','','','b','Proyectos','16:00','2015-12-15'),(5939,'','Afinar plan para  fin de año  ','100','30','','EricBaez','','','2015-12-15','','','c','Proyectos','17:00','2015-12-15'),(5940,'','Revisar el usuario MariaLuzEsquerra es usuario de #BestSolutions','100','15','http://www.empowerlabs.com/intellibanks/bin/view/ProyectoBSolutions/WebHome','PabloLopez','','Ayer me contacto a las 10pm para que checara su usuario no puede entrar, su usuario si sirve y ella entra en otra web que no existe','2015-12-16','','','b','Programación','09:00','2015-12-16'),(5941,'','Junta con Edi para homologar el branding de las tablas de las tablas de DB de #BSysPromotoria','100','180','','PabloLopez','EdiEusebio','Primero: Jovy mezcla Intellibans con angular para el diseño de las tablas, dos: se le enseña a Edi y el continua con la actividad','2015-12-16','','','b','Junta','09:30','2015-12-16'),(5942,'','Revisar la información del proyecto de #BSysNotaria','100','15','http://www.empowerlabs.com/intellibanks/bin/view/ProyectoNotaria22/WebHome','PabloLopez','','','2015-12-16','','','b','Planeación','17:00','2015-12-16'),(5943,'','Revisar documentos de \"10 signos por los que los CRM son obsoletos\"','100','45','http://www.empowerlabs.com/intellibanks/bin/view/EmpowerLabsBusinessSolutions/SignsYourCRMSolutionIsObsolete','PabloLopez','','','2015-12-16','','','b','Planeación','17:00','2015-12-16'),(5944,'','Modificar chat grupal de las #SalasHTML para enviar documentos (docx,xlsx,pptx,pdf)','100','180','','CarlosVazquez','','','2015-12-16','','','b','Programación','','2015-12-16'),(5945,'','Programar módulo para mostrar documentos dentro de las #SalasHTML','0','120','','CarlosVazquez','','','2015-12-16','','','b','Programación','','2015-12-16'),(5946,'','Guardar los datos recibidos de las encuestas en la BD #SalasHTML','50','60','','AngelesBravo','','','2015-12-16','','','b','Programación','09:30','2015-12-16'),(5947,'','Crear ventanas modales para las encuestas #SalasHTML','50','180','','AngelesBravo','','','2015-12-16','','','b','Programación','10:30','2015-12-16'),(5948,'','Reporte Accesos/Calificaciones Aserta','100','60','','JavierAaronLoraRangel','','','2015-12-16','','','c','Proyectos','09:00','2015-12-16'),(5949,'','Revisar formato de actividades CedH Intelifin','100','120','','JavierAaronLoraRangel','','','2015-12-16','','','c','Proyectos','10:00','2015-12-16'),(5950,'','Terminar tabla de diagnostico de dominios','75','0','','GuadalupeSanchez','MarioCortes','','2015-12-16','','','b','Administrativa','09:00','2015-12-16'),(5951,'','Reportar calificaciones o asistencias en Cédula F de Aserta','100','30','','GuadalupeSanchez','','','2015-12-16','','','b','Administrativa','09:00','2015-12-16'),(5952,'','Ajustar el plan de implementación del pap','100','90','','EricBaez','','','2015-12-16','','','b','Proyectos','09:30','2015-12-16'),(5953,'','Pagos Diversos','0','15','','VictorHeredia','','','2015-12-17','','','a','Administrativa','','2015-12-17'),(5954,'','Junta con Uriel','100','15','','VictorHeredia','','','2015-12-16','','','a','Planeación','11:00','2015-12-16'),(5955,'','Junta con Carlos H','100','0','','VictorHeredia','','Planeación de publicación de contenidos','2015-12-16','','','a','Proyectos','10:30','2015-12-16'),(5956,'','Elaboración de propuesta Tecnología Aserta','75','0','','VictorHeredia','JuanCarlosAngeles','','2015-12-17','','','a','Administrativa','','2015-12-17'),(5957,'','Seguimiento a propuestas Procesos','100','0','','VictorHeredia','','Con Nallely','2015-12-16','','','a','Proyectos','09:00','2015-12-16'),(5958,'','Seguimiento Proyecto Best Solutions','0','0','','VictorHeredia','PabloLopez','Enterado','2015-12-17','','','a','Proyectos','','2015-12-17'),(5959,'','Seguimiento implementación del PAP','75','0','','VictorHeredia','Anabel.Velasquez','','2015-12-17','','','a','Proyectos','','2015-12-17'),(5960,'','Crear Plan de Visitas a la Universidades para entrega de Folletos y establecer fechas de convenios','0','60','','CristianMoreno','','','2015-12-16','','','c','Planeación','10:30','2015-12-16'),(5961,'','continuar revisión de procesos','100','90','','UrielHidalgo','','','2015-12-16','','','a','Documentación','09:00','2015-12-16'),(5962,'','Contactar con COLBACH para ver requisitos de certificacion','null','30','','CristianMoreno','','','2015-12-16','','','b','Planeación','09:30','2015-12-16'),(5963,'','Nueva propuestas para infografía de Alkimia','100','90','','UrielHidalgo','','','2015-12-16','','','a','Proyectos','09:00','2015-12-16'),(5964,'','Revisar con Vic Temple te de convenio par las universidades','0','30','','CristianMoreno','','','2015-12-16','','','b','Planeación','11:30','2015-12-16'),(5965,'','Revisar y enriquece plan de intellibanks','0','60','','CristianMoreno','','','2015-12-16','','','b','Planeación','12:00','2015-12-16'),(5966,'','Continuar con Jquery Mobile para App de Intellibanks','0','90','','CristianMoreno','','','2015-12-16','','','b','Programación','13:00','2015-12-16'),(5967,'','junta uriel - alkimia infographic','0','30','','CarlosHeredia','','','2015-12-16','','','b','Proyectos','13:00','2015-12-16'),(5968,'','Junta VH','0','45','','CarlosHeredia','','','2015-12-16','','','b','Junta','11:30','2015-12-16'),(5969,'','revisar conceptboard- infographic alkimia','0','15','','CarlosHeredia','','','2015-12-16','','','b','Proyectos','11:00','2015-12-16'),(5970,'','follow-up plan contenido alkimia','0','30','','CarlosHeredia','','con NH','2015-12-16','','','b','Junta','14:30','2015-12-16'),(5971,'','plan personal','0','60','','CarlosHeredia','','','2015-12-16','','','a','Personal','09:00','2015-12-16'),(5972,'','revisar contenido Org Intel actual','0','60','','CarlosHeredia','','','2015-12-16','','','a','Investigación','09:00','2015-12-16'),(5973,'','pensar en nombre para app gestor','20','0','','CarlosHeredia','','','2015-12-16','','','b','Investigación','09:00','2015-12-16'),(5974,'','Use meistertask as an example','0','30','','CarlosHeredia','','for planning and task mgmt','2015-12-16','','','c','Proyectos','17:00','2015-12-16'),(5975,'','Revisar documentación de Campus Intelifin','75','120','','JavierAaronLoraRangel','','','2015-12-16','','','c','Proyectos','12:00','2015-12-16'),(5976,'','Crear minuta de junta express de hoy (VH-Ani-JC)','100','15','http://www.empowerlabs.com/intellibanks/bin/view/EmpowerLabsAdminIntra/JuntaPlaneacion16Dic2015','JuanCarlosAngeles','','','2015-12-16','','','b','Planeación','11:30','2015-12-16'),(5977,'','Actualizar el tablero de prioridades','100','15','http://www.empowerlabs.com/intellibanks/bin/view/EmpowerLabsIntra/EmpowerLabsTableroPrioridades','JuanCarlosAngeles','','','2015-12-16','','','b','Planeación','12:00','2015-12-16'),(5978,'','Investigar sobre planes de mantenimiento ','50','60','','GuadalupeSanchez','','','2015-12-16','','','b','Administrativa','09:00','2015-12-16'),(5979,'','#Junta con VH para seguimiento global','100','90','','AnabelVelasquez','','','2015-12-15','','','a','Proyectos','14:00','2015-12-15'),(5980,'','Revisión de plan de pap','75','15','','EdiEusebio','','','2015-12-16','','','c','Documentación','09:00','2015-12-16'),(5981,'','Actualizar bitácora #Aserta','100','15','http://www.intellibanks.net/cendesi/bin/view/AsertaIntra/AsertaBitacoraActividades','AnabelVelasquez','','','2015-12-16','','','a','Cliente','09:00','2015-12-16'),(5982,'','Adaptar  areas  y usuarios papa el PAP','100','120','','EricBaez','','','2015-12-16','','','b','Proyectos','11:00','2015-12-16'),(5983,'','Completar procesos #Aserta','0','0','','AnabelVelasquez','','','2015-12-16','','','a','Administrativa','09:00','2015-12-16'),(5984,'','Revisar tracker de John y Vic #ElabsAcademy','0','0','','AnabelVelasquez','','','2015-12-16','','','a','Administrativa','09:00','2015-12-16'),(5985,'','Enviar reporte #Aserta Directivos A y B','100','30','https://docs.google.com/spreadsheets/d/1EoVTUnBq4kJ0_AJRLby4hA8twco9Mgm9a5NJySt0NcM/edit#gid=0','AnabelVelasquez','','','2015-12-16','','','a','Cliente','13:30','2015-12-16'),(5986,'','Liberar preguntas diagnóstico #Aserta','0','0','','AnabelVelasquez','','','2015-12-16','','','a','Administrativa','09:00','2015-12-16'),(5987,'','Altas de grupo 9 Ced A #Aserta','100','30','https://docs.google.com/spreadsheets/d/1EoVTUnBq4kJ0_AJRLby4hA8twco9Mgm9a5NJySt0NcM/edit#gid=0','AnabelVelasquez','MarioCortes','','2015-12-16','','','a','Cliente','13:00','2015-12-16'),(5988,'','Seguimiento a actividades de Tablero de prioridades #EmpowerLabs','0','0','','AnabelVelasquez','','','2015-12-16','','','a','Administrativa','09:00','2015-12-16'),(5989,'','Seguimiento a error en #SalaVirtual para Mac','0','0','','AnabelVelasquez','','','2015-12-16','','','a','Administrativa','09:00','2015-12-16'),(5990,'','Revisar tópicos de web #Aserta','0','0','','AnabelVelasquez','','','2015-12-16','','','a','Administrativa','09:00','2015-12-16'),(5991,'','Junta con Edi para homologar el branding de las tablas para las altas de #BSysPromotoria','100','120','','PabloLopez','EdiEusebio','Primero: Jovy mezcla Intellibans con angular para el diseño de las tablas, dos: se le enseña a Edi y el continua con la actividad','2015-12-16','','','b','Programación','12:30','2015-12-16'),(5992,'','Revisar avances de las encuestas para las #SalasHTML','100','45','','CarlosVazquez','','','2015-12-16','','','b','Proyectos','','2015-12-16'),(5993,'','Borrar módulos ocultos (con ligas a Intellibanks) del curso de cédula A en el nuevo LMS Intelifin','100','15','http://www.intelifin.com/campus/course/view.php?id=3','JuanCarlosAngeles','','','2015-12-16','','','c','Curso','13:30','2015-12-16'),(5994,'','Crear tópico para que el cliente #BestSolutions valide las etapas y campos de los formularios para empezar ajustar el Core Business Process','100','30','http://www.empowerlabs.com/intellibanks/bin/view/ProyectoBSolutions/ValidarCamposFormularios','PabloLopez','EricBaez','','2015-12-16','','','b','Planeación','14:30','2015-12-16'),(5995,'','Planeación de actividades','100','15','','VictorCastillo','','','2015-12-16','','','b','Planeación','09:00','2015-12-16'),(5996,'','Revisión y notificación de reporte #Aserta','100','45','','VictorCastillo','','','2015-12-16','','','a','Cliente','09:30','2015-12-16'),(5997,'','Llamadas para monitoreo y seguimento de firma de contratos','75','90','','VictorCastillo','','','2015-12-16','','','b','Proyectos','11:00','2015-12-16'),(5998,'','Adecuación de template de convenio con nueva razón social para envío a universidades','100','45','','VictorCastillo','','','2015-12-16','','','b','Proyectos','13:00','2015-12-16'),(5999,'','#Junta con JC para revisar planes a realizar para cierre de año','100','60','https://www.mindmeister.com/625441921','AnabelVelasquez','','','2015-12-16','','','a','Cliente','14:00','2015-12-16'),(6000,'','Revisar estructura de las BD para encuestas de las #SalasHTML','100','30','','CarlosVazquez','','','2015-12-16','','','b','Proyectos','','2015-12-16'),(6001,'','Crear topico para analizar  el documento de  10 razones  porque los CRM fracasan ','100','15','http://www.empowerlabs.com/intellibanks/bin/view/EmpowerLabsBusinessSolutions/SignsYourCRMSolutionIsObsolete','EricBaez','','','2015-12-16','','','a','Proyectos','14:30','2015-12-16'),(6002,'','Llamada y envío de invitacipon a estadías  y curso  UP - Querétaro / UP - Tlaxcala','100','30','','VictorCastillo','','','2015-12-16','','','b','Administrativa','14:00','2015-12-16'),(6003,'','Ajustar el branding de las tablas de DB de los módulos de Mis objetivos, Ayuda, Banco de conocimiento','100','60','','PabloLopez','','','2015-12-16','','','b','Programación','16:00','2015-12-16'),(6004,'','Actualizar bitácoras de planes de Infraestructura','100','60','','GuadalupeSanchez','','','2015-12-16','','','b','Administrativa','09:00','2015-12-16'),(6005,'','Actualizar Home de Plataformas Web','100','15','','GuadalupeSanchez','','','2015-12-16','','','c','Administrativa','09:00','2015-12-16'),(6006,'','Liberar curso Ced A grupo 9 #Aserta','100','30','http://www.asertacapacitacion.com.mx/index.php/mi-campus','AnabelVelasquez','','','2015-12-16','','','a','Cliente','16:00','2015-12-16'),(6007,'','Junta con JC para revisar el estatus de los cursos de Cédulas #Intelifin','100','30','http://www.intelifin.com/nuevo/','AnabelVelasquez','','','2015-12-16','','','a','Proyectos','10:00','2015-12-16'),(6008,'','#Junta VH y Jc para seguimiento a pendientes de fin de año #EmpowerLabs','100','30','https://www.mindmeister.com/625441921','AnabelVelasquez','','','2015-12-16','','','a','Proyectos','10:30','2015-12-16'),(6009,'','Validar  el corebusinessprocess','0','0','http://www.empowerlabs.com/intellibanks/bin/view/ProyectoBSolutions/BestSolutionsCoreBusinessProcessSystem','EricBaez','','','2015-12-16','','','c','Proyectos','16:00','2015-12-16'),(6010,'','Carga de actividades Mapa Mental #EmpowerLabs','100','30','https://www.mindmeister.com/625441921','AnabelVelasquez','','','2015-12-16','','','a','Proyectos','11:00','2015-12-16'),(6011,'','Segunda iteración mapa mental cierre de año #EmpowerLabs','100','45','https://www.mindmeister.com/625441921','AnabelVelasquez','','','2015-12-16','','','a','Proyectos','16:30','2015-12-16'),(6012,'','Iteración a la documentación de Intelifin','0','120','','JavierAaronLoraRangel','','','2015-12-16','','','a','Proyectos','16:00','2015-12-16'),(6013,'','Seguimiento facturas #Cendesi','100','15','https://docs.google.com/spreadsheets/d/1IBXR_YFlTHbBoQYXJW73VkotTJ65PzGJDtAReh3qX-s/edit?usp=drive_web','AnabelVelasquez','','EOsorio - las recibieron / JSibilla el contacto en Aserta es OQuevedo','2015-12-16','','','a','Cliente','11:30','2015-12-16'),(6014,'','Revisar y crear  documentación  de uso para el PAP','50','45','','EricBaez','','','2015-12-16','','','b','Proyectos','17:00','2015-12-16'),(6015,'','Plan Difusion de Conceptos empower','50','60','https://www.mindmeister.com/625891161','CarlosHeredia','','','2015-12-17','','','a','Planeación','09:30','2015-12-17'),(6016,'','plan personal','50','0','','CarlosHeredia','','','2015-12-17','','','a','Planeacion','14:00','2015-12-17'),(6017,'','','100','5','','CarlosHeredia','','','2015-12-17','','','b','Planeación','12:00','2015-12-17'),(6018,'','Follow-up Plan de Contenido Alkimia','100','30','','CarlosHeredia','','','2015-12-17','','','c','Proyectos','13:00','2015-12-17'),(6019,'','Buscar nombre para app gestor','50','0','','CarlosHeredia','','','2015-12-17','','','c','Investigación','16:00','2015-12-17'),(6020,'','Explorar contenidos de Empowernomics para difusion','50','60','','CarlosHeredia','','','2015-12-17','','','b','Investigación','10:30','2015-12-17'),(6021,'','Crear proyecto en wiki de Difusion empowernomics','100','15','http://www.empowerlabs.com/intellibanks/bin/view/EmpowerLabsPlataformas/ProyectoDifusionContenidoEmpower','CarlosHeredia','','','2015-12-17','','','b','Proyectos','09:30','2015-12-17'),(6022,'','hacer plan de trabajo - branding empower','100','30','','CarlosHeredia','','','2015-12-17','','','b','Planeación','11:00','2015-12-17'),(6023,'','Iterar plan de tecnología Intellibanks','0','30','','JuanCarlosAngeles','','','2015-12-18','','','c','Planeación','','2015-12-18'),(6024,'','Asignar reactivos a evaluaciones de Cédula A Intelifin','50','60','','JavierAaronLoraRangel','','','2015-12-17','','','c','Proyectos','09:00','2015-12-17'),(6025,'','Revisar avances sobre el proyecto #BestSolutions','100','15','http://www.empowerlabs.com/intellibanks/bin/view/ProyectoBSolutions/BSolutionsBitacoraSistematizacion','PabloLopez','','','2015-12-17','','','b','Planeación','09:00','2015-12-17'),(6026,'','Reporte de accesos/calificaciones Aserta','100','60','','JavierAaronLoraRangel','','','2015-12-17','','','c','Proyectos','10:00','2015-12-17'),(6027,'','Iterar el tópico de \"Los 10 signos por los que los CRM son obsoletos\"','100','90','http://www.empowerlabs.com/intellibanks/bin/view/EmpowerLabsBusinessSolutions/SignsYourCRMSolutionIsObsolete','PabloLopez','','','2015-12-17','','','b','Documentación','09:00','2015-12-17'),(6028,'','revisar comentarios conceptboard','100','15','','CarlosHeredia','','','2015-12-17','','','c','Proyectos','09:00','2015-12-17'),(6029,'','Revisar contenidos de la migración de los cursos Intelifin Ced A, B, F y H en el nuevo LMS','50','60','www.intelifin.com/campus/','JuanCarlosAngeles','','','2015-12-23','','','b','Curso','','2015-12-23'),(6030,'','Realizar plan de trabajo de mantenimiento e ir llenando una guía de seguimiento','20','0','','GuadalupeSanchez','','','2015-12-17','','','b','Planeación','09:00','2015-12-17'),(6031,'','Actualizar bitácora #Aserta','100','15','http://www.intellibanks.net/cendesi/bin/view/AsertaIntra/AsertaBitacoraActividades','AnabelVelasquez','','','2015-12-17','','','a','Cliente','09:00','2015-12-17'),(6032,'','Revisión de  avances de  BSolutions','100','30','','EricBaez','','','2015-12-17','','','b','Proyectos','09:00','2015-12-17'),(6033,'','Revisión de la notaria22','100','180','','EdiEusebio','','','2015-12-17','','','c','Proyectos','09:00','2015-12-17'),(6034,'','Facturas #Cendesi de diciembre y complemento 2015','100','15','https://docs.google.com/spreadsheets/d/1IBXR_YFlTHbBoQYXJW73VkotTJ65PzGJDtAReh3qX-s/edit#gid=1255224447','AnabelVelasquez','','Seguimiento Erika Osorio / Humberto Vera','2015-12-17','','','a','Administrativa','09:00','2015-12-17'),(6035,'','Continuar con el módulo para subir las encuestas #SalasHTML','50','180','','AngelesBravo','','','2015-12-17','','','b','Programación','10:00','2015-12-17'),(6036,'','Programar botones atrás y adelante #SalasHTML','100','30','','AngelesBravo','','','2015-12-17','','','b','Programación','09:30','2015-12-17'),(6037,'','Definir Plan de trabajo de gestor de actividades','100','120','','JoseRojas','','','2015-12-15','','','','','12:00','2015-12-15'),(6038,'','Establecer Roadmap de desarrollo','100','180','','JoseRojas','','','2015-12-16','','','b','Planeación','','2015-12-16'),(6039,'','Definir perfiles de desarrolladores','100','60','','JoseRojas','','','2015-12-17','','','b','Planeación','10:30','2015-12-17'),(6040,'','Asignar responsables a cada tarea del plan de desarrollo','0','90','','JoseRojas','','','2015-12-17','','','b','Planeación','12:30','2015-12-17'),(6041,'','Cambiar de idioma la agenda en Notaria22','100','15','','EdiEusebio','','','2015-12-17','','','c','Programación','12:00','2015-12-17'),(6042,'','Realizar reporte de Aserta en Cédula B','100','30','','GuadalupeSanchez','','','2015-12-17','','','b','Administrativa','09:00','2015-12-17'),(6043,'','Ver que mejoras puede tener el sistema notarial ','100','120','','PabloLopez','','Completando campos de los registros, completando información y quitando cosas como pruebas, testeo, ligas rotas y cosas que no generen valo','2015-12-17','','','b','Planeación','10:30','2015-12-17'),(6044,'','Marcar a COLBACH DF para buscar la forma de sacar la certificación directa','0','45','','CristianMoreno','','','2015-12-17','','','b','Planeación','09:30','2015-12-17'),(6045,'','#Junta de coordinación con VH','100','15','https://www.mindmeister.com/625441921','AnabelVelasquez','','','2015-12-17','','','a','Proyectos','10:00','2015-12-17'),(6046,'','Terminar instalación de la neva version de Intellibanks','0','60','','CristianMoreno','','','2015-12-17','','','c','Administrativa','10:30','2015-12-17'),(6047,'','Revisar cursos Ced A #Intelifin #Aserta','100','150','http://www.intelifin.com/campus','AnabelVelasquez','MarioCortes','Reportar bugs y mejoras','2015-12-17','','','a','Proyectos','10:30','2015-12-17'),(6048,'','Poner cuentas de usario y preparar todo el intellibanks para realizar pruebas','0','120','','CristianMoreno','','','2015-12-17','','','b','Programación','11:30','2015-12-17'),(6049,'','Preparar espacio para documentar PAP','0','60','','CristianMoreno','','','2015-12-17','','','c','Planeación','14:30','2015-12-17'),(6050,'','Definir y crear espacio para documentar el proceso de bachillerato','0','120','','CristianMoreno','','','2015-12-17','','','b','Planeación','15:30','2015-12-17'),(6051,'','Agregar reactivos a evaluaciones Cédula B Intelifin','0','60','','JavierAaronLoraRangel','','','2015-12-17','','','c','Proyectos','11:00','2015-12-17'),(6052,'','Realizar módulo para aplicar encuestas','75','180','','CarlosVazquez','','','2015-12-18','','','b','Programación','','2015-12-18'),(6053,'','Programar el envío de respuestas de los participantes al aplicador','50','180','','CarlosVazquez','','','2015-12-18','','','b','Programación','','2015-12-18'),(6054,'','Revisar compatibilidades con  la nueva versión de  TWiki ','100','120','http://empowerlabs.com/demointellibanks/bin/view/TWiki/WebHome','EricBaez','','','2015-12-17','','','a','Proyectos','10:00','2015-12-17'),(6055,'','Revisar ortografía de Cédula A Intelifin','0','60','','JavierAaronLoraRangel','','','2015-12-17','','','c','Proyectos','11:30','2015-12-17'),(6056,'','completar nueva infografía de Alkimia','75','90','','UrielHidalgo','','','2015-12-17','','','a','Proyectos','09:00','2015-12-17'),(6057,'','Revisar y completar proceso de crear un logotipo','75','60','','UrielHidalgo','','','2015-12-17','','','a','Documentación','09:00','2015-12-17'),(6058,'','Revisar y completar proceso de producir infografías','75','60','','UrielHidalgo','','','2015-12-17','','','a','Documentación','09:00','2015-12-17'),(6059,'','Plan de mejora y migración a la web Demo del sistema #BSysNotaria','100','15','http://www.empowerlabs.com/intellibanks/bin/view/EmpowerLabsBusinessSolutions/ProjectNotariasBitacora','PabloLopez','','','2015-12-17','','','b','Planeación','12:30','2015-12-17'),(6060,'','Checklist de  funcionalidades en  la nueva versión','100','60','http://www.empowerlabs.com/intellibanks/bin/view/EmpowerLabsBusinessSolutions/CompatibilidadTWiki','EricBaez','','','2015-12-17','','','b','Proyectos','12:30','2015-12-17'),(6061,'','Clonar la web de desarrollo a la web \"Notaría Demo\" ','100','30','','PabloLopez','EricBaez','Con el fin de tener la web de desarrollo exclusivamente para desarrollar y no estar afectando la Demo ','2015-12-17','','','b','Programación','16:00','2015-12-17'),(6062,'','Ajustes para agregar una actividad a un servicio del sistema #BSysNotaira','100','150','','PabloLopez','','se reestructuro la alta esta para la nueva funcionalidad, migrando esta estructura en todos los servicios','2015-12-17','','','b','Programación','12:30','2015-12-17'),(6063,'','Seguimiento carga actividades #EmpowerLabs cierre año','100','05','https://www.mindmeister.com/625441921','AnabelVelasquez','','','2015-12-17','','','b','Proyectos','09:30','2015-12-17'),(6064,'','Soporte acceso Intellibanks #Cendesi','100','30','http://www.intellibanks.net/cendesi','AnabelVelasquez','','','2015-12-17','','','b','Cliente','09:30','2015-12-17'),(6065,'','Enviar reporte #Aserta Directivos A y B','100','30','https://docs.google.com/spreadsheets/d/1EoVTUnBq4kJ0_AJRLby4hA8twco9Mgm9a5NJySt0NcM/edit#gid=0','AnabelVelasquez','','','2015-12-17','','','a','Cliente','13:00','2015-12-17'),(6066,'','Acompletar Plan Trabajo de BSolutions','100','30','http://www.empowerlabs.com/intellibanks/bin/view/EmpowerLabsBusinessSolutions/ProjectBestSolutionsPlanTrabajo','GuadalupeSanchez','','','2015-12-17','','','c','Planeación','09:00','2015-12-17'),(6067,'','Revisar plan upgrade #Intelifin','100','45','http://www.intellibanks.net/ecosystem/bin/view/EEcoNegocios/IntelifinIntra/PlanUpgradeCampusIntelifinCierre2015','AnabelVelasquez','MarioCortes','','2015-12-17','','','b','Proyectos','13:30','2015-12-17'),(6068,'','Traducir topic SignsYourCRMSolutionIsObsolete','100','60','','EdiEusebio','','','2015-12-17','','','c','Documentación','12:30','2015-12-17'),(6069,'','Investigación y plan preliminar derechos autor cursos #Intelifin','100','90','http://www.intellibanks.net/ecosystem/bin/view/EEcoNegocios/IntelifinIntra/PlanGlobalDerechosAutorCursosCedulas','AnabelVelasquez','','','2015-12-17','','','b','Proyectos','14:30','2015-12-17'),(6070,'','Pruebas de funcionalidades de las sistemas en la nueva version de TWiki 6.0.2','100','60','http://www.empowerlabs.com/intellibanks/bin/view/EmpowerLabsBusinessSolutions/CompatibilidadTWiki','PabloLopez','EricBaez','Eric ya ha realizado unas pruebas y ahorita estamos con las funcionalidades de los sistemas','2015-12-17','','','b','Programación','16:30','2015-12-17'),(6071,'','Diagnóstico de Campus #Aserta para hacer una migración de nuestros cursos','100','30','https://www.mindmeister.com/623424005','AnabelVelasquez','','','2015-12-17','','','b','Cliente','16:00','2015-12-17'),(6072,'','Junta con VictorCastillo para ver las actividades del día de hoy ','100','30','','JohnMota','','','2015-12-17','','','b','Proyectos','09:30','2015-12-17'),(6073,'','Realizamos llamadas a las Universidades ','75','120','','JohnMota','','Instituto Tecnológico Superior de Ciudad Serdán, Instituto Tecnológico Superior de la Sierra Norte de Puebla (ITSSNP)','2015-12-17','','','b','Proyectos','10:00','2015-12-17'),(6074,'','Agregar los datos recopilados durante la llamadas a las Uni','75','30','http://www.empowerlabs.com/intellibanks/bin/view/EmpowerLabsAdminIntra/EmpowerLabsPromocionEstadiasBitacora','JohnMota','','','2015-12-17','','','c','Proyectos','13:00','2015-12-17'),(6075,'','Realizar agregar algunos contactos al AccountDB','75','60','http://www.empowerlabs.com/intellibanks/bin/view/EmpowerLabsAdminIntra/AccountDB','JohnMota','','Hubo problemas para poder agregar los contactos ','2015-12-17','','','c','Proyectos','15:00','2015-12-17'),(6076,'','junta con el inge para ver detalles del cierre del mes de enero','100','30','','PabloLopez','','','2015-12-17','','','b','Junta','17:30','2015-12-17'),(6077,'','Iteración a la base de datos de las encuestas #SalasHTML','100','45','','AngelesBravo','','','2015-12-17','','','b','Proyectos','11:30','2015-12-17'),(6078,'','Revicion de compatibilidad con la nueva versión de Twiki','50','120','','EdiEusebio','','','2015-12-17','','','c','Documentación','13:30','2015-12-17'),(6079,'','Revisar cursos Ced B #Intelifin #Aserta','0','45','','AnabelVelasquez','','','2015-12-17','','','a','Cliente','16:30','2015-12-17'),(6080,'','Planeación de actividades','100','15','','VictorCastillo','','','2015-12-17','','','b','Planeación','09:00','2015-12-17'),(6081,'','Iterar el mapa de Cierre de 2015','100','120','','PabloLopez','','Se especifico mas cada sistema','2015-12-18','','','b','Documentación','09:00','2015-12-18'),(6082,'','Revisión de avances #ELabsAcademy','100','15','','VictorCastillo','','','2015-12-17','','','b','Planeación','09:00','2015-12-17'),(6083,'','Apoyo en revisión de reporte #Aserta','100','30','','VictorCastillo','','','2015-12-17','','','b','Planeación','10:00','2015-12-17'),(6084,'','Llamadas de seguimiento con universidades','100','90','','VictorCastillo','','','2015-12-17','','','a','Planeación','10:30','2015-12-17'),(6085,'','Adecuación y envío de formato de convenio','100','30','','VictorCastillo','','','2015-12-17','','','b','Planeación','09:30','2015-12-17'),(6086,'','Organizar Plan de Infraestructura y aclarar fechas','100','45','','GuadalupeSanchez','','','2015-12-18','','','b','Administrativa','09:00','2015-12-18'),(6087,'','Llenar y enviar formularios para solicitud de alumnos a UT - Puebla','100','45','','VictorCastillo','','','2015-12-17','','','b','Planeación','12:00','2015-12-17'),(6088,'','Iterar mapa de cierre 2105','100','0','https://www.mindmeister.com/625441921','GuadalupeSanchez','','','2015-12-18','','','b','Administrativa','09:00','2015-12-18'),(6089,'','Elaboración reporte Ced - H #Aserta','75','60','','VictorCastillo','','','2015-12-17','','','b','Planeación','15:00','2015-12-17'),(6090,'','Reporte accesos/calificaciones ASERTA','100','60','','JavierAaronLoraRangel','','','2015-12-18','','','c','Proyectos','09:00','2015-12-18'),(6091,'','Revisar reactivos de CedB Intelifin','100','45','','JavierAaronLoraRangel','','','2015-12-18','','','c','Proyectos','10:00','2015-12-18'),(6092,'','Concluir revisión de CedB Intelifin ','100','120','','JavierAaronLoraRangel','','','2015-12-18','','','c','Proyectos','11:00','2015-12-18'),(6093,'','Planeación de actividades','100','15','','VictorCastillo','','','2015-12-18','','','b','Planeación','09:00','2015-12-18'),(6094,'','Mini junta con John para establecer  actividades del día en #ELabsAcademy','null','15','','VictorCastillo','','','2015-12-18','','','b','Planeación','09:00','2015-12-18'),(6095,'','Terminar Reporte semanal Ced - H','100','90','','VictorCastillo','','','2015-12-18','','','b','Cliente','09:30','2015-12-18'),(6096,'','Actualizar bitácora #Aserta','100','15','http://www.intellibanks.net/cendesi/bin/view/AsertaIntra/AsertaBitacoraActividades','AnabelVelasquez','','','2015-12-18','','','b','Cliente','09:30','2015-12-18'),(6097,'','Facturas #Cendesi de diciembre y complemento 2015','100','15','','AnabelVelasquez','','Correo EOsorio','2015-12-18','','','a','Cliente','12:00','2015-12-18'),(6098,'','Revisar cursos Ced B #Intelifin #Aserta','100','90','http://www.intelifin.com/campus/','AnabelVelasquez','','Mod 1','2015-12-18','','','a','Cliente','13:30','2015-12-18'),(6099,'','Enviar reporte #Aserta Directivos A y B','100','30','https://docs.google.com/spreadsheets/d/1EoVTUnBq4kJ0_AJRLby4hA8twco9Mgm9a5NJySt0NcM/edit#gid=1739522901','AnabelVelasquez','','','2015-12-18','','','a','Cliente','11:30','2015-12-18'),(6100,'','Seguimiento para plan derechos autor cursos #Intelifin','20','90','','AnabelVelasquez','','No hubo respuesta de INDAUTOR','2015-12-18','','','a','Proyectos','12:30','2015-12-18'),(6101,'','Liberar preguntas diagnóstico #Aserta','100','30','https://www.mindmeister.com/623424005','AnabelVelasquez','JuanCarlosAngeles','','2015-12-18','','','a','Cliente','09:00','2015-12-18'),(6102,'','Completar tópico para presentación de Branding deEmpowerLabs','75','150','http://www.empowerlabs.com/intellibanks/bin/view/ProjectDigitalDesignStudio/DesignStudioEmpowerBranding','UrielHidalgo','','','2015-12-18','','','a','Documentación','','2015-12-18'),(6103,'','Hacer seguimiento  de universidades y realizar reporte corte y estatus al día 18 de Dic.','0','150','','VictorCastillo','','','2015-12-18','','','a','Proyectos','10:30','2015-12-18'),(6104,'','Revisar tópicos de web #Aserta (Estatus actual)','100','60','http://www.intellibanks.net/cendesi/bin/view/AsertaIntra/WebHome','AnabelVelasquez','','Reportado en mapa cierre 2015','2015-12-18','','','a','Cliente','10:00','2015-12-18'),(6105,'','Seguimiento cursos #Aserta A, B, F y H','100','15','http://www.asertacapacitacion.com.mx/index.php/mi-campus','AnabelVelasquez','','','2015-12-18','','','a','Cliente','09:30','2015-12-18'),(6106,'','Seguimiento Proyectos de #Aserta','0','60','','AnabelVelasquez','','','2015-12-23','','','a','Cliente','','2015-12-23'),(6107,'','Agregar tabla de inventario para cuentas FTP','100','30','','GuadalupeSanchez','','','2015-12-18','','','b','Administrativa','09:00','2015-12-18'),(6108,'','Documentar bien en donde estamos con el proyecto #BestSolutions ','100','150','','PabloLopez','','Parte 1/2','2015-12-18','','','b','Planeación','12:30','2015-12-18'),(6109,'','Plantear actividades para Bsolutions','100','30','','EricBaez','','','2015-12-18','','','c','Proyectos','09:00','2015-12-18'),(6110,'','Revisar el plan para  fin de año de los  bsystem','100','60','','EricBaez','','','2015-12-18','','','b','Proyectos','10:00','2015-12-18'),(6111,'','#Junta VH para sig. pasos Campus #Aserta','100','30','https://www.mindmeister.com/625441921','AnabelVelasquez','','','2015-12-18','','','a','Cliente','11:00','2015-12-18'),(6112,'','Revisar  el plan para el  nuevo gestor de actividades','100','60','https://docs.google.com/spreadsheets/d/1gohKT2dfpH1lC1Y51yI-DF338QETvaMJfVRCr0LpHQ8/edit#gid=486382853','EricBaez','','','2015-12-18','','','b','Proyectos','10:30','2015-12-18'),(6113,'','Buscar ligas y ajustar el plan Cierre Diciembre','100','60','http://www.empowerlabs.com/intellibanks/bin/view/EmpowerLabsBusinessSolutions/PlanBSolutionsDic2015','PabloLopez','','Tener bien claro en donde estamos, que tenemos y a donde queremos llegar','2015-12-18','','','b','Planeación','11:00','2015-12-18'),(6114,'','realizar guia de usuario pap','100','90','','EdiEusebio','','','2015-12-18','','','c','Documentación','10:30','2015-12-18'),(6115,'','revisión de  ProjectGestorDeActividadesVSolucion','100','90','','EdiEusebio','','','2015-12-18','','','c','Documentación','09:00','2015-12-18'),(6116,'','Continuar con  la creación de la guia  para puntos básicos del PAP','100','120','http://www.empowerlabs.com/intellibanks/bin/view/EmpowerLabsBusinessSolutions/GuiaUsuarioPAP','EricBaez','EdiEusebio','','2015-12-18','','','b','Proyectos','12:00','2015-12-18'),(6117,'','Coordinación con Guadalupe para Plan del día y revisión de avances en Infraestructura tecnológica','null','30','','MarioCortes','','','2015-12-18','','','b','Junta','11:00','2015-12-18'),(6118,'','Revisión de mapa mental de Tecnología 2015 y verificación de procesos completados','100','15','','MarioCortes','','','2015-12-18','','','b','Documentación','11:30','2015-12-18'),(6119,'','Realizar plan de ugrade del Campus #Intelifin','0','30','','MarioCortes','','','2015-12-18','','','b','Planeación','12:00','2015-12-18'),(6120,'','Iterar la tabla de \"Plan de desarrollo del gestor de actividades\"','100','30','https://docs.google.com/spreadsheets/d/1gohKT2dfpH1lC1Y51yI-DF338QETvaMJfVRCr0LpHQ8/edit#gid=486382853','PabloLopez','','Docs con Eric y Alex','2015-12-18','','','b','Planeación','12:00','2015-12-18'),(6121,'','#Junta para revisar demo de #SalaVirtual','100','30','http://empowerlabs.com/proyectos/VirtualRoom/login.html','AnabelVelasquez','','','2015-12-18','','','a','Proyecto','13:00','2015-12-18'),(6122,'','Explorar contenidos de Empowernomics para difusion','50','0','http://www.intellibanks.net/ecosystem/bin/view/EEcoEmpowernomicsIntra/WebHome','CarlosHeredia','','','2015-12-18','','','b','Investigación','09:00','2015-12-18'),(6123,'','hacer content plan para empowernomics','50','60','https://www.mindmeister.com/625931939','CarlosHeredia','','','2015-12-18','','','a','Planeación','09:00','2015-12-18'),(6124,'','junta salas virtuales','100','45','','CarlosHeredia','','','2015-12-18','','','b','Junta','09:00','2015-12-18'),(6125,'','Seguimiento - alkimia content','0','30','','CarlosHeredia','','','2015-12-18','','','c','Proyectos','09:00','2015-12-18'),(6126,'','Monitoreo y aplicación de altas y bajas IHG','0','60','','VictorCastillo','','','2015-12-18','','','b','Cliente','17:00','2015-12-18'),(6127,'','Revisar formato de actividades CedF Intelifin','0','120','','JavierAaronLoraRangel','','','2015-12-18','','','c','Proyectos','16:00','2015-12-18'),(6128,'','Ajustar  el  analisis Foda de BSolutiosn','100','90','100','EricBaez','','','2015-12-18','','','b','Proyectos','16:00','2015-12-18'),(6129,'','Presentación del demo de las #SalasHTML','100','45','','CarlosVazquez','','','2015-12-18','','','b','Proyectos','','2015-12-18'),(6130,'','Revisar cursos Ced B #Intelifin #Aserta','100','90','','AnabelVelasquez','','Mod 2','2015-12-18','','','a','Cliente','16:00','2015-12-18'),(6131,'','	Documentar bien en donde estamos con el proyecto #BestSolutions','100','45','','PabloLopez','','Parte 2/2. Se ha bajado información como el diagnóstico, análisis y se esta trabajando en el diseño de la solución (Propuesta)','2015-12-18','','','b','Planeación','16:30','2015-12-18'),(6132,'','Junta con JC para validar como estará inter-conectadas las etapas del Tracker de #BestSolucions para diagramar la solución ','100','45','http://www.empowerlabs.com/intellibanks/bin/view/EmpowerLabsBusinessSolutions/ProjectBestSolutionsSolucion','PabloLopez','JuanCarlosAngeles','','2015-12-18','','','b','Planeación','17:00','2015-12-18'),(6133,'','Trabajar con ticket tracker ','75','90','http://www.empowerlabs.com/intellibanks/bin/view/EmpowerLabsAdminIntra/ContactDB','JohnMota','','Hubo problemas con agregar contactos (se agregaban en otros topics de Universidad )','2015-12-18','','','c','Proyectos','13:30','2015-12-18'),(6134,'','Junta con Guadalupe y VicCastillo ','null','30','','JohnMota','','','2015-12-18','','','a','Personal','15:00','2015-12-18'),(6135,'','Eliminar los contactos que se habian ingresados de manera incorrecta ','75','45','','JohnMota','','Habia contactos mal por lo cual se eliminar y volvi a meter los datos del contacto ','2015-12-18','','','c','Proyectos','16:00','2015-12-18'),(6136,'','Ajustar los nuevos datos de la BD agregar datos completos ','75','90','https://docs.google.com/spreadsheets/d/12-nMklA1tgG02nuuFo7-hiz5JTAFZCOY56u8K_eVPAU/edit#gid=442486616','JohnMota','','','2015-12-18','','','c','Proyectos','17:00','2015-12-18'),(6137,'','Continuar con el módulo para generar encuestas #SalasHTML','0','180','','AngelesBravo','','','2015-12-18','','','b','Programación','09:30','2015-12-18'),(6138,'','Junta equipo #SalasHTML','100','45','','AngelesBravo','','','2015-12-18','','','b','Junta','13:00','2015-12-18'),(6139,'','Junta equipo #SalasHTML para revisar trabajo futuro','100','30','','AngelesBravo','','','2015-12-18','','','b','Junta','14:00','2015-12-18'),(6140,'','Ajuste del foda en ProjectBestSolutionsSolucion','100','60','','EdiEusebio','','','2015-12-18','','','c','Documentación','14:30','2015-12-18'),(6141,'','Revisión mapa de Best Solutions-  Core Business Process ','100','120','','EdiEusebio','','','2015-12-18','','','c','Documentación','14:00','2015-12-18'),(6142,'','Incluir algunas medidas de seguridad en LMS','100','60','https://docs.google.com/spreadsheets/d/19js0SjiSO_Ns8LmFcw9Q9OB_U6V3SFuNSlbRdQWIaTU/edit#gid=1812673126','GuadalupeSanchez','','','2015-12-18','','','c','Investigación','09:00','2015-12-18'),(6143,'','Ajustar la bitácora de BSolutions','100','15','','EricBaez','','','2015-12-21','','','b','Proyectos','09:00','2015-12-21'),(6144,'','Revisar error generado a la hora de guardar encuestas #SalasHTML','50','60','','AngelesBravo','','','2015-12-21','','','b','Programación','09:30','2015-12-21'),(6145,'','Iteración a módulo para guardar encuestas','50','150','','AngelesBravo','','','2015-12-21','','','b','Programación','10:30','2015-12-21'),(6146,'','Revisión de tablas de la BD y lógica','75','60','','AngelesBravo','','','2015-12-21','','','b','Proyectos','14:00','2015-12-21'),(6147,'','Iterada Rapida de Mapa de Intellibanks','0','15','https://www.mindmeister.com/625498987','CristianMoreno','','','2015-12-21','','','b','Planeación','09:00','2015-12-21'),(6148,'','Crear plan de la semana de Infraestructura','100','30','http://www.intellibanks.net/ecosystem/bin/view/EEcoIT/EmpowerEcoITAdmin/PlanTecnologiaInfraestructuraCierre2015','GuadalupeSanchez','','Me avisas cuando lo tengas listo por favor. VH','2015-12-21','','','b','Administrativa','09:00','2015-12-21'),(6149,'','Crear diagrama de la solución de #BestSolutions','100','180','http://www.empowerlabs.com/intellibanks/bin/view/EmpowerLabsBusinessSolutions/ProjectBestSolutionsSolucion','PabloLopez','','Unas observaciones de JC pero paree que ya quedo planteada la solución','2015-12-21','','','b','Planeación','11:00','2015-12-21'),(6150,'','Dar seguimiento al desarrollo del Core business tracker de Best Solutions','100','60','http://www.empowerlabs.com/intellibanks/bin/view/EmpowerLabsBusinessSolutions/ProjectBestSolutionsSolucion','JuanCarlosAngeles','','','2015-12-22','','','b','Proyectos','','2015-12-22'),(6151,'','Terminar Intellibanks de 6.0.2','0','120','','CristianMoreno','','','2015-12-21','','','b','Planeación','10:00','2015-12-21'),(6152,'','Documentar Proyecto de Bachillerato','0','150','','CristianMoreno','','','2015-12-21','','','b','Planeación','12:00','2015-12-21'),(6153,'','Buscar Reunión de para poder establecer contacto con COLBACH','0','30','','CristianMoreno','','','2015-12-21','','','b','Personal','15:00','2015-12-21'),(6154,'','Actualizar bitácora #Aserta','100','15','http://www.intellibanks.net/cendesi/bin/view/AsertaIntra/AsertaBitacoraActividades','AnabelVelasquez','','','2015-12-21','','','a','Cliente','09:00','2015-12-21'),(6155,'','Cursos #Intelifin A - B - Revisión por migración','100','45','http://intelifin.com/campus','AnabelVelasquez','','','2015-12-21','','','a','Cliente','18:00','2015-12-21'),(6156,'','#Junta VH para sig. pasos Campus #Aserta','100','15','','AnabelVelasquez','','','2015-12-21','','','a','Cliente','09:00','2015-12-21'),(6157,'','Enviar reporte #Aserta Directivos A y B','100','30','https://docs.google.com/spreadsheets/d/1EoVTUnBq4kJ0_AJRLby4hA8twco9Mgm9a5NJySt0NcM/edit#gid=0','AnabelVelasquez','','','2015-12-21','','','a','Cliente','14:30','2015-12-21'),(6158,'','Seguimiento para plan derechos autor cursos #Intelifin','100','30','','AnabelVelasquez','','Sin respuesta de Indautor','2015-12-21','','','a','Administrativa','14:00','2015-12-21'),(6159,'','#Junta para revisar demo de #SalaVirtual','100','90','http://empowerlabs.com/proyectos/VirtualRoom/','AnabelVelasquez','CarlosVazquez','','2015-12-21','','','a','Proyecto','16:00','2015-12-21'),(6160,'','Buscar información de sobre ejecutar un script automáticamente a cierta hora ','100','120','','EdiEusebio','','','2015-12-21','','','c','Proyectos','09:30','2015-12-21'),(6161,'','Generar y llenar tabla de cuentas FTP de todos los dominios','100','150','','GuadalupeSanchez','','','2015-12-21','','','b','Administrativa','09:00','2015-12-21'),(6162,'','Propuestas de tarjetas de presentación de banding EmowerLabs con el color verde de la página web.','100','60','','UrielHidalgo','','','2015-12-21','','','a','Proyectos','09:00','2015-12-21'),(6163,'','Terminar de acomodar board de imagen EmpowerLabs','100','30','https://app.conceptboard.com/board/qry2-k24g-mu3e-ur9m-scrz#','UrielHidalgo','','','2015-12-21','','','a','Documentación','','2015-12-21'),(6164,'','Iterar tópico de Empower Branding','0','15','http://www.empowerlabs.com/intellibanks/bin/view/ProjectDigitalDesignStudio/DesignStudioEmpowerBranding?twiki_redirect_cache=d360c33423bd44f','UrielHidalgo','CarlosHeredia','me avisas cuando ya estes - CH','2015-12-21','','','a','Documentación','','2015-12-21'),(6165,'','Realizar una iteración al mapa ELabs - Salas Virtuales Visión Futura','0','45','https://www.mindmeister.com/626328815','CarlosVazquez','','','2015-12-21','','','b','Proyectos','','2015-12-21'),(6166,'','Investigar como hacer un script que se ejecute solo en el servidor','100','120','','PabloLopez','EricBaez','Se encontro otra solución con Lupita y Mario','2015-12-21','','','a','Administrativa','09:00','2015-12-21'),(6167,'','buscar como ejecutar un bash  para el gestor de actividades','100','120','','EricBaez','','','2015-12-21','','','b','Proyectos','09:30','2015-12-21'),(6168,'','Meet with VH','100','60','','CarlosHeredia','','','2015-12-21','','','b','Junta','09:00','2015-12-21'),(6169,'','Coordinación con Guadalupe para Agenda del día','100','15','','MarioCortes','','','2015-12-21','','','b','Junta','10:00','2015-12-21'),(6170,'','Finish next iteration of empower content plan','50','45','','CarlosHeredia','','','2015-12-21','','','a','Planeación','11:00','2015-12-21'),(6171,'','Elaboración de Plan de mantenimiento de infraestructura','100','30','http://www.intellibanks.net/ecosystem/bin/view/EEcoIT/EmpowerEcoITAdmin/PlanMantenimiento','MarioCortes','','','2015-12-21','','','b','Documentación','10:30','2015-12-21'),(6172,'','Revisar contenido Empowernomics existente','50','45','','CarlosHeredia','','','2015-12-21','','','b','Investigación','12:00','2015-12-21'),(6173,'','terminar plan personal','75','45','','CarlosHeredia','','','2015-12-21','','','b','Planeación','13:00','2015-12-21'),(6174,'','Soporte a servidor y respaldo de intellibanks en #Intelifin','100','45','','MarioCortes','','','2015-12-21','','','b','Administrativa','11:00','2015-12-21'),(6175,'','','0','30','','CarlosHeredia','','','2015-11-21','','','a','Planeación','','2015-11-21'),(6176,'','Generar reporte de Cédulas en Aserta','100','120','','GuadalupeSanchez','','','2015-12-21','','','b','Administrativa','09:00','2015-12-21'),(6177,'','Revisar y conocer la arquitectura y funcionamiento de smartmessaging','100','180','','EdiEusebio','','','2015-12-21','','','c','Proyectos','12:30','2015-12-21'),(6178,'','Propuesta de mejoras a  proyecto notaria','100','60','https://www.mindmeister.com/504699024','EricBaez','','','2015-12-21','','','b','Proyectos','12:00','2015-12-21'),(6179,'','junta branding empower','100','30','','CarlosHeredia','','','2015-12-21','','','b','Junta','13:30','2015-12-21'),(6180,'','junta Sala virtual','100','30','','CarlosHeredia','','','2015-12-21','','','b','Junta','14:00','2015-12-21'),(6181,'','Junta con VH y CH para revisar Empower Branding ','100','45','','UrielHidalgo','','','2015-12-21','','','a','Junta','09:00','2015-12-21'),(6182,'','Junta con Edi de introducción a APIs','0','45','','JoseRojas','','Me gustaría ver donde están documentando esto. VH','2015-12-21','','','b','Junta','12:00','2015-12-21'),(6183,'','nuevas propuestas para símbolo de EmpowerLabs','75','180','','UrielHidalgo','','','2015-12-21','','','a','Proyectos','09:00','2015-12-21'),(6184,'','Editar mapa mental #EmpowerConference ELabs - Visión futura','100','45','https://www.mindmeister.com/626328815','AnabelVelasquez','','','2015-12-21','','','a','Proyectos','15:00','2015-12-21'),(6185,'','Completar  sprints  para  el gestor dentro del pap','75','90','','EricBaez','','','2015-12-21','','','b','Proyectos','14:30','2015-12-21'),(6186,'','Ajustar la información de la solución de BestSolutions','100','60','http://www.empowerlabs.com/intellibanks/bin/view/EmpowerLabsBusinessSolutions/ProjectBestSolutionsSolucion','PabloLopez','','','2015-12-21','','','b','Documentación','14:00','2015-12-21'),(6187,'','Ver que se tiene del plan del \"Cierre de Diciembre\"','100','45','http://www.empowerlabs.com/intellibanks/bin/view/EmpowerLabsBusinessSolutions/PlanBSolutionsDic2015','PabloLopez','','Se ajustaron unas ligas y sobre todo la información de las ligas','2015-12-21','','','b','Planeación','16:00','2015-12-21'),(6188,'','Aportar ideas para la implementación del gestor de actividades para el PAP','100','90','http://www.empowerlabs.com/intellibanks/bin/view/EmpowerLabsMobileApps/ProjectGestorDeActividadesVDesarrollo#erp_2_1','PabloLopez','','Se analizo varios puntos de vista y se creo entreo Alex-Eric y yo las tareas que ayudaran a crear el gestor del PAP','2015-12-21','','','b','Documentación','16:30','2015-12-21'),(6189,'','Revisión Ced A #Aserta','100','60','http://www.asertacapacitacion.com.mx/','AnabelVelasquez','','Faltan iconos e imágenes','2015-12-21','','','a','Cliente','09:30','2015-12-21'),(6190,'','Ajustar  subáreas  en el dashboard del PAP','100','45','','EricBaez','','','2015-12-21','','','b','Proyectos','17:00','2015-12-21'),(6191,'','Junta con equipo #SalasHTML','100','90','','AngelesBravo','','','2015-12-21','','','b','Junta','16:00','2015-12-21'),(6192,'','#Junta con VH y equipo salas virtuales','100','30','https://www.mindmeister.com/626328815','AnabelVelasquez','','','2015-12-21','','','a','Proyectos','17:30','2015-12-21'),(6193,'','Dar otra iterada al mapa de Intellibanks Plan 2016','100','60','https://www.mindmeister.com/625498987','CristianMoreno','','Se dio otra iterada','2015-12-22','','','b','Planeación','09:30','2015-12-22'),(6194,'','Verificar Plugins de Intellibanks 6.0.2','50','120','','CristianMoreno','','Se estan instalando','2015-12-22','','','b','Planeación','10:30','2015-12-22'),(6195,'','Crear Checklist de Instalación de Intellianbks 6.0.2','75','60','http://www.empowerlabs.com/intellibanks/bin/view/EmpowerLabsIntellibanksUsability/CheckListInstalacionIntellibanks602','CristianMoreno','','Se creo para tenerlos para las demas instalaciones','2015-12-22','','','b','Programación','12:30','2015-12-22'),(6196,'','Junta con Jovy y Eric para verificar que funcionalidades funcionan y cuales no de la APP en la Nueva Version de Intellibanks','50','30','','CristianMoreno','','Se verifico el checklist de Eric y Jovy','2015-12-22','','','b','Programación','13:30','2015-12-22'),(6197,'','Demo de Intellibanks 6.0.2','100','120','http://empowerlabs.com/demointellibanks/bin/view/Main','CristianMoreno','','Se esta trabajando en el Branding','2015-12-22','','','b','Programación','15:30','2015-12-22'),(6198,'','Checar con Alex la tabla y campos a usar para el gestor del PAP','100','5','http://alexrojas.cloudapp.net/web/api/bitacora/getActivities.php','PabloLopez','JoseRojas','Jovy: creando minuta de junta','2015-12-22','PAPAxisTemplate','','b','Estratégico','09:00','2015-12-22'),(6199,'','Implementar el gestor de actividades al PAP','100','180','','PabloLopez','EricBaez','Parte 1/3','2015-12-22','','','b','Programación','10:30','2015-12-22'),(6200,'','Revisar la bitácora de BSolutions ','100','15','','EricBaez','','','2015-12-22','','','b','Proyectos','09:00','2015-12-22'),(6201,'','digitalizar nuevas propuestas de símbolos','75','120','','UrielHidalgo','','','2015-12-22','','','a','Proyectos','09:00','2015-12-22'),(6202,'','integrar nuevos símbolos a logo EmpowerLabs','0','30','','UrielHidalgo','','','2015-12-22','','','a','Proyectos','09:00','2015-12-22'),(6203,'','Iterar mapa Estrategia Intelifin ','0','60','https://www.mindmeister.com/560524094','JuanCarlosAngeles','','','2015-12-23','','','b','Planeación','','2015-12-23'),(6204,'','Avanzar con la creacion del material de lectura del curso de cédula C - #Intelifin','0','60','http://www.intellibanks.net/ecosystem/bin/view/EEcoNegocios/IntelifinIntra/ContenidosCedulaC','JuanCarlosAngeles','','','2015-12-29','','','c','Curso','','2015-12-29'),(6205,'','Documentar lo aprendido de las API´s','100','120','http://www.empowerlabs.com/intellibanks/bin/view/EmpowerLabsMobileApps/DocAPIsmartmessaging','EdiEusebio','','','2015-12-22','','','c','Documentación','09:00','2015-12-22'),(6206,'','Revisar error generado a la hora de guardar encuestas #SalasHTML','50','60','','AngelesBravo','','','2015-12-22','','','b','Programación','09:30','2015-12-22'),(6207,'','Iteración a módulo para guardar encuestas','null','120','','AngelesBravo','','','2015-12-22','','','b','Proyectos','10:30','2015-12-22'),(6208,'','Script de sincronización BD #IHG','100','15','http://www.institutohg.com/','AnabelVelasquez','','','2015-12-22','','','a','Cliente','09:00','2015-12-22'),(6209,'','Revisar tópicos de web #Aserta','100','45','http://www.intellibanks.net/cendesi/bin/view/WebHome','AnabelVelasquez','','Bitácora y páginas actualizadas.','2015-12-22','','','a','Cliente','09:00','2015-12-22'),(6210,'','Realizar cambios a la interfaz grafica de las #SalasHTML','75','180','','CarlosVazquez','','','2015-12-23','','','b','Programación','','2015-12-23'),(6211,'','Realizar un mockup de la nueva interfaz de las #SalasHTML','100','150','https://ninjamock.com/s/5JSWS','CarlosVazquez','AngelesBravo','','2015-12-22','','','b','Programación','','2015-12-22'),(6212,'','Validar diseño de las #SalasHTML','0','30','https://ninjamock.com/s/5JSWS','CarlosVazquez','VictorHeredia','','2015-12-22','','','b','Proyectos','','2015-12-22'),(6213,'','Nuevo proceso de generación de reportes #Aserta','100','15','','AnabelVelasquez','GuadalupeSanchez','Semanal A, B, F y H.','2015-12-22','','','b','Cliente','10:00','2015-12-22'),(6214,'','Componer Bug al dar de alta una actividad','100','45','','PabloLopez','AbrahamRojas','Conflicto de nombre de formularios, completo','2015-12-22','','','b','Programación','09:30','2015-12-22'),(6215,'','Carga de banners portal #IHG y #Cendesi','100','45','','AnabelVelasquez','','','2015-12-22','','','b','Cliente','13:00','2015-12-22'),(6216,'','#Junta con VH y JC para revisar #BSolutions','100','30','https://www.mindmeister.com/621320373','AnabelVelasquez','','','2015-12-22','','','b','Proyectos','10:30','2015-12-22'),(6217,'','Junta con Vic. Heredia y Guadalupe ','75','15','','JohnMota','','','2015-12-22','','','b','Junta','10:00','2015-12-22'),(6218,'','Crear plan del día de hoy con John','0','30','','GuadalupeSanchez','','','2015-12-21','','','b','Planeación','09:00','2015-12-21'),(6219,'','Trabajar con medidas de seguridad aplicando en Joomla ','75','60','https://docs.google.com/document/d/1ryQ3SCSbMTIKpUz4qjd62ydFWjIZDJTrPMjdHTeEGlI/edit#heading=h.u8xc2mrjz6by','JohnMota','','','2015-12-22','','','c','Planeación','09:00','2015-12-22'),(6220,'','Prueba de funcionamiento','0','0','','EricBaez','','','2015-12-22','','','d','Proyectos','09:00','2015-12-22'),(6221,'','Planear actividades del día de hoy con John','100','30','','GuadalupeSanchez','','','2015-12-22','','','b','Planeación','09:00','2015-12-22'),(6222,'','Iterar tópico de Empower Branding','0','30','','CarlosHeredia','','','2014-12-22','','','b','Documentación','','2014-12-22'),(6223,'','Junta core biz process BS','100','45','','CarlosHeredia','','','2015-12-22','','','b','Junta','11:30','2015-12-22'),(6224,'','2nda iteracion content plan alkimia','0','60','','CarlosHeredia','','','2015-12-22','','','b','Planeación','14:00','2015-12-22'),(6225,'','junta MVP gestor','50','60','','CarlosHeredia','','o revisar mapa de plan','2015-12-22','','','b','Junta','13:00','2015-12-22'),(6226,'','plan personal (mssg)','75','30','','CarlosHeredia','','','2015-12-22','','','a','Personal','15:00','2015-12-22'),(6227,'','revisar como se usa Get Flow app','50','30','','CarlosHeredia','','','2015-12-22','','','c','Investigación','16:00','2015-12-22'),(6228,'','Junta con Abraham sobre el gestor','100','60','','JoseRojas','JoseRojas','','2015-12-22','','','a','Administrativa','11:00','2015-12-22'),(6233,'','list of ideas for gestor app name','50','30','','CarlosHeredia','','','2015-12-22','','','c','Investigación','13:00','2015-12-22'),(6234,'','Interactuar con la API de smart messaging','100','180','','EdiEusebio','','','2015-12-22','','','c','Proyectos','10:00','2015-12-22'),(6235,'','Adecuación mapa mental #BSolutions','100','120','https://www.mindmeister.com/621320373','AnabelVelasquez','JuanCarlosAngeles','','2015-12-22','','','a','Cliente','11:00','2015-12-22'),(6236,'','	Implementar el gestor de actividades al PAP	','100','120','','PabloLopez','EricBaez','Parte 2/3','2015-12-22','','','b','Programación','13:30','2015-12-22'),(6237,'','	Implementar el gestor de actividades al PAP	','100','90','','PabloLopez','EricBaez','Parte 3/3: Se completo mostrar las actividades del PAP y poder dar de alta y a su vez esta actividad se refleja en la bitácora','2015-12-22','','','b','Programación','16:30','2015-12-22'),(6238,'','Llenar medidas de seguridad de LMS','75','120','','GuadalupeSanchez','','','2015-12-22','','','c','Documentación','09:00','2015-12-22'),(6241,'08:00','Probando el gestor de actividades','20','','','','','.','','','','','','','0000-00-00'),(6242,'08:00','Probando alta del gestor de actividades','20','','','','','.','','','','','','','0000-00-00'),(6243,'08:00','Alta desde el gestor del PAP','20','','','PabloLopez','','.','','','','','','','0000-00-00'),(6244,'08:00','Alta desde el gestor del PAP','20','','','PabloLopez','','.','','%TOPIC','','','','','0000-00-00'),(6245,'08:00','Alta desde el gestor del PAP Editando','100','45','http://www.flaticon.es','PabloLopez','EricBaez','.Editando','2015-12-25','PAPAxisTemplate','','','Estrategico','12:00','2015-12-25'),(6246,'','Inv. sobre métodos y técnicas de seguridad aplicables en el CMS´s','75','120','https://www.google.com.mx/search?q=medidas+de+seguridad+a+aplicar+a+CMS%27s&oq=medidas+de+seguridad+a+aplicar+a+CMS%27s&aqs=chrome..69i57.29','JohnMota','','','2015-12-22','','','a','Administrativa','11:00','2015-12-22'),(6247,'','Realizar topic y pasar datos importantes para proteger al CMS´s  ','75','90','http://www.empowerlabs.com/intellibanks/bin/view/EmpowerLabsIntra/MedidasSeguridadCMS','JohnMota','','','2015-12-22','','','c','Proyectos','14:00','2015-12-22'),(6248,'','Alta desde el gestor del PAP','20','','','PabloLopez','','.','2015-12-22','','','c','','','2015-12-22'),(6249,'','	Alta desde el gestor del PAP','20','45','','PabloLopez','EricBaez','.','2015-12-22','','','d','Estratégico','','2015-12-22'),(6250,'','Alta desde el gestor del PAP','20','45','','PabloLopez','','.','2015-12-25','','','b','Estratégico','08:00','2015-12-25'),(6251,'','Buscar la forma de hacer un search para mostrar las imagenes de los usuarios registrados','0','120','','CristianMoreno','','','2015-12-23','','','b','Programación','09:30','2015-12-23'),(6252,'','Revisar el funcionamiento del PAP','0','120','','CristianMoreno','','','2015-12-23','','','c','Planeación','11:30','2015-12-23'),(6253,'','Usar App para documentación','0','90','','CristianMoreno','','','2015-12-23','','','c','Planeación','13:00','2015-12-23'),(6254,'','Terminar branding de Intellibanks Demo','0','90','','CristianMoreno','','','2015-12-23','','','a','Programación','15:30','2015-12-23'),(6255,'','Continuar con la incorporación del gestor de actividades al PAP','100','150','','PabloLopez','EricBaez','Detalles: Cuando se edita la actividad desde el gestor se pierde la actividad del PAP se pierde la relación,','2015-12-23','','','b','Programación','09:00','2015-12-23'),(6256,'','Mini Junta con alex y Javier para ver lo de las API´s ','75','5','','EdiEusebio','','','2015-12-23','','','c','Proyectos','10:00','2015-12-23'),(6257,'','Invertigar una solucion para el problema de entra de usuarios en el TeamChat','100','180','','EdiEusebio','','','2015-12-23','','','c','Programación','09:00','2015-12-23'),(6258,'','Iterar tópico de Empower Branding','0','30','','CarlosHeredia','','','2015-12-23','','','b','Proyectos','10:00','2015-12-23'),(6259,'','Terminar agregar últimos puntos para la protección de  los CMS¨S','75','60','https://www.google.com.mx/search?q=medidas+de+seguridad+a+aplicar+a+CMS%27s&oq=medidas+de+seguridad+a+aplicar+a+CMS%27s&aqs=chrome..69i57.29','JohnMota','','','2015-12-23','','','c','Planeación','09:30','2015-12-23'),(6260,'','junta diseño interfase Gestor app y sala virtual','100','90','','CarlosHeredia','','','2015-12-23','','','b','Junta','11:00','2015-12-23'),(6261,'','Ejecutar plan de mantenimiento Fase 1','50','120','http://www.intellibanks.net/ecosystem/bin/view/EEcoIT/EmpowerEcoITAdmin/PlanMantenimiento','GuadalupeSanchez','','','2015-12-23','','','b','Administrativa','09:00','2015-12-23'),(6262,'','Apoyo para mostrar solo imagenes en las búsqueda general de usuarios','100','90','http://www.empowerlabs.com/intellibanks/bin/view/EmpowerLabsBusinessSolutions/ProyectoPAP/PruebasDeCodigo','PabloLopez','CristianMoreno','Trabajo solo Cris, Jovy pidió solo apoyo','2015-12-23','','','b','Programación','09:00','2015-12-23'),(6263,'','Seguimiento derechos de autor #Aserta','100','45','http://www.intellibanks.net/ecosystem/bin/view/EEcoNegocios/IntelifinIntra/PlanGlobalDerechosAutorCursosCedulas#3_Investigar_empresas_que_re','AnabelVelasquez','','','2015-12-22','','','a','Proyectos','17:00','2015-12-22'),(6264,'','Revisión de Cursos A, B #Aserta','100','90','','AnabelVelasquez','','','2015-12-22','','','a','Cliente','14:00','2015-12-22'),(6265,'','Seguimiento derechos de autor #Aserta y #Junta JC y Javier Lora','100','60','http://www.intellibanks.net/ecosystem/bin/view/EEcoNegocios/IntelifinIntra/PlanGlobalDerechosAutorCursosCedulas#3_Integrar_materiales','AnabelVelasquez','JavierAaronLoraRangel','Plan de revisión de materiales - Javier descargará Ced A ','2015-12-23','','','a','Proyectos','11:30','2015-12-23'),(6266,'','Revisión Ced A #Aserta','100','90','http://www.asertacapacitacion.com.mx/','AnabelVelasquez','','','2015-12-23','','','b','Cliente','09:00','2015-12-23'),(6267,'','Continuar con el diseño mockup #SalasHTML','100','180','','AngelesBravo','','','2015-12-23','','','b','Proyectos','09:30','2015-12-23'),(6268,'','Crear tópico para el monitoreo de problemas en el server','100','60','http://www.intellibanks.net/ecosystem/bin/view/EEcoIT/EmpowerEcoITAdmin/PlanMonitoreoServidor','GuadalupeSanchez','Mariocortes','#PlanInfraestructuraIT','2015-12-23','','','b','Administrativa','09:00','2015-12-23'),(6269,'','Implementar los iconos del gestor de actividades ','20','60','_','PabloLopez','','.','2015-12-25','','','d','Estratégico','','2015-12-25'),(6270,'','Revisar Estatus de las Uni. de #ELabsAcademy ','75','60','https://docs.google.com/spreadsheets/d/12-nMklA1tgG02nuuFo7-hiz5JTAFZCOY56u8K_eVPAU/edit#gid=442486616','JohnMota','','Buscar mas Uni. de otro estado y agregarlo a la BD','2015-12-23','','','c','Planeación','10:30','2015-12-23'),(6271,'','Actualizar, Agregar y modificar algunos datos en el topic sobre la protección del CMS´s ','75','60','http://www.empowerlabs.com/intellibanks/bin/view/EmpowerLabsIntra/MedidasSeguridadCMS','JohnMota','','','2015-12-23','','','c','Proyectos','11:30','2015-12-23'),(6272,'','Junta con el equipo Empowerlabs','100','15','','CarlosVazquez','','','2015-12-23','','','a','Proyectos','','2015-12-23'),(6273,'','Testeo','20','30 min','','PabloLopez','','.','2015-12-25','PruebasDeCodigo','','b','Estratégico','08:00','2015-12-25'),(6274,'','','0','0','','CarlosHeredia','','','2015-12-23','','','a','Administrativa','09:00','2015-12-23'),(6275,'','#Junta con equipo y VH','100','15','','AnabelVelasquez','','','2015-12-23','','','c','Junta','10:00','2015-12-23'),(6276,'','Revisión general del servidor a problema reportado','0','15','','MarioCortes','','','2015-12-23','','','a','Administrativa','10:30','2015-12-23'),(6277,'','Coordinación de mecanismos y procesos de reporte y seguimiento de monitoreo del server','0','45','http://www.intellibanks.net/ecosystem/bin/view/EEcoIT/EmpowerEcoITAdmin/PlanMonitoreoServidor','MarioCortes','','','2015-12-23','','','b','Documentación','','2015-12-23'),(6278,'','#Junta con JC y VH para plan global','100','30','','AnabelVelasquez','','','2015-12-23','','','a','Junta','10:30','2015-12-23'),(6279,'','Plan derechos autor Cursos A, B, F y H #Intelifin','0','90','','AnabelVelasquez','','','2015-12-22','','','a','Proyectos','11:30','2015-12-22'),(6280,'','cambiar topic de MedidasSeguridadCMS','75','30','http://www.empowerlabs.com/intellibanks/bin/view/EmpowerLabsIntra/MedidasSeguridadCMS','JohnMota','','','2015-12-23','','','b','Planeación','12:30','2015-12-23'),(6281,'','Revisión de PAP #EmpowerLabs','100','90','https://docs.google.com/spreadsheets/d/14XUG1FGRi80YRORqJQ0HTTLsZqB60AGpVCM_gAjmoqU/edit#gid=413482705','AnabelVelasquez','','Macro Planeación 2016 - Primera iteración','2015-12-23','','','a','Proyectos','12:30','2015-12-23'),(6282,'','','','','','','','','','','','','','','0000-00-00'),(6283,'','Descargar materiales de CedA Aserta','0','120','','JavierAaronLoraRangel','','','2015-12-23','','','b','Proyectos','13:00','2015-12-23'),(6284,'','Revisión de imágenes en plataformas #Aserta e #intelifin','100','60','asertacapacitacion.com.mx','MarioCortes','AnabelVelasquez','Revisión Ced B #Aserta','2015-12-23','','','b','Cliente','16:00','2015-12-23'),(6285,'','Realizar cambios a muckup de acuerdo a las correcciones de Carlos H.','75','180','','AngelesBravo','','','2015-12-23','','','b','Proyectos','13:30','2015-12-23'),(6286,'','Organizar junto con Mario la manera de reportar fallas del server ','100','45','','GuadalupeSanchez','CristianMoreno','','2015-12-23','','','b','Administrativa','09:00','2015-12-23'),(6287,'','Continuar con la incorporación del gestor de actividades al PAP','100','150','','PabloLopez','EricBaez','Logros: poder actualizar desde la tabla fácilmente','2015-12-23','','','b','Administrativa','12:30','2015-12-23'),(6288,'','Inducción al desarrollo de chats','100','30','','JavierAaronLoraRangel','','','2015-12-23','','','c','Curso','10:00','2015-12-23'),(6289,'','Revisión de PAP #EmpowerLabs','100','60','https://docs.google.com/spreadsheets/d/14XUG1FGRi80YRORqJQ0HTTLsZqB60AGpVCM_gAjmoqU/edit#gid=413482705','AnabelVelasquez','','eAcademy 2016 - Primera iteración','2015-12-23','','','a','Proyectos','14:00','2015-12-23'),(6290,'','Junta con C. Heredia y J. Rojas para revisar metodología de diseño de interface','100','120','','CarlosVazquez','','','2015-12-23','','','b','Proyectos','','2015-12-23'),(6291,'','Realizar historias de usuario para el diseño de la interfaz de las #SalasHTML','50','150','','CarlosVazquez','','','2015-12-23','','','b','Proyectos','','2015-12-23'),(6292,'','Junta cleanse program Alkimia','100','60','','CarlosHeredia','','','2015-12-23','','','b','Junta','15:00','2015-12-23'),(6293,'','Iteracion metodologia de USer Narratives','0','30','','CarlosHeredia','','','2015-12-23','','','a','Documentación','16:30','2015-12-23'),(6294,'','Procesar claves #Cendesi: LAR y Docentes','100','45','','AnabelVelasquez','MarioCortes','','2015-12-23','','','a','Cliente','17:00','2015-12-23'),(6295,'','Pruebas de JavaScript en TeamChat','100','180','','EdiEusebio','','','2015-12-23','','','c','Programación','12:30','2015-12-23'),(6296,'','#Junta con JC para revisar PAP','100','30','https://docs.google.com/spreadsheets/d/14XUG1FGRi80YRORqJQ0HTTLsZqB60AGpVCM_gAjmoqU/edit#gid=413482705','AnabelVelasquez','','','2015-12-23','','','c','Proyectos','17:30','2015-12-23'),(6297,'','Revisión de avances con Carlos V','100','15','','AngelesBravo','','','2015-12-23','','','b','Proyectos','15:00','2015-12-23'),(6298,'','Añadir nuevos elementos en el diseño','50','90','','AngelesBravo','','','2015-12-23','','','b','Proyectos','15:30','2015-12-23'),(6299,'','Junta para ver el plan de Intellibanks 2016','100','60','','PabloLopez','','','2015-12-23','','','b','Junta','11:30','2015-12-23'),(6300,'','Junta para ver el plan intellibanks 2016 ','100','60','','EricBaez','','','2015-12-23','','','b','Junta','11:30','2015-12-23'),(6301,'','	Continuar con la incorporación del gestor de actividades al PAP','100','120','','PabloLopez','EricBaez','Logros: insertar actividades y verse desde el gestor personal, poder ver prioridades, estatus y liga con iconos','2015-12-23','','','b','Programación','16:00','2015-12-23'),(6302,'','Ajustar detalles del gestor de actividades, mejorando la experiencia al editar ','100','180','','PabloLopez','EricBaez','','2015-12-24','','','b','Programación','09:00','2015-12-24'),(6303,'','Reajustar plan de Infraestructura de la semana','100','30','','GuadalupeSanchez','','','2015-12-24','','','b','Administrativa','09:00','2015-12-24'),(6304,'','Terminar inventario de Intellibanks','0','60','','CristianMoreno','','','2015-12-24','','','b','Planeación','09:30','2015-12-24'),(6305,'','Pruebas del PAP para ver su integración con el gestor','0','120','','CristianMoreno','','','2015-12-24','','','b','Programación','11:00','2015-12-24'),(6306,'','Realizar historias de usuario para el diseño de la interfaz de las #SalasHTML','100','180','https://www.mindmeister.com/626328815','CarlosVazquez','','','2015-12-24','','','b','Administrativa','','2015-12-24'),(6307,'','Crear el plan de trabajo para la construcción del BSystem de Best Solutions','50','60','http://www.empowerlabs.com/intellibanks/bin/view/ProyectoBSolutions/BSolutionsPlanConstruccionBSystem','JuanCarlosAngeles','','','2015-12-24','','','b','Planeación','10:30','2015-12-24'),(6308,'','Crear estructura del tópico de especificaciones del BSystem de Best Solutions','50','60','http://www.empowerlabs.com/intellibanks/bin/view/ProyectoBSolutions/BSolutionsBSystemSpecs','JuanCarlosAngeles','','','2015-12-24','','','b','Planeación','11:00','2015-12-24'),(6309,'','Revisar permisos de archivos y carpetas de cuentas FTP por dominio ','0','120','','GuadalupeSanchez','','','2015-12-24','','','b','Administrativa','09:00','2015-12-24'),(6310,'','Revisar las Universidades a agregar a la BD  ','75','60','http://www.altillo.com/universidades/mexico/de/distritofederal.asp','JohnMota','','recopilar datos de las UNIVERSIDADES DEL DISTRITO FEDERAL (DF) Directorio de Universidades Privadas y Públicas del Distrito Federal de Méx','2015-12-24','','','c','Planeación','10:00','2015-12-24'),(6311,'','Coordinación con Lupita para siguientes pasos plan de mantenimiento','0','30','http://www.intellibanks.net/ecosystem/bin/view/EEcoIT/EmpowerEcoITAdmin/PlanMantenimiento','MarioCortes','GuadalupeSanchez','','2015-12-24','','','b','Administrativa','','2015-12-24'),(6312,'','Escribir historias de usuario en mapa mental','100','60','https://www.mindmeister.com/627137748','JoseRojas','','','2015-12-24','','','c','Planeación','11:30','2015-12-24'),(6313,'','Cordinación con Anabel para altas #Cendesi y actualización de registros en LMS','100','60','','MarioCortes','AnabelVelasquez','','2015-12-24','','','b','Cliente','','2015-12-24'),(6314,'','Junta con Edi y Javier sobre desarrollo de TeamChat','100','45','','JoseRojas','','','2015-12-24','','','c','Junta','09:30','2015-12-24'),(6315,'','Junta con Abraham sobre el nuevo gestor de actividades','50','60','https://ninjamock.com/s/99DDS','JoseRojas','','','2015-12-24','','','b','Junta','10:30','2015-12-24'),(6316,'','Probar PAP integrado al gestor','100','60','https://docs.google.com/spreadsheets/d/1gohKT2dfpH1lC1Y51yI-DF338QETvaMJfVRCr0LpHQ8/edit#gid=1042708754','JoseRojas','','.','2015-12-24','PAPAxisTemplate','','b','Estratégico','11:00','2015-12-24'),(6317,'','Incorporación del gestor de actividades','100','60','http://www.empowerlabs.com/intellibanks/bin/view/EmpowerLabsIntra/PAPPlanTemplate','PabloLopez','EricBaez','Agregado desde PAP','2015-12-24','PAPPlanTemplate','','a','Estratégico','08:00','2015-12-24'),(6318,'','Ajustes para realizar pruebas de Team Chat ','100','180','http://bitnami-lampstack-57ac.cloudapp.net/pruebas/TeamChat/TeamChat.html','EdiEusebio','','','2015-12-24','','','c','Programación','10:00','2015-12-24'),(6319,'','Continuar con la revision del funcionamiento de la API TemamChat','100','120','','EdiEusebio','','','2015-12-24','','','c','Documentación','09:00','2015-12-24'),(6320,'','Incorporando la funcionalidad de poder asignar el responsable','100','15','','EricBaez','','.','2015-12-26','PAPAxisTemplate','','b','Estratégico','08:00','2015-12-26'),(6321,'','Componer bug de apoyo salen todos como apoyo cuando damos de alta ','100','10','','PabloLopez','','.','2015-12-26','PAPAxisTemplate','','d','Estratégico','08:00','2015-12-26'),(6322,'','Incorporando el gestor a los todos los PAP','100','10','','PabloLopez','','.','2015-12-26','PAPPlanTemplate','','b','Estratégico','08:00','2015-12-26'),(6323,'','Migrar todo la funcionalidad del gestor al Template de un eje y sub ejes, y pasar a los PAP existentes','100','30','http://www.empowerlabs.com/intellibanks/bin/view/EmpowerLabsIntra/PlanAccionesPrioritariasDashboard','PabloLopez','EricBaez','Se migro tambien a la web \"Intra\" la web de pilotaje','2015-12-24','','','b','Programación','12:00','2015-12-24'),(6324,'','Junta con Ing. Heredia sobre visita de Peter Thoeny','0','30','','JoseRojas','','','2015-12-24','','','b','Junta','13:00','2015-12-24'),(6325,'','Definir tipo de desarrollo. Nativo/Multiplataforma','20','10','','EricBaez','','.','2015-12-24','PAP-E01-01','','b','Estratégico','12:00','2015-12-24'),(6326,'','Validando avances con Alex del gesto dentro del PAP','100','15','','PabloLopez','JoseRojas','Se valido con Alex la funcionalidad del gestor, acuerdos: cuando se agregue actividad no se recargue la página si no se recargue el div','2015-12-24','','','b','Junta','12:30','2015-12-24'),(6327,'',' Validando avances con Alex del gesto dentro del PAP','0','30','','EricBaez','JoseRojas','Se valido con Alex la funcionalidad del gestor, acuerdos: cuando se agregue actividad no se recargue la página si no se recargue el div','2015-12-24','','','b','Proyectos','12:30','2015-12-24'),(6328,'','Ajustar la alta de actividades de un PAP dentro del gestor','100','60','http://www.empowerlabs.com/intellibanks/bin/view/EmpowerLabsBusinessSolutions/ProyectoPAP/PruebasDeCodigo','PabloLopez','EricBaez','En vez de recargar la página cuando se agrega la actividad recargar solo las consultas','2015-12-24','','','b','Programación','12:30','2015-12-24'),(6329,'','Actualizar datos','20','15','','UserWiki','','.','2015-12-26','PAPAxisTemplate','','c','Estratégico','08:00','2015-12-26'),(6330,'','Actualizar datos','20','15','','UserWiki','','.','2015-12-26','PAPAxisTemplate','','c','Estratégico','08:00','2015-12-26'),(6331,'','Actualizar datos','20','15','','UserWiki','','.','2015-12-26','PAPAxisTemplate','','c','Estratégico','08:00','2015-12-26'),(6332,'','Funcionamiento de  reload  a topico origen ','20','Duración','','EricBaez','','.','2015-12-24','PAPAxisTemplate','','d','Estratégico','08:00','2015-12-24'),(6333,'','3ra prueba de ejecución para el reload de actividades','20','10','','EricBaez','','.','2015-12-25','PAPAxisTemplate','','d','Estratégico','07:00','2015-12-25'),(6334,'','Prueba del  Scope apli ','20','10','','EricBaez','','.','2015-12-25','PAPAxisTemplate','','a','Estratégico','08:00','2015-12-25'),(6335,'','otra pueba','20','Duración','','','','.','2015-12-24','PAPAxisTemplate','','','Estratégico','08:00','2015-12-24'),(6336,'','Incorporar el recargamiento del div','20','Duración','','PabloLopez','','.','2015-12-26','PAPAxisTemplate','','','Estratégico','08:00','2015-12-26'),(6337,'','Pasar datos de Uni a nuestra BD ','75','90','','JohnMota','','','2015-12-24','','','c','Planeación','12:00','2015-12-24'),(6338,'','Iteración a diseño de las #SalasVirtualesHTML','75','180','','AngelesBravo','','','2015-12-24','','','b','Proyectos','09:30','2015-12-24'),(6339,'','All code is delivered for this year. Group chat logging + mp3 voice recording on server side','0','0','','RogerioSilva','','','2015-12-28','','','a','Administrativa','09:00','2015-12-28'),(6340,'','Junta para ver detalles del Sales Tracker de #BestSolutions','50','45','','PabloLopez','JuanCarlosAngeles','','2015-12-28','','','b','Junta','09:00','2015-12-28'),(6341,'','Revisar pendientes de los entregables para  enero','100','15','','EricBaez','','','2015-12-28','','','c','Proyectos','09:00','2015-12-28'),(6342,'','Revisar el plan de Sales Tracker','100','45','http://www.empowerlabs.com/intellibanks/bin/view/ProyectoBSolutions/BSolutionsPlanConstruccionBSystem','PabloLopez','EricBaez','','2015-12-28','','','b','Planeación','09:30','2015-12-28'),(6343,'','Subir nuevas propuestas de imagen de EmpowerLabs','100','45','https://app.conceptboard.com/board/c75k-quto-fpyf-tbea-1smq#','UrielHidalgo','','','2015-12-28','','','a','Documentación','','2015-12-28'),(6344,'','iterar nuevas propuestas de imagen de EmpowerLabs','0','30','','UrielHidalgo','','','2015-12-28','','','a','Junta','09:00','2015-12-28'),(6345,'','Plan #EAcademy #junta VH','100','120','','AnabelVelasquez','','','2015-12-24','','','a','Proyectos','','2015-12-24'),(6346,'','Revisión curso Ced A #Intelifin','75','90','','AnabelVelasquez','','','2015-12-24','','','a','Cliente','','2015-12-24'),(6347,'','Revisión Ced A #Intelifin','100','90','asertacapacitacion.com.mx','AnabelVelasquez','','','2015-12-28','','','a','Proyectos','09:30','2015-12-28'),(6348,'','Coordinar reportes finales #Aserta','100','120','https://docs.google.com/spreadsheets/d/1EoVTUnBq4kJ0_AJRLby4hA8twco9Mgm9a5NJySt0NcM/edit?usp=drive_web','AnabelVelasquez','GuadalupeSanchez','','2015-12-28','','','b','Cliente','09:00','2015-12-28'),(6349,'','Revisar plan #EAcademy y agregar comentarios','0','45','','AnabelVelasquez','','','2015-12-29','','','b','Proyectos','','2015-12-29'),(6350,'','Vaciar info de plan #EAcademy en tabla de Docs','0','45','','AnabelVelasquez','','','2015-12-29','','','b','Proyectos','','2015-12-29'),(6351,'','Revisar integración materiales para Derechos Autor #Intelifin','100','15','http://www.intellibanks.net/ecosystem/bin/view/EEcoNegocios/IntelifinIntra/PlanGlobalDerechosAutorCursosCedulas','AnabelVelasquez','JavierAaronLoraRangel','Cédula A - listo en Word','2015-12-28','','','b','Proyectos','11:30','2015-12-28'),(6352,'','Revisar curso Ced B #Intelifin','100','120','','AnabelVelasquez','','','2015-12-28','','','b','Proyectos','15:00','2015-12-28'),(6353,'','Cargar info de tabla de docs a PAP #EAcademy','0','90','','AnabelVelasquez','','','2015-12-29','','','b','Proyectos','','2015-12-29'),(6354,'','Cerrar docs claves #IHG y cargar nuevo','0','60','','AnabelVelasquez','','','2015-12-29','','','a','Cliente','','2015-12-29'),(6355,'','Prueba de funcionalidad en TeamChat en un grupo','100','60','','EdiEusebio','','','2015-12-28','','','c','Programación','09:00','2015-12-28'),(6356,'','Buscar como visualizar un lista de contactos en  TeamChat','100','90','','EdiEusebio','','','2015-12-28','','','c','Programación','10:00','2015-12-28'),(6357,'','Terminar empaquetamiento de Intellibanks version 6.0.2','75','120','','CristianMoreno','','Solo falta compatibilidad con 2 plugins','2015-12-28','','','b','Programación','10:30','2015-12-28'),(6358,'','Preparar el Plan de Migración de Intellibanks 6.0.2','0','90','','CristianMoreno','','','2015-12-29','','','a','Planeación','09:30','2015-12-29'),(6359,'','Terminar Instalación de Plugins con la Version 6.0.2','75','60','','CristianMoreno','','Falta compatibilidad con 2 Plugins','2015-12-28','','','b','Programación','09:30','2015-12-28'),(6360,'','Capturar datos sobre las uni que faltan por agregar al accountDB','75','90','','JohnMota','','','2015-12-28','','','c','Planeación','09:30','2015-12-28'),(6361,'','Proponer  estructura más viable para  el business tracker ','100','120','http://www.empowerlabs.com/intellibanks/bin/view/ProyectoBSolutions/BSolutionsBSystemSpecs','EricBaez','','','2015-12-28','','','a','Planeación','10:30','2015-12-28'),(6362,'','Solicitar instalación #PAP #EAcademy','100','15','http://www.empowerlabs.com/intellibanks/bin/view/EmpowerLabsEducation/WebHome','AnabelVelasquez','CristianMoreno','','2015-12-28','','','b','Proyectos','10:30','2015-12-28'),(6363,'','Creaccion de plan para solución de TeamChat ','50','60','http://www.empowerlabs.com/intellibanks/bin/view/EmpowerLabsMobileApps/PlanSolucionTeamChat','EdiEusebio','JavierAaronLoraRangel','','2015-12-28','','','c','Documentación','11:00','2015-12-28'),(6364,'','Hacer la Instalación del PAP en la Web de Educación #PAP','100','120','http://www.empowerlabs.com/intellibanks/bin/view/EmpowerLabsEducation/PlanAccionesPrioritariasDashboard','CristianMoreno','','Se dejo listo en la Web que pidió Ana y JC','2015-12-28','','','b','Programación','12:00','2015-12-28'),(6365,'','#Junta con JC para organizar adecuaciones a materiales','100','15','http://www.intellibanks.net/ecosystem/bin/view/EEcoNegocios/IntelifinIntra/PlanGlobalDerechosAutorCursosCedulas#3_Integrar_materiales','AnabelVelasquez','','','2015-12-28','','','b','Proyectos','11:30','2015-12-28'),(6366,'','Revisar información de CedA #Intelifin para derechos de autor','20','120','http://www.intellibanks.net/ecosystem/bin/view/EEcoNegocios/IntelifinIntra/PlanGlobalDerechosAutorCursosCedulas#3_Integrar_materiales','AnabelVelasquez','','','2015-12-28','','','a','Proyectos','12:00','2015-12-28'),(6367,'','Ayudar a CH a pasar un archivo de illustrator a PDF','100','45','','UrielHidalgo','','','2015-12-28','','','a','Proyectos','09:00','2015-12-28'),(6368,'','Ajustar el gestor de actividades en la web de Educacción','100','90','','EricBaez','','','2015-12-28','','','b','Proyectos','14:30','2015-12-28'),(6369,'','Verificar permisos de archivos','100','150','','GuadalupeSanchez','','Primeros 6 dominios listos','2015-12-28','','','b','Administrativa','09:00','2015-12-28'),(6370,'','Realizar cambios en la interfaz de las #SalasHTML','0','180','','CarlosVazquez','','','2015-12-28','','','b','Programación','','2015-12-28'),(6371,'','Desarrllo de priner prototipo de tablero inteligente','0','180','https://ninjamock.com/s/99DDS','JoseRojas','','','2015-12-28','','','b','Programación','11:00','2015-12-28'),(6372,'','Validar  con el equipo la arquitectura del sales','75','120','https://docs.google.com/presentation/d/12xB66ud05uvFeiFC1vCORZbcTYgiaXq8XuIhH7YBtHQ/edit#slide=id.p8','EricBaez','','Revisaremos  el diseño para la parte de los proyectos  con respecto al la metodología agil','2015-12-28','','','b','Planeación','16:00','2015-12-28'),(6373,'','Terminar iteración de diseño \"SalaVirtualHTML\" en mockup','100','90','','AngelesBravo','','','2015-12-28','','','b','Proyectos','09:30','2015-12-28'),(6374,'','Probar que todos los links del mockup se encuentren en el espacio correspondiente','100','120','','AngelesBravo','','','2015-12-28','','','b','Proyectos','11:30','2015-12-28'),(6375,'','Agregar algunas historias de usuario al mapa #SalasHTML ','100','90','','AngelesBravo','','','2015-12-28','','','b','Proyectos','14:00','2015-12-28'),(6376,'','Junta con Jovy y Eric para acordar siguientes pasos de la construcción del Core Business Process Tracker de Best Solutions','20','60','http://www.empowerlabs.com/intellibanks/bin/view/ProyectoBSolutions/BSolutionsPlanConstruccionBSystem','JuanCarlosAngeles','','','2015-12-29','','','b','Planeación','','2015-12-29'),(6377,'','Generar  primera iteración del tópico de las Especificaciones del Business Process Tracker de Best Solutions','100','60','http://www.empowerlabs.com/intellibanks/bin/view/ProyectoBSolutions/BSolutionsBSystemSpecs','JuanCarlosAngeles','','','2015-12-28','','','b','Planeación','10:00','2015-12-28'),(6378,'','Revisión de avances de la migración de los cursos de Ced F y H al LMS Intelifin','100','45','','JuanCarlosAngeles','','Textos, imágenes, presentaciones completas, evalaciones incompleas','2015-12-28','','','b','Curso','11:00','2015-12-28'),(6379,'','Recabar referencias bibliográficas del contenido de los cursos de Ced A,B, F y H para el porceso de registro de derechos de autor','100','120','http://www.intellibanks.net/ecosystem/bin/view/EEcoNegocios/IntelifinIntra/PlanGlobalDerechosAutorCursosCedulas','JuanCarlosAngeles','','','2015-12-28','','','b','Documentación','12:00','2015-12-28'),(6380,'','crear modulo php que permita arrojar dichos datos necesarios','100','180','http://bitnami-lampstack-57ac.cloudapp.net/pruebas/TeamChat/TeamChatListUser.php','EdiEusebio','','','2015-12-28','','','a','Administrativa','13:00','2015-12-28'),(6381,'','trabakjr con el plan de proyecto de #ELabsAcademy  ','75','90','','JohnMota','','','2015-12-28','','','c','Planeación','12:00','2015-12-28'),(6382,'','revisar la BD del AcountDB y arreglarlo para la nueva búsqueda de  alumnos ','0','60','','JohnMota','','','2015-12-28','','','c','Planeación','13:00','2015-12-28'),(6383,'','Generar Checklist para instalaciones del PAP','100','90','http://www.empowerlabs.com/intellibanks/bin/view/EmpowerLabsBusinessSolutions/ProyectoPAP/PAPAppPlanMigracion','CristianMoreno','','Se tiene el checklist para instalación del PAP','2015-12-28','','','c','Planeación','14:00','2015-12-28'),(6384,'','Revisar el docs de #BestSolutions (Sales Tracker)','100','30','https://docs.google.com/presentation/d/12xB66ud05uvFeiFC1vCORZbcTYgiaXq8XuIhH7YBtHQ/edit#slide=id.p8','PabloLopez','','','2015-12-29','','','b','Documentación','09:00','2015-12-29'),(6385,'','Iterar plan de tecnología 2016 y el 2015','100','60','','GuadalupeSanchez','','','2015-12-29','','','b','Planeación','09:00','2015-12-29'),(6386,'','Iterar la historia del usuario','75','60','http://www.empowerlabs.com/intellibanks/bin/view/ProyectoBSolutions/BSolutionsBSystemSpecs','PabloLopez','EricBaez','','2015-12-29','','','b','Planeación','09:30','2015-12-29'),(6387,'','Seguimiento a procesos del #LabDigitalStudio','0','120','','UrielHidalgo','','','2015-12-29','','','a','Documentación','09:00','2015-12-29'),(6388,'','Iterar proceso de Proceso de Video Ilustrativos','0','30','','UrielHidalgo','','','2015-12-29','','','b','Documentación','09:00','2015-12-29'),(6389,'','Agregar AccountDB nuevas Uni a reclutar alumnados','75','90','','JohnMota','','','2015-12-29','','','c','Planeación','09:30','2015-12-29'),(6390,'','Agregar nuevos datos de le BD de lasUni que estamos agregando ','75','90','','JohnMota','','','2015-12-29','','','c','Planeación','12:00','2015-12-29'),(6391,'','Revisar información de CedA #Intelifin para derechos de autor','0','0','','AnabelVelasquez','','','2015-12-29','','','a','Administrativa','13:30','2015-12-29'),(6392,'','completar de  validar la arquitectura para  BSolutions','75','45','','EricBaez','','','2015-12-29','','','b','Proyectos','09:30','2015-12-29'),(6393,'','Terminar Plugin de compatibilidsad para intellibanks 6.0.2','0','90','','CristianMoreno','','','2015-12-29','','','b','Programación','10:30','2015-12-29'),(6394,'','Revisar estructura del código #SalasHTML5','0','90','','AngelesBravo','','','2015-12-29','','','b','Proyectos','09:30','2015-12-29'),(6395,'','Continuar revisión de permisos en carpetas y archivos de dominios','0','150','','GuadalupeSanchez','','','2015-12-29','','','b','Administrativa','09:00','2015-12-29'),(6396,'','Alta de claves de #IHG','100','60','https://docs.google.com/spreadsheets/d/1DaeU6XTJd3u1R9R035c53nlgpKPUwa--xh3Bx8I55gg/edit#gid=1','AnabelVelasquez','','','2015-12-29','','','b','Cliente','09:00','2015-12-29'),(6397,'','Correr script de sincronización BD #IHG','100','15','https://docs.google.com/spreadsheets/d/1DaeU6XTJd3u1R9R035c53nlgpKPUwa--xh3Bx8I55gg/edit#gid=1','AnabelVelasquez','','','2015-12-29','','','b','Cliente','11:00','2015-12-29'),(6398,'','Cerrar Drive 2015 y crear nuevo 2016 control claves #IHG','75','60','https://docs.google.com/spreadsheets/d/1Q9dhv3Remgr9m5jT6WM-K2vJ1nsudu72xQZV6jZfc2Y/edit#gid=2','AnabelVelasquez','','','2015-12-29','','','b','Cliente','10:00','2015-12-29');

--
-- Table structure for table `ai_field`
--

CREATE TABLE `ai_field` (
  `id` int NOT NULL AUTO_INCREMENT,
  `field_key` varchar(120) NOT NULL,
  `value_hint` text NOT NULL COMMENT 'descripcion de la key',
  `ai_process` int NOT NULL,
  PRIMARY KEY (`id`),
  KEY `ai_process` (`ai_process`),
  CONSTRAINT `ai_field_ibfk_1` FOREIGN KEY (`ai_process`) REFERENCES `ai_process` (`id`) ON DELETE CASCADE ON UPDATE CASCADE
) ENGINE=InnoDB DEFAULT CHARSET=latin1;

--
-- Dumping data for table `ai_field`
--


--
-- Table structure for table `ai_process`
--

CREATE TABLE `ai_process` (
  `id` int NOT NULL AUTO_INCREMENT,
  `name` varchar(180) NOT NULL,
  `description` text NOT NULL,
  `creator` int NOT NULL,
  `date` datetime NOT NULL,
  `last_updated` datetime NOT NULL,
  `visible` tinyint NOT NULL,
  PRIMARY KEY (`id`),
  KEY `creator` (`creator`),
  CONSTRAINT `ai_process_ibfk_1` FOREIGN KEY (`creator`) REFERENCES `puesto` (`id`) ON DELETE CASCADE ON UPDATE CASCADE
) ENGINE=InnoDB AUTO_INCREMENT=12 DEFAULT CHARSET=latin1;

--
-- Dumping data for table `ai_process`
--

INSERT INTO `ai_process` VALUES (8,'Generador de infografías','Un app que permite generar flashcards',15,'2024-03-22 06:45:44','2024-03-22 06:45:44',0),(11,'Master ONE Client Generator','Instrucciones del GPT Master ONE Client Generator',15,'2024-05-24 06:14:56','2024-05-24 06:14:56',0);

--
-- Table structure for table `ai_step`
--

CREATE TABLE `ai_step` (
  `id` int NOT NULL AUTO_INCREMENT,
  `ai_process` int NOT NULL,
  `name` varchar(180) NOT NULL,
  `role_user` text NOT NULL,
  `role_systems` text NOT NULL,
  `last_updated` datetime NOT NULL,
  `input_hint` text NOT NULL COMMENT 'pista para que el usuario sepa qué input dar',
  PRIMARY KEY (`id`),
  KEY `ai_process` (`ai_process`),
  CONSTRAINT `ai_step_ibfk_1` FOREIGN KEY (`ai_process`) REFERENCES `ai_process` (`id`) ON DELETE CASCADE ON UPDATE CASCADE
) ENGINE=InnoDB AUTO_INCREMENT=17 DEFAULT CHARSET=latin1;

--
-- Dumping data for table `ai_step`
--

INSERT INTO `ai_step` VALUES (7,8,'Obten algunos headlines','Negocios','Eres un experto en marketing digital, genera 8 headlines interesantes sobre que hablar en relacion a un tema dado, si no hay tema entonces genera uno','2024-03-22 06:48:14','Escribe un tema sobre el cual quieras hablar'),(8,8,'Genera el contenido de tu post','Los secretos del marketing digital que todo emprendedor debe saber','Como un experto en marketing digital y creacion de contenido, dado un headline genera una noticia para un newsletter. una noticia de 6 parrafos interesante para una audiencia entre 22 y 35 años, otra para una audiencia entre 36 y 48 años','2024-03-22 06:52:05','Pega aquí tu headline'),(9,8,'Afina tu post','Mi post es ...\n\nPor favor has que se sienta dirigido a  una audiencia de latinoamerica de entre 20 y 25 años de edad, incluye emojis negritas y cosas que llamen la atencion al hacer scroll en el feed de linkedin','Eres un experto en negocios digitales, dado un post sobre un tema vas a enriquecer el contenido de acuerdo al feedback descrito','2024-03-22 22:39:55','Pega el contenido de tu post, entonces en un siguiente parrafo escribe qué areas quieres que mejoren'),(15,11,'Fase 1: Elabora 5 posibles empresas cliente ideales','Tema del producto: una app para simular transacciones en un evento o fiesta privado, como una kermess, donde el usuario recarga saldo al app y puede obtener productos como bebidas, snacks y accesos VIP.\nTipo de producto: Una plataforma de renta mensual en modelo SaaS.\nNicho: Organizadores de fiestas en playas privadas','Elabora 5 posibles empresas cliente ideales. \nContexto: Estás desarrollando un perfil detallado de empresas que podrían beneficiarse significativamente de nuestros productos o servicios y generar un mayor valor a largo plazo para nuestra empresa.\nRecuerda, una Empresa Cliente Ideal es un tipo de empresa que tiene más probabilidades de beneficiarse de los productos o servicios y generar un mayor valor a largo plazo para la empresa proveedora.\n\nPara generar tu respuesta toma en cuenta las siguientes variables: \n - Tema del producto\n - Tipo de producto\n - Nicho\n\nSi el usuario no te ha dado las variables, utiliza ejemplos genéricos basados en el nicho y tipo de producto proporcionado.\n\n','2024-05-24 06:34:19','Para generar tu respuesta toma en cuenta las siguientes variables: \n - Tema del producto\n - Tipo de producto\n - Nicho\n'),(16,11,'Fase 2: Objetivo. valores y oportunidades de la empresa cliente ideal',' Coordinadores de eventos en destinos de playa de lujo que buscan implementar tecnología innovadora en sus servicios para brindar un valor agregado a sus clientes y mejorar la experiencia general de las fiestas que organizan','El usuario que te dará la empresa cliente ideal de su elección. Entonces, procede a elaborar los objetivos y valores de la empresa cliente ideal, sus mayores oportunidades y las oportunidades que ni siquiera conocen todavía.\n\nElabora los siguientes puntos de manera específica, tangible y concreta:\nObjetivos y Valores de la Empresa Cliente Ideal:\n   * Proporciona una descripción detallada de los objetivos principales que la empresa desea alcanzar.\n   * Describe los valores fundamentales que guían sus operaciones y decisiones.\nEjemplo de estructura:\n   * Título (Objetivos y Valores)\n   * Subtítulo (Objetivo)\n   * Característica 1 del objetivo\n   * Característica 2 del objetivo\n   * Característica 3 del objetivo\nMayores Oportunidades:\n   * Identifica y describe las mayores oportunidades que la empresa puede aprovechar en el mercado actual.\nEjemplo de estructura:\n   * Título (Oportunidades)\n   * Subtítulo (Oportunidad Mayor)\n   * Detalle 1 de la oportunidad\n   * Detalle 2 de la oportunidad\n   * Detalle 3 de la oportunidad\nOportunidades Desconocidas:\n   * Proporciona un análisis de las oportunidades que la empresa aún no ha identificado pero que podrían ser altamente beneficiosas.\nEjemplo de estructura:\n   * Título (Oportunidades Desconocidas)\n   * Subtítulo (Oportunidad Potencial)\n   * Detalle 1 de la oportunidad potencial\n   * Detalle 2 de la oportunidad potencial\n   * Detalle 3 de la oportunidad potencial\nSi en algún momento no tienes suficiente información para completar una sección, solicita al usuario datos adicionales específicos, por ejemplo: \"¿Podrías proporcionar más detalles sobre los valores fundamentales de esta empresa?\n\nEscribe tu respuesta para los tres rubros (objetivos y valores, mayores oportunidades, y oportunidades desconocidas) utilizando la siguiente estructura. Asegúrate de ser lo más específico, tangible y concreto posible.\"\nEstructura:\nObjetivos y Valores:\n   * Título: Objetivos y Valores de [Nombre de la Empresa Cliente Ideal]\n   * Subtítulo: Objetivo Principal\n   * Característica 1 del objetivo\n   * Característica 2 del objetivo\n   * Característica 3 del objetivo\nMayores Oportunidades:\n   * Título: Mayores Oportunidades para [Nombre de la Empresa Cliente Ideal]\n   * Subtítulo: Oportunidad Mayor\n   * Detalle 1 de la oportunidad\n   * Detalle 2 de la oportunidad\n   * Detalle 3 de la oportunidad\nOportunidades Desconocidas:\n   * Título: Oportunidades Desconocidas para [Nombre de la Empresa Cliente Ideal]\n   * Subtítulo: Oportunidad Potencial\n   * Detalle 1 de la oportunidad potencial\n   * Detalle 2 de la oportunidad potencial\n   * Detalle 3 de la oportunidad potencial\n\nEjemplo:\nObjetivos y Valores:\n   * Título: Objetivos y Valores de ABC Tech Solutions\n   * Subtítulo: Expansión Internacional\n   * Establecer presencia en 5 nuevos mercados internacionales en los próximos 3 años.\n   * Aumentar la cuota de mercado en un 15% en los mercados actuales.\n   * Desarrollar alianzas estratégicas con empresas locales en los nuevos mercados.\nMayores Oportunidades:\n   * Título: Mayores Oportunidades para ABC Tech Solutions\n   * Subtítulo: Innovación en Productos\n   * Desarrollar una nueva línea de productos basados en IA.\n   * Colaborar con universidades para investigación y desarrollo.\n   * Aprovechar subvenciones gubernamentales para proyectos tecnológicos.\nOportunidades Desconocidas:\n   * Título: Oportunidades Desconocidas para ABC Tech Solutions\n   * Subtítulo: Mercado de Energías Renovables\n   * Explorar la integración de soluciones tecnológicas en el sector de energías renovables.\n   * Participar en proyectos piloto de energía solar y eólica.\n   * Crear alianzas con empresas de energía para ofrecer soluciones conjuntas.\n','2024-05-24 16:52:26','Escribe la empresa cliente ideal y este GPT te generará Objetivos y Valores de la Empresa Cliente Ideal.');

--
-- Table structure for table `ai_step_considered_field`
--

CREATE TABLE `ai_step_considered_field` (
  `id` int NOT NULL AUTO_INCREMENT,
  `field` int NOT NULL,
  `step` int NOT NULL,
  `description` text NOT NULL,
  PRIMARY KEY (`id`),
  KEY `step` (`step`),
  KEY `field` (`field`),
  CONSTRAINT `ai_step_considered_field_ibfk_1` FOREIGN KEY (`step`) REFERENCES `ai_step` (`id`) ON DELETE CASCADE ON UPDATE CASCADE,
  CONSTRAINT `ai_step_considered_field_ibfk_2` FOREIGN KEY (`field`) REFERENCES `ai_field` (`id`) ON DELETE CASCADE ON UPDATE CASCADE
) ENGINE=InnoDB DEFAULT CHARSET=latin1;

--
-- Dumping data for table `ai_step_considered_field`
--


--
-- Table structure for table `ai_step_considered_user_response`
--

CREATE TABLE `ai_step_considered_user_response` (
  `id` int NOT NULL AUTO_INCREMENT,
  `id_user_step_response` int NOT NULL,
  `ai_step_considered` int NOT NULL,
  `response` text NOT NULL,
  PRIMARY KEY (`id`),
  KEY `ai_step_considered` (`ai_step_considered`),
  KEY `id_user_step_response` (`id_user_step_response`),
  CONSTRAINT `ai_step_considered_user_response_ibfk_1` FOREIGN KEY (`ai_step_considered`) REFERENCES `ai_step_considered_field` (`id`) ON DELETE CASCADE ON UPDATE CASCADE,
  CONSTRAINT `ai_step_considered_user_response_ibfk_2` FOREIGN KEY (`id_user_step_response`) REFERENCES `ai_step_considered_user_response` (`id`) ON DELETE CASCADE ON UPDATE CASCADE
) ENGINE=InnoDB DEFAULT CHARSET=latin1;

--
-- Dumping data for table `ai_step_considered_user_response`
--


--
-- Table structure for table `ai_step_pbContent`
--

CREATE TABLE `ai_step_pbContent` (
  `id` int NOT NULL AUTO_INCREMENT,
  `ai_process_step` int NOT NULL,
  `pbContent` int NOT NULL,
  PRIMARY KEY (`id`),
  KEY `ai_process` (`ai_process_step`),
  KEY `pbContent` (`pbContent`),
  CONSTRAINT `ai_step_pbContent_ibfk_1` FOREIGN KEY (`ai_process_step`) REFERENCES `ai_step` (`id`) ON DELETE CASCADE ON UPDATE CASCADE,
  CONSTRAINT `ai_step_pbContent_ibfk_2` FOREIGN KEY (`pbContent`) REFERENCES `pap_sub_eje` (`id`) ON DELETE CASCADE ON UPDATE CASCADE
) ENGINE=InnoDB AUTO_INCREMENT=2 DEFAULT CHARSET=latin1;

--
-- Dumping data for table `ai_step_pbContent`
--

INSERT INTO `ai_step_pbContent` VALUES (1,15,58773);

--
-- Table structure for table `ai_user_step_response`
--

CREATE TABLE `ai_user_step_response` (
  `id` int NOT NULL AUTO_INCREMENT,
  `id_step` int NOT NULL,
  `input` text NOT NULL,
  `user` int NOT NULL,
  `response` longtext CHARACTER SET latin1 COLLATE latin1_swedish_ci NOT NULL,
  PRIMARY KEY (`id`),
  KEY `id_step` (`id_step`),
  KEY `ai_user_step_response_ibfk_2` (`user`),
  CONSTRAINT `ai_user_step_response_ibfk_1` FOREIGN KEY (`id_step`) REFERENCES `ai_step` (`id`) ON DELETE CASCADE ON UPDATE CASCADE,
  CONSTRAINT `ai_user_step_response_ibfk_2` FOREIGN KEY (`user`) REFERENCES `puesto` (`id`) ON DELETE CASCADE ON UPDATE CASCADE
) ENGINE=InnoDB AUTO_INCREMENT=51 DEFAULT CHARSET=latin1;

--
-- Dumping data for table `ai_user_step_response`
--

INSERT INTO `ai_user_step_response` VALUES (17,7,'Negocios',15,'<h2>Descubre las mejores estrategias de marketing digital para impulsar tu negocio</h2>\n<h2>Aumenta tus ventas con las últimas tendencias del marketing digital</h2>\n<h2>Conviértete en un experto en marketing digital y haz crecer tu negocio</h2>\n<h2>Los secretos del marketing digital que todo emprendedor debe saber</h2>\n<h2>Maximiza el alcance de tu negocio utilizando herramientas de marketing digital</h2>\n<h2>Descubre cómo el marketing digital puede transformar tu empresa</h2>\n<h2>Domina el arte del marketing digital y destaca en el mundo de los negocios</h2>\n<h2>Los beneficios del marketing digital para potenciar tu emprendimiento</h2>'),(18,8,'Los secretos del marketing digital que todo emprendedor debe saber',15,'<h1>Descubre los secretos del marketing digital para potenciar tu emprendimiento</h1>\n<p>Si eres un emprendedor en busca de nuevas estrategias para impulsar tu negocio en el mundo digital, estás en el lugar indicado. En la era de la tecnología y la conectividad, el marketing digital se ha convertido en una herramienta fundamental para alcanzar el éxito. Conoce los secretos que te ayudarán a destacar en este competitivo entorno.</p>\n<p>Uno de los aspectos clave en el marketing digital es la creación de contenido relevante y atractivo para tu audiencia. Descubre cómo identificar las necesidades de tus clientes y ofrecerles soluciones a través de tus canales digitales.</p>\n<p>La presencia en redes sociales es otro factor determinante en la estrategia de marketing digital. Aprende a gestionar tus perfiles de forma efectiva y a conectar con tu público objetivo de manera auténtica y cercana.</p>\n<p>Además, la analítica web te proporcionará información valiosa sobre el comportamiento de tus usuarios en línea. Aprovecha estas herramientas para optimizar tus campañas y mejorar la experiencia de tus clientes en tu sitio web.</p>\n<p>Por último, no olvides la importancia del SEO para aumentar la visibilidad de tu marca en los motores de búsqueda. Descubre cómo mejorar el posicionamiento de tu sitio web y atraer más tráfico cualificado a tu negocio.</p>\n<p>En resumen, dominar los secretos del marketing digital te permitirá alcanzar tus objetivos empresariales y destacar en un mercado cada vez más competitivo. ¡Prepárate para llevar tu emprendimiento al siguiente nivel!</p>'),(19,8,'Los beneficios del marketing digital para potenciar tu emprendimiento',15,'```html\n<h1>Descubre cómo el marketing digital puede potenciar tu emprendimiento</h1>\n\n<p>El marketing digital se ha convertido en una herramienta fundamental para impulsar el crecimiento de los negocios en la era digital. Gracias a estrategias como el SEO, SEM, redes sociales y email marketing, las empresas pueden llegar a una audiencia mucho más amplia y segmentada.</p>\n\n<p>Además, el marketing digital permite medir con precisión los resultados de cada campaña, lo que facilita la toma de decisiones basadas en datos concretos. Esto ayuda a optimizar los recursos y maximizar el retorno de inversión.</p>\n\n<p>Para los emprendedores, el marketing digital también brinda la oportunidad de competir en igualdad de condiciones con empresas más grandes, ya que las plataformas digitales ofrecen herramientas accesibles y efectivas para llegar a clientes potenciales.</p>\n\n<p>Invertir en marketing digital no solo ayuda a aumentar las ventas, sino que también fortalece la presencia online de un emprendimiento, generando confianza y credibilidad entre los consumidores.</p>\n\n<p>Si estás buscando hacer crecer tu emprendimiento, no dudes en explorar las múltiples posibilidades que ofrece el marketing digital. Con la estrategia adecuada y el acompañamiento de expertos, podrás llevar tu negocio al siguiente nivel en el mundo digital.</p>\n\n<p>¡Atrévete a dar el salto y descubre todo lo que el marketing digital puede hacer por tu emprendimiento!</p>\n```'),(42,15,'Tema del producto: una app para simular transacciones en un evento o fiesta privado, como una kermess, donde el usuario recarga saldo al app y puede obtener productos como bebidas, snacks y accesos VIP.\nTipo de producto: Una plataforma de renta mensual en modelo SaaS.\nNicho: Organizadores de fiestas en playas privadas.',15,'<ul>\n    <li>Empresa 1: <strong>Empresa de eventos en playas privadas</strong></li>\n    <li>Empresa 2: <strong>Servicio de catering para fiestas exclusivas en la playa</strong></li>\n    <li>Empresa 3: <strong>Agencia de organización de eventos corporativos en escenarios playeros</strong></li>\n    <li>Empresa 4: <strong>Proveedor de servicios de entretenimiento para fiestas en la playa</strong></li>\n    <li>Empresa 5: <strong>Plataforma de reservas de espacios en playas privadas para eventos</strong></li>\n</ul>'),(43,16,'Agencia de organización de eventos corporativos en escenarios playeros',15,'```html\n<h2>Objetivos y Valores de Agencia de Eventos Playeros</h2>\n<h3>Objetivo Principal</h3>\n<p>Crear experiencias únicas y memorables para eventos corporativos en escenarios playeros.</p>\n<h3>Valores</h3>\n<ul>\n  <li>Excelencia en el servicio al cliente.</li>\n  <li>Innovación en la organización de eventos al aire libre.</li>\n  <li>Compromiso con la sostenibilidad ambiental.</li>\n</ul>\n\n<h2>Mayores Oportunidades para Agencia de Eventos Playeros</h2>\n<h3>Oportunidad Mayor</h3>\n<p>Expandir el negocio a destinos turísticos internacionales.</p>\n<p>Incorporar tecnología para mejorar la experiencia de los asistentes.</p>\n<p>Crear alianzas con hoteles y resorts en destinos playeros.</p>\n\n<h2>Oportunidades Desconocidas para Agencia de Eventos Playeros</h2>\n<h3>Oportunidad Potencial</h3>\n<p>Desarrollar un servicio de eventos virtuales en escenarios playeros utilizando realidad aumentada.</p>\n<p>Explorar la posibilidad de ofrecer eventos temáticos basados en la cultura local de cada playa.</p>\n<p>Implementar estrategias de marketing experiencial para diferenciarse de la competencia.</p>\n```  '),(44,16,'Agencia de organización de eventos corporativos en escenarios playeros',15,'```html\n<h2>Objetivos y Valores:</h2>\n<h3>Objetivos de la Agencia de Organización de Eventos Corporativos en Escenarios Playeros</h3>\n<p>Crear experiencias memorables para empresas en entornos playeros.</p>\n<p>Proporcionar un servicio personalizado y de alta calidad para satisfacer las necesidades de cada cliente.</p>\n<p>Posicionarse como líder en la organización de eventos corporativos en escenarios playeros.</p>\n\n<h2>Mayores Oportunidades:</h2>\n<h3>Principales Oportunidades para la Agencia de Organización de Eventos Corporativos en Escenarios Playeros</h3>\n<p>Explotar la tendencia creciente de eventos al aire libre y en entornos naturales.</p>\n<p>Desarrollar alianzas con hoteles y resorts en zonas playeras para ofrecer paquetes completos a los clientes.</p>\n<p>Expandir los servicios a destinos playeros internacionales para atraer a una clientela global.</p>\n\n<h2>Oportunidades Desconocidas:</h2>\n<h3>Oportunidades Desconocidas para la Agencia de Organización de Eventos Corporativos en Escenarios Playeros</h3>\n<p>Explorar la posibilidad de ofrecer servicios de eventos sostenibles en entornos playeros.</p>\n<p>Desarrollar experiencias virtuales para eventos híbridos que combinen la presencia en la playa con la participación en línea.</p>\n<p>Crear alianzas con marcas de moda y estilo de vida playero para ofrecer eventos temáticos exclusivos.</p>\n```  '),(45,15,'Tema del producto: Una app para realizar un diagnostico a una empresa, donde en una sesion o evento de 20 a 40 personas en una sala se le da acceso a cada participante al app para contestar una serie de preguntas de manera anonima, con el fin de conocer aquellas areas de oportunidad dentro de la empresa que los trabajadores suelen callar.\nTipo de producto: Un app que se renta para una sesion de diagnostico\nNicho: Dueños o altos ejecutivos de empresas medianas de entre 50 y 200 trabajadores que tienen flujo de caja pero dificultades para crecer.\n',15,'```html\n<div>\n  <h2>Empresas Cliente Ideales</h2>\n  <ol>\n    <li>\n      <h3>Empresa Cliente Ideal 1: Consultoría Empresarial</h3>\n      <p>Categoría: Consultoría</p>\n      <p>Rubro: Servicios de asesoramiento empresarial y estratégico</p>\n      <p>\n        <strong>Descripción:</strong> Una firma de consultoría empresarial que ofrece servicios de evaluación y desarrollo organizacional para empresas medianas. Tienen un enfoque en mejorar la eficiencia operativa y requiren herramientas efectivas para diagnosticar áreas de mejora en sus clientes.\n      </p>\n    </li>\n    <li>\n      <h3>Empresa Cliente Ideal 2: Empresa de Tecnología</h3>\n      <p>Categoría: Tecnología</p>\n      <p>Rubro: Desarrollo de software y servicios TI</p>\n      <p>\n        <strong>Descripción:</strong> Una empresa mediana dedicada al desarrollo de software y otros servicios tecnológicos. Buscan identificar problemas internos de comunicación y procesos que les impiden alcanzar el máximo potencial en sus proyectos.\n      </p>\n    </li>\n    <li>\n      <h3>Empresa Cliente Ideal 3: Cadena de Restaurantes</h3>\n      <p>Categoría: Alimentación</p>\n      <p>Rubro: Restaurantes y servicios de comida</p>\n      <p>\n        <strong>Descripción:</strong> Una cadena de restaurantes con varias ubicaciones que enfrenta retos en la gestión y coordinación entre sus sucursales. Están interesados en herramientas que les permitan obtener retroalimentación honesta y anónima de sus empleados para detectar problemas de operación y posibles mejoras.\n      </p>\n    </li>\n    <li>\n      <h3>Empresa Cliente Ideal 4: Institución Educativa Privada</h3>\n      <p>Categoría: Educación</p>\n      <p>Rubro: Educación primaria, secundaria o terciaria</p>\n      <p>\n        <strong>Descripción:</strong> Una institución educativa privada con una estructura organizativa compleja que busca mejorar la satisfacción y el desempeño de su personal docente y administrativo. Necesitan un método confiable para obtener información sobre las áreas de oportunidad dentro de su institución.\n      </p>\n    </li>\n    <li>\n      <h3>Empresa Cliente Ideal 5: Comercio Minorista</h3>\n      <p>Categoría: Comercio</p>\n      <p>Rubro: Venta minorista</p>\n      <p>\n        <strong>Descripción:</strong> Una empresa que opera una cadena de tiendas minoristas y afronta problemas para mantener una comunicación efectiva y detectar problemas de gestión a nivel de tiendas. Están buscando una solución que les permita realizar diagnósticos estructurados y recibir comentarios honestos de los empleados de cada tienda.\n      </p>\n    </li>\n  </ol>\n</div>\n```'),(46,16,'Tema del producto: Una app para realizar un diagnostico a una empresa, donde en una sesion o evento de 20 a 40 personas en una sala se le da acceso a cada participante al app para contestar una serie de preguntas de manera anonima, con el fin de conocer aquellas areas de oportunidad dentro de la empresa que los trabajadores suelen callar.\nTipo de producto: Un app que se renta para una sesion de diagnostico\nNicho: Dueños o altos ejecutivos de empresas medianas de entre 50 y 200 trabajadores que tienen flujo de caja pero dificultades para crecer.\n\nLa empresa cliente ideal sería: Comercio Minorista\n\n      \nCategoría: Comercio\nRubro: Venta minorista\n Descripción: Una empresa que opera una cadena de tiendas minoristas y afronta problemas para mantener una comunicación efectiva y detectar problemas de gestión a nivel de tiendas. Están buscando una solución que les permita realizar diagnósticos estructurados y recibir comentarios honestos de los empleados de cada tienda.',15,'```html\n<h2>Objetivos y Valores:</h2>\n<h3>Objetivos y Valores de [Comercio Minorista XYZ]</h3>\n<h4>Objetivo Principal: Optimización de la Comunicación Interna</h4>\n<ul>\n  <li>Implementar un sistema de retroalimentación anónima en todas las tiendas para identificar problemas de gestión y operativos.</li>\n  <li>Mejorar la tasa de retención de empleados en un 20% en los próximos 12 meses a través de la solución de problemas detectados.</li>\n  <li>Aumentar las ventas netas en un 10% mediante la optimización de procesos y mejora en la moral del equipo.</li>\n</ul>\n<h4>Valores Fundamentales:</h4>\n<ul>\n  <li>Transparencia: Fomentar un ambiente de trabajo donde la transparencia y la honestidad sean clave.</li>\n  <li>Colaboración: Valorar la opinión de todos los empleados para mejorar la operación en todas las tiendas.</li>\n  <li>Integridad: Comprometerse a abordar los problemas identificados de una manera ética y constructiva.</li>\n</ul>\n\n<h2>Mayores Oportunidades:</h2>\n<h3>Mayores Oportunidades para [Comercio Minorista XYZ]</h3>\n<h4>Oportunidad Mayor: Diagnósticos Precisos y Accionables</h4>\n<ul>\n  <li>Desarrollar e implementar la app para realizar diagnósticos anónimos en cada tienda, permitiendo obtener una imagen clara de los problemas operativos y de gestión.</li>\n  <li>Organizar sesiones de retroalimentación periódicas (cada trimestre) para asegurar una mejora continua en los procesos y ambiente de trabajo.</li>\n  <li>Utilizar los datos recopilados para entrenar a los gerentes y mejorar sus habilidades de liderazgo y resolución de conflictos.</li>\n</ul>\n\n<h2>Oportunidades Desconocidas:</h2>\n<h3>Oportunidades Desconocidas para [Comercio Minorista XYZ]</h3>\n<h4>Oportunidad Potencial: Integración con Sistemas de Gestión Existentes</h4>\n<ul>\n  <li>Explorar la integración de la app de diagnóstico con los sistemas de gestión de recursos humanos (HRM) y puntos de venta (POS) para recoger datos más completos y contextuales.</li>\n  <li>Desarrollar módulos adicionales en la app que aborden áreas específicas como la satisfacción del cliente o la eficiencia del inventario, basados en los comentarios de los empleados.</li>\n  <li>Ofrecer servicios de consultoría basados en los resultados del diagnóstico para ayudar a implementar cambios efectivos y sostenibles.</li>\n</ul>\n```'),(49,15,'Tema del producto: una app para simular transacciones en un evento o fiesta privado, como una kermess, donde el usuario recarga saldo al app y puede obtener productos como bebidas, snacks y accesos VIP.\nTipo de producto: Una plataforma de renta mensual en modelo SaaS.\nNicho: Organizadores de fiestas en playas privadas',15,'```html\n<h1>Empresas Cliente Ideales:</h1>\n<ul>\n  <li><strong>#1:</strong> Organizadores de eventos en playas privadas</li>\n  <li><strong>#2:</strong> Empresas de turismo especializadas en eventos playeros</li>\n  <li><strong>#3:</strong> Agencias de organización de fiestas temáticas en lugares exclusivos</li>\n  <li><strong>#4:</strong> Proveedores de servicios para eventos VIP en playas</li>\n  <li><strong>#5:</strong> Organizadores de bodas y celebraciones exclusivas al aire libre</li>\n</ul>\n```'),(50,16,'Agencia de organización de eventos corporativos en escenarios playeros',15,'```html\n<h2>Objetivos y Valores de Agencia de Organización de Eventos en Escenarios Playeros</h2>\n<h3>Objetivo Principal</h3>\n<ul>\n<li>Crear experiencias únicas y memorables para cada evento corporativo.</li>\n<li>Ofrecer servicios personalizados que superen las expectativas de nuestros clientes.</li>\n<li>Garantizar la excelencia en la organización y logística de todos los eventos.</li>\n</ul>\n\n<h2>Mayores Oportunidades para Agencia de Organización de Eventos en Escenarios Playeros</h2>\n<h3>Oportunidad Mayor</h3>\n<ul>\n<li>Expandir la gama de servicios para incluir eventos de team building y actividades de incentivos.</li>\n<li>Colaborar con hoteles y resorts para ofrecer paquetes integrales de eventos y alojamiento.</li>\n<li>Capitalizar la tendencia creciente de empresas que buscan experiencias al aire libre para sus eventos.</li>\n</ul>\n\n<h2>Oportunidades Desconocidas para Agencia de Organización de Eventos en Escenarios Playeros</h2>\n<h3>Oportunidad Potencial</h3>\n<ul>\n<li>Explorar la posibilidad de incorporar tecnología de realidad aumentada en la experiencia de los eventos playeros.</li>\n<li>Desarrollar alianzas con empresas de catering especializadas en cocina de playa y mariscos frescos.</li>\n<li>Ofrecer servicios de sostenibilidad ambiental para eventos eco-friendly en entornos naturales.</li>\n</ul>\n```');

--
-- Table structure for table `apoyo_meta`
--

CREATE TABLE `apoyo_meta` (
  `id` int NOT NULL AUTO_INCREMENT,
  `id_pap_sub_eje` int NOT NULL,
  `wikiname` varchar(300) COLLATE utf8mb4_general_ci NOT NULL,
  `fecha_inicio` datetime NOT NULL,
  `fecha_final` datetime NOT NULL,
  `tipo` varchar(300) COLLATE utf8mb4_general_ci NOT NULL,
  `apoyo` varchar(150) COLLATE utf8mb4_general_ci NOT NULL,
  `meta` float NOT NULL,
  `porcentaje` float NOT NULL,
  PRIMARY KEY (`id`)
) ENGINE=InnoDB DEFAULT CHARSET=utf8mb4 COLLATE=utf8mb4_general_ci;

--
-- Dumping data for table `apoyo_meta`
--


--
-- Table structure for table `app`
--

CREATE TABLE `app` (
  `id` int NOT NULL AUTO_INCREMENT,
  `ruta` varchar(200) DEFAULT NULL,
  `endpoint` varchar(200) DEFAULT NULL,
  `nombre` varchar(200) DEFAULT NULL,
  PRIMARY KEY (`id`)
) ENGINE=InnoDB AUTO_INCREMENT=4 DEFAULT CHARSET=utf8mb3;

--
-- Dumping data for table `app`
--

INSERT INTO `app` VALUES (1,'https://genniux.net/app/accesos','/app/accesos','accesos'),(2,'https://genniux.net/app/project-manager','/app/project-manager','project-manager'),(3,'https://genniux.net/app/dual','/app/dual','dual');

--
-- Table structure for table `archivo`
--

CREATE TABLE `archivo` (
  `id` int NOT NULL AUTO_INCREMENT,
  `id_activity` int NOT NULL,
  `archivo` varchar(300) NOT NULL,
  `descripcion` varchar(250) NOT NULL,
  `creador` int NOT NULL,
  `fecha` date NOT NULL,
  `hora` time NOT NULL,
  PRIMARY KEY (`id`)
) ENGINE=InnoDB AUTO_INCREMENT=742 DEFAULT CHARSET=utf8mb3;

--
-- Dumping data for table `archivo`
--

INSERT INTO `archivo` VALUES (30,19297,'marcodenavegacion.png','Propuesta de navegación para nuestro Genniux Board',33,'2018-10-24','17:04:43'),(33,19297,'conv.png','Propuesta de interfaz de app Conversa',33,'2018-10-24','17:22:13'),(36,19436,'Vive94.png','',0,'0000-00-00','00:00:00'),(37,19438,'Vive95.png','',0,'0000-00-00','00:00:00'),(38,19451,'Vive96.png','',0,'0000-00-00','00:00:00'),(39,19447,'etipGeneral.zip','octubre2018',36,'2018-10-29','16:09:31'),(40,19447,'SalesTracker.zip','octubre 2018',36,'2018-10-29','16:39:49'),(41,19297,'paletacolores.png','Paleta de colores que usaremos en nuestro Genniux Board',33,'2018-10-29','18:23:11'),(42,19297,'demoinputs.png','Propuesta de botones y cajas de texto',33,'2018-10-29','18:23:32'),(43,10450,'webapp2.gvdesign','Ejemplo de interfaz',148,'2018-10-30','08:41:01'),(44,19462,'Vive97.png','',0,'0000-00-00','00:00:00'),(45,41,'conceptoprojectdashboard.png','Concepto para el tablero de proyectos',15,'2018-10-30','08:53:54'),(46,19464,'fffb233a861a4c61b2cdb09854314776.jpg','',0,'0000-00-00','00:00:00'),(47,19468,'Vive98.png','',0,'0000-00-00','00:00:00'),(48,19470,'Vive99.png','',0,'0000-00-00','00:00:00'),(49,19473,'Vive100.png','',0,'0000-00-00','00:00:00'),(50,19488,'Vive101.png','',0,'0000-00-00','00:00:00'),(51,19497,'Vive102.png','',0,'0000-00-00','00:00:00'),(52,19498,'e8f55627399d4a808b059a837d9bd7c0.jfif','',0,'0000-00-00','00:00:00'),(53,19500,'Vive103.png','',0,'0000-00-00','00:00:00'),(54,19477,'PropuestaeWorkTeams.pdf','Propuesta enviada a IInteligentes el 6 Nov 18',81,'2018-11-07','09:58:23'),(55,19509,'Vive104.png','',0,'0000-00-00','00:00:00'),(56,19516,'Vive104.png','',0,'0000-00-00','00:00:00'),(57,19517,'fffb233a861a4c61b2cdb09854314776.jpg','',0,'0000-00-00','00:00:00'),(58,19515,'TemplatepptPAE2.pptx','Templete presentación PAE',81,'2018-11-09','12:31:59'),(59,18916,'analitica.png','',34,'2018-11-15','14:33:11'),(60,17746,'botonpagar.png','Imagen paypal',34,'2018-11-15','14:34:25'),(61,17746,'GenniuxLogo400.png','Logo Genniux',34,'2018-11-15','14:38:00'),(62,19562,'Vive108.png','',0,'0000-00-00','00:00:00'),(63,19573,'Recurso141.png','',0,'0000-00-00','00:00:00'),(64,19574,'Vive109.png','',0,'0000-00-00','00:00:00'),(65,19577,'Vive110.png','',0,'0000-00-00','00:00:00'),(66,19578,'Vive110.png','',0,'0000-00-00','00:00:00'),(67,19587,'Vive111.png','',0,'0000-00-00','00:00:00'),(68,19695,'Vive85.png','',0,'0000-00-00','00:00:00'),(69,20011,'Vive113.png','',0,'0000-00-00','00:00:00'),(70,20025,'Vive114.png','',0,'0000-00-00','00:00:00'),(71,20031,'6cf5c7f3cb37496589acdebca3818cc1.jfif','',0,'0000-00-00','00:00:00'),(72,20031,'0dab4fdc2b9d4242bfa457847f43d6ec.jfif','',0,'0000-00-00','00:00:00'),(73,20031,'83ffd5b298694db7b41cc272d6f01167.jfif','',0,'0000-00-00','00:00:00'),(74,20034,'Vive115.png','',0,'0000-00-00','00:00:00'),(75,20036,'CARTADELIBERACIONESTADIA.docx','',0,'0000-00-00','00:00:00'),(76,20036,'SAC07RG09EvaluaciondelaEstadia.pdf','',0,'0000-00-00','00:00:00'),(77,20037,'SAC07RG09EvaluaciondelaEstadiaSegundoParcialVicenteJavier.pdf','',303,'2018-11-30','12:42:56'),(78,20041,'289045a69e674a89a7b706b437037ad01.jfif','',0,'0000-00-00','00:00:00'),(79,20041,'289045a69e674a89a7b706b437037ad0.jfif','',0,'0000-00-00','00:00:00'),(80,20048,'cierre2018.jpeg','',0,'0000-00-00','00:00:00'),(81,20048,'priorities.jpg','',0,'0000-00-00','00:00:00'),(82,20054,'Vive106.png','',0,'0000-00-00','00:00:00'),(84,20027,'SumathonCinpolis26Nov18.pdf','Tabla (PDF) de aportaciones',37,'2018-12-03','15:00:40'),(85,20059,'Vive117.png','',0,'0000-00-00','00:00:00'),(87,20036,'SAC07RG09EvaluaciondelaEstadiaSegundoParcialHoracio1firmada.jpg.png','Hoja1 de 2da evaluación',15,'2018-12-06','19:12:07'),(88,20036,'hoja2.jpg','Segunda hoja de evaluación',15,'2018-12-06','19:12:31'),(89,20037,'SAC07RG09EvaluaciondelaEstadiaSegundoParcialVicenteJavier1firmada.jpg.png','Hoja 1 de la 2da evaluación',15,'2018-12-06','19:13:19'),(90,20037,'hoja2.jpg','hoja #2',15,'2018-12-06','19:13:36'),(91,20078,'imageninicio.png','',0,'0000-00-00','00:00:00'),(92,20078,'propuesta3.png','',0,'0000-00-00','00:00:00'),(93,20078,'propuesta2.png','',0,'0000-00-00','00:00:00'),(94,20078,'propuesta1.png','',0,'0000-00-00','00:00:00'),(95,20078,'imagen1sumathon.png','',0,'0000-00-00','00:00:00'),(96,20078,'imagen2sumathon.png','',0,'0000-00-00','00:00:00'),(97,20078,'imagen4sumathon.png','',0,'0000-00-00','00:00:00'),(98,20078,'sumathonwhite.png','',0,'0000-00-00','00:00:00'),(99,20078,'sumathon.png','',0,'0000-00-00','00:00:00'),(100,20078,'imagen3sumathon.png','',0,'0000-00-00','00:00:00'),(101,20078,'imagen2sumathon.png','',0,'0000-00-00','00:00:00'),(102,20284,'JavierCartadeliberacin.pdf','Vicente Javier - Carta de Liberación',37,'2018-12-12','13:55:41'),(104,20284,'HoracioArriagaCartadeliberacin.pdf','Horacio - Carta de Liberación',37,'2018-12-12','16:07:55'),(107,20284,'HoracioArriagaCartadeliberacinfirmada.jpg','Carta firmada de liberación Horacio',15,'2018-12-13','09:24:17'),(108,20284,'JavierCartadeliberacinfirmada.jpg.png','Carta firmada de liberación Vicente',15,'2018-12-13','09:24:18'),(109,20292,'formatos.pdf','',0,'0000-00-00','00:00:00'),(110,20293,'DocumentosEstadas.pdf','',303,'2018-12-14','09:09:22'),(111,20301,'CVEdsonGutierrez.pdf','Interesado en Backend o Frontend.',37,'2019-01-09','16:21:43'),(112,20301,'RIGOBERTOALCANTARCV.pdf','Interesado en Backend o Frontend.',37,'2019-01-09','16:22:55'),(113,20326,'02edd894ee1f4ef19f339adaa92b536f.jfif','',0,'0000-00-00','00:00:00'),(114,20761,'02edd894ee1f4ef19f339adaa92b536f.jfif','',0,'0000-00-00','00:00:00'),(115,20765,'ScreenShot20190124at10.34.01AM.png','',0,'0000-00-00','00:00:00'),(116,20776,'A2B7579A009A42FA8FFC8FD1E47BA535.png','',0,'0000-00-00','00:00:00'),(117,20777,'6509CC84E0A040B292BAB0EA69E0B0E2.png','',0,'0000-00-00','00:00:00'),(118,20778,'C778216CD49841468CBBECE499ACC10E.jpeg','',0,'0000-00-00','00:00:00'),(119,20780,'Genniuxpaycajero.apk','Archivo instalable con el esqueleto del app para el cajero genniux - pay',15,'2019-01-28','13:11:39'),(120,20780,'genniuxpayv2.sql','Segunda versión de la base de datos para el proyecto genniux pay',0,'0000-00-00','00:00:00'),(121,20801,'logocashlessblanco320.png','Logo blanco',34,'2019-02-11','16:23:11'),(122,20801,'logocashlessnegro320.png','Logo negro',34,'2019-02-11','16:23:14'),(123,20780,'genniuxpayv21.sql','',0,'0000-00-00','00:00:00'),(124,20780,'consultar.txt','',0,'0000-00-00','00:00:00'),(125,20780,'recarga.txt','',0,'0000-00-00','00:00:00'),(126,18787,'1WhatsApp.html','',0,'0000-00-00','00:00:00'),(127,20817,'BEACH.html','',0,'0000-00-00','00:00:00'),(128,20817,'fd438af320ba4ea7939f24a27443f3c2.jfif','',0,'0000-00-00','00:00:00'),(129,20832,'9ed648c7b40e4189a543f5e54972d969.jfif','',0,'0000-00-00','00:00:00'),(130,20839,'61970457cfa24ecc96cede7e3cc08eca.jfif','',0,'0000-00-00','00:00:00'),(131,20840,'61970457cfa24ecc96cede7e3cc08eca.jfif','',0,'0000-00-00','00:00:00'),(132,20840,'61970457cfa24ecc96cede7e3cc08eca.jfif','',0,'0000-00-00','00:00:00'),(133,20840,'04e9c1d3fc1a4a84a3e8d2ece1193146.jfif','',0,'0000-00-00','00:00:00'),(134,20840,'b1409899515d4046b7f438d2b209e68e.jfif','',0,'0000-00-00','00:00:00'),(135,20844,'c952c52164d3437ca6804224403dc10d.jfif','',0,'0000-00-00','00:00:00'),(136,20845,'3b12285ce7dd459985460b9b4dcdc16b.jfif','',0,'0000-00-00','00:00:00'),(137,20846,'d8c24d2ed5684a38ab456ea1ca55aab2.jfif','',0,'0000-00-00','00:00:00'),(138,20846,'934bc60ce2cb456f83c93ad98bf87701.jfif','',0,'0000-00-00','00:00:00'),(139,20846,'5da10ef16e474ca78b5c4aa3b15861da.jfif','',0,'0000-00-00','00:00:00'),(140,20848,'335a716ce30c448898f15d3e73998e43.jfif','',0,'0000-00-00','00:00:00'),(141,20780,'qr.png','',0,'0000-00-00','00:00:00'),(142,20856,'9164b58063424700bb5fa9ac6a738ad2.jfif','',0,'0000-00-00','00:00:00'),(143,20858,'d908bdc71dd04227a13c589b8895574f.jfif','',0,'0000-00-00','00:00:00'),(144,20860,'87d2edd1d9b5404ab7f95acb8b26d376.jfif','',0,'0000-00-00','00:00:00'),(145,20881,'casaarbol.jfif','',0,'0000-00-00','00:00:00'),(146,20881,'19448833864840979d7054effe76776a.jfif','',0,'0000-00-00','00:00:00'),(147,20882,'ea5c1c3ebb73450fb661fba5a2638c24.jfif','',0,'0000-00-00','00:00:00'),(148,20886,'7d91bd6317a3415ab51d0cb46afb8b62.jfif','',0,'0000-00-00','00:00:00'),(149,20886,'7fba1f4e919c42d4b61d1c3bfbc38872.jfif','',0,'0000-00-00','00:00:00'),(150,20886,'25dfa8969d2044b3ac16bf63689d9631.jfif','',0,'0000-00-00','00:00:00'),(151,20886,'31dd093bfac74a1f8a70be4f58a99f1c1.jfif','',0,'0000-00-00','00:00:00'),(152,20886,'88cfdefc66a84b47b5ca17c9bdd0c360.jfif','',0,'0000-00-00','00:00:00'),(153,20888,'57a45acb7d6644f18768fc01e018f160.jfif','',0,'0000-00-00','00:00:00'),(154,20888,'71950fa6e0964922ba56974d57143938.jfif','',0,'0000-00-00','00:00:00'),(155,20888,'448d59f519914954b205a9ff2d16b426.jfif','',0,'0000-00-00','00:00:00'),(156,20892,'6d42aa4a8ba04bcfa1c96d9e62f68034.jfif','',0,'0000-00-00','00:00:00'),(157,20892,'6d89345ee43544e1ad6a18b8b6a8b62e.jfif','',0,'0000-00-00','00:00:00'),(158,20893,'2dafccd30e5042418fb4a554ecff4e82.jfif','',0,'0000-00-00','00:00:00'),(159,20893,'fc914f9168ab4b8f99b202f78e4a8ba1.jfif','',0,'0000-00-00','00:00:00'),(160,20894,'fc914f9168ab4b8f99b202f78e4a8ba1.jfif','',0,'0000-00-00','00:00:00'),(161,20894,'03b0ca68122046a3a9e5ed11096e2c13.jfif','',0,'0000-00-00','00:00:00'),(162,20911,'fac6e2ce394f4698972824025d77e8cf.jfif','',0,'0000-00-00','00:00:00'),(163,20912,'92d33e7d0d4a4ddc93a2b8c142221a2f.jfif','',0,'0000-00-00','00:00:00'),(164,0,'0869af03b8624d6e99b702568a7be729.jfif','',0,'0000-00-00','00:00:00'),(165,0,'a7cad1f29ed64c4f840d85c6e5e07001.jfif','',0,'0000-00-00','00:00:00'),(166,0,'f66b2b068b4a465a9dc57da789091be7.jfif','',0,'0000-00-00','00:00:00'),(167,0,'f124d23e831e48c9881ce7707e4b31c1.jfif','',0,'0000-00-00','00:00:00'),(168,20918,'10M2.jpeg','',0,'0000-00-00','00:00:00'),(176,20927,'bg7.png','',0,'0000-00-00','00:00:00'),(178,20932,'transformacion.zip','',0,'0000-00-00','00:00:00'),(181,20932,'ReinventateProgramav1.png','',0,'0000-00-00','00:00:00'),(182,20943,'CreceForm.txt','Nuevo formulario para CRECE',37,'2019-04-16','13:23:05'),(183,0,'15549930585314.jpg','',0,'0000-00-00','00:00:00'),(184,20952,'15549930585314.jpg','',0,'0000-00-00','00:00:00'),(185,0,'bg3.png','',0,'0000-00-00','00:00:00'),(186,20954,'img4.png','',0,'0000-00-00','00:00:00'),(187,0,'','',0,'0000-00-00','00:00:00'),(188,20967,'rituallunallena.jpg','',0,'0000-00-00','00:00:00'),(189,20969,'anotherearth.jpg','',0,'0000-00-00','00:00:00'),(190,20971,'FLOR.JPG','',0,'0000-00-00','00:00:00'),(191,20974,'8signsyoureinsurvivalmodeandhowtoescape.jpg','',0,'0000-00-00','00:00:00'),(192,20975,'17725NR868Y.png','',0,'0000-00-00','00:00:00'),(193,20981,'CVPaloma.pdf','Paloma Morales - Hoja de Vida',37,'2019-04-23','15:29:28'),(195,20981,'PalomaEntrevista2.pdf','Resumen de entrevista',37,'2019-04-23','15:40:41'),(196,20986,'aristoteles.png','',0,'0000-00-00','00:00:00'),(197,20987,'aristoteles.png','',0,'0000-00-00','00:00:00'),(198,20988,'aristoteles.png','',0,'0000-00-00','00:00:00'),(199,20991,'aristoteles.png','',0,'0000-00-00','00:00:00'),(200,20993,'aristoteles.png','',0,'0000-00-00','00:00:00'),(201,20994,'aristoteles.png','',0,'0000-00-00','00:00:00'),(202,20998,'YSTORANGESUNSET.jpg','',0,'0000-00-00','00:00:00'),(203,21001,'c1991f1ed11a433ab8d5ce7abce065c4.jfif','',0,'0000-00-00','00:00:00'),(204,21003,'d0c7a4d6d70445cc823953418b9b01bd.jfif','',0,'0000-00-00','00:00:00'),(205,21004,'dbb82105dc884698aea6bd6d098764db.jfif','',0,'0000-00-00','00:00:00'),(206,21005,'e70e4a9e541c4682b83dc65492b1139e.jfif','',0,'0000-00-00','00:00:00'),(207,21005,'f5bc2ab48eb44db1812d1a29d0b84566.jfif','',0,'0000-00-00','00:00:00'),(208,21006,'f5bc2ab48eb44db1812d1a29d0b84566.jfif','',0,'0000-00-00','00:00:00'),(209,21006,'153dc76fbefb434aa9accc1fa01725ba.jfif','',0,'0000-00-00','00:00:00'),(210,21011,'logoopenpay1.png','',0,'0000-00-00','00:00:00'),(211,21016,'45987f3f0d6c4d9fb3cc969345610dd8.jfif','',0,'0000-00-00','00:00:00'),(212,21010,'Especificaciones.png','Mockup de especificaciones',148,'2019-05-02','16:56:13'),(213,21010,'Comentarios.png','Mockup de comentarios',148,'2019-05-02','16:56:48'),(214,21010,'Recursos.png','Mockup de recursos',148,'2019-05-02','16:57:29'),(215,21010,'Entregables.png','Mockup de entregables',148,'2019-05-02','16:57:52'),(216,21010,'Detalles.png','Mockup de detalles',148,'2019-05-02','16:58:04'),(217,20932,'Comentarios.png','Interfaz comentarios',148,'2019-05-02','17:11:11'),(218,20932,'Detalles.png','Interfaz detalles',148,'2019-05-02','17:11:15'),(219,20932,'Entregables.png','Interfaz entregables',148,'2019-05-02','17:11:16'),(220,20932,'Especificaciones.png','Interfaz especificaciones',148,'2019-05-02','17:11:18'),(221,20932,'Recursos.png','Interfaz recursos',148,'2019-05-02','17:11:21'),(222,20932,'Home.png','Home v1',148,'2019-05-03','11:20:48'),(223,21032,'lunatauro.jpg','',0,'0000-00-00','00:00:00'),(224,17741,'Chats2.png','Mensajes repetidos en chat',37,'2019-05-07','19:10:13'),(225,21072,'Propuesta1CatalogoProductos.pdf','Propuesta 1',37,'2019-05-08','15:17:51'),(227,20905,'TimingPanelDerecho.png','Error de filtro Timing en panel derecho',37,'2019-05-08','15:27:16'),(230,20932,'imagen.png','',0,'0000-00-00','00:00:00'),(231,21089,'5035fe7d58b44578bf817205e8a46661.jfif','',0,'0000-00-00','00:00:00'),(232,21090,'222891dd7f70493a8c5188a23fb7bb94.jfif','',0,'0000-00-00','00:00:00'),(233,21091,'4d801c9b3ea148728aad77c09cdeeac9.jfif','',0,'0000-00-00','00:00:00'),(234,21136,'0cc580ae8cfe4f388cd9e17832ccc1db.jfif','',0,'0000-00-00','00:00:00'),(235,20966,'mensajeDiario.png','Cambiar este mensaje, confunde mucho',36,'2019-05-21','18:27:07'),(236,21821,'IMG20190511010029679.jpg','',0,'0000-00-00','00:00:00'),(237,21833,'download1.jpg','',0,'0000-00-00','00:00:00'),(238,21852,'download2.jpg','',0,'0000-00-00','00:00:00'),(239,21938,'images3.jpg','',0,'0000-00-00','00:00:00'),(240,21938,'nolongerapuppet.jpg','',0,'0000-00-00','00:00:00'),(241,21940,'backlitbrightdawn6972431.jpg','',0,'0000-00-00','00:00:00'),(242,21946,'Adventure.JPG','',0,'0000-00-00','00:00:00'),(243,19597,'Sumathon.png','Imagen de sumathon',148,'2019-06-03','17:05:44'),(244,21951,'smiley29791076401.jpg','',0,'0000-00-00','00:00:00'),(245,19597,'AccesoSumatonParticipantes.png','Acceso sumaton participantes',148,'2019-06-06','10:40:43'),(246,21995,'imgpshfullsizeanim2.jpg','',0,'0000-00-00','00:00:00'),(247,22032,'4805970410199587015214038137745617439948800n.jpg','',0,'0000-00-00','00:00:00'),(248,22033,'imgpshfullsizeanim2.jpg','',0,'0000-00-00','00:00:00'),(249,22048,'imgpshfullsizeanim1.jpg','',0,'0000-00-00','00:00:00'),(250,22058,'sansebastianholidayszermoduz.jpg','',0,'0000-00-00','00:00:00'),(251,22060,'plantaentresuelosecorepresentandolaresiliencia.jpg','',0,'0000-00-00','00:00:00'),(252,22357,'MuestradeFB1.jpg','Texto para realizar las propuestas para FB.',37,'2019-07-17','14:37:36'),(253,22366,'9a7fa0bb9a1aee43154d7d25ade33236.jpg','',0,'0000-00-00','00:00:00'),(254,22390,'MuckupNotificacionIndividual.png','Prototipo',148,'2019-07-23','17:39:09'),(255,22423,'tareaticket.png','Ejemplo',37,'2019-07-26','13:23:08'),(256,22407,'fsaDEpUDdEWcxFKSu4xCEa88yWAZhwTHpotQOyBVPo0','',36,'2019-07-26','13:52:15'),(257,22407,'OiSPjSuD228yhf9Qh4HpAAEAAnisitjaTlLQk0epvs','',36,'2019-07-26','13:52:32'),(258,22407,'SsNVfGuNcobI5h5FPqiBjKzUY3mzYQKbaYD5AJ05k','Archivo faltante',36,'2019-07-26','14:02:01'),(259,22407,'XBGm2tT2S6voPgRMCtwBvQYPXBvKAoE4OXVBEBhs9s','Remplazo archivo faltante',36,'2019-07-26','14:06:11'),(260,22407,'certificado.txt','Certificado',36,'2019-07-26','14:16:39'),(261,21024,'31dd093bfac74a1f8a70be4f58a99f1c.jfif','',0,'0000-00-00','00:00:00'),(262,22356,'father2341917640.png','Imagen para workbook',37,'2019-07-29','15:37:41'),(263,22448,'19106046247975382364419537926701719476080n.jpg','Isotipo EmpowerLabs',37,'2019-07-31','17:53:38'),(264,22458,'994b2fd8099b30f438bbb86e0c553ece.jpg','Imagen a adaptar',37,'2019-08-01','12:10:48'),(266,22356,'LMPIWorkbookCorto.pdf','Libro de trabajo-corto',37,'2019-08-02','15:19:17'),(267,22511,'images2.jpeg','',0,'0000-00-00','00:00:00'),(268,22515,'reciennacidoconpadres.jpg','',0,'0000-00-00','00:00:00'),(269,22516,'images2.jpeg','',0,'0000-00-00','00:00:00'),(270,22448,'ELabsImagoBlanco.png','Imagotipo Elabs',37,'2019-08-06','09:35:37'),(271,17823,'TtuloTicketEncimado.png','Problema en las secciones specs y demás',37,'2019-08-06','14:29:00'),(273,17823,'VistaPreviaPResentacion.png','Detalle con la vista previa de presentación',37,'2019-08-06','17:19:52'),(274,22540,'Conocelasnecesidadesbasicasdeunreciennacido.png','',0,'0000-00-00','00:00:00'),(275,22543,'juguetesadecuadosedad11776888.jpg','',0,'0000-00-00','00:00:00'),(276,22544,'juegosdededosfotot300.jpg','',0,'0000-00-00','00:00:00'),(277,22545,'prot.png','',15,'2019-08-08','16:09:36'),(278,22540,'reciennacidoconpadres.jpg','',0,'0000-00-00','00:00:00'),(279,22548,'images2.jpeg','',0,'0000-00-00','00:00:00'),(280,22549,'juguetesadecuadosedad11776888.jpg','',0,'0000-00-00','00:00:00'),(281,22552,'images3.jpeg','',0,'0000-00-00','00:00:00'),(282,22553,'images3.jpeg','',0,'0000-00-00','00:00:00'),(283,22515,'Conocelasnecesidadesbasicasdeunreciennacido.png','',0,'0000-00-00','00:00:00'),(284,22515,'reciennacidoconpadres.jpg','',0,'0000-00-00','00:00:00'),(285,22515,'Conocelasnecesidadesbasicasdeunreciennacido.png','',0,'0000-00-00','00:00:00'),(286,22515,'reciennacidoconpadres.jpg','',0,'0000-00-00','00:00:00'),(287,22590,'WhatSchoolDoesntTeach.jpeg','What school doesnt teach',81,'2019-08-14','09:49:11'),(288,22592,'juegosdededosfotot300.jpg','',0,'0000-00-00','00:00:00'),(289,22593,'UN02080775.jpeg','',0,'0000-00-00','00:00:00'),(290,22594,'images2.jpeg','',0,'0000-00-00','00:00:00'),(291,22594,'bebesonrie.webp','',0,'0000-00-00','00:00:00'),(292,0,'images4.jpeg','',0,'0000-00-00','00:00:00'),(293,22595,'images4.jpeg','',0,'0000-00-00','00:00:00'),(294,22596,'Screenshot20190814at18.40.53.png','Recibo Federica E',81,'2019-08-14','18:00:51'),(298,22572,'211693648175291817631511970369715o.jpg','',36,'2019-08-15','17:28:04'),(299,22572,'favicon.ico','',36,'2019-08-15','17:28:10'),(300,22606,'images5.jpeg','',0,'0000-00-00','00:00:00'),(301,22607,'images6.jpeg','',0,'0000-00-00','00:00:00'),(302,22608,'depositphotos66021343stockphotocutelittleboyplayingwith.jpg','',0,'0000-00-00','00:00:00'),(303,22612,'productosaudio.png','',0,'0000-00-00','00:00:00'),(304,22604,'ESVideosEPP1.mp4','Aplicación de intro a vídeo.',37,'2019-08-19','14:28:43'),(305,22621,'images7.jpeg','',0,'0000-00-00','00:00:00'),(306,22623,'productosaudio.png','',0,'0000-00-00','00:00:00'),(307,22625,'images8.jpeg','',0,'0000-00-00','00:00:00'),(308,22627,'ScreenShot20190820at3.19.32PM.png','Foto que muestra el error con los acentos',81,'2019-08-20','15:20:25'),(309,22589,'PruebaIntroVideo.mp4','Prueba de vídeo con intro',37,'2019-08-20','15:37:34'),(310,22345,'Administrador.png','Prototipo de Administrador',148,'2019-08-20','16:20:44'),(311,22628,'productosaudio.png','',0,'0000-00-00','00:00:00'),(312,22629,'productosaudio.png','',0,'0000-00-00','00:00:00'),(314,22631,'productosaudio.png','',0,'0000-00-00','00:00:00'),(315,22632,'productosaudio.png','',0,'0000-00-00','00:00:00'),(316,22633,'productosaudio.png','',0,'0000-00-00','00:00:00'),(317,22634,'productosaudio.png','',0,'0000-00-00','00:00:00'),(318,22635,'productosaudio.png','',0,'0000-00-00','00:00:00'),(319,22637,'productosaudio.png','',0,'0000-00-00','00:00:00'),(320,22638,'esprito2.jpg','',0,'0000-00-00','00:00:00'),(321,22639,'images9.jpeg','',0,'0000-00-00','00:00:00'),(322,22640,'images10.jpeg','',0,'0000-00-00','00:00:00'),(323,22641,'ee3a42e16d70e65844d223db98963030.jpg','',0,'0000-00-00','00:00:00'),(324,22648,'images11.jpeg','',0,'0000-00-00','00:00:00'),(325,22649,'ImagotipoIntelifin.png','',454,'2019-08-22','13:30:14'),(326,22652,'PortadaparaLinkedIn.jpg','Imagen a ajustar',37,'2019-08-22','14:34:23'),(327,22650,'tumblrinlinenxejsupHko1tt6xsd1280.jpg','Imagen para diseño',37,'2019-08-23','14:20:53'),(330,22675,'Stadistic1.png','Reportes',148,'2019-08-26','17:44:55'),(331,22675,'Stadistic.png','Tickets',148,'2019-08-26','17:44:55'),(332,22652,'ReinventatuProfesin.png','Portada - Opción 1',37,'2019-08-26','17:56:08'),(333,22652,'ReinventatuProfesin1.png','Portada - Opción 2',37,'2019-08-26','17:56:57'),(334,22652,'ReinventatuProfesin2.png','Portada - Opción 3',37,'2019-08-26','18:01:15'),(335,22652,'ComunidadReinventa.png','Portada Oficial',37,'2019-08-26','18:32:26'),(338,22419,'543280101517395539801281546472190n.jpg','Ejemplo de imagen para website',37,'2019-08-30','13:09:34'),(340,22515,'productosaudio.png','',0,'0000-00-00','00:00:00'),(341,22515,'reciennacidoconpadres.jpg','',0,'0000-00-00','00:00:00'),(342,22515,'productosaudio.png','',0,'0000-00-00','00:00:00'),(343,22515,'reciennacidoconpadres.jpg','',0,'0000-00-00','00:00:00'),(344,22515,'productosaudio.png','',0,'0000-00-00','00:00:00'),(345,22515,'reciennacidoconpadres.jpg','',0,'0000-00-00','00:00:00'),(346,22515,'productosaudio.png','',0,'0000-00-00','00:00:00'),(347,22515,'reciennacidoconpadres.jpg','',0,'0000-00-00','00:00:00'),(348,22515,'productosaudio.png','',0,'0000-00-00','00:00:00'),(349,22515,'reciennacidoconpadres.jpg','',0,'0000-00-00','00:00:00'),(350,22515,'productosaudio.png','',0,'0000-00-00','00:00:00'),(351,22515,'reciennacidoconpadres.jpg','',0,'0000-00-00','00:00:00'),(352,22515,'productosaudio.png','',0,'0000-00-00','00:00:00'),(353,22515,'reciennacidoconpadres.jpg','',0,'0000-00-00','00:00:00'),(354,22515,'productosaudio.png','',0,'0000-00-00','00:00:00'),(355,22515,'reciennacidoconpadres.jpg','',0,'0000-00-00','00:00:00'),(356,22515,'productosaudio.png','',0,'0000-00-00','00:00:00'),(357,22515,'reciennacidoconpadres.jpg','',0,'0000-00-00','00:00:00'),(358,22709,'recursosmobile1.png','Prototipo de home/buscador de links',15,'2019-10-01','10:10:40'),(359,22709,'recursosmobile2.png','Prototipo de resultados de busqueda',15,'2019-10-01','10:10:41'),(360,23409,'ChatTableroRPro.png','Detalle de chat en tablero',37,'2019-10-07','15:30:16'),(361,23409,'ErrorCargarImagenPerfil.png','Detalle al cambiar imagen de perfil',37,'2019-10-07','15:55:30'),(362,23480,'d8578da463134ff2bc0a13572a5e663a.jfif','',0,'0000-00-00','00:00:00'),(363,23482,'1WhatsApp.html','',0,'0000-00-00','00:00:00'),(364,23484,'f60e1877d17a4a2794362757cceb477c.jfif','',0,'0000-00-00','00:00:00'),(365,23486,'60ea75b1069d45d1b56b6b0e3c887b0a.jfif','',0,'0000-00-00','00:00:00'),(366,23488,'bf617307df714a3db4475e9f9be58e96.jfif','',0,'0000-00-00','00:00:00'),(367,23546,'827f1c5ca6d24e14b3d7e42afcacca11.jfif','',0,'0000-00-00','00:00:00'),(374,24318,'CambiarImagenPerfil.png','Bug al cambiar imagen de perfil',37,'2019-11-06','16:32:52'),(376,23499,'EmpowerLabsUsodeimagen081119.pdf','Carta de uso de imagen',37,'2019-11-08','14:00:13'),(377,22431,'proyectmanagerv2.0.6.zip','Ejecutable Genniux Sprint Manager v2.0.6',631,'2019-11-11','10:34:42'),(378,24320,'PropuestaLogoMPM.png','Propuesta de logotipo',945,'2019-11-13','13:44:00'),(379,24318,'CapRun.png','Vista capitán y runner panel derecho',37,'2019-11-13','20:27:47'),(380,22419,'BlogSuscribirse.txt','Form para blog',37,'2019-11-28','15:43:58'),(381,22419,'NoraHSolicitarInfo.txt','Form de contacto',37,'2019-11-28','15:44:13'),(382,22418,'ContactoEPP.txt','Form de contacto EPP',37,'2019-11-28','15:58:14'),(383,24570,'combinaciondecolores.jpg','',0,'0000-00-00','00:00:00'),(384,24571,'Screenshot20200105190116.png','Imagen con bug. Web EDestinyBankVHL abajo de la barra del logo',81,'2020-01-05','19:06:44'),(385,24593,'LinkkerLogos.png','',0,'0000-00-00','00:00:00'),(386,22417,'FormBecas.txt','Formulario con Becas',37,'2020-01-15','10:58:34'),(387,22417,'FormSencillo.txt','Formulario Sencillo',37,'2020-01-15','10:58:53'),(388,24627,'AceptacionDavid.jpeg','Carta Aceptación',37,'2020-01-17','09:42:44'),(389,24629,'Carta1.pdf','Carta de Presentación',969,'2020-01-17','10:14:04'),(390,24630,'1601202016.55.28.pdf','carta de precentacion me parece que la carpeta compartida en Drive aun no ha sido compartida',968,'2020-01-17','10:31:04'),(391,24628,'CartadeAceptacin.docx','Aquí se edita con los datos de la empresa (el texto que esta en rojo)',967,'2020-01-17','10:33:09'),(392,24628,'Cartadepresentacin.pdf','',967,'2020-01-17','10:33:09'),(393,24629,'CartadeAceptacin.docx','Ejemplo de carta de aceptación',969,'2020-01-17','10:39:55'),(394,24636,'eWork.pptx','Presentación',967,'2020-01-17','15:32:09'),(395,24630,'AceptacionCesar.pdf','Carta de aceptación',37,'2020-01-22','10:39:22'),(396,24638,'1579756527604','LogoLinkker1.png',0,'0000-00-00','00:00:00'),(397,24658,'formatog14f2.docx','Formato de pruebas gob',36,'2020-01-29','11:02:37'),(398,24628,'AceptacinRodrigoC.docx.pdf','Carta de aceptación',37,'2020-01-30','11:59:31'),(400,24698,'bc39e1c7e110bbfc7d16e27eb2081fe7Copia.jpg','',0,'0000-00-00','00:00:00'),(401,24713,'FireShotCapture016UpdatePluginsEmpowerLabsWordPresswww.empowerlabs.com.png','Mensajes de error',34,'2020-02-17','09:57:04'),(404,24775,'SalesProcessAutomationbysaleshackers.es.png','',1000,'2020-03-06','14:47:17'),(405,19223,'archivos.zip','',36,'2020-03-11','15:49:44'),(418,24863,'1585118676793','Screenshot_2020-03-24-23-19-05-563_com.android.chrome.jpg',0,'0000-00-00','00:00:00'),(419,24863,'1585118803979','images.jpeg',0,'0000-00-00','00:00:00'),(420,24949,'1585202535642','GennouxConnect800.png',0,'0000-00-00','00:00:00'),(421,24949,'1585202581656','GennouxConnect800.png',0,'0000-00-00','00:00:00'),(422,24949,'1585288707788','images.jpeg',0,'0000-00-00','00:00:00'),(423,24864,'capturapanelderechoresponsive.png','Propuesta panel derecho desktop',0,'2020-03-27','15:08:00'),(424,24720,'bitacora.png','',0,'2020-03-30','14:07:00'),(427,24720,'aa.png','',0,'2020-03-30','14:31:00'),(430,24864,'Screenshot20200330090826612com.android.chrome.jpg','Screenshot de chat',0,'2020-03-30','20:09:00'),(438,24720,'Anotacion20191011165923.png','Score del dominio empowerlabs',0,'2020-03-31','16:30:00'),(444,24914,'plantillapaginaaterrizajemoderna117739269.jpg','hola',0,'2020-04-01','10:04:00'),(445,24914,'jnfnjdfjdsjdfsjkfjfjfjfjfjfjfjjfjfjjfjjjjjjjjjjjjjjjjjjjjjjjfpppppppppppp.PNG','aa',0,'2020-04-01','10:56:00'),(446,24720,'adminpromo.png','Panel admin para promotores',0,'2020-04-01','12:59:00'),(447,25006,'procesoparticipante.png','Vista de proceso en Genniux SH',0,'2020-04-02','08:04:00'),(448,25024,'paypaltecnogenmexv1.html','',14,'2020-04-08','15:20:53'),(449,25038,'CartadeTerminacin.docx','',967,'2020-04-09','17:30:05'),(450,24268,'resquilljs.zip','',148,'2020-04-16','12:58:14'),(451,24268,'dist.zip','quill/dist',148,'2020-04-17','00:32:55'),(452,24720,'dist.zip','quill/dist',148,'2020-04-17','16:17:28'),(453,25018,'card.png','em-information-card',1179,'2020-04-17','16:25:14'),(454,25050,'EPPFormularioFBLive.txt','Formulario - FB Live',37,'2020-04-20','11:31:42'),(457,22475,'SumathonConsultor.txt','Consultores (formulario)',37,'2020-04-24','15:17:42'),(458,22475,'SumathonEmpresa.txt','Empresas (formulario)',37,'2020-04-24','15:18:25'),(459,41604,'zoombloomberg1.jpg','',0,'0000-00-00','00:00:00'),(460,41621,'homeoffice.jpg','',0,'0000-00-00','00:00:00'),(461,41623,'trabajoremoto.jpg','',0,'0000-00-00','00:00:00'),(462,41648,'AceptacionUTVM.pdf','Carta de aceptación',37,'2020-05-18','12:59:39'),(463,41653,'sublime.jpg','',0,'0000-00-00','00:00:00'),(464,41656,'LogoEP400White.png','Logo blanco',37,'2020-05-18','16:18:08'),(465,41656,'LogoEP300.png','Logo color',37,'2020-05-18','16:18:23'),(466,41656,'EPPMaterialesWebinar.jpg','Imagen de salida',37,'2020-05-18','16:19:06'),(467,41666,'embackpage.PNG','o',0,'2020-05-28','10:34:00'),(468,41636,'Anotacion20191011165923.png','',0,'2020-05-29','12:22:00'),(469,41636,'adminpromo.png','',0,'2020-05-29','12:27:00'),(470,41636,'15439219.jpg','',0,'2020-05-29','12:29:00'),(471,41636,'derecho.png','',0,'2020-05-29','15:21:00'),(472,41636,'listado.png','',0,'2020-05-29','16:41:00'),(473,41636,'tablero.png','',0,'2020-06-01','11:55:00'),(474,41636,'code.jpg','',0,'2020-06-01','12:01:00'),(475,41636,'aa.png','',0,'2020-06-01','12:15:00'),(476,41636,'def.png','',0,'2020-06-01','12:20:00'),(477,41717,'Picture1.png','',1179,'2020-06-04','15:07:32'),(478,41800,'vscodelssession.png','',0,'0000-00-00','00:00:00'),(479,41820,'videoappsuite.jpg','',0,'0000-00-00','00:00:00'),(480,41821,'4501000.jpg','',0,'0000-00-00','00:00:00'),(481,41801,'EstadasAssessment.pdf','Cuestionario Personal',1249,'2020-06-05','13:45:09'),(486,41792,'programing.jpg','',0,'2020-06-05','17:17:00'),(487,41825,'genniux.png','',0,'2020-06-05','17:18:00'),(488,41825,'Connect.png','',0,'2020-06-05','17:22:00'),(489,41838,'googlemeetvszoommarketingdigital500x340cdefault.png','',0,'0000-00-00','00:00:00'),(490,41847,'1200pxMaxresdefault1.jpg','',0,'0000-00-00','00:00:00'),(491,41878,'bitacora.png','',0,'2020-06-10','11:10:00'),(492,41787,'rocket.png','',0,'2020-06-10','16:00:00'),(493,41878,'virtualworkertrainingmeeting700x467.jpg','',0,'2020-06-10','16:32:00'),(494,41654,'genniuxboard.sql','',15,'2020-06-11','11:36:36'),(495,41636,'Funnelsalesahackers.png','',0,'2020-06-14','17:11:00'),(496,41636,'llamada2.png','',0,'2020-06-14','17:11:00'),(497,41636,'GERUProject.png','',0,'2020-06-14','17:11:00'),(498,41636,'LogotipoSalesHackersnegativoconfondo09.png','',0,'2020-06-14','17:12:00'),(499,41636,'automatico.png','',0,'2020-06-14','17:13:00'),(500,41931,'wikiimage.jpg','',0,'2020-06-14','12:41:00'),(501,41790,'empowerteams.jpg','',0,'2020-06-14','12:42:00'),(502,41931,'wikiimage.png','',0,'2020-06-14','12:44:00'),(503,41932,'Content.png','',0,'2020-06-14','12:46:00'),(504,41878,'riesgo.jpg','',0,'2020-06-15','09:51:00'),(505,41878,'Asociacion.jpg','',0,'2020-06-15','09:52:00'),(506,41878,'402468670757c3eca05cm.jpg','',0,'2020-06-15','09:55:00'),(507,41878,'comunidad.jpg','',0,'2020-06-15','09:55:00'),(508,41878,'facilitadores.JPG','',0,'2020-06-15','10:16:00'),(509,41878,'sales2.jpg','',0,'2020-06-15','10:18:00'),(510,41787,'Capturadepantalla20200616alas14.11.11.png','Captura de pantalla Vista de Participante',0,'2020-06-16','14:13:00'),(511,41950,'cuadros.jpg','',0,'2020-06-16','15:45:00'),(512,41878,'webinaron1.jpg','',0,'2020-06-16','17:40:00'),(513,41951,'ScreenShot20200616at7.20.03PM.png','',0,'2020-06-16','19:20:00'),(514,41891,'Connect.png','',0,'2020-06-18','15:23:00'),(515,42172,'genniuxboard.sql','',15,'2020-07-07','15:09:28'),(516,42196,'slack.png','',0,'0000-00-00','00:00:00'),(517,42198,'unnamed.png','',0,'0000-00-00','00:00:00'),(518,42199,'1axDtvvJRVhYGo85yfPirow.jpeg','',0,'0000-00-00','00:00:00'),(519,42206,'1noti.jpg','',0,'0000-00-00','00:00:00'),(520,42222,'seguridad.jpg','',0,'0000-00-00','00:00:00'),(521,42253,'MLMLeadGenerationFunnel.jpg','',0,'2020-07-15','10:11:00'),(522,42265,'maxresdefault.jpg','',0,'0000-00-00','00:00:00'),(523,42137,'DELTA.20200721210104406.mp4','21/Jul/2020',1179,'2020-07-21','21:06:58'),(524,42350,'Cuestionario.pdf','formato de Assessment',1277,'2020-07-22','18:09:23'),(525,42449,'des63demandassalanovaARTICULOIMPORTANTE.pdf','Lectura',1271,'2020-07-30','15:07:39'),(526,42443,'uxdesignseostrategy1024x518.jpeg','',0,'2020-07-31','11:27:00'),(527,42443,'ux.jpeg','',0,'2020-07-31','13:21:00'),(528,42443,'Notasreunion.png','',0,'2020-07-31','15:47:00'),(529,42527,'CapturadePantalla20200812alas13.39.05.png','',0,'0000-00-00','00:00:00'),(530,42529,'TheNewNowperfilesdigitalworkspaceiStock5405677581024x631.jpg','',0,'0000-00-00','00:00:00'),(531,42530,'12.jpg','',0,'0000-00-00','00:00:00'),(532,42534,'Capturadepantalla20200812alas1.50.22p.m..png','',0,'0000-00-00','00:00:00'),(533,42535,'uKuPHjO.jpg','',0,'0000-00-00','00:00:00'),(534,42538,'Tecnologa.jpg','',0,'0000-00-00','00:00:00'),(535,42547,'slack.jpg','',0,'0000-00-00','00:00:00'),(536,42550,'7TENDENCIASTECNO01.png','',0,'0000-00-00','00:00:00'),(537,42558,'lukechesserrCOWMC8qf8Aunsplash640x360.jpg','',0,'0000-00-00','00:00:00'),(538,42562,'modelodenegocios.jpg','',0,'0000-00-00','00:00:00'),(540,25024,'Payments.html','',36,'2020-08-19','16:59:38'),(541,25024,'pagos.html','',36,'2020-08-19','16:59:57'),(551,41619,'IMG20200829094505.jpg','Link abierto',0,'2020-08-29','09:52:00'),(552,41619,'IMG202008290932451.jpg','Link editor',0,'2020-08-29','09:52:00'),(555,42460,'genniux1.sql','BD Sept 2020',15,'2020-09-10','13:42:01'),(556,24999,'reinv.png','',15,'2020-09-11','16:43:28'),(557,42830,'StaffingTrendsFree190301.pdf','Tendencias Staffing',1322,'2020-09-16','09:50:28'),(558,42831,'OperaCapturadepantalla20200917125616genniux.net.png','Captura de pantalla bitácora genniux',1483,'2020-09-17','12:56:47'),(559,41666,'DSC1001.jpg','e',1040,'2020-09-21','17:10:00'),(560,42840,'cumple.png','',0,'0000-00-00','00:00:00'),(561,42929,'stripeprueba.txt','Stripe codigo de prueba',148,'2020-09-29','18:45:00'),(562,42983,'SPInvoice10036Oct20Sampol.pdf','Factura',1322,'2020-10-07','22:34:43'),(563,42982,'SPInvoice10021Oct20BDigiweb.pdf','Factura',1322,'2020-10-07','22:35:15'),(564,42981,'SPInvoice10011Oct20NStartegy.pdf','Factura',1322,'2020-10-07','22:35:49'),(565,42987,'SPContInstitutoinnovacion.pdf','',1322,'2020-10-07','23:39:49'),(566,43174,'starting.png','Inicio',15,'2020-10-30','09:21:26'),(567,43333,'cumpleaos1Mesadetrabajo1.jpg','',0,'0000-00-00','00:00:00'),(568,42443,'Master20Sherpav.1.pdf.png','',0,'2020-11-24','04:27:00'),(569,42443,'sherpa.png','',0,'2020-11-24','04:28:00'),(570,43774,'TeamWorkimagen1.png','',0,'0000-00-00','00:00:00'),(571,43801,'IMAGEN.jpg','',0,'0000-00-00','00:00:00'),(572,43853,'ScreenShot20201216at13.39.09.png','',0,'0000-00-00','00:00:00'),(573,44175,'Eradigital.jpg','',0,'0000-00-00','00:00:00'),(574,44241,'NavidadGBoard.png','',0,'0000-00-00','00:00:00'),(575,44352,'AoNuevoGBoard.png','',0,'0000-00-00','00:00:00'),(576,44355,'AoNuevoGBoard.png','',0,'0000-00-00','00:00:00'),(577,44474,'2xnomark.jpg','',0,'0000-00-00','00:00:00'),(578,44506,'salud.jpg','',0,'0000-00-00','00:00:00'),(579,44536,'header7tendenciasmarketingdigital2021.jpg','',0,'0000-00-00','00:00:00'),(580,44538,'habilidades.png','',0,'0000-00-00','00:00:00'),(581,44539,'tecVerde.jpg','',0,'0000-00-00','00:00:00'),(582,44540,'images.jpg','',0,'0000-00-00','00:00:00'),(583,44544,'20200326003150whatsapppixabayalfredorivfoto610x342.jpg','',0,'0000-00-00','00:00:00'),(584,44558,'e4.jpg','',0,'0000-00-00','00:00:00'),(585,44559,'MARCA.jpg','',0,'0000-00-00','00:00:00'),(586,44724,'emer.jpg','',0,'0000-00-00','00:00:00'),(587,45947,'8demar.png','',0,'0000-00-00','00:00:00'),(588,45957,'EricCumpleaos10demar.jpg','',0,'0000-00-00','00:00:00'),(589,46328,'CumpleaosAbrahamHernandez30demarzo.jpg','',0,'0000-00-00','00:00:00'),(590,46567,'30Abril10am.png','',0,'0000-00-00','00:00:00'),(591,46576,'CumpleaosVictorHeredia0303.png','',0,'0000-00-00','00:00:00'),(592,46585,'1620243867997','pexels-fauxels-3184291 (1).jpg',0,'0000-00-00','00:00:00'),(593,46630,'Gboard10Mayo.png','',0,'0000-00-00','00:00:00'),(594,46595,'1620752650906','La-colaboracion-Como-captar-clientes-rapidamente-02.png',0,'0000-00-00','00:00:00'),(595,46587,'1620752700361','images.jpg',0,'0000-00-00','00:00:00'),(596,46640,'1621631670964','pexels-kindel-media-7578881.jpg',0,'0000-00-00','00:00:00'),(597,46640,'1621631687081','pexels-fauxels-3184291.jpg',0,'0000-00-00','00:00:00'),(598,46743,'1622758180882','lance-asper-5Kp5LVjINgI-unsplash.jpg',0,'0000-00-00','00:00:00'),(599,46749,'1622789643934','pexels-henry-&-co-1939485.jpg',0,'0000-00-00','00:00:00'),(600,46749,'1622790134083','sw.jpg',0,'0000-00-00','00:00:00'),(601,47858,'image.png','Vista frontend',15,'2021-09-09','17:40:00'),(602,48044,'BugsPunchlist.png','Problema al regresar a algún ticket, no se muestran las opciones de detalles, especificaciones, añadir comentarios ni recursos',37,'2021-09-27','17:02:00'),(603,48044,'BugsPunchlistAdjuntarImagen.png','Proceso de carga de imágenes poco claro, ver especificaciones ',37,'2021-09-27','17:08:00'),(604,48044,'BugsPunchlistTextoDuplicado.png','Ver especificaciones ',37,'2021-09-27','17:10:00'),(605,48431,'conversaPunc.png','Se duplica el mensaje en spec y comentarios. ',37,'2021-11-01','13:13:00'),(606,48431,'MensajesPunchlist.png','Los mensajes se envían a destiempo. ',37,'2021-11-01','13:20:00'),(607,48431,'ConversaTickets.png','Se muestran tickets pasados en conversa',37,'2021-11-01','13:43:00'),(608,48636,'SystemsContenido.png','Contenido añadido a documento, en la imagen aparece guardado correctamente. ',37,'2021-11-01','22:47:00'),(609,48636,'SystemsContenidoBug.png','Al regresar al documento el contenido ya no se muestra.',37,'2021-11-01','22:48:00'),(610,48636,'AutorAdjunto.png','Este apartado no genera acción alguna. ',37,'2021-11-01','22:52:00'),(611,48667,'SesionesSoporte.png','Función solo de sherpas y administradores que todos los participantes ven.',37,'2021-11-01','23:10:00'),(612,48693,'CopyActividades.png','Marca de copia en actividades',37,'2021-11-02','12:01:00'),(613,48693,'Sprint.png','Opciones de sprint',37,'2021-11-02','17:45:00'),(614,48667,'Feedback.png','Problemas al enviar mensajes de feedback en los entregables',37,'2021-11-04','10:58:00'),(615,48636,'error.png','Se creo un espacio nuevo,  espacio vacio  ',1515,'2021-11-29','13:44:00'),(616,48636,'error2.png','Vista del espacio en la plataforma systems',1515,'2021-11-29','13:45:00'),(617,48667,'ImagenEnEntregable.jpeg','Se guarda correctamente. ',37,'2021-12-16','14:01:00'),(618,48667,'ImagenEnEntregableDistorsionada.jpeg','Al regresar al entregable la imagen esta distorsionada. ',37,'2021-12-16','14:02:00'),(619,22060,'1644957660041','71PP92fxyEL.jpg',0,'0000-00-00','00:00:00'),(620,50943,'1645816999944','71ZeYAP-YML.jpg',0,'0000-00-00','00:00:00'),(621,50848,'Recurso01Mar2022.png','Ultimo recurso subido',1515,'2022-03-01','11:22:00'),(622,50848,'RecursoEnHome.png','No se muestra el ultimo recurso subido en Home',1515,'2022-03-01','11:24:00'),(623,51317,'1658531827900','Screen Shot 2022-07-22 at 6.16.24 PM.png',0,'0000-00-00','00:00:00'),(624,51327,'1658958895569','Crece Portadas para CH (1).jpg',0,'0000-00-00','00:00:00'),(625,51359,'1659920869911','CreceNews Video Semanal  (1).jpg',0,'0000-00-00','00:00:00'),(626,51359,'1659921699351','1659203662194.jfif',0,'0000-00-00','00:00:00'),(627,51365,'1660084623074','Crece - ByVictor H - Plantillas (2).jpg',0,'0000-00-00','00:00:00'),(628,51361,'1660085184744','CreceNews Video Semanal .jpg',0,'0000-00-00','00:00:00'),(629,51365,'1669141357447','Taller Construyendo tu Tienda B2B.jpg',0,'0000-00-00','00:00:00'),(630,51382,'1669142891392','Cómo ser un líder auténtico.png',0,'0000-00-00','00:00:00'),(631,51361,'1669143137676','Lo relevante de la semana.png',0,'0000-00-00','00:00:00'),(632,51341,'1669143305395','Crece.com en la prensa.png',0,'0000-00-00','00:00:00'),(633,51337,'1669143370381','Trabajo Remoto.png',0,'0000-00-00','00:00:00'),(634,51335,'1669143413407','El 80% de los empleados.png',0,'0000-00-00','00:00:00'),(635,51327,'1669143945623','Crece Empresarial.png',0,'0000-00-00','00:00:00'),(636,51337,'1669156094268','Trabajo Remoto.png',0,'0000-00-00','00:00:00'),(637,51337,'1669245832119','Trabajo Remoto.png',0,'0000-00-00','00:00:00'),(638,51327,'1669245865901','Crece Empresarial.png',0,'0000-00-00','00:00:00'),(639,51327,'1669316396960','Crece Empresarial.png',0,'0000-00-00','00:00:00'),(640,51337,'1670003822851','Trabajo Remoto.png',0,'0000-00-00','00:00:00'),(641,51335,'1670003845631','El 80% de los empleados.png',0,'0000-00-00','00:00:00'),(642,51359,'1670005706211','Las ventas y el marketing.jpg',0,'0000-00-00','00:00:00'),(643,51359,'1670005879053','Las ventas y el marketing.jpg',0,'0000-00-00','00:00:00'),(644,51317,'1671655794474','Nace el primer.png',0,'0000-00-00','00:00:00'),(645,51472,'1674247371648','App Crece - Imágenes para secciones.jpg',0,'0000-00-00','00:00:00'),(646,51472,'1674247478024','App Crece - Imágenes para secciones.jpg',0,'0000-00-00','00:00:00'),(647,52161,'crece.jpg','',15,'2023-01-31','09:06:09'),(648,52161,'empowerlabs.jpg','',15,'2023-01-31','09:06:09'),(649,52161,'genniux.jpg','',15,'2023-01-31','09:06:10'),(650,52161,'papaya.jpg','',15,'2023-01-31','09:06:10'),(651,52161,'reinventateteams.jpg','',15,'2023-01-31','09:06:10'),(652,52161,'reinventate.jpg','',15,'2023-01-31','09:06:11'),(653,52161,'salesplanet.jpg','',15,'2023-01-31','09:06:11'),(654,52273,'focaportada.png','',15,'2023-02-16','15:22:04'),(655,52273,'noraportada.png','',15,'2023-02-16','15:22:05'),(656,52445,'NotificacionesCampana.png','Bug en Notificaciones desde campana',37,'2023-03-01','17:12:00'),(657,52927,'MensajesDeAudio.png','Mensajes de audio bug',37,'2023-03-01','18:23:34'),(658,55085,'zacdurant6HzPU9Hyfgunsplash1155x770.jpg','',0,'0000-00-00','00:00:00'),(659,55378,'manohombresosteniendomundovirtualconexioninternetmetaversomarketingcomercialglobaltransferenciafinancierabancariatravesconceptotecnologiaaplicaciones.jpg','',0,'0000-00-00','00:00:00'),(660,56780,'WhatsAppImage20230602at1.07.31PM.jpeg','',0,'0000-00-00','00:00:00'),(661,52445,'Screenshot20230603at3','No se ve caja agregar Spec',81,'2023-06-03','15:05:00'),(662,56814,'MasterSuitePortadasdenoticias','Sprint del 5 al 9 de junio',37,'2023-06-05','11:30:00'),(663,56761,'Botndebajodeimagen','Botón debajo de imagen 56761',37,'2023-06-05','15:12:00'),(664,56877,'PrecisionMSRentalAgreement','PrecisionMSRentalAgreement 56877',81,'2023-06-07','10:21:00'),(670,56900,'DesarrolloSexualParticipantes','DesarrolloSexualParticipantes 56900',37,'2023-06-09','13:08:00'),(671,56915,'alenaaenamidreamer1k.jpg','',0,'2023-06-09','14:23:00'),(672,56917,'workshoptestusabilidadblog.png','',0,'0000-00-00','00:00:00'),(673,56915,'workshoptestusabilidadblog.png','',0,'2023-06-09','15:31:00'),(674,56937,'Sprint12Jun23','Sprint del 12 al 16 de junio 2023',1767,'2023-06-12','11:12:00'),(675,56896,'Reportesemanal9Jun23','Reporte semanal 9Jun23',1767,'2023-06-12','11:21:00'),(676,56814,'Sprint5Jun23','Sprint del 5 al 9 de junio',1767,'2023-06-12','11:22:00'),(677,56780,'SesinHbitosdepoder','Sesión\"Hábitos de Poder\" 2Jun23',1767,'2023-06-12','11:24:00'),(678,56779,'Reportesemanal2Jun23','Reporte semanal 2Jun23',1767,'2023-06-12','11:25:00'),(679,56759,'Planjunio23','Objetivos Estratégicos Jun 2023',1767,'2023-06-12','11:26:00'),(680,56891,'NoticiaJC','Proceso exprés para creación de contenido con ChatGPT',1767,'2023-06-12','12:07:00'),(681,55571,'NoticiaInge','Banco de Promts',1767,'2023-06-12','12:16:00'),(682,55535,'NoticiadeIdiomas','Reinventando el aprendizaje de Idiomas',1767,'2023-06-12','14:18:00'),(684,57273,'MasterSuitePortadasdenoticias1.png','',0,'0000-00-00','00:00:00'),(685,51472,'1688068978999','App Crece - Imágenes para secciones.jpg',0,'0000-00-00','00:00:00'),(686,51382,'1688069011729','App Crece - Imágenes para secciones (1).jpg',0,'0000-00-00','00:00:00'),(687,51472,'1688069087721','App Crece - Imágenes para secciones (2).jpg',0,'0000-00-00','00:00:00'),(688,51341,'1688069278675','App Crece - Imágenes para secciones (3).jpg',0,'0000-00-00','00:00:00'),(689,51341,'1688069757931','App Crece - Imágenes para secciones (4).jpg',0,'0000-00-00','00:00:00'),(690,51361,'1688069887644','App Crece - Imágenes para secciones (5).jpg',0,'0000-00-00','00:00:00'),(691,51470,'1688070192681','CreceTV-Reinventando Recursos Humanos.jpg',0,'0000-00-00','00:00:00'),(692,57468,'MasterSuitePortadasdenoticias','Sprint de la semana 3 a 7 de julio 2023',1767,'2023-07-05','12:25:00'),(693,57323,'MasterSuitePortadasdenoticias1','Master Playbook \"Creando contenido en LinkedIn\"',1767,'2023-07-05','16:16:00'),(694,57311,'MasterSuitePortadasdenoticias2','Nueva sala de reuniones Zoom',1767,'2023-07-05','16:20:00'),(695,57303,'MasterSuitePortadasdenoticias3','Playbook \"Creación de Contenido\"',1767,'2023-07-05','16:27:00'),(696,57273,'MasterSuitePortadasdenoticias4','Playbook \"Comunicación interna\"',1767,'2023-07-05','16:28:00'),(697,57468,'MasterSuitePortadasdenoticias5','Sprint de la semana 3 a 7 de julio 2023',1767,'2023-07-05','16:31:00'),(698,57256,'MasterSuitePortadasdenoticias6','Sprint 26 a 30 Junio 2023',1767,'2023-07-05','16:31:00'),(699,57129,'MasterSuitePortadasdenoticias7','Sprint 19 a 23 de Junio 2023',1767,'2023-07-05','16:36:00'),(700,57120,'MasterSuitePortadasdenoticias8','Reporte semanal 16Jun23',1767,'2023-07-05','16:37:00'),(701,56983,'MasterSuitePortadasdenoticias9','Web ChatGPT - info en tiempo real',1767,'2023-07-06','13:16:00'),(702,56937,'MasterSuitePortadasdenoticias10','Sprint del 12 al 16 de junio 2023',1767,'2023-07-06','14:21:00'),(703,56896,'MasterSuitePortadasdenoticias11','Reporte semanal 9Jun23',1767,'2023-07-06','14:22:00'),(704,56814,'MasterSuitePortadasdenoticias14','Sprint del 5 al 9 de junio',1767,'2023-07-06','14:22:00'),(705,56780,'MasterSuitePortadasdenoticias12','Sesión\"Hábitos de Poder\" 2Jun23',1767,'2023-07-06','14:23:00'),(706,56779,'MasterSuitePortadasdenoticias16','Reporte semanal 2Jun23',1767,'2023-07-06','14:24:00'),(707,56759,'MasterSuitePortadasdenoticias13','Objetivos Estratégicos Jun 2023',1767,'2023-07-06','14:26:00'),(708,57492,'MasterSuitePortadasdenoticias17','Plantilla de portadas para las noticias en Master Suite',1767,'2023-07-07','14:42:00'),(709,57575,'MasterSuitePortadasdenoticias8','Lo nuevo MasterPlaybooks',2533,'2023-07-13','14:27:00'),(710,57669,'MasterSuitePortadasdenoticias2','Sprint Semana 17 al 21 Julio',81,'2023-07-17','07:21:00'),(711,57970,'MasterSuitePortadasdenoticias','Sprint 31 jul a 4 agos 23',2533,'2023-07-31','08:57:00'),(713,57966,'ProcesoChatbot1','ProcesoChatbot (1) 57966',2533,'2023-08-15','15:08:00'),(714,58167,'MasterSuitePortadasdenoticias9','Sprint 14 - 18 Agost 2023',81,'2023-08-21','08:41:00'),(715,58786,'animatedgift','animatedgift 58786',81,'2023-10-01','13:05:00'),(716,58786,'ShapeofmyheartSting','Shape of my heart (Sting) 58786',81,'2023-10-01','13:06:00'),(717,58930,'Screenshot20231011at11','Presentación MasterPlaybooks',81,'2023-10-11','11:03:00'),(718,59051,'MasterSuitePortadasdenoticias12','MasterPlaybooks',81,'2023-11-01','09:03:00'),(719,59241,'1700248774580','App Crece - Imágenes para secciones (1).jpg',0,'0000-00-00','00:00:00'),(720,59241,'1700752644250','App Crece - Imágenes para secciones (3).jpg',0,'0000-00-00','00:00:00'),(721,59241,'1701097563290','App Crece - Imágenes para secciones (4).jpg',0,'0000-00-00','00:00:00'),(722,59241,'1705092813941','Copia de App Crece - Imágenes para noticias.jpg',0,'0000-00-00','00:00:00'),(723,59241,'1705092969860','Copia de App Crece - Imágenes para noticias (1).jpg',0,'0000-00-00','00:00:00'),(724,59241,'1705093202436','1.jpg',0,'0000-00-00','00:00:00'),(725,59241,'1705093985415','1.jpg',0,'0000-00-00','00:00:00'),(726,51472,'1705094545258','2.jpg',0,'0000-00-00','00:00:00'),(727,51382,'1705095636820','3.jpg',0,'0000-00-00','00:00:00'),(728,51361,'1705096144273','4.jpg',0,'0000-00-00','00:00:00'),(729,51359,'1705096442720','5.jpg',0,'0000-00-00','00:00:00'),(730,51337,'1705097047811','Copia de App Crece - Imágenes para noticias (2).jpg',0,'0000-00-00','00:00:00'),(731,51327,'1705701654647','App Crece - Sección de noticias (imgs).jpg',0,'0000-00-00','00:00:00'),(732,51335,'1705702613019','App Crece - Sección de noticias (imgs) (2).jpg',0,'0000-00-00','00:00:00'),(733,51317,'1705702665467','App Crece - Sección de noticias (imgs) (1).jpg',0,'0000-00-00','00:00:00'),(734,51317,'1705702845899','App Crece - Sección de noticias (imgs) (3).jpg',0,'0000-00-00','00:00:00'),(735,51335,'1705702933188','App Crece - Sección de noticias (imgs) (4).jpg',0,'0000-00-00','00:00:00'),(736,51335,'1705703182592','App Crece - Sección de noticias (imgs) (3).jpg',0,'0000-00-00','00:00:00'),(737,51472,'1705703727338','App Crece - Sección de noticias (imgs).jpg',0,'0000-00-00','00:00:00'),(738,51337,'1705703837168','App Crece - Sección de noticias (imgs) (11).jpg',0,'0000-00-00','00:00:00'),(739,51359,'1705703956685','App Crece - Sección de noticias (imgs) (12).jpg',0,'0000-00-00','00:00:00'),(740,51341,'1705704334933','App Crece - Sección de noticias (imgs) (13).jpg',0,'0000-00-00','00:00:00'),(741,51335,'1705939006570','App Crece - Sección de noticias (imgs) (14).jpg',0,'0000-00-00','00:00:00');

--
-- Table structure for table `area_etapa`
--

CREATE TABLE `area_etapa` (
  `id` int NOT NULL AUTO_INCREMENT,
  `id_pap_sub_eje` int NOT NULL,
  `id_etapa_pap` int NOT NULL,
  `open` int NOT NULL,
  PRIMARY KEY (`id`),
  KEY `id_etapa_pap` (`id_etapa_pap`),
  KEY `id_pap_sub_eje` (`id_pap_sub_eje`),
  CONSTRAINT `area_etapa_ibfk_1` FOREIGN KEY (`id_etapa_pap`) REFERENCES `etapa_pap` (`id`) ON DELETE CASCADE ON UPDATE CASCADE,
  CONSTRAINT `area_etapa_ibfk_2` FOREIGN KEY (`id_pap_sub_eje`) REFERENCES `pap_sub_eje` (`id`) ON DELETE CASCADE ON UPDATE CASCADE
) ENGINE=InnoDB AUTO_INCREMENT=634 DEFAULT CHARSET=latin1;

--
-- Dumping data for table `area_etapa`
--

INSERT INTO `area_etapa` VALUES (173,23018,62,1),(174,23019,62,1),(175,23020,62,1),(176,23021,62,1),(177,23022,62,1),(178,23023,62,1),(179,23024,62,1),(180,23025,62,1),(268,49205,81,1),(269,49206,82,1),(270,49207,81,1),(271,49208,82,1),(272,49216,83,1),(273,49217,83,1),(274,50978,84,1),(275,50979,84,1),(276,50981,85,1),(277,50982,85,1),(291,51505,93,1),(292,51506,93,1),(293,51508,94,1),(295,51511,95,1),(296,51512,95,1),(297,51515,96,1),(298,51516,96,1),(299,51518,97,1),(300,51519,97,1),(301,51521,98,1),(302,51522,98,1),(303,51530,99,1),(304,51532,100,1),(305,51534,101,1),(306,51540,102,1),(307,51542,103,1),(308,51544,104,1),(309,51579,105,1),(310,51580,105,1),(311,51581,105,1),(312,51582,105,1),(313,51583,105,1),(314,51584,105,1),(315,51586,106,1),(316,51587,106,1),(317,51588,106,1),(318,51589,106,1),(319,51590,106,1),(320,51591,106,1),(321,51593,107,1),(322,51594,107,1),(323,51595,107,1),(324,51596,107,1),(325,51597,107,1),(326,51598,107,1),(327,51601,108,1),(328,51602,108,1),(329,51603,108,1),(330,51604,108,1),(331,51605,108,1),(332,51606,108,1),(333,51608,109,1),(334,51609,109,1),(335,51610,109,1),(336,51611,109,1),(337,51612,109,1),(338,51613,109,1),(339,51615,110,1),(340,51616,110,1),(341,51617,110,1),(342,51618,110,1),(343,51619,110,1),(344,51620,110,1),(345,51623,111,1),(346,51624,111,1),(347,51625,111,1),(348,51626,111,1),(349,51627,111,1),(350,51628,111,1),(351,51630,112,1),(352,51631,112,1),(353,51632,112,1),(354,51633,112,1),(355,51634,112,1),(356,51635,112,1),(357,51637,113,1),(358,51638,113,1),(359,51639,113,1),(360,51640,113,1),(361,51641,113,1),(362,51642,113,1),(381,54430,117,1),(382,54431,117,1),(383,54432,117,1),(384,54433,117,1),(385,54434,117,1),(386,54436,118,1),(387,54437,118,1),(388,54438,118,1),(389,54439,118,1),(390,54440,118,1),(391,54442,119,1),(392,54443,119,1),(393,54444,119,1),(394,54445,119,1),(395,54446,119,1),(396,54448,120,1),(397,54449,120,1),(398,54450,120,1),(399,54451,120,1),(400,54452,120,1),(401,54455,121,1),(402,54456,121,1),(403,54457,121,1),(404,54458,121,1),(405,54459,121,1),(406,54461,122,1),(407,54462,122,1),(408,54463,122,1),(409,54464,122,1),(410,54465,122,1),(411,54467,123,1),(412,54468,123,1),(413,54469,123,1),(414,54470,123,1),(415,54471,123,1),(416,54473,124,1),(417,54474,124,1),(418,54475,124,1),(419,54476,124,1),(420,54477,124,1),(421,54577,125,1),(422,54578,125,1),(423,54579,125,1),(424,54580,125,1),(425,54581,125,1),(426,54583,126,1),(427,54584,126,1),(428,54585,126,1),(429,54586,126,1),(430,54587,126,1),(431,54589,127,1),(432,54590,127,1),(433,54591,127,1),(434,54592,127,1),(435,54593,127,1),(436,54595,128,1),(437,54596,128,1),(438,54597,128,1),(439,54598,128,1),(440,54599,128,1),(461,60480,133,1),(462,60482,134,1),(463,60998,135,1),(465,61034,133,1),(466,61035,134,1),(467,61036,135,1),(468,61037,133,1),(469,61038,134,1),(470,61039,135,1),(471,61040,133,1),(472,61041,134,1),(473,61042,135,1),(474,61043,133,1),(475,61044,134,1),(476,61045,135,1),(477,61046,133,1),(478,61047,134,1),(479,61048,135,1),(480,61049,133,1),(481,61050,134,1),(482,61051,135,1),(483,61373,137,1),(484,61375,138,1),(486,61378,137,1),(487,61379,138,1),(488,61380,137,1),(489,61381,138,1),(490,61382,137,1),(491,61383,138,1),(492,61384,137,1),(493,61385,138,1),(494,61386,137,1),(495,61387,138,1),(496,61388,137,1),(497,61389,138,1),(498,61390,137,1),(499,61391,138,1),(500,61392,137,1),(501,61393,138,1),(502,61394,137,1),(503,61395,138,1),(504,61508,140,1),(505,61509,140,1),(506,61510,140,1),(507,61511,140,1),(508,61512,140,1),(509,61513,140,1),(510,61514,140,1),(511,61515,140,1),(512,61516,140,1),(513,61517,140,1),(514,61562,141,1),(515,61563,141,1),(516,61564,141,1),(517,61565,141,1),(518,61566,141,1),(519,61567,141,1),(520,61568,141,1),(521,61569,141,1),(522,61570,141,1),(523,61571,141,1),(546,62954,150,1),(547,62955,151,1),(548,62957,150,1),(549,62958,151,1),(550,62959,150,1),(551,62960,151,1),(552,62961,150,1),(553,62962,151,1),(554,62963,150,1),(555,62964,151,1),(556,62965,150,1),(557,62966,151,1),(558,62967,150,1),(559,62968,151,1),(560,62969,150,1),(561,62970,151,1),(562,62971,150,1),(563,62972,151,1),(564,62973,150,1),(565,62974,151,1),(566,63879,152,1),(567,63880,153,1),(568,63881,152,1),(569,63882,153,1),(570,63883,152,1),(571,63884,153,1),(572,63885,152,1),(573,63886,153,1),(574,63887,152,1),(575,63888,153,1),(576,63889,152,1),(577,63890,153,1),(578,63891,152,1),(579,63892,153,1),(580,63893,152,1),(581,63894,153,1),(582,63895,152,1),(583,63896,153,1),(584,63985,154,1),(585,63986,155,1),(586,63987,156,1),(587,63989,154,1),(588,63990,155,1),(589,63991,156,1),(590,63992,154,1),(591,63993,155,1),(592,63994,156,1),(593,63995,154,1),(594,63996,155,1),(595,63997,156,1),(596,63998,154,1),(597,63999,155,1),(598,64000,156,1),(599,64001,154,1),(600,64002,155,1),(601,64003,156,1),(602,64004,154,1),(603,64005,155,1),(604,64006,156,1),(605,64007,154,1),(606,64008,155,1),(607,64009,156,1),(608,64010,154,1),(609,64011,155,1),(610,64012,156,1),(611,64013,154,1),(612,64014,155,1),(613,64015,156,1),(614,64017,157,1),(615,64018,157,1),(616,64019,157,1),(617,64020,157,1),(618,64021,157,1),(619,64022,157,1),(620,64023,157,1),(621,64024,157,1),(622,64025,157,1),(623,64026,157,1),(624,64028,158,1),(625,64029,158,1),(626,64030,158,1),(627,64031,158,1),(628,64032,158,1),(629,64033,158,1),(630,64034,158,1),(631,64035,158,1),(632,64036,158,1),(633,64037,158,1);

--
-- Table structure for table `area_participacion`
--

CREATE TABLE `area_participacion` (
  `id` int NOT NULL AUTO_INCREMENT,
  `id_pap_sub_eje` int NOT NULL,
  `id_area_etapa` int NOT NULL,
  PRIMARY KEY (`id`),
  KEY `id_pap_sub_eje` (`id_pap_sub_eje`),
  KEY `id_area_etapa` (`id_area_etapa`),
  CONSTRAINT `area_participacion_ibfk_1` FOREIGN KEY (`id_pap_sub_eje`) REFERENCES `pap_sub_eje` (`id`) ON DELETE CASCADE ON UPDATE CASCADE,
  CONSTRAINT `area_participacion_ibfk_2` FOREIGN KEY (`id_area_etapa`) REFERENCES `area_etapa` (`id`) ON DELETE CASCADE ON UPDATE CASCADE
) ENGINE=InnoDB AUTO_INCREMENT=1750 DEFAULT CHARSET=latin1;

--
-- Dumping data for table `area_participacion`
--

INSERT INTO `area_participacion` VALUES (158,23044,178),(159,23045,173),(160,23046,174),(161,23053,177),(162,23054,174),(163,23056,174),(164,23074,173),(165,23075,174),(166,23076,174),(167,23077,175),(168,23080,176),(169,23081,178),(170,23082,174),(171,23083,177),(172,23084,177),(173,23085,178),(174,23086,178),(175,23087,175),(176,23088,175),(177,23174,174),(178,23271,178),(179,23297,175),(180,23350,174),(181,23351,175),(182,23352,178),(183,23353,174),(557,49209,268),(558,49210,271),(559,49221,273),(560,49222,273),(561,49223,273),(564,49254,268),(565,51012,274),(566,51013,277),(567,51535,303),(568,51536,303),(569,51537,303),(570,51545,303),(571,51546,303),(572,51547,303),(573,51548,303),(574,51549,306),(575,51550,306),(576,51551,306),(577,51552,306),(578,51553,306),(579,51554,306),(580,51555,306),(581,51556,307),(582,51557,306),(583,51558,307),(584,51559,306),(585,51560,306),(586,51561,308),(587,51562,306),(588,51563,306),(589,51564,308),(590,51565,307),(591,51566,306),(592,51567,306),(593,51568,306),(594,51569,306),(595,51570,308),(596,51571,306),(597,51572,306),(598,51573,307),(599,51574,306),(600,51575,307),(601,51576,308),(602,51643,313),(603,51644,309),(604,51645,310),(605,51646,311),(606,51647,310),(607,51648,310),(608,51649,310),(609,51650,318),(610,51651,316),(611,51652,310),(612,51653,310),(613,51654,316),(614,51655,310),(615,51656,313),(616,51657,310),(617,51658,313),(618,51659,310),(619,51660,315),(620,51661,313),(621,51662,310),(622,51663,310),(623,51664,313),(624,51665,313),(625,51666,312),(626,51667,310),(627,51668,313),(628,51669,311),(629,51670,319),(630,51671,313),(631,51672,312),(632,51673,310),(633,51674,326),(634,51675,310),(635,51676,314),(636,51677,318),(637,51678,314),(638,51679,310),(639,51680,311),(640,51681,313),(641,51682,311),(642,51683,310),(643,51684,310),(644,51685,313),(645,51686,316),(646,51687,313),(647,51688,322),(648,51689,313),(649,51690,310),(650,51691,318),(651,51692,313),(652,51693,310),(653,51694,313),(654,51695,311),(655,51696,314),(656,51697,309),(657,51698,323),(658,51699,323),(659,51700,314),(660,51701,311),(661,51702,312),(662,51703,322),(663,51704,314),(664,51705,321),(665,51706,315),(666,51707,320),(667,51708,312),(668,51709,310),(669,51710,320),(670,51711,314),(671,51712,319),(672,51713,310),(673,51714,312),(674,51715,314),(675,51716,320),(676,51717,320),(677,51718,316),(678,51719,332),(679,51720,310),(680,51721,328),(681,51722,330),(682,51723,329),(683,51724,331),(684,51725,330),(685,51726,328),(686,51727,327),(687,51728,333),(688,51729,332),(689,51730,328),(690,51731,327),(691,51732,327),(692,51733,330),(693,51734,327),(694,51735,328),(695,51736,328),(696,51737,331),(697,51738,328),(698,51739,327),(699,51740,327),(700,51741,334),(701,51742,330),(702,51743,328),(703,51744,336),(704,51745,334),(705,51746,340),(706,51747,331),(707,51748,335),(708,51749,331),(709,51750,328),(710,51751,327),(711,51752,340),(712,51753,333),(713,51754,330),(714,51755,331),(715,51756,339),(716,51757,330),(717,51758,335),(718,51759,334),(719,51760,334),(720,51761,338),(721,51762,334),(722,51763,336),(723,51764,336),(724,51765,334),(725,51766,337),(726,51767,341),(727,51768,344),(728,51769,339),(729,51770,328),(730,51771,344),(731,51772,334),(732,51773,331),(733,51774,334),(734,51775,336),(735,51776,327),(736,51777,328),(737,51778,337),(738,51779,334),(739,51780,339),(740,51781,342),(741,51782,343),(742,51783,339),(743,51784,336),(744,51785,334),(745,51786,337),(746,51787,333),(747,51788,338),(748,51789,332),(749,51790,337),(750,51791,340),(751,51792,338),(752,51793,334),(753,51794,329),(754,51795,331),(755,51796,332),(756,51797,339),(757,51798,331),(758,51799,340),(759,51800,343),(760,51801,332),(761,51802,344),(762,51803,332),(763,51804,328),(764,51805,332),(765,51806,328),(766,51807,330),(767,51808,342),(768,51809,330),(769,51810,332),(770,51811,346),(771,51812,348),(772,51813,350),(773,51814,349),(774,51815,348),(775,51816,346),(776,51817,348),(777,51818,354),(778,51819,348),(779,51820,357),(780,51821,348),(781,51822,350),(782,51823,346),(783,51824,346),(784,51825,347),(785,51826,358),(786,51827,348),(787,51828,354),(788,51829,345),(789,51830,349),(790,51831,348),(791,51832,348),(792,51833,357),(793,51834,353),(794,51835,354),(795,51836,355),(796,51837,362),(797,51838,351),(798,51839,352),(799,51840,349),(800,51841,358),(801,51842,352),(802,51843,354),(803,51844,356),(804,51845,354),(805,51846,353),(806,51847,355),(809,54478,383),(810,54479,385),(811,54480,385),(812,54481,383),(813,54482,386),(814,54483,384),(815,54484,385),(816,54485,382),(817,54486,384),(818,54487,392),(819,54488,386),(820,54489,396),(821,54490,386),(822,54491,394),(823,54492,386),(824,54493,395),(825,54494,386),(826,54495,386),(827,54496,396),(828,54497,395),(829,54498,395),(830,54499,386),(831,54500,388),(832,54501,395),(833,54502,394),(834,54503,398),(835,54504,392),(836,54505,397),(837,54506,400),(838,54507,394),(839,54508,400),(840,54509,391),(841,54510,400),(842,54511,400),(843,54512,404),(844,54513,405),(845,54514,404),(846,54515,404),(847,54516,403),(848,54517,404),(849,54518,404),(850,54519,410),(851,54520,408),(852,54521,407),(853,54522,407),(854,54523,407),(855,54524,407),(856,54525,407),(857,54526,406),(858,54527,407),(859,54528,406),(860,54529,410),(861,54530,412),(862,54531,410),(863,54532,415),(864,54533,412),(865,54534,411),(866,54535,413),(867,54536,413),(868,54537,414),(869,54538,413),(870,54539,415),(871,54540,414),(872,54541,412),(873,54542,413),(874,54543,411),(875,54544,415),(876,54545,417),(877,54546,417),(878,54547,414),(879,54548,417),(880,54549,419),(881,54550,418),(882,54551,416),(883,54552,420),(884,54553,420),(885,54554,419),(886,54555,419),(887,54556,402),(888,54721,404),(889,54722,402),(890,54723,402),(891,54724,404),(892,54725,401),(893,54726,405),(894,54727,404),(895,54728,406),(896,54729,408),(897,54730,406),(898,54731,406),(899,54732,406),(900,54733,410),(901,54734,413),(902,54735,413),(903,54736,416),(904,54737,414),(905,54738,417),(906,54739,417),(907,54740,414),(908,54741,410),(909,54742,413),(910,54743,415),(911,54744,415),(912,54745,403),(913,54746,404),(914,54747,403),(915,54748,409),(916,54749,403),(917,54750,405),(918,54751,404),(919,54752,404),(920,54753,408),(921,54754,406),(922,54755,405),(923,54756,403),(924,54757,405),(925,54758,402),(926,54759,410),(927,54760,406),(928,54761,407),(929,54762,406),(930,54763,415),(931,54764,410),(932,54765,407),(933,54766,415),(934,54767,406),(935,54768,406),(936,54769,412),(937,54770,412),(938,54771,413),(939,54772,411),(940,54773,416),(941,54774,416),(942,54775,412),(943,54776,412),(944,54777,411),(945,54778,414),(946,54779,410),(947,54780,419),(948,54781,418),(949,54782,417),(950,54783,405),(951,54784,416),(952,54785,420),(953,54786,414),(954,54787,407),(955,54788,416),(956,54789,420),(957,54790,416),(958,54791,409),(982,61052,465),(983,61053,465),(984,61054,468),(985,61055,480),(986,61056,480),(987,61057,465),(988,61058,465),(989,61059,465),(990,61060,465),(991,61061,468),(992,61062,465),(993,61063,474),(994,61064,461),(995,61065,469),(996,61066,465),(997,61067,468),(998,61068,480),(999,61069,480),(1000,61070,474),(1001,61071,468),(1002,61072,469),(1003,61073,468),(1004,61074,477),(1005,61075,461),(1006,61076,465),(1007,61078,477),(1008,61077,465),(1009,61079,474),(1010,61080,469),(1011,61081,469),(1012,61082,474),(1013,61083,465),(1014,61084,474),(1015,61085,468),(1016,61086,474),(1017,61087,480),(1018,61088,474),(1019,61089,472),(1020,61090,477),(1021,61091,474),(1022,61092,465),(1023,61093,474),(1024,61094,463),(1025,61095,466),(1026,61096,466),(1027,61097,481),(1028,61098,466),(1029,61099,469),(1030,61100,466),(1031,61101,462),(1032,61102,462),(1033,61103,462),(1034,61104,481),(1035,61105,481),(1036,61106,469),(1037,61107,466),(1038,61108,462),(1039,61109,462),(1040,61110,469),(1041,61111,469),(1042,61112,466),(1043,61113,469),(1044,61114,475),(1045,61115,481),(1046,61116,472),(1047,61117,472),(1048,61118,475),(1049,61119,469),(1050,61120,469),(1051,61121,481),(1052,61122,472),(1053,61123,475),(1054,61124,466),(1055,61125,469),(1056,61126,462),(1057,61127,469),(1058,61128,466),(1059,61129,469),(1060,61130,469),(1061,61131,481),(1062,61132,475),(1063,61133,462),(1064,61134,469),(1065,61135,475),(1066,61136,462),(1067,61137,469),(1068,61138,467),(1069,61139,472),(1070,61140,475),(1071,61141,481),(1072,61142,469),(1073,61143,465),(1074,61144,475),(1075,61145,475),(1076,61146,481),(1077,61147,482),(1078,61148,463),(1079,61149,475),(1080,61150,462),(1081,61151,473),(1082,61152,472),(1083,61153,469),(1084,61154,463),(1085,61155,467),(1086,61156,475),(1087,61157,469),(1088,61158,469),(1089,61159,467),(1090,61160,475),(1091,61161,481),(1092,61162,469),(1093,61163,473),(1094,61164,467),(1095,61165,467),(1096,61166,475),(1097,61167,467),(1098,61168,467),(1099,61169,462),(1100,61170,467),(1101,61171,470),(1102,61172,469),(1103,61173,463),(1104,61174,469),(1105,61175,469),(1106,61176,463),(1107,61177,469),(1108,61178,476),(1109,61179,476),(1110,61180,467),(1111,61181,463),(1112,61182,476),(1113,61183,476),(1114,61184,463),(1115,61185,467),(1116,61186,473),(1117,61187,470),(1118,61188,476),(1119,61189,479),(1120,61190,463),(1121,61191,475),(1122,61192,476),(1123,61193,463),(1124,61194,482),(1125,61195,470),(1126,61196,468),(1127,61197,468),(1128,61198,470),(1129,61199,470),(1131,61397,498),(1132,61398,498),(1133,61399,498),(1134,61400,502),(1135,61401,498),(1136,61402,483),(1137,61403,492),(1138,61404,496),(1139,61405,490),(1140,61406,492),(1141,61407,498),(1142,61408,498),(1143,61409,498),(1144,61410,498),(1145,61411,502),(1146,61412,502),(1147,61413,496),(1148,61414,483),(1149,61415,498),(1150,61416,483),(1151,61417,502),(1152,61418,498),(1153,61419,483),(1154,61420,502),(1155,61421,486),(1156,61422,483),(1157,61423,498),(1158,61424,496),(1159,61425,486),(1160,61426,498),(1161,61427,488),(1162,61428,498),(1163,61429,483),(1164,61430,492),(1165,61431,498),(1166,61432,483),(1167,61433,496),(1168,61434,498),(1169,61435,502),(1170,61436,500),(1171,61437,496),(1172,61438,494),(1173,61439,483),(1174,61440,488),(1175,61441,497),(1176,61442,501),(1177,61443,487),(1178,61444,498),(1179,61445,491),(1180,61446,488),(1181,61447,494),(1182,61448,503),(1183,61449,500),(1184,61450,501),(1185,61451,496),(1186,61452,500),(1187,61453,493),(1188,61454,487),(1189,61455,488),(1190,61456,497),(1191,61457,487),(1192,61458,493),(1193,61459,497),(1194,61460,487),(1195,61461,499),(1196,61462,490),(1197,61463,487),(1198,61464,495),(1199,61465,487),(1200,61466,495),(1201,61467,493),(1202,61468,487),(1203,61469,497),(1204,61470,501),(1205,61471,497),(1206,61472,489),(1207,61473,489),(1208,61474,499),(1209,61475,487),(1210,61476,487),(1211,61477,489),(1212,61478,497),(1213,61479,501),(1214,61480,487),(1215,61481,487),(1216,61482,491),(1217,61483,489),(1218,61484,487),(1219,61485,500),(1220,61486,497),(1221,61487,493),(1222,61488,503),(1223,61489,503),(1224,61490,491),(1225,61491,494),(1226,61492,493),(1227,61493,487),(1228,61494,501),(1229,61495,491),(1230,61496,501),(1231,61497,495),(1232,61498,495),(1233,61499,503),(1234,61500,499),(1235,61501,487),(1236,61502,493),(1237,61503,491),(1238,61504,495),(1239,61505,495),(1240,61506,487),(1241,61518,511),(1242,61519,491),(1243,61520,497),(1244,61521,484),(1245,61522,508),(1246,61523,510),(1247,61524,506),(1248,61525,509),(1249,61526,510),(1250,61527,506),(1251,61528,504),(1252,61529,513),(1253,61530,507),(1254,61531,510),(1255,61532,509),(1256,61533,509),(1257,61534,489),(1258,61535,507),(1259,61536,508),(1260,61537,511),(1261,61538,509),(1262,61539,510),(1263,61540,506),(1264,61541,505),(1265,61542,504),(1266,61543,513),(1267,61544,511),(1268,61545,512),(1269,61546,512),(1270,61547,509),(1271,61548,509),(1272,61549,511),(1273,61550,504),(1274,61551,512),(1275,61552,506),(1276,61553,509),(1277,61554,511),(1278,61555,507),(1279,61556,506),(1280,61557,487),(1281,61558,512),(1282,61559,509),(1283,61560,510),(1284,61572,517),(1285,61573,511),(1286,61574,515),(1287,61575,515),(1288,61576,523),(1289,61577,520),(1290,61578,516),(1291,61579,516),(1292,61580,514),(1293,61581,515),(1294,61582,522),(1295,61583,516),(1296,61584,519),(1297,61585,517),(1298,61586,521),(1299,61587,516),(1300,61588,499),(1301,61589,520),(1302,61590,517),(1303,61591,518),(1304,61592,521),(1305,61593,516),(1306,61594,514),(1307,61595,518),(1308,61596,517),(1309,61597,523),(1310,61598,523),(1311,61599,516),(1312,61600,516),(1313,61601,517),(1314,61602,517),(1315,61603,523),(1316,61604,523),(1392,62980,558),(1393,62981,556),(1394,62982,552),(1395,62983,558),(1396,62984,550),(1397,62985,564),(1398,62986,556),(1399,62987,554),(1400,62988,552),(1401,62989,560),(1402,62990,556),(1403,62991,564),(1404,62992,558),(1405,62993,564),(1406,62994,556),(1407,62995,560),(1408,62996,552),(1409,62997,560),(1410,62998,564),(1411,62999,564),(1412,63000,564),(1413,63001,556),(1414,63002,560),(1415,63003,564),(1416,63004,546),(1417,63005,564),(1418,63006,560),(1419,63007,564),(1420,63008,555),(1421,63009,564),(1422,63010,561),(1423,63011,550),(1424,63012,550),(1425,63013,549),(1426,63014,564),(1427,63015,554),(1428,63016,547),(1429,63017,550),(1430,63018,561),(1431,63019,547),(1432,63020,557),(1433,63021,565),(1434,63022,553),(1435,63023,565),(1436,63024,553),(1437,63025,565),(1438,63026,565),(1439,63027,549),(1440,63028,555),(1441,63029,561),(1442,63030,565),(1443,63031,563),(1444,63032,547),(1445,63033,551),(1446,63034,565),(1447,63035,565),(1448,63036,547),(1449,63037,555),(1450,63038,565),(1451,63039,547),(1452,63040,557),(1453,63041,561),(1454,63042,563),(1455,63043,565),(1456,63044,550),(1457,63045,565),(1458,63046,561),(1459,63047,565),(1460,63048,557),(1461,63049,551),(1462,63050,551),(1463,63051,561),(1464,63052,559),(1465,63053,555),(1466,63054,565),(1467,63055,565),(1468,63056,561),(1469,63861,560),(1470,63862,548),(1471,63863,554),(1472,63864,556),(1473,63897,568),(1474,63898,570),(1475,63899,578),(1476,63900,566),(1477,63901,568),(1478,63902,578),(1479,63903,568),(1480,63904,572),(1481,63905,578),(1482,63906,568),(1483,63907,570),(1484,63908,578),(1485,63909,566),(1486,63910,578),(1487,63911,566),(1488,63912,567),(1489,63913,578),(1490,63914,578),(1491,63915,570),(1492,63916,580),(1493,63917,566),(1494,63918,568),(1495,63919,574),(1496,63920,570),(1497,63921,578),(1498,63922,576),(1499,63923,579),(1500,63924,578),(1501,63925,569),(1502,63926,581),(1503,63927,577),(1504,63928,574),(1505,63929,569),(1506,63930,569),(1507,63931,579),(1508,63932,579),(1509,63933,579),(1510,63934,577),(1511,63935,575),(1512,63936,579),(1513,63937,569),(1514,63938,583),(1515,63939,583),(1516,63940,567),(1517,63941,579),(1518,63942,575),(1519,63943,579),(1520,63944,569),(1521,63945,569),(1522,63946,569),(1523,63947,569),(1524,63948,577),(1525,63949,579),(1526,63950,569),(1527,63951,569),(1528,63952,577),(1529,63953,571),(1530,63954,567),(1531,63955,569),(1532,63956,576),(1533,63957,577),(1534,63958,571),(1535,63959,571),(1536,63960,569),(1537,63961,582),(1538,63962,583),(1539,63963,575),(1540,63964,579),(1541,63965,581),(1542,63966,567),(1543,63967,575),(1544,63968,569),(1545,63969,569),(1546,63970,579),(1547,63971,571),(1548,63972,581),(1549,63973,573),(1550,63974,579),(1551,63975,579),(1552,63976,579),(1553,63977,571),(1554,63978,579),(1555,63979,575),(1556,63980,569),(1559,64039,611),(1560,64040,593),(1561,64041,593),(1562,64042,593),(1563,64043,590),(1564,64044,599),(1565,64045,593),(1566,64046,593),(1567,64047,611),(1568,64048,599),(1569,64049,587),(1570,64050,599),(1571,64051,593),(1572,64052,587),(1573,64053,587),(1574,64054,594),(1575,64055,611),(1576,64056,608),(1577,64057,593),(1578,64058,593),(1579,64059,585),(1580,64060,593),(1581,64061,593),(1582,64062,599),(1583,64063,593),(1584,64064,587),(1585,64065,599),(1586,64066,601),(1587,64067,599),(1588,64068,593),(1589,64069,593),(1590,64070,593),(1591,64071,587),(1592,64072,587),(1593,64073,599),(1594,64074,600),(1595,64075,599),(1596,64076,594),(1597,64077,593),(1598,64078,587),(1599,64079,595),(1600,64080,597),(1601,64081,599),(1602,64082,587),(1603,64083,629),(1604,64084,594),(1605,64085,595),(1606,64086,599),(1607,64087,593),(1608,64088,609),(1609,64089,599),(1610,64090,600),(1611,64091,591),(1612,64092,591),(1613,64093,600),(1614,64094,600),(1615,64095,588),(1616,64096,600),(1617,64097,593),(1618,64098,600),(1619,64099,592),(1620,64100,586),(1621,64101,617),(1622,64102,612),(1623,64103,600),(1624,64104,600),(1625,64105,592),(1626,64106,608),(1627,64107,585),(1628,64108,594),(1629,64109,599),(1630,64110,585),(1631,64111,600),(1632,64112,611),(1633,64113,619),(1634,64114,624),(1635,64115,627),(1636,64116,600),(1637,64117,594),(1638,64118,587),(1639,64119,600),(1640,64120,633),(1641,64121,586),(1642,64122,601),(1643,64123,594),(1644,64124,600),(1645,64125,588),(1646,64126,592),(1647,64127,600),(1648,64128,600),(1649,64129,587),(1650,64130,607),(1651,64131,619),(1652,64132,588),(1653,64133,601),(1654,64134,586),(1655,64135,601),(1656,64136,617),(1657,64137,625),(1658,64138,593),(1659,64139,599),(1660,64140,586),(1661,64141,592),(1662,64142,592),(1663,64143,600),(1664,64144,619),(1665,64145,594),(1666,64146,601),(1667,64147,610),(1668,64148,584),(1669,64149,610),(1670,64150,616),(1671,64151,592),(1672,64152,622),(1673,64153,592),(1674,64154,623),(1675,64155,610),(1676,64156,601),(1677,64157,591),(1678,64158,617),(1679,64159,615),(1680,64160,606),(1681,64161,601),(1682,64162,619),(1683,64163,628),(1684,64164,627),(1685,64165,586),(1686,64166,598),(1687,64167,621),(1688,64168,627),(1689,64169,622),(1690,64170,624),(1691,64171,633),(1692,64172,627),(1693,64173,621),(1694,64174,592),(1695,64175,607),(1696,64176,626),(1697,64177,619),(1698,64178,615),(1699,64179,631),(1700,64180,625),(1701,64181,598),(1702,64182,592),(1703,64183,601),(1704,64184,592),(1705,64185,627),(1706,64186,631),(1707,64187,627),(1708,64188,626),(1709,64189,623),(1710,64190,596),(1711,64191,622),(1712,64192,593),(1713,64193,587),(1714,64194,621),(1715,64195,621),(1716,64196,622),(1717,64197,615),(1718,64198,617),(1719,64199,617),(1720,64200,627),(1721,64201,627),(1722,64202,587),(1723,64203,621),(1724,64204,599),(1725,64205,616),(1726,64206,625),(1727,64207,586),(1728,64208,617),(1729,64209,619),(1730,64210,625),(1731,64211,589),(1732,64212,592),(1733,64213,621),(1734,64214,592),(1735,64215,627),(1736,64216,621),(1737,64217,622),(1738,64218,614),(1739,64219,604),(1740,64220,622),(1741,64221,631),(1742,64222,593),(1743,64223,600),(1744,64224,613),(1745,64225,596),(1746,64226,591),(1747,64227,586),(1748,64228,615),(1749,64229,624);

--
