
--
-- Table structure for table `guest`
--

CREATE TABLE `guest` (
  `id` varchar(50) CHARACTER SET utf8mb3 COLLATE utf8mb3_general_ci NOT NULL,
  `nombre` varchar(200) CHARACTER SET utf8mb3 COLLATE utf8mb3_general_ci NOT NULL,
  `email` varchar(200) CHARACTER SET utf8mb3 COLLATE utf8mb3_general_ci NOT NULL,
  `foto` text CHARACTER SET utf8mb3 COLLATE utf8mb3_general_ci NOT NULL,
  `origen` int NOT NULL,
  PRIMARY KEY (`id`)
) ENGINE=InnoDB DEFAULT CHARSET=latin1;

--
-- Dumping data for table `guest`
--

INSERT INTO `guest` VALUES ('100730941047144037636','Abraham Rojas','ing.rojas93@gmail.com','https://lh3.googleusercontent.com/-kMRXFhW5mHE/AAAAAAAAAAI/AAAAAAAAAAA/AAnnY7oee12qdCAi_U7j-BnYcqEyZD0tww/s96-c/photo.jpg',9),('101746318817453659529','erickandres baez','eabhaa123@gmail.com','https://lh3.googleusercontent.com/-xyegz7eRWWE/AAAAAAAAAAI/AAAAAAAAAAA/ACLGyWAuzKPaphkdkSPeSCxuTXItE_AqkQ/s96-c/photo.jpg',9),('110343561742727547028','Carlos Vázquez','covazquezv@gmail.com','https://lh3.googleusercontent.com/a-/AAuE7mDvQ4Z6XpVzQAy_PAtJSaLPQkvKihW1rjK4dN4j',9),('115922560301470971765','Alex Rojas','rockanalex@gmail.com','https://lh5.googleusercontent.com/-RHWbunKzBE0/AAAAAAAAAAI/AAAAAAAAABE/cgvYyx3dJOI/photo.jpg',9),('117946010318814205900','Victor Heredia','victormheredia@gmail.com','https://lh5.googleusercontent.com/-EQrA3xLYmoA/AAAAAAAAAAI/AAAAAAAABzU/N6w_5r8bL2Y/s96-c/photo.jpg',9),('1502039309872826','Carlos Vázquez','co.vazquezvelasco@gmail.com','https://scontent.xx.fbcdn.net/v/t1.0-1/p50x50/26169542_1527501987326558_1406998700155268834_n.jpg?oh=4a352a538c8f9506ac0e1d67e07a738a&oe=5B1FDAAC',9),('1621065051293223','Erick Andres Baez','eabhaa@live.com.mx','https://lookaside.facebook.com/platform/profilepic/?asid=1621065051293223&height=50&width=50&ext=1525557843&hash=AeSmpnqAyEAPLcKu',9),('1839599546081279','Alex Rojas','rockanalex@gmail.com','https://scontent.xx.fbcdn.net/v/t1.0-1/p50x50/10666034_989804587727450_4016620739781913701_n.jpg?oh=4af7bdb6a9b0d7806d4ebf20369d9387&oe=5B221E44',9);

--
-- Table structure for table `historial`
--

CREATE TABLE `historial` (
  `id` int NOT NULL AUTO_INCREMENT,
  `comentario` int NOT NULL,
  `text` varchar(750) NOT NULL,
  `date` date NOT NULL,
  `hour` varchar(20) NOT NULL,
  PRIMARY KEY (`id`),
  KEY `comentario` (`comentario`),
  CONSTRAINT `historial_ibfk_1` FOREIGN KEY (`comentario`) REFERENCES `comentario` (`id`) ON DELETE CASCADE ON UPDATE CASCADE
) ENGINE=InnoDB AUTO_INCREMENT=796 DEFAULT CHARSET=utf8mb3;

--
-- Dumping data for table `historial`
--

INSERT INTO `historial` VALUES (5,2212,'hola giany  se te conmento sobre la compra de dos computadoras porque la mia (angy) no sirve y con  todo lo que efra  ace necesita un a mas para su auxiliar','2017-08-07','15:48:00'),(25,2385,'Oye, entonces estamos manejando distintos medios para actualizar en tiempo real? el que hace marco, abraham y el que ya teníamos?','2017-09-05','17:49:00'),(26,120,'what it do','2016-02-29','00:00:00'),(27,260,'Excelente Alex!','2016-07-16','00:00:00'),(28,260,'listo gracias','2017-10-12','13:21:00'),(38,2662,'Excelente iniciativa. Felicidades!!','2017-10-04','15:05:00'),(40,2871,'Hola, las observaciones se encuentran en Ver observaciones en https://genniux.net/wiki/elabs/bin/view/EmpowerLabsIntra/ReportePruebasMVPOnlineConcierge','2017-12-18','16:09:00'),(41,2944,'En el creador de bitácoras puedo consultar las bitácoras que ya he creado','2018-02-25','06:07:00'),(42,422,'Ingeniero, agregué un link en el cual iré subiendo las iteraciones, favor de revisar','2016-09-08','00:00:00'),(43,3121,'10:32 Hestormy Bravo https://genniux.net/wiki/elabs/bin/view/EmpowerLabsIntra/GenniuxWorkProyectoBitacora','2018-04-27','10:33:00'),(44,548,'Iniciando conversacion desde android','2016-10-21','00:00:14'),(46,3397,'Mejor por skiype de favor, no lo puedo copiar D:','2018-05-04','16:14:00'),(47,3447,'Todavía tiene sus bugs,se duplicó,, cuando contastaste','2018-05-08','09:43:00'),(48,3822,'Se están incluyendo las ligas de los avances','2018-05-15','14:57:00'),(49,3853,'hoy liberamos ya el MVP del guión para las noticias','2018-05-15','16:22:00'),(50,4120,'Yo creo que se ven muy bien, dan una vista más estética.','2018-04-16','17:29:00'),(51,332,':)','2016-08-08','00:00:00'),(53,4696,'Favor de publicar en un tópico el nuevo proceso del cierre del día porfa Karen. Mil gracias!','2018-05-02','09:01:00'),(54,4931,'Yo la pondría como: No te preocupes por los fracasos. Ocúpate con la oportunidades que pierdes cuando ni siquiera lo intentas.','2018-05-08','09:34:00'),(55,5329,'Enterado ing.','2018-05-13','17:57:00'),(56,5428,':o','2018-05-15','11:36:00'),(58,6137,'El error era por que el NULl se iba como string','2018-06-25','14:12:56'),(71,6432,'Muy buen frase','2018-05-29','16:09:41'),(72,6805,'No angeles, no lo tengo en la lista de dominios','2018-07-05','10:04:40'),(73,7216,'Gran frase','2018-06-09','18:26:52'),(74,7278,'Te parece si realizo el proceso del plan ?','2018-07-10','16:54:00'),(75,7287,'ue cada tarea entregable tenga el # de \nhabitación correspondiente (Aseo de cabaña 101, Aseo de \ncabaña 102, ...)','2018-07-10','12:21:16'),(76,7287,'','2018-07-10','17:21:00'),(77,7483,'https://genniux.net/wiki/elabs/bin/view/Crece/GuiaUsoHqWebinar??','2018-07-12','09:56:05'),(78,7664,'Ya están el drive, al igual que la información de seguidores','2018-07-17','09:24:05'),(79,8100,'Sabes si se debe a algún permiso de la cuenta ?','2018-07-25','16:35:17'),(80,8345,'por eso estás más o menos??','2018-07-30','14:20:00'),(81,8497,'Ingeniero ya hice el cambio de las hojas de Social media que trabajo Ãngeles a EmpowerLabs Contenido','2018-07-30','18:11:38'),(82,2397,'dice que no puede encontrar','2017-09-06','16:10:00'),(86,9162,'Y más que un secreto del éxito es un prerequsito para el exito. Es imposible tener éxito si no hay confianza en uno mismo.','2018-07-16','12:42:00'),(91,10138,'Solo las que se den de alta con la nueva estructura','2018-09-05','09:39:03'),(92,10139,'e momento son 0','2018-09-05','09:39:07'),(93,10165,'Vásicamente ahora en lugar de buscar las rutas, buscarías las actividades cuyo campo \"fecha\" coincida con la fecha de hoy y a partir de ellas obtienes la info de la ruta, te podrias guiar del archivo getProgram.php, igual si tienes alguna duda me dices :D','2018-09-05','10:06:36'),(95,11660,'Hola a todos!!\n\nMe parece muy bien está noticia\n\nSaludos!','2018-08-14','13:43:00'),(96,11858,'Excelente noticia.\nSaludos.','2018-08-14','16:43:00'),(97,11878,'Don  @JoseRojas. Te encargo que actualicemos esta actividad porfa. Lo idel sería crear un programa de trabajo al respecto. Gx','2018-09-15','12:45:23'),(98,3235,'va :D','2018-04-30','17:49:00'),(99,12839,'Referente a tu registro de estadía, no hay algún seguimiento especial. Gracias.','2018-09-19','13:25:13'),(100,13604,'gracias Alex','2018-09-21','16:31:25'),(101,14312,'*estaida','2018-09-26','15:33:11'),(102,14312,'*estdia','2018-09-26','20:33:00'),(103,14324,'para el board  utilizan  onsen','2018-09-26','15:37:50'),(104,14328,'voy  a estudiarle un poco   para ponerle unos ejercisios','2018-09-26','15:39:11'),(106,14400,'pero  esta un poco complicado  como trabajan las librerias','2018-09-27','12:06:45'),(107,14618,'Holla Martin','2018-10-01','10:06:51'),(108,14646,'si me monsiono Karen lo que tenian que hacer','2018-10-01','11:03:19'),(109,14939,'Hola Alex, por me contacto Hirvana, comenta que tiene un problema familiar delicado. Se estará reportando a partir de las 2.','2018-10-04','11:14:27'),(110,15119,'y nomas  la mostramos  al final para que puedan acceder si quieran','2018-10-05','13:36:18'),(111,15409,'no sea que vayan ocuparla','2018-10-10','11:27:13'),(112,15532,'lo cvambio','2018-10-11','11:23:29'),(113,15461,'Pendiente el correo de La UT de Tecamachalco','2018-10-11','09:31:31'),(114,15551,'Se envió el formato de evaluación de desempeño a Eric, en cuanto termine se le pasara a Alex.','2018-10-11','12:11:16'),(115,15653,'Hola Martín, buenos dísa','2018-10-12','09:05:56'),(116,15732,'Hola inge, alrededor de 2:30, pero dígame, necesita apoyo con lago?','2018-10-12','13:56:34'),(117,15691,'Jajaja qué raro','2018-10-12','11:42:38'),(118,15641,'Hola','2018-10-11','17:36:45'),(119,15624,'Hola Eric','2018-10-11','16:34:09'),(123,15641,'Hola!','2018-10-12','22:14'),(124,15641,'Hola!!','2018-10-12','22:18'),(126,13299,'jaja si quiere le llamo yo, bueno es: armando_19.94','2018-10-12','22:24'),(127,13299,'jaja si quiere le llamo yo, bueno es: armando_19.94','2018-10-12','22:24'),(128,13299,'si quiere le llamo yo, bueno es: armando_19.94','2018-10-12','22:24'),(129,13299,'si quiere le llamo yo, bueno es: armando_19.94','2018-10-12','22:24'),(130,13299,'','2018-10-12','22:25'),(131,15641,'Hola','2018-10-15','23:01'),(132,15641,'Hola','2018-10-15','23:01'),(133,15641,'Hola','2018-10-15','23:03'),(134,15641,'Hola-','2018-10-15','23:07'),(135,15624,'Hola Eric!','2018-10-15','23:07'),(136,16191,'@AbrahamRojas tester comentarios','2018-10-18','17:23'),(137,16191,'@AbrahamRojas tester comentarios (editado)','2018-10-18','17:23'),(140,16232,' @AbrahamRojas @AbrahamTester','2018-10-18','21:54'),(141,16232,'@AbrahamRojas @AbrahamTester (editado)','2018-10-18','21:54'),(142,16244,'Hola','2018-10-18','22:43'),(143,16244,'Hola ()','2018-10-18','22:43'),(144,16270,'Reunión con Nora al medio día de hoy, 19 de Oct. para revisar todos los sites, el plan para redes y seguimiento a suscriptores.','2018-10-19','15:25'),(145,16270,'Reunión con Nora al medio día de hoy, 19 de Oct. para revisar todos los sites, el plan para redes y seguimiento a suscriptores. Se utilizara una sala temporal, estar pendiente en el chat para la liga de la sala.','2018-10-19','15:26'),(146,16279,'@VictorHeredia favor de revisar las secciones del módulo 1.. gracias https://genniux.net/wiki/elabs/bin/view/IntelifinIntra/ContenidosCedula @VictorHeredia','2018-10-19','16:07'),(147,16555,'https://genniux.net/wiki/elabs/bin/view/AcadEmpowerLabsInstitucionaliza\nEsta web necesito que la rebnombres a AcadClienteInstitucionaliza','2018-10-23','13:52'),(148,16638,'Hola Abraham, me están llegando menciones tuyas en el ticket de nuevos nombres para herramientas','2018-10-23','19:07'),(149,16638,'Hola Abraham, me están llegando menciones tuyas en el ticket de nuevos logos para herramientas','2018-10-23','19:07'),(152,16844,'@KarenSaldana Favor de comentar al respect @KarenSaldana','2018-10-25','17:53'),(153,16871,'Si, lo ejecute adebntro del then y me hacxe eso D:','2018-10-26','17:01'),(154,16871,'Si, lo ejecute adentro del then y me hace eso D:','2018-10-26','17:01'),(155,16871,'Si, lo ejecute adentro del then y me hace eso D:','2018-10-26','17:01'),(156,16915,'Validad  el registro con el board','2018-10-26','20:48'),(157,16915,'Validar  el registro con el board','2018-10-26','20:48'),(158,16960,'Empaquetar y poner en  GwnniuxWikiIntra','2018-10-29','15:20'),(159,13299,'prueba','2018-10-29','21:28'),(160,13299,'prueba 2','2018-10-29','21:28'),(161,13299,'prueba 3','2018-10-29','21:28'),(162,13356,'Hola Ingeniero buenos días continuo trabajando con lo que me paso ayer.','2018-10-29','21:33'),(163,13356,'Hola Ingeniero buenos días con lo que me paso ayer.','2018-10-29','21:33'),(164,16929,'Gracias Abraham.','2018-10-29','23:38'),(165,16929,'Gracias Abraham. Se ve muy bien, y desde un inicio tienes toda la info sobre la noticia sin tener que entrar como en la versión actual.','2018-10-29','23:38'),(166,17021,'Me parese curiosa la mescla de colores Naranjas y morado, le da un poco mas de vida','2018-10-30','00:05'),(167,17032,'Se realizara nueva interfaz','2018-10-30','14:35'),(168,17032,'Se realizara nueva interfaz para homologar con la vista de mi plan  y connect','2018-10-30','14:35'),(169,17067,'la mayoría de las veces que aprendemos es gracias equivocaciones o errores que nos ayudan a comprender que hemos hecho mal y no hacerlo erróneamente una vez mas','2018-10-30','23:00'),(170,17175,'Aqui me vas comentando como vas?','2018-10-31','18:55'),(171,17258,'Se esta determinando la secuencia de publicaciones de artículos del blog','2018-11-01','19:36'),(172,17258,'Se esta determinando la secuencia de publicaciones de artículos del blog en la hoja PostDeBlog','2018-11-01','19:36'),(174,17343,'Titulo\nFont-size 20px\nbackground: rgb(128, 128, 128); font-family: Arial;','2018-11-05','22:09'),(175,17343,'Titulofont-size 20pxbackground: rgb(128, 128, 128); font-family: Arial;','2018-11-05','22:09'),(176,17345,'Encabezado derecha (de derecha a izquierda): foto, icono notificación, opciones de la app','2018-11-05','22:11'),(177,17345,'Encabezado derecha (de derecha a izquierda): foto usuario, icono notificación, opciones de la app','2018-11-05','22:11'),(179,17439,'Donde estoy en la jugada','2018-11-06','21:25'),(180,17439,'Donde Estoy en la jugada (Runner, Responsable o Publicado)','2018-11-06','21:25'),(181,17439,'Donde Estoy en la jugada (Runner, Responsable o Publicado)','2018-11-06','21:25'),(182,17503,'Hola Juan Carlos, el curso se llama La magia de la primera infancia y tendrá un costo de $3,000 por persona','2018-11-07','18:07'),(183,17578,'Ingeniero, buenos días. Nuevamente hay un correo de Jessica García de PAE, preguntando por el eWork. Ojala pueda ir a buscarla hoy.','2018-11-08','16:18'),(184,17578,'Ingeniero, buenos días. Nuevamente hay un correo de Jessica García de PAE, preguntando por el eWork. Ojala pueda visitarla hoy.','2018-11-08','16:18'),(188,17988,'En connecdt del board?','2018-11-16','15:35'),(189,17988,'En connect del board?','2018-11-16','15:35'),(190,18645,'en el board dentro de la empresa sumatón','2018-11-23','17:39'),(191,19056,'tenia acceso a un phpmy andmin pero  esta bacio','2018-11-27','22:40'),(192,19056,'tenia acceso a un phpmy andmin pero  esta vacio','2018-11-27','22:40'),(193,13356,'Hola Ingeniero buenos días con lo que me ayer.','2018-11-28','20:27'),(194,19260,'Ya lo guardo en un html y obtengo una url con el blobl','2018-11-28','22:33'),(195,19260,'Ya lo guardo en un html y obtengo una url con el blob','2018-11-28','22:33'),(197,19963,'ah hespera, creo que está en templates/posts.html','2018-12-06','18:42'),(198,20237,'1.1','2018-12-10','22:42'),(199,20262,'SUMATHONConsultoria11Dic','2018-12-10','22:54'),(200,20262,'SUMATHONConsultores11Dic','2018-12-10','22:54'),(203,20299,'Hola Juan Carlos, buenos días, por favor podrías poner en la auto respuesta en el registro las instrucciones.','2018-12-11','15:22'),(204,20299,'Hola Juan Carlos, buenos días, por favor podrías Poner la auto respuesta en el registro con instrucciones.','2018-12-11','15:22'),(206,20749,'Hola Karen, buenas tardes, apenas vi tu mensaje... pues antes el proceso solo se hacía con mapas y la wiki, pero en yo creo que en la nueva versión se utilizarán los tableros también','2018-12-13','22:59'),(209,21500,'tu usuario  de ppp es AbrahamRojasPPP:','2019-01-02','15:55'),(210,21500,'tu usuario  de ppp es AbrahamRojasPPP','2019-01-02','15:55'),(211,21765,'Hola Inge ya ando por aqyi','2019-01-07','15:22'),(212,22191,'Hola Juan Carlos, me podrías pasar tu correo por favor para reenviarte un mensaje de PayPal sobre una factura respecto a un paso.','2019-01-16','18:36'),(213,22191,'Hola Juan Carlos, me podrías pasar tu correo por favor para reenviarte un mensaje de PayPal sobre una factura respecto a un pago.','2019-01-16','18:36'),(214,22260,'Hola Carlos, buenas tardes, te aviso que no podré estar en la junta de cierre, tengo que salir a las 5:00 a atender un asunto para poder quedar libre para nuestra reunión de mañana. Entonces, nos vemos  Cholula.. Saludos!!','2019-01-16','22:52'),(215,22602,'Ingeniero, buenos días, le envíe un correo ayer por la tarde comentándole que tendré que retirar hoy y mañana a las 2 pm.','2019-01-24','17:48'),(216,22602,'Ingeniero, buenos días, le envíe un correo ayer por la tarde comentándole que me tendré que retirar hoy y mañana a las 2 pm.','2019-01-24','17:48'),(217,22694,'cree una cuenta de correo de prueba y logro enviar y recibir correos correctamente','2019-01-28','22:51'),(219,22846,'LÑisto :D','2019-01-31','18:13'),(220,22846,'Listo :D','2019-01-31','18:13'),(221,23240,'No te preocupes Carlos, garcias','2019-02-07','18:15'),(222,23240,'No te preocupes Carlos, gracias','2019-02-07','18:15'),(223,23417,'pero me quedo la duda si lo instalamos en un dominio diferente acad-e,y','2019-02-07','22:52'),(226,24087,'y esa si tiene el httos','2019-02-13','19:05'),(227,24087,'y esa si tiene el https','2019-02-13','19:05'),(228,24855,'estamos con la parte de el alta de los chips desde el app de cajero, y tambien finalizado con el modulo de cortes de caja','2019-02-18','16:35'),(229,25988,'>El qr debve obtemner','2019-02-28','19:54'),(230,25988,'El qr debe obtener','2019-02-28','19:54'),(231,25988,'El qr debe obtener','2019-02-28','19:54'),(232,26614,'Un detalle Angeles. En em','2019-03-20','23:17'),(235,26671,'Como vas Carlitos. Me avisas cuando este listo el Lynch','2019-03-21','18:49'),(236,26671,'Como vas Carlitos. Me avisas cuando este listo el Lo PunchList con el conversa movil','2019-03-21','18:49'),(237,26766,'A','2019-03-22','17:19'),(238,26778,'No se que opines. Estoy pensando que Abraham se dedique al Cashless y Carlos a londeñ','2019-03-22','18:41'),(239,28526,'La reunión podría ser a las 5, si esta disponible por favor avíseme para coordinarla. Le comparto su hoja de vida en WA.','2019-04-23','20:48'),(240,28526,'La reunión podría ser a las 5, si esta disponible por favor avíseme para coordinarla. Le comparto su hoja de vida en un ticket.','2019-04-23','20:48'),(241,28615,'Hola Juan Carlos, buenas tardes. Cuando tengas oportunidad por favor te pido tu apoyo para subir a Vimeo las grabaciones vespertinas de las dos primeras sesiones del curso de EPP.','2019-04-24','17:45'),(242,28615,'Hola Juan Carlos, buenas tardes. Cuando tengas oportunidad por favor te pido tu apoyo para subir a Vimeo las grabaciones vespertinas o matutinas faltantes de las dos primeras sesiones del curso de EPP.','2019-04-24','17:45'),(243,28973,'Una Pregunta, ¿Sabes si hay en algún lugar algo en referencia a los eventos de paga de reinventate? como para poner algo de contenido para la promover los eventos','2019-04-30','19:48'),(244,29062,'contraseña: EdgardoG','2019-05-02','18:47'),(245,29062,'contraseña: EdgardoM','2019-05-02','18:47'),(246,29062,'contraseña: EdgardoM','2019-05-02','18:47'),(247,29134,'No me paraece la opción de modificar el nombre de usuario de correo electrónico','2019-05-06','14:46'),(248,29134,'No me aparece la opción de modificar el nombre de usuario de correo electrónico','2019-05-06','14:46'),(251,29676,'Ya terminé con Abraham, cunado tu me digas checamos lo otro','2019-05-09','14:18'),(252,29883,'Hola Luíta','2019-05-10','14:05'),(253,29883,'Hola Lupíta','2019-05-10','14:05'),(254,30162,'están preguntando en messenger','2019-05-13','21:46'),(255,30162,'están preguntando sobre el \"negocio\"','2019-05-13','21:46'),(256,30300,'Hola Juan Carlos, una pregunta... ya tienes el form para el webianr?','2019-05-14','15:36'),(257,30524,'dice SIGN IN, eso es cantar','2019-05-15','14:02'),(258,30524,'dice SING IN, eso es cantar','2019-05-15','14:02'),(259,30645,'ok, sale, le podriamos emoticons al asunto?','2019-05-15','20:46'),(260,30645,'ok, sale, le pondriamos emoticons al asunto?','2019-05-15','20:46'),(261,30666,'solo entre la misma losta','2019-05-15','21:12'),(262,30679,'no lo tengo documentado, pero activé 2 adsets en una misma campaña de a $200 pesos diarios entre los 2 anuncios, uno del video y otro de la conferencia que acaba mañana la publición, al momsnto van gastados $413 pesos','2019-05-15','22:20'),(263,30730,'3. Videos reinvéntate','2019-05-16','14:03'),(264,30730,'3. Reinvéntate - Videos','2019-05-16','14:03'),(265,30733,'no sería muy complicado que fueran los 3 en 1 solo programa y usamos las rutas?','2019-05-16','14:06'),(266,30733,'ó no sería muy complicado que fueran los 3 en 1 solo programa y usamos las rutas?','2019-05-16','14:06'),(267,30733,'ó no sería muy complicado que fueran los 3 en 1 solo programa y usamos las rutas?','2019-05-16','14:06'),(268,30896,'puedes crear un programa de 3 dias con actividades vacias para meterle ahi los videos?','2019-05-16','18:28'),(269,30896,'puedes crear un programa de 3 dias con actividades vacias para apuntar ahi los videos?','2019-05-16','18:28'),(271,31609,'déjalo como lo tienes, integra la liga en el mapa por fvaor','2019-05-20','20:20'),(272,31609,'déjalo como lo tienes, integra la liga en el mapa por favor','2019-05-20','20:20'),(273,31760,'o la de ericQgenniux','2019-05-21','18:36'),(274,31760,'o la de eric@genniux','2019-05-21','18:36'),(275,32488,'de acuerdo, muchasgracias','2019-05-23','19:20'),(276,32523,'te parece bien si hago una pagina de pago igual a la de CDMX para los pagos?','2019-05-23','20:04'),(277,32638,'2. Tener 2 imagenes, 2 con el fondo de la cita y otra imagen del texto de la cita con fondo  transparente para que asi podamos manipular por separado el tamaño del texto y garantizar que se vea bien en todas las resoluciones','2019-05-23','21:34'),(278,32638,'2. Tener 2 imagenes, 1 con el fondo de la cita y otra imagen del texto de la cita con fondo  transparente para que asi podamos manipular por separado el tamaño del texto y garantizar que se vea bien en todas las resoluciones','2019-05-23','21:34'),(279,32638,'2. Tener 2 imagenes, 1 con el fondo de la cita y otra imagen del texto de la cita con fondo  transparente para que asi podamos manipular por separado el tamaño del texto y garantizar que se vea bien en todas las resoluciones','2019-05-23','21:37'),(280,32638,'2. Tener 2 imagenes, 1 con el fondo de la cita y otra imagen del texto de la cita con fondo  transparente para que asi podamos manipular por separado el tamaño y posición del texto y garantizar que se vea bien en todas las resoluciones','2019-05-23','21:37'),(282,33041,'hermano, necesitamos reenviar el correo  de invitación   a  Hola Eric, buenos días.... un favor ¿puedes encargarte de que se le envíe el correo de alta de la app a esta participante?: Heydi Navarro heidymetal11@gmail.com','2019-05-29','16:07'),(283,33063,'Es incrible como al detenerte por un momento puedes aterrizar tus ideas y a partir de ello construir lo que desees','2019-05-29','19:50'),(284,33884,'Hola, que tengas un excelento domingo.','2019-06-02','15:59'),(285,34229,'Hola Lery, gracias., si tendrían que actualizarse','2019-06-05','14:20'),(286,34581,'muy bien, te lo agardezco','2019-06-07','16:12'),(287,34581,'muy bien, te lo agradezco','2019-06-07','16:12'),(288,34897,'yo creo que de momento seria un formulario para personas que quieran estar enteradas de las fechas','2019-06-10','19:16'),(289,35722,'Entonces esta resuleto','2019-06-18','22:50'),(290,35803,'Perdón Alex, me arroja que no encuentra','2019-06-19','16:38'),(291,36142,'Carlitos\nSería ideal poder agregar al chat un foro\nComo funcionaría\n\nPublicar un mensaje a un grupo o a todo el chat y que se pueda participar con respuestas.\n\nEstoy pensando que igual podría ser un ticket. Que se abra un ticket pero que la dinámica se genere alrededor de la conversacipon pero que se mantenga la estructura  por si se quiere construir algo.','2019-06-26','21:28'),(292,36695,'Quedo super bien Abraham. Lo que sería ideal es de alguna manera resaltar un poquito esta sección por que no se alcanza a distinguir. Pero quedo super!','2019-07-11','15:12'),(293,36865,'Perdón, ya vi que la la habías anotado.. seguimos!!','2019-07-12','19:04'),(295,37133,'De cual documento:','2019-07-17','15:08'),(296,37189,'Te aviso cuando los tenga','2019-07-17','18:24'),(297,37189,'Te aviso cuando los tenga definidos','2019-07-17','18:25'),(301,37324,'Arturo Hernández ya realizó el pago: https://drive.google.com/file/d/1Bo4LNf62-NCLy0V-ql6HLJm4-1NIXcSF/view','2019-07-19','16:42'),(303,37425,'Hola Alex, buen día','2019-07-22','21:47'),(304,37428,'Te paso la captura por Skype, para descartar cualquier problema, no me gustaría pasar por lo de Eric :v','2019-07-22','21:48'),(305,37428,'Te paso la captura por Skype, para descartar cualquier problema, por favor... no me gustaría pasar por lo de Eric :v','2019-07-22','21:48'),(306,37505,'bravo, felicidades. Yo pondría este texto en el artículo. Si puedes actualizalo  @AbrahamRojas','2019-07-23','21:52'),(309,37923,'se puede pasar un ticket a eje?','2019-07-26','18:37'),(310,37923,'se puede pasar un ticket a eje u objetivo?','2019-07-26','18:37'),(312,38033,'Por ejemplo, que sque solo pueda agregar 10','2019-07-29','18:34'),(313,38033,'Por ejemplo, que solo pueda agregar 10 en cada ticket??','2019-07-29','18:34'),(314,38074,'Se agrego a JC como administrador de página en Linked','2019-07-30','14:37'),(321,38333,'no conoce redmi, vez es fanboy de apple','2019-08-01','16:09'),(322,38372,'1. Paleta de colores\n2. logos de escuela para padres en blanco\n3. Ligas, titulo y descripción de los videos que comentó el ing','2019-08-01','16:37'),(323,38577,'Karen, solo para informarte que se está procesando el video en vimeo (bastante lento) va en 37% en cuabto quede completadoi te aviso y pongo la liga en el tópico de ayer ;)','2019-08-02','19:36'),(324,38733,'gracias Alex .d','2019-08-05','18:26'),(325,38733,'gracias Alex :D','2019-08-05','18:26'),(332,39478,'Una duda, ¿ a qué correo me llagaría? porque el de empowernimics.com ya no lo tengo en mi cliente de correo,  activos tengo los de empowerlabs.com, intelifin.com elearninginstitute.com','2019-08-13','17:40'),(333,39512,'inge, podria revisar si los correos de prueba no se estan quedando en la carpeta de span','2019-08-13','18:58'),(334,39512,'inge, podria revisar si los correos de prueba no se estan quedando en la carpeta de spam','2019-08-13','18:58'),(335,39630,'At what time are you leaving your home¿','2019-08-14','15:09'),(336,40032,'puedes revisarlo por facor?','2019-08-16','18:04'),(337,40032,'puedes revisarlo por favor?','2019-08-16','18:04'),(338,40032,'puedes revisarlo por favor?','2019-08-16','18:04'),(339,40069,'ya o habia subido','2019-08-16','18:54'),(342,40235,'puedes acceder desde el hosting de empowerlabs','2019-08-19','19:43'),(343,40329,'En algunos casos ya tenemos láminas, estoy integrando la información que tenemos para poder ir sacando los guiones faltantes','2019-08-19','22:16'),(344,40329,'En algunos casos ya tenemos láminas (requieren iteración), estoy integrando la información que tenemos para poder ir sacando los guiones faltantes','2019-08-19','22:16'),(347,40532,'La grabación del curso ya esta en el app, solo falta la canción','2019-08-20','21:40'),(348,40532,'La grabación del curso ya esta en el app, solo falta el cuento','2019-08-20','21:40'),(349,40591,'Perfecto, para poder eliminarlos de zoom :d','2019-08-21','16:38'),(350,40591,'Perfecto, para poder eliminarlos de zoom :D','2019-08-21','16:38'),(351,40656,'Con respecto a Polymer es una tecnología interesante sin embargo no se ha consolidado aun cuando lleva ya varios años en el mercado. La cantidad de recursos como librerías, fragmentos de código y comunidad de desarrolladores Angular es abrumadoramente superior. Podemos explorar si es muucho mas facil que los frameworks que usamos, para abandonar Angular y adoptar Polymer en nuestros desarrolladores','2019-08-21','21:27'),(356,40966,'de ese me fal','2019-08-23','15:18'),(360,40895,'OK!','2019-08-23','21:20'),(361,40895,'OK!!','2019-08-23','21:20'),(362,41156,'OK','2019-08-23','21:39'),(363,41210,'de ahi hay otras es wp-config','2019-08-26','15:13'),(364,41210,'de ahi hay otras es wp-admin','2019-08-26','15:13'),(365,41220,'y ya no sale el letrero de peligor','2019-08-26','15:19'),(366,41220,'y ya no sale el letrero de peligro','2019-08-26','15:19'),(367,41435,'Alguien lo habian movido hasta arriba','2019-08-27','15:26'),(368,41435,'Alguien lo habia movido hasta arriba','2019-08-27','15:26'),(369,41435,'Alguien lo habia movido hasta arriba','2019-08-27','15:26'),(370,41468,'De igual manera lo coloque en este objetivo la liga','2019-08-27','17:53'),(371,41468,'De igual manera lo coloque en este objetivo la liga del topico','2019-08-27','17:53'),(372,41747,'Hola','2019-08-29','16:05'),(373,41156,'OK!!','2019-08-29','16:06'),(374,42608,'en aweber, llegaron directamente de formulario','2019-09-09','23:50'),(375,42608,'en aweber, llegaron directamente de cuestionario','2019-09-09','23:50'),(376,42640,'perdón la resp de repaldo','2019-09-10','14:36'),(377,42640,'perdón la resp de respaldo','2019-09-10','14:36'),(378,42956,'tres espacios un * y la liga [[URL][]Título]]','2019-09-10','23:37'),(379,42956,'tres espacios un * y la liga [[URL][Título]]','2019-09-10','23:37'),(380,44683,'hola hwemano','2019-09-18','14:53'),(381,44795,'se me apago varias veces  y las notificaciones me muestran como si no las ubiera visto','2019-09-18','21:39'),(382,45185,'Hola Víctor, muy bien. Un grato placer poder comunicarme contigo desde esta nueva herramienta,. Admiro tu trabajo, eres un pujador con mucha energía y constante. Así como tú estás convencido de lo que estás promoviendo, Reinvéntate, yo también creo en el proyecto y de todo el aporte que podemos hacer en forma colaborativa. La imaginación es el límite y gracias a la tecnología y a nuestro trabajo en Equipo nos espera un futuro prometedor. Un abrazo','2019-09-20','05:48'),(383,45242,'Me dicen que la demo será alrededor de la 1pm','2019-09-20','15:02'),(384,45614,'Muy valioso contenido. Lo pone a uno a reflexionar','2019-09-24','14:49'),(385,45659,'la agenda del día','2019-09-24','19:03'),(386,48435,'Hola Juan Carlos, por favor si puedes procesar a vimeo esta procesión https://zoom.us/recording/play/GpmoaL5oykvTiGHWb5Pt5D2sbpCzVyM98fMQF9_qYbr7WI6565yLQtR08KJevumt?autoplay=true&startTime=1571332227000','2019-10-17','22:45'),(387,48435,'Hola Juan Carlos, por favor si puedes procesar a vimeo esta grabación https://zoom.us/recording/play/GpmoaL5oykvTiGHWb5Pt5D2sbpCzVyM98fMQF9_qYbr7WI6565yLQtR08KJevumt?autoplay=true','2019-10-17','22:45'),(389,49628,'Hola Juan Carlos, buenos días. Te comparto el vídeo de sumathon que trabajamos la semana pasada. quedamos pendiente de tus comentarios. Gracias https://drive.google.com/drive/u/2/folders/1nCSPMkxqe6hpPo6c-91ycYHdpxGi00YB','2019-10-29','15:22'),(390,49628,'Hola Juan Carlos, buenos días. Te comparto el vídeo de sumathon que editamos la semana pasada. quedamos pendiente de tus comentarios. Gracias https://drive.google.com/drive/u/2/folders/1nCSPMkxqe6hpPo6c-91ycYHdpxGi00YB','2019-10-29','15:22'),(391,49830,'\"Entra a\n             http://sumaton.net/mpmg1\n                                 ó\n             http://sumaton.net/mpmg1 \"','2019-10-29','20:17'),(392,49830,'\"Entra a             http://sumaton.net/mpmg1                                 ó             http://sumaton.net/mpmg2 \"','2019-10-29','20:17'),(393,49883,'mejor si no es indicreción me mandas la captura de la conversación','2019-10-30','00:00'),(394,49883,'mejor si no es indiscreción me mandas la captura de la conversación','2019-10-30','00:00'),(395,49890,'ya elimaste el anterior?','2019-10-30','00:03'),(396,49890,'ya eliminaste el anterior?','2019-10-30','00:03'),(397,50278,'Una duda Juan carlos','2019-10-31','19:33'),(398,50278,'Una duda Juan Carlos','2019-10-31','19:33'),(399,50281,'Era para preguntarte por la lista de participantes al empowerteams, pero ya encontré el drive :d','2019-10-31','19:38'),(400,50855,'A ti, muchas gracas','2019-11-08','19:53'),(401,50855,'A ti, muchas gracias','2019-11-08','19:53'),(402,50991,'seria cuando entramos directamente a capitalhumano.com','2019-11-11','21:13'),(403,50994,'no puede atender eso de moento','2019-11-11','21:13'),(404,50994,'no puede atender eso de momento','2019-11-11','21:13'),(405,51395,'hermano tendras el ftp para entrar a genniux.net','2019-11-15','19:10'),(406,51395,'hermano tendras el ftp para entrar a genniux.net?','2019-11-15','19:10'),(407,51811,'Eric, ya tengo las grabaciones, en el caso de los grabación de EPP ¿sabes si se va a insertar en algún lugar de su wiki??','2019-11-25','23:02'),(408,52069,'Te felicito por publicar la liga del entregable. @Eri @EricMorales','2019-11-27','23:17'),(409,52069,'Te felicito por publicar la liga del entregable. i @EricMorales','2019-11-27','23:17'),(410,52069,'Te felicito por publicar la liga del entregable. i @EricMorales','2019-11-27','23:17'),(411,52069,'Te felicito por publicar la liga del entregable. @EricMorales','2019-11-27','23:17'),(412,52103,'Hice una prueba pero caoturó mal mi ubicación','2019-11-28','19:47'),(413,52103,'Hice una prueba pero capturó mal mi ubicación','2019-11-28','19:47'),(414,53679,'Ingeniero, podemos reunirnos unos minutos para revisar el contenido de strategy','2020-01-02','18:16'),(415,53679,'Ingeniero, podemos reunirnos unos minutos','2020-01-02','18:16'),(416,53969,'Gracias Jahaziel, descanza','2020-01-07','00:11'),(417,53972,'https://genniux.net/app/linkker-next/noticias','2020-01-07','17:08'),(418,53972,'https://genniux.net/app/linkker-next/','2020-01-07','17:09'),(419,54128,'disculpa, tengo una sobre aweber, tendras unos minutos para hablar en zoom?','2020-01-08','22:49'),(420,54633,'Muchas gracias por la oportunidad de realizar nuestra estadia con ustedes espero personalmente aprender bastante de esta empresa y de todos nuestros compañeros.','2020-01-15','18:42'),(421,55216,'Gracias Jajaziel, igualmente un gusto. Te dejo el mío 2224123882. Mucha suerte y éxito!!','2020-01-20','15:01'),(424,55327,'exportalo a imagen y envia tu propuesta po','2020-01-20','22:58'),(426,55389,'no olvides hacer tu bitácora del día, puedes desglosar el uso de cada modulo y el tiempo que invertiste en cada la configuración de cada uno','2020-01-21','16:00'),(427,55389,'no olvides hacer tu bitácora del día, puedes desglosar el uso de cada modulo y el tiempo que invertiste en la configuración de cada uno','2020-01-21','16:00'),(428,55415,'Podríamos tener una reunión a las 3 para ver los frentes que quedan pendientes y me comentes un poco del app en general?','2020-01-21','23:11'),(429,55592,'}claro ing','2020-01-22','16:23'),(430,55592,'Claro ing','2020-01-22','16:23'),(431,56000,'Que dominios SSL, ya tienes que aprender a identificar cuando estas en nuestro server y cuando estas en el hosting','2020-01-27','18:10'),(432,56000,'Que dominios SSL?, ya tienes que aprender a identificar cuando estas en nuestro server y cuando estas en el hosting','2020-01-27','18:10'),(433,56395,'pero en un momento mas ingreso algunos comentarios a la plantila','2020-01-29','16:42'),(434,56668,'Si, esa fue lo que le pedí, por eso me extraño que me comentaras que el integraría las actividades :p','2020-01-30','18:14'),(435,56668,'Si, esa fue lo que le pedí, la evaluación, por eso me extraño que me comentaras que el integraría las actividades :p','2020-01-30','18:14'),(436,56888,'Hola, Eric','2020-01-31','18:23'),(437,56888,'Hola, Cesar','2020-01-31','18:23'),(438,56894,'venta a zoom','2020-01-31','18:31'),(439,56894,'vente a zoom','2020-01-31','18:31'),(440,57003,'Ya la he movido de lugar.','2020-02-04','15:53'),(441,55872,'Excelente','2020-02-05','17:48'),(442,57225,'tiene futuro, se puede modificar','2020-02-05','22:10'),(443,57233,'rodrigoJ','2020-02-05','22:15'),(444,57233,'rodrigoH','2020-02-05','22:15'),(450,54634,'Gracias por brindarme la oportunidad de realizar mi estadia en EmpowerLabs, espero poder colaborar y aprender mucho en esta empresa y de cada uno de ustedes.','2020-02-11','17:55'),(451,58224,'Esto es una prueba','2020-02-12','19:49'),(452,58229,'Ya deje mis comentarios cEsar, gracias','2020-02-12','20:43'),(453,58229,'Ya deje mis comentarios Cesar, gracias','2020-02-12','20:43'),(454,58224,'Esto es una prueba....','2020-02-12','20:43'),(455,58224,'Esto es una prueba....','2020-02-12','20:44'),(456,58131,'Va, muy bien','2020-02-12','22:34'),(457,58131,'Va, muy bien.','2020-02-12','22:35'),(458,52763,'OK','2020-02-12','22:38'),(459,52763,'OK!!','2020-02-12','22:41'),(460,58247,'khaaa','2020-02-12','22:41'),(461,58247,'qué???','2020-02-12','22:41'),(462,58248,'hola','2020-02-12','22:42'),(463,58248,'hola karen','2020-02-12','22:42'),(464,52681,'Buen día!','2020-02-12','23:54'),(465,58274,'Hola Karen, Buen día, Muchas gracias ahorita completo mis documentos y te los envio para tu revision y firma.','2020-02-13','15:05'),(466,60403,'hola todrigo','2020-03-04','20:08'),(467,61042,'en serio ya esta lista la primera iteracion>','2020-03-11','20:45'),(468,61042,'en serio ya esta lista la primera iteracion?','2020-03-11','20:45'),(469,57124,'Excelente xD','2020-03-12','22:37'),(470,62449,'ahorita es para separarlos esos usuarios se van a meter en  en otras areas','2020-03-23','18:50'),(471,62499,'quieres revisar como  se hacer','2020-03-23','19:48'),(472,62581,'quita los usuarios que estan despues de jorge bravo','2020-03-23','22:26'),(473,62581,'quita los usuarios que estan despues de <jorge bravo> Jorge Lara','2020-03-23','22:26'),(474,62702,'el gemeral','2020-03-24','15:41'),(475,62817,'Si, de una ves los cargo 3','2020-03-24','17:11'),(476,62817,'Si, de una ves los cargo','2020-03-24','17:11'),(477,61189,'Aportar credibilidad y analizar la rentabilidad de tu producto.','2020-03-26','20:39'),(478,61189,'Aportar credibilidad y analizar la rentabilidad de tu producto.','2020-03-26','20:39'),(479,64501,'vake','2020-04-01','19:05'),(480,64501,'vale','2020-04-01','19:05'),(481,64513,'En ese caso no vayas a meter tooda la edicion en 1 sola ventana. Son demasiados campos y se va a sentir como crear el ticket completo nuevamente','2020-04-01','19:11'),(482,64513,'En este caso no vayas a meter tooda la edicion en 1 sola ventana. Son demasiados campos y se va a sentir como crear el ticket completo nuevamente','2020-04-01','19:11'),(483,64535,'Validar nuestros procesos generales y concentrarlos en un solo espacio al que puedan acceder tanto el grupo de consultores como el de estadías','2020-04-01','21:14'),(484,65895,'Hola Carloholas','2020-04-10','18:44'),(485,65895,'Hola','2020-04-10','18:44'),(486,65988,'subiste el codigo de los sites al server?','2020-04-13','14:08'),(487,65988,'actualizaste el codigo de los sites al server?','2020-04-13','14:08'),(488,65999,'y yo los subo al ftp','2020-04-13','14:28'),(489,65999,'y yo los subo al firebase','2020-04-13','14:28'),(490,66625,'deberá ser accesible en la ruta \"/tablerio\"','2020-04-15','22:03'),(491,66625,'deberá ser accesible en la ruta \"/tablero\"','2020-04-15','22:03'),(492,67525,'Gracias Ãngeles, felicidades también para ti y el resto del equipo... &#128513;','2020-04-30','13:31'),(493,67525,'Gracias Ãngeles, felicidades también para ti y el resto del equipo... :D','2020-04-30','13:31'),(494,67788,'pero si me parece bien la idea de no cargar a cada rato las peticiones al componente','2020-04-30','22:29'),(496,68237,'Karen','2020-05-05','22:18'),(497,68237,'No eh podido revisar con Karen el plan','2020-05-05','22:18'),(498,68333,'Se me está yendo la luz a cada rato, ahorita estoy desde el teléfono a ver puedo pasarle conexion Wi—fi a mi laptop','2020-05-06','15:51'),(499,68410,'sera solo entre nosotroz','2020-05-06','20:44'),(500,68410,'sera solo entre nosotros','2020-05-06','20:44'),(501,68948,'Gracias por esta oportunidad, es una gran oportunidad para poder aprender a trabajar de manera remota.','2020-05-14','17:23'),(502,69275,'Ãngeles ya está el formulario : https://forms.aweber.com/form/97/619389297.htm ya puse la liga en le guía maestra','2020-05-20','18:35'),(503,70734,'Hiola Anahi claro','2020-06-10','18:30'),(504,70870,'Listo Eric, ya envió los correos que que tocaron de los cupones','2020-06-11','16:54'),(505,70870,'Listo Eric, ya envié los correos que que tocaron de los cupones','2020-06-11','16:54'),(506,72233,'te la habia enviado con https','2020-06-23','19:33'),(507,72233,'te la habia enviado sin https','2020-06-23','19:33'),(508,73066,'ME liberaron esto, pero  no lo probar  de hecho es lo que  le deje a Paloma','2020-06-26','18:15'),(509,73608,'ahpi  en more topics actions','2020-07-01','16:40'),(510,74286,'gracias Paloma, descansa !!Q','2020-07-06','23:11'),(511,74286,'gracias Paloma, descansa !!','2020-07-06','23:11'),(512,75285,'https://reinventatelabs.com/wiki/bin/view/EmpowerLabsIntra/Project-ActualizacionGenniuxWiki','2020-07-13','19:11'),(513,75298,'Lo revisaré','2020-07-13','19:12'),(514,75300,'Gracias! jaja','2020-07-13','20:13'),(515,75341,'aqui  quiero que  vallas poniendo los puntos  que ya revisaste  y ponles  %Y%','2020-07-13','21:11'),(516,75341,'aqui  quiero que  vayas poniendo los puntos  que ya revisaste  y ponles  %Y%','2020-07-13','21:11'),(517,75357,'','2020-07-13','21:36'),(518,75294,'','2020-07-13','21:39'),(519,75417,'OK , gracia Karen','2020-07-14','17:30'),(520,75417,'','2020-07-14','17:30'),(521,76043,'que respuesta les dariamos a las oreguntas','2020-07-15','19:25'),(522,76591,'de echo esto lo iba a comentar con el dia viernes pero se me fueron los tiempos por lo cual ya no le dije a karen.','2020-07-20','16:02'),(523,76678,'Y te encargo que se actualice la sala del evento de mañana, todavía tiene la info del evento pasado... gracias!!','2020-07-21','03:01'),(524,76784,'si esta bien ing lo subo en mi tecket','2020-07-22','02:14'),(525,76784,'','2020-07-22','02:14'),(526,79320,'puedes ver si Dabi lleva  una bitacora ?','2020-08-11','15:43'),(527,79320,'','2020-08-11','15:43'),(528,80380,'ahi esta mija','2020-08-17','20:21'),(530,81275,'https://drive.google.com/drive/u/1/folders/1V3qbMNYs1OqzfwZBDzdsXal1JDLNrHfR si no tienes permisos de acceso me pídelo a algún miembro del equipo por favor','2020-08-20','22:03'),(531,82171,'Si, así es  arturo','2020-08-26','16:14'),(532,82437,'si  los estan en el mismo','2020-08-27','16:22'),(533,82437,'','2020-08-27','16:22'),(534,83103,'si hermano, duncionan','2020-08-31','17:20'),(535,83233,'Hola Mauricio, buenas tardes. Te paso el documento del entregable com quedamos, por favor pásaselo a Bryant también: https://docs.google.com/document/d/1YqBJzGw4k7ndJ0tjh2ECxTeLXZkK1ufr8yk39OlvNb4/edit?usp=sharing   mil  gracias!!','2020-08-31','21:30'),(536,83268,'De acuerdo, muchas gracisa!!!','2020-08-31','22:15'),(537,83268,'','2020-08-31','22:15'),(538,83514,'el boton de ayuda, en base a que te debe ayudar?','2020-09-01','20:05'),(539,83521,'pero el campo de busqueda del foro es de todos los temas y el de ayuda es el de el tema seleccionado','2020-09-01','20:07'),(540,83526,'para que sirve el apartado de instrucciones esta en la mismsa barra que los foros','2020-09-01','20:21'),(541,84103,'Hola Juan Carlos, Le puedes dar acceso a Juan Ramón Ruiz jrruiz@initiadigital.com al Programa de Javi por favor.?','2020-09-04','14:32'),(542,84665,'y lo regrese a /actividades/id','2020-09-09','22:29'),(543,84665,'','2020-09-09','22:29'),(544,84879,'la plataforma se va a llamar msterSboard','2020-09-11','20:48'),(545,84879,'','2020-09-11','20:48'),(546,85119,'La verdad es que urgen, yo apenas voy a grabar el que me toca,l espero terminarlo rápido','2020-09-14','18:19'),(547,85296,'pues enfocate en incluir el punchlist global, no hay  que perder el rumbo, EN NINGUN momento se ha determinado que vamos a dejar de usar Onsen u otra tecnología, debemos invertir esfuerzos en generar componentes con funciones muy especificas que vayamos necesitando, como por ejemplo el tema del drag and drop, pero de momento no hace sentido seguir componentes que ya estan implementados en el otro framework','2020-09-15','18:00'),(548,85350,'Que en la aplicacion angular me permita navegar entre esas carpetas y me permita subir  el contenido de alguna al bucket con ayuda de tu script','2020-09-15','18:34'),(549,85350,'','2020-09-15','18:34'),(550,85575,'Eric, me dijo Victor que tengo lo más pronto posible,  todo lo de Aweber, envíos, creación de formularios, etc.  Mi pregunta es: ¿Quién crees tú que lo pueda hacer en mi lugar?','2020-09-18','20:04'),(551,85575,'','2020-09-18','20:04'),(552,86024,'Pero no.... todavía no queríamos que apintara para allá','2020-09-23','21:19'),(553,86024,'','2020-09-23','21:19'),(554,86637,'si hermano 41524','2020-09-28','22:32'),(555,86637,'','2020-09-28','22:32'),(556,86729,'h1 : 36px\n\nh2: 30px\n\nh3: 24px\n\nh4: 20px\n\nh5: 18px\n\nh6: 16px','2020-09-29','15:22'),(557,86729,'','2020-09-29','15:22'),(558,86808,'no, cuando tu corres npm install el compilador lee las especificaciones de angular.json y va descargando/actualizando cada elemento segun corresponda','2020-09-29','16:23'),(559,86808,'','2020-09-29','16:23'),(560,86925,'pero','2020-09-29','17:57'),(561,86925,'','2020-09-29','17:57'),(562,87238,'por cierto, como vez si ponemos en el script de get users from origin .php una linea que registre el usuario , hora y fecha en que entró','2020-09-30','18:12'),(563,87238,'','2020-09-30','18:12'),(564,87244,'pues nos reunimos como ayer no, checar si ya esta el contenido para mañana y ver si hay mas fallas en la pagina','2020-09-30','18:12'),(565,87460,'chela','2020-10-01','16:05'),(566,87628,'le mande las claves al ing en su momento, te paso los accesos?','2020-10-02','13:56'),(567,87628,'','2020-10-02','13:56'),(568,88028,'Non-SSL Settings (NOT Recommended)\nUsername:	\nIncoming Server:	mail.empowernomics.com\nIMAP Port: 143 POP3 Port: 110\nOutgoing Server:	mail.empowernomics.com\nSMTP Port: 587','2020-10-06','17:23'),(569,88028,'','2020-10-06','17:23'),(570,88182,'Si hemrano reviso','2020-10-06','23:00'),(571,88182,'','2020-10-06','23:00'),(572,88182,'','2020-10-06','23:00'),(573,88442,'Vales, gracias!','2020-10-09','21:31'),(574,88442,'','2020-10-09','21:31'),(575,88648,'te paso el espacio para la aplicación  reinvnetate','2020-10-13','14:41'),(576,88648,'','2020-10-13','14:41'),(577,88945,'si jaja, al parecer estan por meter 5 empresas a la plataforma y cada una de ellas tiene un numero x de invitados,. Yo creo que vamos a tener que crear como un panel de administrador para el coach en el cual el pueda crear grupos, encargados y suscriptores','2020-10-15','21:53'),(578,89128,'generar 1 script php que dado un id numerico, busque en esa carpeta de txt´s  el que corresponde a ese id, \n\nuna vez encontrado dentro de otra carpeta llamada history crear el una copia del archivo con la siguiente forma /history/{id_dado}/backup-AAAA-MM-DD.txt','2020-10-19','16:03'),(579,89128,'','2020-10-19','16:03'),(580,89129,'que si nos damos cuenta es la fecha en que se esta generando esa copia','2020-10-19','16:03'),(581,89129,'','2020-10-19','16:03'),(582,89709,'si,  no nos comviene  matar todo lo que tenemos  por unas  cuantas grabaciones','2020-10-23','21:08'),(583,89709,'','2020-10-23','21:08'),(584,90086,'https://xperiencify.com/','2020-10-29','17:51'),(585,90099,'iteramos en el mapa lo que rive y no sirve?','2020-10-29','20:08'),(586,90686,'','2020-11-05','20:20'),(587,91234,'db: genniux_estadias\nuser: genniux_estadias\npass: #Genniux33','2020-11-11','20:18'),(588,91234,'','2020-11-11','20:18'),(589,91422,'gracias, una duda, crees que se pueda hacer que al seleccionar uno de los checks y nos envie a la actividad nos haga un scroll automatico hasta ese check?','2020-11-12','21:08'),(590,94712,'Ese ajuste es un poco urgente, hasnos saber en cuanto lo subas para actualizar la librería','2020-12-23','16:56'),(591,94712,'','2020-12-23','16:56'),(592,95831,'Gracias por la bienvenida, listo para trabajar con ustedes y dar mi máximo esfurzo','2021-01-07','19:13'),(593,95831,'','2021-01-07','19:43'),(594,95831,'','2021-01-07','19:43'),(595,95831,'','2021-01-07','19:43'),(596,95831,'','2021-01-07','19:45'),(597,95871,'07 de Enero de 2021','2021-01-07','21:32'),(598,97560,'conversaciones/','2021-02-04','16:27'),(599,97587,'por lo menos en el de full funnel framework si hay conversaciones','2021-02-04','18:09'),(600,97587,'','2021-02-04','18:09'),(601,98311,'Hola buen día, mando este correo para decir que este componente se esta trabajando por nuestro lado.','2021-02-10','23:56'),(602,98311,'','2021-02-10','23:56'),(603,99404,'Ya mandaron la tabla con los coaches (sherpas) de cada equipo\n\nhttps://share.vidyard.com/watch/wzJbQJjMmXDaTCkxWDdq9z','2021-03-02','16:16'),(604,99404,'','2021-03-02','16:16'),(605,99473,'Hola hermanoa','2021-03-02','22:41'),(606,100167,'asi es, el arreglo estatus debe contener objetos donde vaya id y estatus','2021-03-23','20:32'),(607,100167,'','2021-03-23','20:32'),(608,100167,'','2021-03-23','20:32'),(609,100167,'','2021-03-23','20:32'),(610,100167,'','2021-03-23','20:32'),(611,100167,'','2021-03-23','20:32'),(614,101336,'serian igual responsable_1,3 y encargado ahora? o como quedó ese tema?','2021-04-27','16:55'),(615,101336,'','2021-04-27','16:55'),(616,101924,'Este es un mensaje con\nSaltos de line y un link\nhttps://genniux.net/app/beta/','2021-05-18','22:19'),(617,101924,'Este es un mensaje conSaltos de linea y un linkhttps://genniux.net/app/beta/','2021-05-18','22:38'),(618,101924,'Este es un mensaje conSaltos de linea y un link https://genniux.net/app/beta/','2021-05-18','22:38'),(619,101924,'Este es un mensaje conSaltos de linea y un link https://genniux.net/app/beta/','2021-05-18','22:38'),(620,101924,'Este es un mensaje conSaltos de linea y un link https://genniux.net/app/beta/','2021-05-18','22:38'),(621,101924,'Este es un mensaje conSaltos de linea y un link','2021-05-18','22:38'),(622,102260,'Empiezo yo con esta: https://www.intro.so/\n\n\nAquí mi explicación: https://jmp.sh/THOKenB','2021-07-25','15:39'),(623,102288,'Hola, Javi siguiendo tus consejos hemos improvisado un vídeo para salir de nuestra zona de confort y responder a tus preguntas. \n\nAh!! al final hemos incluido tomas falsa y todo.\n\nhttps://youtu.be/5OTUTOJ92iE','2021-09-13','12:39'),(624,102288,'Hola, Javi siguiendo tus consejos hemos improvisado un vídeo para salir de nuestra zona de confort y responder a tus preguntas. Ah!! al final hemos incluido tomas falsas y todo.https://youtu.be/5OTUTOJ92iE','2021-09-13','12:42'),(628,102376,'Cuándo tendremos listas las notificaciones de tickets y conversaciones?','2021-11-01','22:58'),(631,103023,'Hola','2022-03-30','17:01'),(632,103023,'Hola!!!','2022-03-30','17:01'),(633,103068,'Hola Paloma\nProbando el chast','2023-01-31','17:02'),(634,103291,'nada mas para comentar nuevamente respecto a israel. Le dejé el día lunes como 1ra tarea instalar la base de datos de genniux,  y entonces hacer un php que insertara 1 registro en una de las tablas. Ayer lunes a las 12:45 tenía ya instalada la base de datos. No obtuve noticias de él hasta hace 12 minutos, notificandome que seguía trabajando en el php que solo ejecuta un insert y que tenía problemas con una herramienta para testear el mismo','2023-02-14','18:23'),(635,103291,'','2023-02-14','18:23'),(636,103291,'','2023-02-14','18:23'),(637,103295,'No le dejaré más actividades y lo canalizo contigo para que les ayude a crear post o algo que no se le complique tanto','2023-02-14','18:32'),(638,103295,'','2023-02-14','18:32'),(639,103328,'','2023-02-15','17:35'),(640,103328,'Hola ing, va bien, por se esta empezando a integrar el componente','2023-02-15','17:35'),(641,103329,'Hola ing  , estaremos subiendo actualizaciones al admin de  tableros. Idealmente mañana jueves podemos cerrar con una primera versión del tablero en el project manager','2023-02-15','17:37'),(642,103329,'Hola ing  , estaremos subiendo actualizaciones al admin de  tableros. Idealmente mañana jueves podemos cerrar con una primera versión del panel derecho en el project manager','2023-02-15','17:37'),(643,103334,'Ando aun adaptando los estilos pero en si ya esta funcional,  aun no subo lo que esta actualmente?','2023-02-15','17:40'),(644,103334,'','2023-02-15','17:40'),(645,103344,'Exceñemte!!!!','2023-02-15','22:06'),(646,103353,'Hola Anani\nA ver que contenido publicamos hoy\nSi puedes ser relascionado con disfunciones organizacionales y costos ocultos sería ideal','2023-02-16','09:54'),(647,103426,'Si, me parece que realizo npm i, para actualizar a la nueva version de la libreria','2023-02-20','10:39'),(648,103432,'Muy bien, estan en el punchlist? de Project - Ideas de mejora y Falallas?','2023-02-20','10:45'),(649,103432,'','2023-02-20','10:45'),(650,103624,'Hola Alex\nBuenos días...\nBuscamos un ratito para juntarnos?\nComo ves a las 945','2023-02-27','09:29'),(651,103774,'Como tal es un componentre que agregar opciones y se agrega el contenido, no se si los endpoins de project manager te sirvan?','2023-03-01','17:57'),(652,103774,'','2023-03-01','17:57'),(653,103815,'','2023-03-03','09:20'),(654,103815,'','2023-03-03','09:20'),(655,103815,'Ok, lo checo veo si se crea un nueva logica para validar el grupo en el programa, solo como duda las empresas(grupo) con las que salen en el listado de gestor de equipos? (/team/)','2023-03-03','09:20'),(656,103815,'','2023-03-03','09:20'),(657,103815,'','2023-03-03','09:20'),(658,103815,'','2023-03-03','09:20'),(659,103815,'','2023-03-03','09:20'),(660,103829,'Hola ing, a mi me parece los cambios, aun asi sbire un cambio en unos momento','2023-03-03','09:33'),(661,103829,'','2023-03-03','09:33'),(662,103829,'','2023-03-03','09:33'),(663,103854,'Vale, lo checo y trabaja en esta logica','2023-03-03','16:52'),(664,103854,'','2023-03-03','16:52'),(665,103854,'','2023-03-03','16:52'),(666,103893,'sI claro, esta logica es antigua, se tendra que quitar esa condifcion, y que se listen todos en esa tavla','2023-03-08','16:11'),(667,103893,'','2023-03-08','16:11'),(668,103893,'','2023-03-08','16:11'),(669,103893,'','2023-03-08','16:11'),(670,103893,'','2023-03-08','16:11'),(671,103893,'','2023-03-08','16:11'),(672,103904,'ahorita ando trabajando en intellibaks, estoy agregando el panel dechero y iterando la logica para que se adapte al panel','2023-03-08','16:21'),(673,103904,'','2023-03-08','16:21'),(674,103904,'','2023-03-08','16:21'),(675,103904,'','2023-03-08','16:21'),(676,103968,'MUY BIEN ING','2023-03-13','09:41'),(677,103968,'','2023-03-13','09:41'),(678,103975,'Me inclino por los diseños de las láminas 10 y 12','2023-03-13','11:51'),(679,104118,'Hola Ani\nCheca los comentarios en el post y publicalos','2023-03-21','10:13'),(680,104118,'','2023-03-21','10:13'),(681,104118,'','2023-03-21','10:13'),(682,104118,'','2023-03-21','10:22'),(683,104245,'','2023-03-24','16:46'),(684,103974,'Hola buen día a todos','2023-03-31','16:21'),(685,104299,'Hola, es un mensaje de prueba','2023-04-04','17:29'),(686,104401,'vALE','2023-04-12','10:45'),(687,104506,'','2023-04-21','12:13'),(688,104506,'Se ha estado trabajando en agregar al panel derecho el tema de recursos, tambien se agrego al chat que se envie el mensaje al dar enter, tambien las conversaciones de documentos y porjectos se agrego que al dar click al icono del ojo se envie al la url del documento/proyecto','2023-04-21','12:13'),(689,104716,'Si por que hacemos click en el chat y como que no pasa nada.','2023-05-08','11:32'),(690,104714,'Ok, estaré checando esta parte\n','2023-05-08','12:10'),(691,104714,'Ok, estaré checando este apartado','2023-05-08','12:11'),(692,104714,'','2023-05-10','09:07'),(693,104759,'El actual, tiene \"ng build --base-href /app/project-manager/ --aot --build-optimizer --optimization --progress --output-hashing none\" para mastersuite, solo cambia para eso, si subiras al antiguo solo cambia / por /app/project-manager/','2023-05-12','15:29'),(694,104828,'velo notificando en el grupo de Genniux Programming','2023-05-16','11:12'),(695,104828,'velo notificando en el grupo de Equipo de PRogramación','2023-05-16','11:12'),(699,104957,'Gracia por su participación. Favor de ir compartiendo como vamos avanzando.','2023-05-31','11:11'),(700,105032,'Equipo, adjunto a este ticket el documento para el listado de funcionalidades.  @JoseRojas @VictorHeredia','2023-06-05','16:31'),(701,105158,'Haciendo pruebas \n','2023-06-07','14:01'),(703,105265,'Testeo del chat','2023-06-12','12:02'),(704,104373,'Hola, buen día','2023-06-14','10:52'),(705,105464,'Chequen este video sobre los problemas de comunicación interna\nhttps://www.linkedin.com/feed/update/urn:li:activity:7079397339290832896?utm_source=share&utm_medium=member_desktop','2023-06-28','23:03'),(706,105464,'Chequen este video sobre los problemas de comunicación internahttps://www.linkedin.com/feed/update/urn:li:activity:7079397339290832896?utm_source=share','2023-06-28','23:03'),(707,105465,'Chequen este post de los problemas de la comunicación\n\nhttps://www.linkedin.com/feed/update/urn:li:activity:7079397339290832896','2023-06-28','23:05'),(708,105465,'https://www.linkedin.com/feed/update/urn:li:activity:7079397339290832896?utm_source=share','2023-06-28','23:05'),(709,105465,'https://www.linkedin.com/feed/update/urn:li:activity:7079397339290832896?utm_source=share','2023-06-28','23:07'),(710,105569,'Jesus, no he podido ejecutar el endpoint, me ayudas duplicando el programa con id 57365 porfavor?','2023-07-06','16:23'),(711,105678,'','2023-07-10','14:05'),(712,105781,'Ajustes a Noticias por ejemplo:\n-No se puede grabar audio en el primer comentario\n- El campo de edición de la notica es demasiado corto, Hay que expandirlo o ponerle el editor de intellibanks\n','2023-07-17','07:36'),(713,105860,'tambien nos comenta el ing que hay que crear un video promocional para masterplaybooks','2023-07-19','11:08'),(714,105906,'Hola ing, buen dia. Sobre las notificaciones si es al botón correcto, puede cambiarlo, solo que seria ver como se estaria accediendo al chat','2023-07-24','10:30'),(715,105843,'Lorem ipsum dolor sit amet, consectetur adipiscing elit. Phasellus id arcu eu ligula placerat accumsan vitae a nisl. Ut tempor, lectus vel tincidunt hendrerit, est diam molestie orci, eu sodales dui tellus sit amet lorem. Nam pulvinar fringilla nulla, nec accumsan libero maximus ac. Cras mollis vestibulum pellentesque. Sed ut nisi ipsum. Nulla ullamcorper convallis ligula vitae pretium. Praesent a dui sed lorem luctus mattis. Aenean id lacus consectetur, finibus erat pulvinar, dignissim metus. Donec faucibus malesuada sapien. Phasellus venenatis ante eget consectetur pellentesque. Ut imperdiet varius nibh id dictum. Sed vitae quam convallis, egestas enim in, fermentum turpis. Nulla euismod ac tortor et congue.\n\nCras imperdiet arcu id massa ','2023-07-28','16:46'),(716,105967,'Enterado.','2023-07-31','09:19'),(717,105988,'No los veo','2023-07-31','10:45'),(718,106007,'Buenos entendido. ','2023-08-01','09:03'),(719,104373,'Hola, buen día.  :grinning:','2023-08-10','17:16'),(720,106269,'Se ha activado la barra correspondiente a una actividad (origen project), en la cual podemos visualizar las tareas realizadas, así como una barra de progreso.\nTodas las barras que contienen tareas o ejes pueden cambiarse de fecha arrastrando su borde o haciendo uso de la caja derecha.\nSe agrego el icono (ojo) de mostrar la caja derecha en todas las barras, para las barras de tareas (origen project), la caja derecha mostrara los datos  de la actividad correspondiente a la que pertenece.','2023-08-11','16:24'),(721,106270,'Para el caso de las barras con origen de strategy, la información de la caja derecha corresponderá al eje tal cual.','2023-08-11','16:24'),(722,105843,'Lorem ipsum dolor sit amet, consectetur adipiscing elit. Phasellus id arcu eu ligula placerat accumsan vitae a nisl. Ut tempor, lectus vel tincidunt hendrerit, est diam molestie orci, eu sodales dui tellus sit amet lorem. Nam pulvinar fringilla nulla, nec accumsan libero maximus ac. Cras mollis vestibulum pellentesque. Sed ut nisi ipsum. Nulla ullamcorper convallis ligula vitae pretium. Praesent a dui sed lorem luctus mattis. Aenean id lacus consectetur, finibus erat pulvinar, dignissim metus. Donec faucibus malesuada sapien. Phasellus venenatis ante eget consectetur pellentesque. Ut imperdiet varius nibh id dictum. Sed vitae quam convallis, egestas enim in, fermentum turpis. Nulla euismod ac tortor et congue.','2023-08-11','16:25'),(723,105255,'Detalles','2023-08-11','17:08'),(724,106273,'Wow... gracias  @GusMonterrey. Sensacional avance. Quedo excelente. Y gracias @JesusSanchez por la activación y actualización de las cajas derechas. Buen trabajo de equipo.','2023-08-11','17:44'),(725,106350,'Hola inge ya está arriba lo de agregar nodos al mapa y la edición\nPara agregar un nuevo elemento hay que seleccionar un nodo y dar enter\nPara editar se.hicieron los divs editables así que se guardan los cambios en automático\nTambién se puede agregar links y descripción a la cajita\nCuando hay link y descripción se incluyen iconos en el nodo','2023-08-15','12:19'),(726,105466,'Hola','2023-08-15','16:35'),(727,105466,'Hola','2023-08-15','16:46'),(728,105843,'Buenos días','2023-08-15','16:46'),(729,105466,'Hola','2023-08-15','16:47'),(731,106396,'Ok, trabajare en la logica de agregar precio, a una categoria y sobre agregar un archivo para la informacion del playbook(landing) y poder editarla con el editor','2023-08-18','11:38'),(732,106411,'Hola ing, no voy a trabajar en el indice y en el builder','2023-08-21','12:24'),(733,106412,'A ti Alex, cualquier otra cosa me avisas.','2023-08-21','14:18'),(734,106445,'Hola ing, claro, se tiene pero solo se aplica con se tiene  https o  http, estaria validando la teminacion si termina con .','2023-08-22','10:57'),(735,106446,'oh muy bien jaja muchas gracias Jesus','2023-08-22','10:58'),(736,106450,'Jesús... eres un campeon. Ya vi los cambios que hiciste\nCuando puedas mañana ve estos 2 ajustitos\nY me avisas cuando quede\nQue descanses\nhttps://share.getcloudapp.com/jkuRbvvR','2023-08-23','00:39'),(737,106471,'Por ahora se subio el update con la opcion de eliminar un nodo, tambien lo de editar los titulos desde la caja derecha, editar el nodo inicial y centrar el mapa dentro del contenedor','2023-08-24','09:16'),(738,106447,'https://mastersuite.app/chat','2023-08-25','13:07'),(739,106474,'Hola Abraham buenos días\nChecate el video que puse arriba en la página de Logros Programación','2023-08-28','08:58'),(740,106482,'Ahora si!!! Bravo!','2023-08-29','09:04'),(741,106512,'Hola Jesús, buenas tardes. Gracias por la notificación del avance del proyecto (no hagas caso al mensaje jejeje es para una prueba) ','2023-08-29','17:28'),(742,106539,'¡cómo vamos con la presentación de las herramientas?','2023-08-30','11:06'),(743,105466,'Hola','2023-08-30','15:42'),(744,106570,'Hola Jesus\nEspero que estés muy bien\nVeo que el chat ahora en desktop sale toda la pantalla pero no se ve el menu de la izquierda. Y hay que regresar con el botón para ver el menu\nPara Movil creo que podría estar bien, pero en general creo que funciona mejor tener siempre el menu de la izquierda pues necesitamos movernos rapido entre las conversaciones.\nSi hacemos atrás, se tiene que recargar todo.\nComo ves?\nSi quieres lo comentamos','2023-09-01','08:58'),(745,106626,' @AnahiMartinez. El link que pusiste en el enlace debe ser el documento donde va a quedar la guía. Y no puedo entrar. Me pide entrar con victor@crece.com no se por qué. Pon los doxumentos en una carpeta de MasterPlaybooks.\n\nTe felicito. Creo que si funciona el usar el Punch list (después de 7 años..  :joy:','2023-09-07','17:31'),(746,106633,'Excelente trabajo','2023-09-08','12:03'),(747,106636,'Hola Jesus buenos días\nTe super encargo lo del separador en el editor de los Master Playbooks\nPara que quede ya lista la edición de los playbooks\n\nSería ideal tener la opción que en el separador (que no va a tener paginas de contenido abajo)\nY no debe tener la flechita que abre más contenido, pueda generar una página donde pongamos una especie de pagina de separación. Que sea opcional\nSi se peude pues adelante\nSi tienes dudas em avisas','2023-09-11','10:06'),(748,106726,'Oye\nSe me ocurrio algo \nA ver como lo ves\nNo urge para nada pero para cuando tengas un rato de inspiración\n\n','2023-09-21','09:14'),(750,106729,'Ya quedó arreglado. Porque antes de reintentar el pago, solicité a HL que ajustaran la factura al importe correcto y así lo hicieron. Ya quedó el pago del mes por $297','2023-09-23','10:49'),(751,106745,'Hola ing, claro','2023-09-26','09:31'),(752,106782,'* Mantener el tono de voz, en el minuto 11 las primas 2 diapositivas se pasan rápido.\n\n* Cambiar el inicio\"Hola que  tal, los saluda su servidor Victor Heredia .... bienvenidos a la presentación para tadá\" \n\n* en la lámina en dónde se presenta el arma secreta 3 se repite el logo.\n\n* Quitar lo subrayado de rojo del texto que sugiere el editor\n\n* sugerencia: cerrar sus ventanas de notificaciones','2023-09-26','17:09'),(753,106782,'* Mantener el tono de voz, en el minuto 11 las primas 2 diapositivas se pasan rápido.* Cambiar el inicio\"Hola que  tal, los saluda su servidor Victor Heredia .... bienvenidos a la presentación para tadá\" * en la lámina en dónde se presenta el arma secreta 3 se repite el logo.* Quitar lo subrayado de rojo del texto que sugiere el editor* sugerencia: cerrar sus ventanas de notificaciones','2023-09-26','17:11'),(754,106790,'Hola Abraham \nC','2023-09-27','17:34'),(755,106805,'solicitamos tu apoyo con un bug que vimos en mastersuite, y es que cuando nos logueamos nos lleva a la ruta /personal-board , necesitamos que cuando se loguee el usuario lo lleve a /sprint-board','2023-09-28','16:29'),(756,106805,'solicitamos tu apoyo con un bug que vimos en mastersuite, y es que cuando nos logueamos nos lleva a la ruta /personal-board , necesitamos que cuando se loguee el usuario lo lleve a /my-board','2023-09-28','16:29'),(757,106872,'En el apartado de los proyectos que se expanden los indicadores, en los navegadores que uso no tuve ese problema, por lo que vi en el video se esta usando Safari, aplique algunos estilos directamente a eses elementos que pudieran provocar problemas visuales en ciertos navegadores, se aplico un tamaño fijo, ya que el contenido de esos elementos no varia en ningun momentoRel','2023-10-02','14:47'),(758,107005,'Y las empresas serian de pap_eje','2023-10-06','09:19'),(759,107014,'Si solo es validar el permiso de editar contenido y crear playbooks Si y es lo de validar el temas de las empreas puede tardar','2023-10-06','09:24'),(760,107027,'Hola ing, espero logras que los usuarios tipo manager puedan editar los MPbooks de su empresa responsable','2023-10-06','10:11'),(761,107047,'sería creatiwwa','2023-10-06','15:48'),(762,107091,'Ok, subire un ajuste, deme un minuto','2023-10-12','14:07'),(763,107120,'Todo está en orden, si veo que se cambios la foto y la parte de perfil','2023-10-16','09:17'),(764,107136,'playbook/get/id : obtener el conenido de un playbook\n\n{\n      id: this.contentPlaybook?.id_playbook,\n      user: this.session.puesto,\n      items: true\n}\n\nsi se manda items, se muestra el indice, es igual al get/items','2023-10-17','14:39'),(765,107143,'/api/playbook/get/subs\n\n {id: id, user: user }\n\nsi se manda idL regresa las suscripciones del playbook\n\nsi se manda user regresa las suscripciones del usuario\n','2023-10-20','09:28'),(766,107263,'Es correcto, va gracias GUs','2023-10-30','17:29'),(767,107390,'User: MarcoDelgado\nEmail: marcoalejodr@gmail.com','2023-11-08','12:52'),(768,107390,'User: MarcoDelgadoEmail: marcoalejodr@gmail.compass: masterplaybooks','2023-11-08','12:53'),(769,107430,'Listo, ya puede. Gracias!!','2023-11-13','12:32'),(770,107617,'Si, me parece que el pago sole es en dolar, sobre esto sabe mas Abraham','2023-11-30','11:19'),(771,107617,'Si, me parece que el pago solo es en dolar, sobre esto sabe mas Abraham','2023-11-30','11:19'),(772,108078,'A ok, entonces ello trabajaran eso.','2024-01-24','12:47'),(773,108078,'A ok, entonces ellos trabajaran eso.','2024-01-24','12:47'),(776,108257,'Hola Gustavo, buenas tardes.\nNecesito de tu ayuda para integrar la Crece App con OneRocket.\nEn este breve video (1:47 min), te explico qué pretendemos lograr. \nhttps://screencast-o-matic.com/watch/cZn20fVdE9b\n\nQuedo atento a tus comentarios.\nS','2024-02-14','17:08'),(777,108257,'Hola Gustavo, buenas tardes.Necesito de tu ayuda para integrar la Crece App con OneRocket.En este breve video (1:47 min), te explico qué pretendemos lograr. https://screencast-o-matic.com/watch/cZn20fVdE9bQuedo atento a tus comentarios.','2024-02-14','17:08'),(778,108273,'en este caso tendrias que hacer una copia de ese archivo y adaptarlo al id de una hoja de google ligada a rocket, Juan Carlos te debe pasar la hoja de google y tu obtener si ud','2024-02-19','11:45'),(779,108273,'en este caso tendrias que hacer una copia de ese archivo y adaptarlo al id de una hoja de google ligada a rocket, Juan Carlos te debe pasar la hoja de google y tu obtener su id','2024-02-19','11:45'),(780,108436,'Yo lo que puedo hacer es ir poniendo en una tabla de Google Sheets a los que paguen y que tipo de membresía adquirieron.\nA partir de ahí sería ver si se puede automatizar el proceso o se hace manualmente.\nDer cualquier forma al momento del pago les diremos a los clientes que se les actualizará su cuenta ed 24 a 48 horas.','2024-03-12','09:15'),(781,108436,'Yo lo que puedo hacer es ir poniendo en una tabla de Google Sheets a los que paguen y que tipo de membresía adquirieron.A partir de ahí sería ver si se puede automatizar el proceso o se hace manualmente.De cualquier forma al momento del pago les diremos a los clientes que se les actualizará su cuenta ed 24 a 48 horas.','2024-03-12','09:15'),(782,108436,'Yo lo que puedo hacer es ir poniendo en una tabla de Google Sheets a los que paguen y que tipo de membresía adquirieron.A partir de ahí sería ver si se puede automatizar el proceso o se hace manualmente.De cualquier forma al momento del pago les diremos a los clientes que se les actualizará su cuenta ed 24 a 48 horas.','2024-03-12','09:16'),(783,108436,'Yo lo que puedo hacer es ir poniendo en una tabla de Google Sheets a los que paguen y que tipo de membresía adquirieron.A partir de ahí sería ver si se puede automatizar el proceso o se hace manualmente.De cualquier forma al momento del pago les diremos a los clientes que se les actualizará su cuenta de 24 a 48 horas.','2024-03-12','09:16'),(784,108475,'ahora faltaria validar en el front-end dependiendo de los permisos que haciones tomarpor qu','2024-03-12','12:27'),(785,108475,'ahora faltaria validar en el front-end dependiendo de los permisos que haciones tomar, por que?','2024-03-12','12:27'),(786,108777,'Ftp de genniux?','2024-04-30','15:47'),(787,108777,'Ftp de mastersuite?','2024-04-30','15:47'),(788,108917,'Gracias por publicar en este espacio. Sería ideal publicar las ligas de los landing pages finales.','2024-05-30','17:15'),(789,108917,'Gracias Ani por publicar en este espacio. Sería ideal publicar las ligas de los landing pages finales @ @AnahiMartine @AngelesBravo','2024-05-30','17:15'),(790,108939,'Hola ing, lo puse haci por que veo que cada dominio esta ligado a una empresa, el de intra.masterplaybooks.com tiene la 124','2024-06-11','09:02'),(791,108939,'Hola ing, lo puse así porque veo que cada dominio esta ligado a una empresa, el de intra.masterplaybooks.com tiene la 124','2024-06-11','09:02'),(792,109012,'Que tal Alex\nComo vas?\nComo punta el Sprint de la semana?','2024-07-01','17:07'),(793,109012,'Que tal AlexComo vas?Como pinta el Sprint de la semana?','2024-07-01','17:07'),(794,109129,'Igual y convendría hacer nuevamente un ticket general de fallas para cada  plataforma. Ejemplo.\n\nFallas Noticias\nFallas MPlaybooks Editor\nFallas Adminitrador MPlaybooks\nFallas Intellibanks\n\nEtc','2024-09-04','21:27'),(795,109129,'Igual y convendría hacer nuevamente un ticket general de fallas para cada  plataforma. Ejemplo.Fallas NoticiasFallas MPlaybooks EditorFallas Adminitrador MPlaybooksFallas IntellibanksEtcHay que pensar si podría ser más practico','2024-09-04','21:27');

--
-- Table structure for table `incisos`
--

CREATE TABLE `incisos` (
  `id` int NOT NULL AUTO_INCREMENT,
  `id_cuestionario` int NOT NULL,
  `texto` text NOT NULL,
  `tipo` varchar(15) NOT NULL,
  PRIMARY KEY (`id`),
  KEY `id_cuestionario` (`id_cuestionario`),
  CONSTRAINT `incisos_ibfk_1` FOREIGN KEY (`id_cuestionario`) REFERENCES `cuestionario` (`id`) ON DELETE CASCADE ON UPDATE CASCADE
) ENGINE=InnoDB DEFAULT CHARSET=latin1;

--
-- Dumping data for table `incisos`
--


--
-- Table structure for table `indicador`
--

CREATE TABLE `indicador` (
  `id` int NOT NULL AUTO_INCREMENT,
  `nombre_indicador` varchar(350) NOT NULL,
  `tipo` varchar(30) NOT NULL,
  `arranque` int NOT NULL,
  `arranque_metrica` varchar(30) NOT NULL,
  `duracion` int NOT NULL,
  `ejecutar` varchar(50) NOT NULL,
  `unidad` int NOT NULL,
  `id_medida` int DEFAULT NULL,
  `id_indicador_categoria` int NOT NULL,
  `id_programa` int NOT NULL,
  `descripcion` varchar(350) NOT NULL,
  `tipo_reportador` varchar(30) NOT NULL,
  `unidad_meta` int NOT NULL,
  `posicion` int NOT NULL,
  `id_equipo` int DEFAULT NULL,
  `id_usuario` int DEFAULT NULL,
  `topico` int DEFAULT NULL,
  PRIMARY KEY (`id`),
  KEY `id_indicador_categoria` (`id_indicador_categoria`),
  KEY `id_medida` (`id_medida`),
  KEY `id_programa` (`id_programa`),
  KEY `id_equipo` (`id_equipo`),
  KEY `id_usuario` (`id_usuario`),
  CONSTRAINT `indicador_ibfk_1` FOREIGN KEY (`id_indicador_categoria`) REFERENCES `indicador_categoria` (`id`) ON DELETE CASCADE ON UPDATE CASCADE,
  CONSTRAINT `indicador_ibfk_2` FOREIGN KEY (`id_medida`) REFERENCES `indicador_medida` (`id`) ON DELETE CASCADE ON UPDATE CASCADE,
  CONSTRAINT `indicador_ibfk_3` FOREIGN KEY (`id_programa`) REFERENCES `pap_sub_eje` (`id`) ON DELETE CASCADE ON UPDATE CASCADE,
  CONSTRAINT `indicador_ibfk_4` FOREIGN KEY (`id_equipo`) REFERENCES `equipo` (`id`) ON DELETE CASCADE ON UPDATE CASCADE,
  CONSTRAINT `indicador_ibfk_5` FOREIGN KEY (`id_usuario`) REFERENCES `puesto` (`id`) ON DELETE CASCADE ON UPDATE CASCADE
) ENGINE=InnoDB AUTO_INCREMENT=18 DEFAULT CHARSET=latin1;

--
-- Dumping data for table `indicador`
--

INSERT INTO `indicador` VALUES (5,'Nuevos Contactos ','periodo',0,'semanal',0,'semanal',0,1,3,41636,'','grupal',0,0,NULL,NULL,0),(6,'Visualizaciones','periodo',0,'mensual',0,'semanal',0,2,4,41636,'Factoría de contenidos','grupal',0,0,NULL,NULL,0),(7,'Visitas (media mensual)','periodo',0,'semanal',0,'semanal',0,2,5,41636,'Visitas (media mensual)','grupal',0,0,NULL,NULL,0),(8,'Visitas nuevas','periodo',0,'semanal',0,'semanal',0,2,5,41636,'Visitas nuevas o recurrentes','grupal',0,1,NULL,NULL,0),(9,'Descargas Lead Magnets','periodo',0,'semanal',0,'semanal',0,2,5,41636,'','grupal',0,2,NULL,NULL,0),(10,'Conversaciones generadas','periodo',0,'semanal',0,'semanal',0,2,6,41636,'','grupal',0,0,NULL,NULL,0),(11,'Nuevos contactos en el crm','periodo',0,'semanal',0,'semanal',0,2,6,41636,'','grupal',0,1,NULL,NULL,0),(12,'Realizadas','periodo',0,'semanal',0,'semanal',0,1,7,41636,'','grupal',0,0,NULL,NULL,0),(13,'Demos realizadas','periodo',0,'semanal',0,'semanal',0,2,8,41636,'','grupal',0,0,NULL,NULL,0),(14,'Puntuación','periodo',0,'semanal',0,'semanal',0,1,9,41636,'','grupal',0,0,NULL,NULL,0),(15,'Puntuación','periodo',0,'semanal',0,'semanal',0,1,10,41636,'','grupal',0,0,NULL,NULL,0),(16,'Proyectos liberados','periodo',0,'semanal',0,'semanal',0,NULL,11,41891,'','grupal',0,0,NULL,NULL,0),(17,'i1','periodo',0,'semanal',0,'semanal',0,NULL,12,42650,'','grupal',0,0,NULL,NULL,1);

--
-- Table structure for table `indicador_categoria`
--

CREATE TABLE `indicador_categoria` (
  `id` int NOT NULL AUTO_INCREMENT,
  `nombre` varchar(300) NOT NULL,
  `id_programa` int NOT NULL,
  `color` varchar(30) NOT NULL,
  `posicion` int NOT NULL,
  `id_equipo` int DEFAULT NULL,
  `id_usuario` int DEFAULT NULL,
  PRIMARY KEY (`id`),
  KEY `id_programa` (`id_programa`),
  KEY `id_equipo` (`id_equipo`),
  KEY `id_usuario` (`id_usuario`),
  CONSTRAINT `indicador_categoria_ibfk_1` FOREIGN KEY (`id_programa`) REFERENCES `pap_sub_eje` (`id`) ON DELETE CASCADE ON UPDATE CASCADE,
  CONSTRAINT `indicador_categoria_ibfk_2` FOREIGN KEY (`id_equipo`) REFERENCES `equipo` (`id`) ON DELETE CASCADE ON UPDATE CASCADE,
  CONSTRAINT `indicador_categoria_ibfk_3` FOREIGN KEY (`id_usuario`) REFERENCES `puesto` (`id`) ON DELETE CASCADE ON UPDATE CASCADE
) ENGINE=InnoDB AUTO_INCREMENT=15 DEFAULT CHARSET=latin1;

--
-- Dumping data for table `indicador_categoria`
--

INSERT INTO `indicador_categoria` VALUES (3,'Alcance Target Persona',41636,'#046E79',2,NULL,NULL),(4,'Factoría de contenidos',41636,'#046E79',3,NULL,NULL),(5,'Funnel',41636,'#046E79',4,NULL,NULL),(6,'Factoría Lead Generation',41636,'#046E79',5,NULL,NULL),(7,'Discovery calls',41636,'#046E79',6,NULL,NULL),(8,'Demos ',41636,'#046E79',7,NULL,NULL),(9,'Diagnóstico inicial (full funnel) Pestaña adjunta',41636,'#046E79',8,NULL,NULL),(10,'Diágnóstico final (full funnel) Pestaña adjunta',41636,'#046E79',9,NULL,NULL),(11,'Proyectos',41891,'#046E79',0,NULL,NULL),(12,'Categoria 1',42650,'#046E79',0,NULL,NULL),(13,'Prueba categoría',57136,'#189179',0,NULL,NULL),(14,'Pruebas 2',57136,'#b76bbd',1,NULL,NULL);

--
-- Table structure for table `indicador_config`
--

CREATE TABLE `indicador_config` (
  `id` int NOT NULL AUTO_INCREMENT,
  `id_programa` int NOT NULL,
  `reporto` int NOT NULL,
  `fecha` datetime NOT NULL,
  `arranque` varchar(30) NOT NULL,
  `tipo` varchar(30) NOT NULL,
  `periodo` varchar(30) NOT NULL,
  PRIMARY KEY (`id`),
  KEY `id_programa` (`id_programa`),
  KEY `reporto` (`reporto`),
  CONSTRAINT `indicador_config_ibfk_1` FOREIGN KEY (`id_programa`) REFERENCES `pap_sub_eje` (`id`) ON DELETE CASCADE ON UPDATE CASCADE,
  CONSTRAINT `indicador_config_ibfk_2` FOREIGN KEY (`reporto`) REFERENCES `puesto` (`id`) ON DELETE CASCADE ON UPDATE CASCADE
) ENGINE=InnoDB AUTO_INCREMENT=30 DEFAULT CHARSET=latin1;

--
-- Dumping data for table `indicador_config`
--

INSERT INTO `indicador_config` VALUES (1,41636,2027,'2024-06-18 09:41:27','','individual','diaria'),(2,46131,1515,'2021-05-26 19:15:37','','',''),(3,46672,2052,'2021-06-04 16:43:18','','',''),(4,46810,148,'2021-06-28 10:15:26','','grupal',''),(5,41891,15,'2021-07-02 01:31:12','','grupal','mensual'),(6,42650,81,'2021-11-29 15:34:31','','grupal',''),(7,47437,2127,'2021-10-06 16:13:22','','grupal','diaria'),(8,47620,2094,'2021-09-01 13:50:04','','',''),(10,43981,1515,'2023-06-20 13:48:34','','','mensual'),(11,48007,1515,'2021-09-29 17:17:52','','',''),(12,47939,1515,'2021-10-01 10:55:54','','',''),(13,48159,1515,'2021-11-09 11:22:12','','individual','diaria'),(14,48273,1515,'2021-10-19 17:37:02','','',''),(16,46004,1515,'2021-10-27 16:55:37','','',''),(17,50245,1515,'2021-12-07 18:06:16','','',''),(18,50410,1515,'2022-01-07 12:49:49','','',''),(19,50471,2027,'2023-01-27 13:54:49','','individual','diaria'),(20,45559,1515,'2022-02-02 16:46:43','','',''),(21,46471,1515,'2022-02-22 18:31:30','','',''),(22,51015,1515,'2022-03-29 11:31:35','','',''),(23,51140,1515,'2022-05-10 13:40:49','','',''),(24,51879,1515,'2022-12-05 08:21:54','','',''),(25,55389,2027,'2023-05-12 11:56:50','','',''),(26,55587,1515,'2023-06-13 15:44:43','','',''),(27,57136,1515,'2023-06-21 17:38:20','','grupal','diaria'),(28,57218,1515,'2023-06-26 09:01:52','','','');

--
-- Table structure for table `indicador_medida`
--

CREATE TABLE `indicador_medida` (
  `id` int NOT NULL AUTO_INCREMENT,
  `nombre_medida` varchar(300) NOT NULL,
  `color` varchar(30) NOT NULL,
  `id_programa` int NOT NULL,
  `id_usuario` int NOT NULL,
  PRIMARY KEY (`id`),
  KEY `id_programa` (`id_programa`),
  KEY `id_usuario` (`id_usuario`),
  CONSTRAINT `indicador_medida_ibfk_1` FOREIGN KEY (`id_programa`) REFERENCES `pap_sub_eje` (`id`) ON DELETE CASCADE ON UPDATE CASCADE,
  CONSTRAINT `indicador_medida_ibfk_2` FOREIGN KEY (`id_usuario`) REFERENCES `puesto` (`id`) ON DELETE CASCADE ON UPDATE CASCADE
) ENGINE=InnoDB AUTO_INCREMENT=3 DEFAULT CHARSET=latin1;

--
-- Dumping data for table `indicador_medida`
--

INSERT INTO `indicador_medida` VALUES (1,'likes','#046E79',41636,1254),(2,'views','#046E79',41636,1254);

--
-- Table structure for table `indicador_meta`
--

CREATE TABLE `indicador_meta` (
  `id` int NOT NULL AUTO_INCREMENT,
  `id_indicador` int NOT NULL,
  `meta` int NOT NULL,
  `id_equipo` int DEFAULT NULL,
  `reporto` int DEFAULT NULL,
  `fecha` datetime NOT NULL,
  `timestamp` int NOT NULL,
  PRIMARY KEY (`id`),
  KEY `id_equipo` (`id_equipo`),
  KEY `id_indicador` (`id_indicador`),
  KEY `reporto` (`reporto`),
  CONSTRAINT `indicador_meta_ibfk_1` FOREIGN KEY (`id_equipo`) REFERENCES `equipo` (`id`) ON DELETE CASCADE ON UPDATE CASCADE,
  CONSTRAINT `indicador_meta_ibfk_2` FOREIGN KEY (`id_indicador`) REFERENCES `indicador` (`id`) ON DELETE CASCADE ON UPDATE CASCADE,
  CONSTRAINT `indicador_meta_ibfk_3` FOREIGN KEY (`reporto`) REFERENCES `puesto` (`id`) ON DELETE CASCADE ON UPDATE CASCADE
) ENGINE=InnoDB AUTO_INCREMENT=4 DEFAULT CHARSET=latin1;

--
-- Dumping data for table `indicador_meta`
--

INSERT INTO `indicador_meta` VALUES (1,5,40,8,1254,'2021-05-31 10:23:24',2147483647),(2,6,0,8,1242,'2021-07-07 09:23:19',2147483647),(3,5,0,54,1713,'2021-06-16 09:00:52',2147483647);

--
-- Table structure for table `indicador_parcialidades`
--

CREATE TABLE `indicador_parcialidades` (
  `id` int NOT NULL AUTO_INCREMENT,
  `id_indicador` int NOT NULL,
  `tipo` varchar(100) NOT NULL,
  `meta` int NOT NULL,
  `posicion` int NOT NULL,
  `parcialidad_periodo` int DEFAULT NULL,
  `id_actividad` int DEFAULT NULL,
  PRIMARY KEY (`id`),
  KEY `id_actividad` (`id_actividad`),
  KEY `id_indicador` (`id_indicador`),
  CONSTRAINT `indicador_parcialidades_ibfk_1` FOREIGN KEY (`id_actividad`) REFERENCES `pap_sub_eje` (`id`) ON DELETE CASCADE ON UPDATE CASCADE,
  CONSTRAINT `indicador_parcialidades_ibfk_2` FOREIGN KEY (`id_indicador`) REFERENCES `indicador` (`id`) ON DELETE CASCADE ON UPDATE CASCADE
) ENGINE=InnoDB DEFAULT CHARSET=latin1;

--
-- Dumping data for table `indicador_parcialidades`
--


--
-- Table structure for table `indicador_per_act_use_gru`
--

CREATE TABLE `indicador_per_act_use_gru` (
  `id` int NOT NULL AUTO_INCREMENT,
  `id_usuario` int DEFAULT NULL,
  `id_grupo` int DEFAULT NULL,
  `resultado` float NOT NULL,
  `fecha` datetime NOT NULL,
  `timestamp` int NOT NULL,
  `usuario_reporto` int NOT NULL,
  `id_documento` int NOT NULL,
  `id_indicador_parcialidades` int DEFAULT NULL,
  `id_indicador` int DEFAULT NULL,
  `id_actividad` int DEFAULT NULL,
  `dia` int DEFAULT NULL,
  `semana` int DEFAULT NULL,
  `mes` int DEFAULT NULL,
  `arranque_ipaug` int NOT NULL,
  PRIMARY KEY (`id`),
  KEY `id_grupo` (`id_grupo`),
  KEY `id_usuario` (`id_usuario`),
  KEY `usuario_reporto` (`usuario_reporto`),
  KEY `id_indicador_parcialidades` (`id_indicador_parcialidades`),
  KEY `id_indicador` (`id_indicador`),
  KEY `id_actividad` (`id_actividad`),
  CONSTRAINT `indicador_per_act_use_gru_ibfk_1` FOREIGN KEY (`id_grupo`) REFERENCES `equipo` (`id`) ON DELETE CASCADE ON UPDATE CASCADE,
  CONSTRAINT `indicador_per_act_use_gru_ibfk_4` FOREIGN KEY (`id_usuario`) REFERENCES `puesto` (`id`) ON DELETE CASCADE ON UPDATE CASCADE,
  CONSTRAINT `indicador_per_act_use_gru_ibfk_5` FOREIGN KEY (`usuario_reporto`) REFERENCES `puesto` (`id`) ON DELETE CASCADE ON UPDATE CASCADE,
  CONSTRAINT `indicador_per_act_use_gru_ibfk_6` FOREIGN KEY (`id_indicador_parcialidades`) REFERENCES `indicador_parcialidades` (`id`) ON DELETE CASCADE ON UPDATE CASCADE,
  CONSTRAINT `indicador_per_act_use_gru_ibfk_7` FOREIGN KEY (`id_indicador`) REFERENCES `indicador` (`id`) ON DELETE CASCADE ON UPDATE CASCADE,
  CONSTRAINT `indicador_per_act_use_gru_ibfk_8` FOREIGN KEY (`id_actividad`) REFERENCES `pap_sub_eje` (`id`) ON DELETE CASCADE ON UPDATE CASCADE
) ENGINE=InnoDB AUTO_INCREMENT=14 DEFAULT CHARSET=latin1;

--
-- Dumping data for table `indicador_per_act_use_gru`
--


--
-- Table structure for table `individual_recurso`
--

CREATE TABLE `individual_recurso` (
  `id` int NOT NULL AUTO_INCREMENT,
  `nombre` varchar(140) NOT NULL,
  `tipo` varchar(140) NOT NULL,
  `url_recurso` text NOT NULL,
  `url_logo` text NOT NULL,
  `color` varchar(7) NOT NULL,
  PRIMARY KEY (`id`)
) ENGINE=InnoDB AUTO_INCREMENT=101108 DEFAULT CHARSET=latin1;

--
-- Dumping data for table `individual_recurso`
--

INSERT INTO `individual_recurso` VALUES (100101,'Rubicón: una crisis inevitable y necesaria','Webinar','https://player.vimeo.com/video/708649940?h=9603be5801&amp;badge=0&amp;autopause=0&amp;player_id=0&amp;app_id=58479','','#CE9695'),(100102,'El poder de escuchar para la paternidad responsable','Webinar','https://player.vimeo.com/video/723522122?h=ece2c3c411','','#CE9695'),(100103,'MasterClass','Webinar','https://player.vimeo.com/video/555339765?h=8a6a25a35a&amp;badge=0&amp;autopause=0&amp;player_id=0&amp;app_id=58479','','#CE9695'),(101104,'Webinar Fiebre en la infancia: Comprensión y abordaje','Webinar','https://player.vimeo.com/video/747325930?h=36a62e2bcf','','#CE9695'),(101105,'Webinar 4 claves para criar hijos seguros, tranquilos y felices','Webinar','https://player.vimeo.com/video/754846029?h=892d14a6cb','','#CE9695'),(101106,'Desarrollo infanto juvenil: lo natural y sus amenazas','Webinar','https://player.vimeo.com/video/813614219?h=ec33974086','','#CE9695'),(101107,'Desarrollo sexual: un desafío más allá de la identidad y el género','Webinar','https://player.vimeo.com/video/834595567?h=0221403f81&amp;badge=0&amp;autopause=0&amp;player_id=0&amp;app_id=58479','','#CE9695');

--
-- Table structure for table `individual_recurso_acceso`
--

CREATE TABLE `individual_recurso_acceso` (
  `id` int NOT NULL AUTO_INCREMENT,
  `email` varchar(140) NOT NULL,
  `password` varchar(16) NOT NULL,
  `nombre` varchar(240) NOT NULL,
  `apellidos` varchar(240) NOT NULL,
  `id_individual_recurso` int NOT NULL,
  `vigencia` date NOT NULL,
  PRIMARY KEY (`id`),
  KEY `id_individual_recurso` (`id_individual_recurso`),
  CONSTRAINT `individual_recurso_acceso_ibfk_1` FOREIGN KEY (`id_individual_recurso`) REFERENCES `individual_recurso` (`id`) ON DELETE CASCADE ON UPDATE CASCADE
) ENGINE=InnoDB AUTO_INCREMENT=512 DEFAULT CHARSET=latin1;

--
-- Dumping data for table `individual_recurso_acceso`
--

INSERT INTO `individual_recurso_acceso` VALUES (2,'alex@empowerlabs.com','VideoPass','Alejandro Rojas','',100101,'2022-11-29'),(3,'jose.rojas@empowerlabs.com','1234','Jose Rojas','',100101,'2022-11-12'),(78,'thia_vela@hotmail.com','EPP2268','Cynthia','Velázquez',100101,'2022-11-12'),(79,'info@energiahumana.es','EPP2268','Energía Humana','Corporación General, S.L.',100101,'2022-11-12'),(80,'edithperalta53@gmail.com','EPP2268','Edith','Peralta',100101,'2022-11-12'),(81,'sandylgm@hotmail.com','EPP2268','Sandra','Guevara',100101,'2022-11-12'),(82,'mellicsandoval@gmail.com','EPP2268','Melissa','Rice',100101,'2022-11-12'),(83,'facuervo@hotmail.com','EPP2268','Fa','Cuervo',100101,'2022-11-12'),(84,'raizespiral@gmail.com','EPP2268','Uxune','hernandez',100101,'2022-11-12'),(85,'andreagarciasnchz@gmail.com','EPP2268','Andrea','Garcia',100101,'2022-11-12'),(86,'oyuky@mac.com','EPP2268','Oyuky','Conde',100101,'2022-11-12'),(87,'lucysagi@hotmail.com','EPP2268','María de la Luz','Sánchez',100101,'2022-11-12'),(88,'ventasmayra@gmail.com','EPP2268','Mayra Brigitte','Carrillo',100101,'2022-11-12'),(89,'svalatriste@gmail.com','EPP2268','Silvia','Alatriste',100101,'2022-11-12'),(90,'terecha27@hotmail.com','EPP2268','Maria Teresa','CHAVEZ',100101,'2022-11-12'),(91,'carlamfrancog@gmail.com','EPP2268','Carla','Franco',100101,'2022-11-12'),(92,'laura_gomezllanos@hotmail.com','EPP2268','Laura','Gomez',100101,'2022-11-12'),(93,'rafael.zaratem@yahoo.com.mx','EPP2268','Rafael','Zarate',100101,'2022-11-12'),(94,'concienciaymotricidad@gmail.com','EPP2268','Victoria','Garcia',100101,'2022-11-12'),(95,'amimoagola@yahoo.co.uk','EPP2268','Amimo','Agola',100101,'2022-11-12'),(96,'rnsoria@gmail.com','EPP2268','Romina','Soria',100101,'2022-11-12'),(97,'jemunera@gmail.com','EPP2268','Juan','Múnera',100101,'2022-11-12'),(98,'perlademaria12@gmail.com','EPP2268','Perla','Reyes',100101,'2022-11-12'),(99,'yanenina@gmail.com','EPP2268','YANEN ALI','MODAD',100101,'2022-11-12'),(100,'carla marian.torres@gmail.com','EPP2268','carla marian','torres',100101,'2022-11-12'),(101,'marushasgh@gmail.com','EPP2268','Marusha','Galvez',100101,'2022-11-12'),(102,'smac.lion@gmail.com','EPP2268','Sylvia','Arontes',100101,'2022-11-12'),(103,'claudiarojasj@gmail.com','EPP2268','Claudia','Rojas',100101,'2022-11-12'),(104,'servinnelly@gmail.com','EPP2268','Nelly','Garcia',100101,'2022-11-12'),(105,'mandalas.sherezarte@gmail.com','EPP2268','Nallely Sherezada','Alvarez',100101,'2022-11-12'),(106,'asallam.blue@gmail.com','EPP2268','Elizabeth','Jiménez',100101,'2022-11-12'),(107,'alexander_lopez_ramirez@hotmail.com','EPP2268','Carmen','Perez',100101,'2022-11-12'),(108,'10ganesha10@gmail.com','EPP2268','Anahi','Guadarrama',100101,'2022-11-12'),(109,'barcancer@hotmail.com','EPP2268','Bárbara','Ayala',100101,'2022-11-12'),(110,'lucia.ugaz@gmail.com','EPP2268','Lucia','Ugaz',100101,'2022-11-12'),(111,'mamaarga23@hotmail.com','EPP2268','Magalli','Arreola',100101,'2022-11-12'),(112,'lilidiazb@yahoo.com.mx','EPP2268','Liliana','Díaz',100101,'2022-11-12'),(113,'lydahs77@yahoo.com','EPP2268','Lyda','Huertas',100101,'2022-11-12'),(114,'carmenrqa@hotmail.com','EPP2268','María del Carmen','Arriaga',100101,'2022-11-12'),(115,'raquellomeli@hotmail.com','EPP2268','Raquel','Lomelí',100101,'2022-11-12'),(116,'wdeanda@hotmail.com','EPP2268','Wendy','De Anda',100101,'2022-11-12'),(117,'deepretender@gmail.com','EPP2268','Ana','Garcia',100101,'2022-11-12'),(118,'anaisnadalphotography@gmail.com','EPP2268','Anais','Nadal',100101,'2022-11-12'),(119,'lmoralesperez@gmail.com','EPP2268','Lorena','Morales',100101,'2022-11-12'),(120,'miryam_garcialeon@yahoo.com.mx','EPP2268','Miryam','García',100101,'2022-11-12'),(121,'kareli04@gmail.com','EPP2268','Karen','Virgilio',100101,'2022-11-12'),(122,'sandrapineros@hotmail.com','EPP2268','Sandra','Piñeros',100101,'2022-11-12'),(123,'garotextil@gmail.com','EPP2268','Cynthia','Galvez',100101,'2022-11-12'),(124,'rparedes089@gmail.com','EPP2268','Rafael','Paredes',100101,'2022-11-12'),(125,'danann_aguilar@yahoo.com','EPP2268','Danann','Aguilar',100101,'2022-11-12'),(126,'lilianavasquez.hlf@gmail.com','EPP2268','Liliana','Vasquez',100101,'2022-11-12'),(127,'medeltorom@yahoo.com.mx','EPP2268','Magali','Del Toro',100101,'2022-11-12'),(128,'vanessavaldezramirez@gmail.com','EPP2268','Vanessa','Valdez',100101,'2022-11-12'),(129,'luxmak@hotmail.com','EPP2268','LUZ MAGNOLIA','BALTAZAR SANCHEZ',100101,'2022-11-12'),(130,'krlagtz@gmail.com','EPP2268','Karla','Gutierrez',100101,'2022-11-12'),(131,'bmpineda@gmail.com','EPP2268','Beatriz','Pineda',100101,'2022-11-12'),(132,'felukadipeluka@gmail.com','EPP2268','Felicia','Aceves',100101,'2022-11-12'),(133,'rjis85@hotmail.com','EPP2268','Ruth','Ibarra',100101,'2022-11-12'),(134,'francissilvarubio@gmail.com','EPP2268','Francis','Silva',100101,'2022-11-12'),(135,'elenabw2007@gmail.com','EPP2268','Elena','Balderas',100101,'2022-11-12'),(136,'claudia.cortina@gmail.com','EPP2268','Claudia Esther','Cortina',100101,'2022-11-12'),(137,'pampas17@hotmail.com','EPP2268','Sheyla','Aldana',100101,'2022-11-12'),(138,'brendajanetff@gmail.com','EPP2268','Brenda','Fernandez',100101,'2022-11-12'),(139,'analine261193@hotmail.com','EPP2268','citlali','nolasco',100101,'2022-11-12'),(140,'marina.martinez.arechiga@gmail.com','EPP2268','Marina','Martinez',100101,'2029-11-12'),(141,'manuart3006@hotmail.com','EPP2268','Manuel','Medina',100101,'2022-11-12'),(142,'rmj_0911@yahoo.com.mx','EPP2268','Jacinto','Rodríguez',100101,'2022-11-12'),(143,'elsaqui0876@gmail.com','EPP2268','ELSA','QUIJADA',100101,'2022-11-12'),(144,'mmafer@hotmail.com','EPP2268','María Fernanda','martinez',100101,'2022-11-12'),(145,'jesibe@hotmail.com','EPP2268','Jesica','Álvarez',100101,'2022-11-12'),(146,'betty@napaneemontessori.com','EPP2268','Betty','Frias',100101,'2022-11-12'),(147,'ivonne@napaneemontessori.com','EPP2268','Ivonne','Landeros',100101,'2022-11-12'),(148,'gabymm.212@gmail.com','EPP2268','Gabriela','López',100101,'2022-11-12'),(149,'heidylbf@gmail.com','EPP2268','Heidy','Barragán',100101,'2022-11-12'),(150,'carlaberho@gmail.com','EPP2268','Carla','Berho',100101,'2022-11-12'),(151,'eliconher@hotmail.com','EPP2268','Elizabeth','Contreras',100101,'2022-11-12'),(152,'cintiag.badillo@gmail.com','EPP2268','Cintia','García',100101,'2022-11-12'),(153,'anahi_tapia_gomez@hotmail.com','EPP2268','Anahi','Tapia',100101,'2022-11-12'),(154,'jclaurino@outlook.com','EPP2268','Juan Carlos','Laurino',100101,'2022-11-12'),(155,'ale.fraga@ceiwa.mx','EPP2268','Alejandra','Fraga',100101,'2022-11-12'),(156,'majoaquim@gmail.com','EPP2268','Majo','Aquim',100101,'2022-11-12'),(157,'supersil1@hotmail.com','EPP2268','Silvia','Recio',100101,'2022-11-12'),(158,'blumeflorp@gmail.com','EPP2268','Vanessa','Blume',100101,'2022-11-12'),(159,'pachamama.karla@gmail.com','EPP2268','Karla Fabiola','Fernández',100101,'2022-11-12'),(160,'elenas55@gmail.com','EPP2268','Elena isabel','Sanchez',100101,'2022-11-12'),(161,'danaeatlizub@gmail.com','EPP2268','Danae','Becerra',100101,'2022-11-12'),(162,'violebarron@gmail.com','EPP2268','Violeta','Barron',100101,'2022-11-12'),(163,'ale_r_anaya@yahoo.com','EPP2268','Alejandra','Ramirez',100101,'2022-11-12'),(164,'lallar.marededia@gmail.com','EPP2268','Marta','Vives',100101,'2022-06-01'),(165,'mirenbaeza@gmail.com','EPP2268','Miren ','Baeza',100101,'2022-06-15'),(166,'karinacloyola@hotmail.com','EPP2268','Karina','Castro',100101,'2022-06-17'),(167,'ferzarandona.t@gmail.com','EPP2268','Fernanda',' Zarandona',100101,'2022-06-17'),(168,'alecali4@hotmail.com','EPP2268','Alejandra Leticia',' Gonzalez Aceves',100101,'2022-06-24'),(169,'yaremy.villegas@gmail.com','EPP2268','Yaremy','Villegas',100101,'2022-06-25'),(170,'chio.sandoval0917@gmail.com','EPP2268','Rocio','Sandoval',100101,'2022-06-25'),(171,'rachel8.nut@hotmail.com','EPP2268','Raquel','Salcedo',100101,'2022-06-25'),(172,'gresheiralara@gmail.com','EPP2268','Gresheira','Lara',100101,'2022-07-29'),(174,'gabysanchezr05@gmail.com','EPP2268','Gabriela','Sánchez',100101,'2022-09-05'),(176,'monica.scrapbook@gmail.com','EPP2268','Monica','Monica	Timothée',100101,'2022-08-24'),(177,'efirojumi@gmail.com','EPP2268','Miriam del Rosario',' Tzeek Tuz',100101,'2022-08-24'),(178,'karen.saldana@empowerlabs.com','participa','Karen','Saldaña',100102,'2022-11-24'),(179,'alex@empowerlabs.com','VideoPass2','Alex','Rojas L',100102,'2022-06-30'),(181,'roxadame@hotmail.com','EPP2268','Roxana','Adame',100102,'2022-08-17'),(182,'thia_vela@hotmail.com','EPP2268','Cynthia','Velázquez',100102,'2022-08-17'),(183,'lucysagi@hotmail.com','EPP2268','María de la Luz','Sánchez',100102,'2022-11-18'),(184,'ixoye_isaias41@hotmail.com','EPP2268',' Boots, snickers and more','',100102,'2022-09-21'),(185,'gabycano1101@hotmail.com','EPP2268','Gabriela','Cano',100102,'2022-08-17'),(186,'danann_aguilar@yahoo.com','EPP2268','Danann','Aguilar',100102,'2022-08-17'),(187,'vikymerino@gmail.com','EPP2268','Viky','Merino',100102,'2022-08-17'),(188,'beckybrandl74@googlemail.com','EPP2268','Becky ','Brandl',100102,'2022-08-17'),(189,'armoniacancun@me.com','EPP2268','GABRIELA','ORTIZ',100102,'2022-08-17'),(190,'vanesa@xamania.com','EPP2268','XAMANIA','pistone ',100102,'2022-08-17'),(191,'renata.emerald@icloud.com','EPP2268','Renata','Emerald',100102,'2022-08-17'),(192,'conchamartinezgasca@gmail.com','EPP2268','Concepción',' Martínez',100102,'2022-08-17'),(193,'elenaalarcont@gmail.com','EPP2268','Elena','Alarcon',100102,'2022-08-17'),(194,'smslorenzo@gmail.com','EPP2268','Sergio ','Soto',100102,'2022-08-17'),(195,'hola@anamariaoliva.es','EPP2268','ANA MARIA','OLIVA BRAÑAS',100102,'2022-08-17'),(196,'lacasitadelbosque@hotmail.com','EPP2268','Katia','Alvarez',100102,'2022-08-17'),(197,'carolinalillotc@gmail.com','EPP2268','Carolina','Lillo',100102,'2022-08-17'),(198,'claudiaisabelmicher@gmail.com','EPP2268','Isabel','Micher',100102,'2022-08-17'),(199,'maricarmen.fdz13@gmail.com','EPP2268','Mari Carmen','Fernandez',100102,'2022-08-17'),(200,'gabi.silva.ib@gmail.com','EPP2268','Gabriela ','Silva',100102,'2022-08-17'),(201,'alehurtado2004@hotmail.com','EPP2268','Alejandra','Hurtado',100102,'2022-08-17'),(202,'alehurtado2004@hotmail.com','EPP2268','Alejandra','Hurtado',100102,'2022-08-17'),(203,'miriamgeronimo698@gmail.com','','Miriam','Gerónimo',100102,'2022-08-17'),(204,'karenmujica@hotmail.com','EPP2268','Karen','Mujica',100102,'2022-08-17'),(205,'karinacloyola@hotmail.com','EPP2268','Karina ','Castro ',100102,'2022-08-17'),(206,'rmj_0911@yahoo.com.mx','EPP2268','Jacinto','Rodríguez',100102,'2022-08-17'),(207,'gabphilibert@gmail.com','EPP2268','Gabi ','Philibert',100102,'2022-08-17'),(208,'ale.fraga@ceiwa.mx','EPP2268','Alejandra','FRAGA',100102,'2022-08-17'),(209,'lulavaliente@yahoo.com.mx','EPP2268','Lula','Valiente',100102,'2022-08-17'),(210,'smac.lion@gmail.com','EPP2268','Sylvia','Arontes',100102,'2022-08-17'),(211,'ale_r_anaya@yahoo.com','EPP2268','Alejandra','Ramírez',100102,'2022-08-17'),(212,'olga.barajas.llamas@gmail.com','EPP2268','Olga','Barajas',100102,'2022-08-17'),(213,'supersil1@hotmail.com','EPP2268','Silvia','Recio',100102,'2022-08-17'),(214,'Alegc15@hotmail.com','EPP2268','Alethia ','Gomez Cruz',100102,'2022-08-17'),(215,'eortizpinto@yahoo.com.mx','EPP2268','Edith','Ortiz Pinto',100102,'2022-08-17'),(216,'danibecerra@gmail.com','EPP2268','Daniela','Becerra',100102,'2022-08-17'),(217,'alesaenger@hotmail.com','EPP2268','Alejandra','Saenger',100102,'2022-08-17'),(218,'gabysanchezr05@gmail.com','EPP2268','Gabriela','Sánchez',100102,'2022-08-17'),(219,'janinah18@hotmail.com','EPP2268','Janina','Hidalgo',100102,'2022-08-17'),(220,'mardepascua@yahoo.com','EPP2268','Kena','',100102,'2022-08-17'),(221,'semilladoradatulum@gmail.com','EPP2268','Karla','Aguilar',100102,'2022-08-17'),(222,'lga.texdesign@gmail.com','EPP2268','Leticia','Gonzalez Aguilar',100102,'2022-08-17'),(223,'sirjlister@gmail.com','EPP2268','Jose Luis','Tellez Arreola',100101,'2022-09-15'),(224,'else.entail.00@icloud.com','EPP2268','Carolina','López Arango',100101,'2022-09-08'),(225,'marina.martinez.arechiga@gmail.com','EPP2268','Marina','Martinez',100102,'2029-10-07'),(226,'coachempower@empowerlabs.com','Destiny1','CoachEmpower','Coach Empower',100103,'2022-10-29'),(227,'milagros.valdiviezo@gmail.com','VideoMaster','Milagos','Valdiciezo',100103,'2022-10-28'),(228,'cizazola@gmail.com','VideoMaster','Cesar',' ',100103,'2022-10-28'),(229,'norej.amanecer@gmail.com','VideoMaster','Norma','Amanecer',100103,'2022-10-28'),(230,'odgo13@gmail.com','VideoMaster','Óscar','',100103,'2022-11-25'),(231,'luigui305@gmail.com','EPP2268','José Luis','Sánchez',100101,'2022-11-25'),(232,'eric.baez@empowerlabs.com','EPP2268','Eric ','Baez',100101,'2022-10-31'),(233,'alex@empowerlabs.com','EPP2268','Alejandro','Rojas',101104,'2023-09-07'),(234,'pal126@hotmail.com','EPP0922','Paloma','Munoz Seca',101104,'2023-09-07'),(235,'lucysagi@hotmail.com','EPP0922','María de la Luz','Sánchez Sánchez',101104,'2023-09-07'),(236,'gabymm.212@gmail.com','EPP0922','Gabriela','Lopez Lopez',101104,'2023-09-07'),(237,'eliapalaciosg@yahoo.com.mx','EPP0922','Elia','Palacios',101104,'2023-09-07'),(238,'roliz4@hotmail.com','EPP0922','Lizbeth','Hernández',101104,'2023-09-07'),(239,'hola@anamariaoliva.es','EPP0922','Ana María','Oliva',101104,'2023-09-07'),(240,'marirojas.33@hotmail.com','EPP0922','Mari','Rojas',101104,'2023-09-07'),(241,'roxadame@hotmail.com','EPP0922','Roxana','Adame',101104,'2023-09-07'),(242,'victoriaceleste2@outlook.com','EPP0922','Victoria Celeste','Gonzalez Ortiz',101104,'2023-09-07'),(243,'renaocejo@hotmail.com','EPP0922','Renata','Ocejo',101104,'2023-09-07'),(244,'eunice_alcala15@hotmail.com','EPP0922','Eunice','Pérez',101104,'2023-09-07'),(245,'guzmanmendozadevanhi@gmail.com','EPP0922','Devanhi Magdalena','Guzmán Mendoza',101104,'2023-09-07'),(246,'pauruelas@gmail.com','EPP0922','Paulina','Ruelas',101104,'2023-09-07'),(247,'conchamartinezgasca@gmail.com','EPP0922','Concepción','Martinez',101104,'2023-09-07'),(248,'valennavarrete297@hotmail.com','EPP0922','Diana Valentina','Navarrete Calderón',101104,'2023-09-07'),(249,'myrhiam@gmail.com','EPP0922','Myriam','Ramírez',101104,'2023-09-07'),(250,'elenaalarcont@gmail.com','EPP0922','Elena','Alarcon T',101104,'2023-09-07'),(251,'rinapc@gmail.com','EPP0922','Rina','Pagani',101104,'2023-09-07'),(252,'zabdiczm@gmail.com','EPP0922','Zabdi','Bivián',101104,'2023-09-07'),(253,'marina.martinez.arechiga@gmail.com','EPP0922','Marina','Martínez',101104,'2029-09-07'),(254,'cortez_rosa@hotmail.com','EPP0922','Rosy','Cortés',101104,'2023-09-07'),(255,'alex@empowerlabs.com','VideoPass','Alex ','R',101105,'2022-06-30'),(256,'yvadel25@gmail.com','EPP202210','Yvett','Aguilar',101105,'2023-09-30'),(257,'huitronf@gmail.com','EPP202210','Francisco','Huitron',101105,'2023-09-30'),(258,'suscorreac@gmail.com','EPP202210','Susana','Correa',101105,'2023-09-30'),(259,'vaniuuu@hotmail.com','EPP202210','Vanessa','Contreras',101105,'2023-09-30'),(260,'holamvs@hotmail.com','EPP202210','Mariana','Vargas',101105,'2023-09-30'),(261,'isabela6108@hotmail.com','EPP202210','María Isabel','Mendez gonzalez',101105,'2023-09-30'),(262,'anacrisdr@gmail.com','EPP202210','Ana cristina','Diaz rivera',101105,'2023-09-30'),(263,'terecha27@hotmail.com','EPP202210','Teresa','Chavez',101105,'2023-09-30'),(264,'pau_cervantes@yahoo.com.mx','EPP202210','Paula','Cervantes',101105,'2023-09-30'),(265,'carlaberho@gmail.com','EPP202210','Carla','Berho',101105,'2023-09-30'),(266,'tania.wm@gmail.com','EPP202210','Tania','Vargas',101105,'2023-09-30'),(267,'emmanuelcs13@hotmail.com','EPP202210','Emmanuel','Castelan',101105,'2023-09-30'),(268,'muromaris7@gmail.com','EPP202210','Maris','Muro',101105,'2023-09-30'),(269,'wendyplp@hotmail.com','EPP202210','Wendy','Ponce de leon',101105,'2023-09-30'),(270,'li_audaz@yahoo.com','EPP202210','Lila','Carbajal glass',101105,'2023-09-30'),(271,'sigey.feb@gmail.com','EPP202210','Sugey','Jaimes',101105,'2023-09-30'),(272,'ankamerii@gmail.com','EPP202210','Karina','Mejia',101105,'2023-09-30'),(273,'mmafer@hotmail.com','EPP202210','María fernanda','Martinez',101105,'2023-09-30'),(274,'ramosverdejo15@gmail.com','EPP202210','Pamela','Ramos',101105,'2023-09-30'),(275,'thel_floer@hotmail.com','EPP202210','Thelma','Thelma segura',101105,'2023-09-30'),(276,'orlandoorti@gmail.com','EPP202210','Orlando','Ortiz',101105,'2023-09-30'),(277,'eliconher@hotmail.com','EPP202210','Elizabeth','Contreras',101105,'2023-09-30'),(278,'rosaura.gonzalez@sap.com','EPP202210','Rosaura','Gonzalez',101105,'2023-09-30'),(279,'laurabir@gmail.com','EPP202210','Laura','Birbragher',101105,'2023-09-30'),(280,'sdandy2112@outlook.com','EPP202210','Andrea','Barrera',101105,'2023-09-30'),(281,'justlinda711@gmail.com','EPP202210','Norma linda','Bustamante',101105,'2023-09-30'),(282,'pau7mendoza.pm@gmail.com','EPP202210','Paulina','Mendoza',101105,'2023-09-30'),(283,'vonshy85@gmail.com','EPP202210','Ivonne','Pineda',101105,'2023-09-30'),(284,'aguirre.pao@gmail.com','EPP202210','Paola','Aguirre',101105,'2023-09-30'),(285,'marihea@gmail.com','EPP202210','Mariana','Hernandez',101105,'2023-09-30'),(286,'almaret58@gmail.com','EPP202210','Alma rosa','Enriquez',101105,'2023-09-30'),(287,'claudia.8.america@gmail.com','EPP202210','Claudia','America',101105,'2023-09-30'),(288,'gbravo62@yahoo.com','EPP202210','Gabriela','Bravo',101105,'2023-09-30'),(289,'puerquira@hotmail.com','EPP202210','Viridiana','Marti­nez',101105,'2023-09-30'),(290,'wdeanda@hotmail.com','EPP202210','Wendy','De anda osorio',101105,'2023-09-30'),(291,'viridiana_8a@hotmail.com','EPP202210','Viridiana','Ochoa',101105,'2023-09-30'),(292,'mdgcreativa@gmail.com','EPP202210','Mariana','Tapia',101105,'2023-09-30'),(293,'mbernaldez79@gmail.com','EPP202210','Miriam','Bernaldez',101105,'2023-09-30'),(294,'bsalum68@hotmail.com','EPP202210','Bernardo','Salum',101105,'2023-09-30'),(295,'mayen.alejandra16@gmail.com','EPP202210','Alejandra','Lopez mayen',101105,'2023-09-30'),(296,'nallely.amaya@gmail.com','EPP202210','Nallely','Amaya',101105,'2023-09-30'),(297,'cecimool03@gmail.com','EPP202210','Claudia','Moreno',101105,'2023-09-30'),(298,'brenda.g.cortez@gmail.com','EPP202210','Brenda','Gomez',101105,'2023-09-30'),(299,'munozgaby14@gmail.com','EPP202210','Gabriela','Muñoz',101105,'2023-09-30'),(300,'mariana.comunica@hotmail.com','EPP202210','Mariana','Mendoza',101105,'2023-09-30'),(301,'cabrera@hotmail.com','EPP202210','Irma','Cabrera',101105,'2023-09-30'),(302,'asbaje@hotmail.com','EPP202210','Gabriela','Zamarripa',101105,'2023-09-30'),(303,'yazzama@hotmail.com','EPP202210','Nancy','Hernandez',101105,'2023-09-30'),(304,'sofiaolvera@gmail.com','EPP202210','Sofia','Olvera',101105,'2023-09-30'),(305,'andreeafz.upn@gmail.com','EPP202210','Andrea','Fernandez',101105,'2023-09-30'),(306,'medeltorom@yahoo.com.mx','EPP202210','Magali','Del toro',101105,'2023-09-30'),(307,'alianza_hipotrcaria@hotmail.com','EPP202210','Luz','Serrano',101105,'2023-09-30'),(308,'gabymorg4@hotmail.com','EPP202210','Gaby','Moreno',101105,'2023-09-30'),(309,'cglizvazquez@gmail.com','EPP202210','Elizabeth','Vazquez',101105,'2023-09-30'),(310,'pook_76@live.com.mx','EPP202210','Rosa isela','Prado andrade',101105,'2023-09-30'),(311,'blancafrosete@gmail.com','EPP202210','Blanca','Flores',101105,'2023-09-30'),(312,'edithperalta53@gmail.com','EPP202210','Edith','Peralta',101105,'2023-09-30'),(313,'carlos@d31.mx','EPP202210','Carlos','Ocampo',101105,'2023-09-30'),(314,'anakarenmmv@gmail.com','EPP202210','Ana karen','Martinez',101105,'2023-09-30'),(315,'marialourdesrosarito@gmail.com','EPP202210','Maria de lourdes','Perez muñoz',101105,'2023-09-30'),(316,'sarai.mtzc35@gmail.com','EPP202210','Sarai','Martinez',101105,'2023-09-30'),(317,'jessica.thomas.m@gmail.com','EPP202210','Jessica','Thomas',101105,'2023-09-30'),(318,'saravr_28@hotmail.com','EPP202210','Sara','Valdes',101105,'2023-09-30'),(319,'paovillanueva1805@gmail.com','EPP202210','Paola','Villanueva',101105,'2023-09-30'),(320,'mayviii@hotmail.com','EPP202210','Mayvi','Sanchez',101105,'2023-09-30'),(321,'blanca.celia@gmail.com','EPP202210','Blanca','Garcia',101105,'2023-09-30'),(322,'doraliacalte@gmail.com','EPP202210','Doralia','Calte',101105,'2023-09-30'),(323,'smac.lion@gmail.com','EPP202210','Sylvia','Arontes',101105,'2023-09-30'),(324,'karlajhernandez@gmail.com','EPP202210','Karla jessica','Hernandez martinez',101105,'2023-09-30'),(325,'aviplayita@gmail.com','EPP202210','Laura','Birbragher',101105,'2023-09-30'),(326,'nohemigar@hotmail.com','EPP202210','Nohemi','Garcia',101105,'2023-09-30'),(327,'aliciac197@gmail.com','EPP202210','Alicia','Santos',101105,'2023-09-30'),(328,'puka.hvnmv@gmail.com','EPP202210','Hazel','Moran',101105,'2023-09-30'),(329,'soniarafaele2018@gmail.com','EPP202210','Sonia','Rafaele',101105,'2023-09-30'),(330,'ramos118789@gmail.com','EPP202210','Eduardo','Ramos',101105,'2023-09-30'),(331,'gabrielaferrerleon@gmail.com','EPP202210','Gaby','Ferrer leon',101105,'2023-09-30'),(332,'melannie_rafful@hotmail.com','EPP202210','Melannia','Pineda',101105,'2023-09-30'),(333,'krlagtz@gmail.com','EPP202210','Karla','Gutierrez',101105,'2023-09-30'),(334,'monserrat.vidal@gmail.com','EPP202210','Monserrat','Vidal',101105,'2023-09-30'),(335,'sabrina.pallonari@gmail.com','EPP202210','Sabrina','Pallonari',101105,'2023-09-30'),(336,'castrodianiita@gmail.com','EPP202210','Diana laura','Castro andres',101105,'2023-09-30'),(337,'fgutierrez.serrano@gmail.com','EPP202210','Francisco','Gutierrez',101105,'2023-09-30'),(338,'martikcruz84@gmail.com','EPP202210','Martha','Cruz',101105,'2023-09-30'),(339,'semilladoradatulum@gmail.com','EPP202210','Karla','Aguilar',101105,'2023-09-30'),(340,'adescool@hotmail.com','EPP202210','Adriana','Gonzalez de la portilla',101105,'2023-09-30'),(341,'yaremy.villegas@gmail.com','EPP202210','Yaremy','Villegas',101105,'2023-09-30'),(342,'vero.murmurache@gmail.com','EPP202210','Veronica','Murmurache',101105,'2023-09-30'),(343,'liasmile@hotmail.com','EPP202210','Lia','Gutierrez',101105,'2023-09-30'),(344,'gabycano1101@hotmail.com','EPP202210','Gabriela','Cano',101105,'2023-09-30'),(345,'claudiamorenopoo@me.com','EPP202210','Claudia','Moreno',101105,'2023-09-30'),(346,'pazbenazalia@hotmail.com','EPP202210','Azalia','Pazaran',101105,'2023-09-30'),(347,'matiascic@gmail.com','EPP202210','Matias','Cicchitti',101105,'2023-09-30'),(348,'edithhernandez547@gmail.com','EPP202210','Edith','Hernandez',101105,'2023-09-30'),(349,'docbaron@hotmail.com','EPP202210','Francisco eutimio','Baron millan',101105,'2023-09-30'),(350,'lcastillo_cba@hotmail.com','EPP202210','Liliana','Castillo',101105,'2023-09-30'),(351,'rosariosandoval@yahoo.com.mx','EPP202210','Maria del rosario','Sandoval romero',101105,'2023-09-30'),(352,'glo_cano@hotmail.com','EPP202210','Gloria','Cano',101105,'2023-09-30'),(353,'pola.gap@gmail.com','EPP202210','Paola','Garcia',101105,'2023-09-30'),(354,'janeolivares15@gmail.com','EPP202210','Jane maria del carmen','Olivares martinez',101105,'2023-09-30'),(355,'mefe_81@hotmail.com','EPP202210','Maru','Frias',101105,'2023-09-30'),(356,'veronicalozanomv@gmail.com','EPP202210','Veronica','Lozano',101105,'2023-09-30'),(357,'diana_gines@live.com.mx','EPP202210','Diana','Hernandez',101105,'2023-09-30'),(358,'gc.almaraz@hotmail.com','EPP202210','Guadalupe','Almaraz',101105,'2023-09-30'),(359,'vanessa.sucnod@gmail.com','EPP202210','Vanessa','Sucno',101105,'2023-09-30'),(360,'cecyserrano31@gmail.com','EPP202210','Cecilia','Serrano',101105,'2023-09-30'),(361,'mjtejada1980@gmail.com','EPP202210','María José','Tejada aguiluz',101105,'2023-09-30'),(362,'dursaa@hotmail.com','EPP202210','Dulce','Ramiirez',101105,'2023-09-30'),(363,'miguel.fedez@gmail.com','EPP202210','Miguel','Fernandez',101105,'2023-09-30'),(364,'gabydesgarennes@gmail.com','EPP202210','Gabriela','Desgarennes',101105,'2023-09-30'),(365,'carolinalillotc@gmail.com','EPP202210','Carolina','Lillo',101105,'2023-09-30'),(366,'cvelazquezglez@hotmail.com','EPP202210','Cynthia','Velazquez',101105,'2023-09-30'),(367,'lunar.rojo@gmail.com','EPP202210','Liz','Matamoros',101105,'2023-09-30'),(368,'ibanezmimi@yahoo.com.mx','EPP202210','Noemi','Ibañez',101105,'2023-09-30'),(369,'demelza@demelzadanquist.com','EPP202210','Demelza','Danquist',101105,'2023-09-30'),(370,'betsabequiroz97@gmail.com','EPP202210','Betsabe','Quiroz',101105,'2023-09-30'),(371,'laddsandra@hotmail.com','EPP202210','Sandra','Moreno',101105,'2023-09-30'),(372,'dafnejilu@hotmail.com','EPP202210','Dafne mayra','Jimenez luna',101105,'2023-09-30'),(373,'fmarialuisalugo@gmail.com','EPP202210','Maria luisa','Flores fuentes y lugo',101105,'2023-09-30'),(374,'paopalma_m@hotmail.com','EPP202210','Paola','Palma',101105,'2023-09-30'),(375,'aurora_baldit@yahoo.com.mx','EPP202210','Aurora','Baldit',101105,'2023-09-30'),(376,'beatrixaranajg@gmail.com','EPP202210','Beatriz','Jimenez',101105,'2023-09-30'),(377,'berenicescobar@gmail.com','EPP202210','Berenice','Escobar',101105,'2023-09-30'),(378,'ale_r_anaya@yahoo.com','EPP202210','Alejandra','Ramirez anaya',101105,'2023-09-30'),(379,'letiespinosa@gmail.com','EPP202210','Leticia','Espinosa',101105,'2023-09-30'),(380,'jcgarro@hotmail.com','EPP202210','Juan carlos','Garcia',101105,'2023-09-30'),(381,'super7nova@hotmail.com','EPP202210','Luz','Trujillo',101105,'2023-09-30'),(382,'amarantagrom@gmail.com','EPP202210','Amaranta','Guerrero',101105,'2023-09-30'),(383,'evirginiamc@gmail.com','EPP202210','Erika','Mendoza cardenas',101105,'2023-09-30'),(384,'fabbyp27@outlook.com','EPP202210','Fabiola','Palacios',101105,'2023-09-30'),(385,'karina.estrellato8209@gmail.com','EPP202210','Karina','Estrella',101105,'2023-09-30'),(386,'llanosv1225@gmail.com','EPP202210','Elizabeth valeria','Llanos salazar',101105,'2023-09-30'),(387,'milagros.huarez@gmail.com','EPP202210','Milagros','Huarez',101105,'2023-09-30'),(388,'yanina_be13@hotmail.com','EPP202210','Yanina','Castro carhuachin',101105,'2023-09-30'),(389,'brianquiroz@hotmail.es','EPP202210','Brian','Quiroz ojeda',101105,'2023-09-30'),(390,'elenajaz02@msn.com','EPP202210','Elena','Cruz',101105,'2023-09-30'),(391,'kalu_28_07@hotmail.com','EPP202210','Lucely','Quiqui ochante',101105,'2023-09-30'),(392,'marmagosmax@gmail.com','EPP202210','Mariana','Comparan',101105,'2023-09-30'),(393,'conyglez@hotmail.com','EPP202210','Cointa','Gonzalez',101105,'2023-09-30'),(394,'elenarivasmarron@gmail.com','EPP202210','Elena','Rivas',101105,'2023-09-30'),(395,'virisansores@gmail.com','EPP202210','Viridiana','Sansores',101105,'2023-09-30'),(396,'dulcerosario@hotmail.com','EPP202210','Dulce','Pérez',101105,'2023-09-30'),(397,'fme85@hotmail.com','EPP202210','Frida','Martínez',101105,'2023-09-30'),(398,'s.strechuelo@gmail.com','EPP202210','Sara','Solis',101105,'2023-09-30'),(399,'violebarron@gmail.com','EPP202210','Violeta','Barron',101105,'2023-09-30'),(400,'mon.gisellegh@gmail.com','EPP202210','Monica','Gomez',101105,'2023-09-30'),(401,'sandy_6053@hotmail.com','EPP202210','Dandra','Palacios',101105,'2023-09-30'),(402,'alexandro.brito@gmail.com','EPP202210','Alexandro','Brito',101105,'2023-09-30'),(403,'pionera60@gmail.com','EPP202210','Ma.de lourdes','Hernández salinas',101105,'2023-09-30'),(404,'lallar.marededia@gmail.com','EPP202210','Marta','Vived',101105,'2023-09-30'),(405,'zapien_79@hotmail.com','EPP202210','Patricia','Zapien',101105,'2023-09-30'),(406,'dianacamargo280@hotmail.com','EPP202210','Diana','Camargo',101105,'2023-09-30'),(407,'lilianakaloka@gmial.com','EPP202210','Liliana','Caloca',101105,'2023-09-30'),(408,'alma.baez@outlook.com','EPP202210','Alma','Baez',101105,'2023-09-30'),(409,'griscastellano32@gmail.com','EPP202210','Griselda','Castellano',101105,'2023-09-30'),(410,'inanki.2303@gmail.com','EPP202210','Nancy','Manzano',101105,'2023-09-30'),(411,'melodyangeles@hotmail.com','EPP202210','Melody edith','Angeles suárez',101105,'2023-09-30'),(412,'aliciamateosguzman@gmail.com','EPP202210','Alicia','Mateos',101105,'2023-09-30'),(413,'karenysunza@gmail.com','EPP202210','Karen','Ysunza',101105,'2023-09-30'),(414,'carmenrqa@hotmail.com','EPP202210','María del carmen','Arriaga',101105,'2023-09-30'),(415,'antagonista11@hotmail.com','EPP202210','Griselda','Gutierrez rodríguez',101105,'2023-09-30'),(416,'hercam777@gmail.com','EPP202210','Tania','Hernández',101105,'2023-09-30'),(417,'narda_gu@hotmail.com','EPP202210','Narda','Gonzalez',101105,'2023-09-30'),(418,'marina.martinez.arechiga@gmail.com','EPP202210','Marina','Martinez',101105,'2029-09-30'),(419,'isarubio-512@hotmail.com','EPP202210','Isabel','Rubio',101105,'2023-09-30'),(420,'roxadame@hotmail.com','EPP202210','Roxana','Adame',101105,'2023-09-30'),(421,'kdojeda81@gmail.com','EPP202210','Kenia','Ojeda',101105,'2023-09-30'),(422,'renaocejo@hotmail.com','EPP202210','Renata','Ocejo',101105,'2023-09-30'),(423,'lucysagi@hotmail.com','EPP202210','María','Sánchez',101105,'2023-09-30'),(424,'alvarezbalditp@gmail.com','EPP202210','Paola','Alvarez',101105,'2023-09-30'),(425,'alvarnext@hotmail.com','RUBICON1022','Oswaldo A.','Pedroza',100101,'2023-10-03'),(426,'elsa.avila@coachespnl.com','EPP2268','Elsa','Avila',100101,'2023-10-20'),(427,'lopedihaydee@gmail.com','EPP2023','Elizabeth Haydeé ','López Díaz',100101,'2024-03-24'),(428,'cachiva@gmail.com','EPP2023','Silvia','Rodríguez López',100101,'2024-03-28'),(429,'karenysunza@gmail.com','EPP2023','Karen Ysunza','Olivares Sosa',100101,'2024-03-29'),(430,'mondi.cecilia@gmail.com','EPP2023','Cecilia','Mondi',101106,'2024-03-31'),(431,'lucysanchezsagi@gmail.com','EPP2023','María de la Luz','Sánchez Sánchez',101106,'2024-03-31'),(432,'citperava@gmail.com','EPP2023','Citlalzintli','Perfecto',101106,'2024-03-31'),(433,'karinacloyola@hotmail.com','EPP2023','Karina','Castro Loyola',101106,'2024-03-31'),(434,'jessica.thomas.m@gmail.com','EPP2023','Jessica','Thomas Méndez',101106,'2024-03-31'),(435,'violetabarronsa@gmail.com','EPP2023','Violeta','Barrón Salas',101106,'2024-03-31'),(436,'isabela6108@hotmail.com','EPP2023','María Isabel','Méndez González',101106,'2024-03-31'),(437,'alvarezbalditp@gmail.com','EPP2023','Paola','Alvarez',101106,'2024-03-31'),(438,'laura_medina71@yahoo.com.mx','EPP2023','Rita','Medina',101106,'2024-03-31'),(439,'adriana.flores@ciad.mx','EPP2023','Adriana Estefania','Flores Morán',101106,'2024-03-31'),(440,'supersil1@hotmail.com','EPP2023','Silvia','Recio',101106,'2024-03-31'),(441,'gabymm.212@gmail.com','EPP2023','Gabriela','López Carrasco',101106,'2024-03-31'),(442,'mlcbarrientos@gmail.com','EPP2023','MARIA LUISA','CONCEPCION BARRIENTOS',101106,'2024-03-31'),(443,'elenaalarcont@gmail.com','EPP2023','Elena','Alarcon Trentini',101106,'2024-03-31'),(444,'victoriaceleste@outlook.com','EPP2023','María Mercedes','Ortíz Pérez',101106,'2024-03-31'),(445,'cecyserrano31@gmail.com','EPP2023','Cecilia','Serrano',101106,'2024-03-31'),(446,'almal65@hotmail.com','EPP2023','Alma','velazquez',101106,'2024-03-31'),(447,'marina.martinez.arechiga@gmail.com','EPP2023','Marina','Martinez',101106,'2029-03-31'),(448,'olimar397@gmail.com','EPP2023','Olivia','Leon',101106,'2024-03-31'),(449,'ilovepink.s11@gmail.com','EPP2023','Marina','Martinez',101106,'2024-03-31'),(450,'anitapelcas@gmail.com','EPP2023','Anahí','Pelcastre',101106,'2024-03-31'),(451,'terecha27@hotmail.com','EPP2023','teresa','chavez',101106,'2024-03-31'),(452,'cvelazquezglez@hotmail.com','EPP2023','Cynthia','Velázquez',101106,'2024-03-31'),(453,'rosjoss@hotmail.com','EPP2023','Jocelin','Rosales Corripio',101106,'2024-03-31'),(454,'carlaberho@gmail.com','EPP2023','Carla','Berho',101106,'2024-03-31'),(455,'visavalc@gmail.com','EPP2023','Viridiana','Sánchez Valencia',101106,'2024-03-31'),(456,'carmenrqa@hotmail.com','EPP2023','María del Carmen','Arriaga',101106,'2024-03-31'),(457,'ale_r_anaya@yahoo.com','EPP2023','Alejandra','Ramirez',101106,'2024-03-31'),(458,'wdeanda@hotmail.com','EPP2023','Wendy','De Anda',101106,'2024-03-31'),(459,'leyva_k@yahoo.com','EPP2023','Rodolfo','Leyva',101106,'2024-03-31'),(460,'adrianakiteyogawaldorf@gmail.com','EPP2023','Adriana','Rodríguez',101106,'2024-04-03'),(461,'gabysanchezrodriguez@hotmail.com','EPP2023','Gabriela','Sanchez',101106,'2024-04-11'),(462,'gabysanchezrodriguez@hotmail.com','EPP2023','Gabriela','Sanchez',100101,'2024-04-11'),(463,'marina.martinez.arechiga@gmail.com','EPP2023','Mariana','Martinez',101106,'2029-04-25'),(464,'violetabarronsa@gmail.com','EPP2023','Violeta','Barron',101107,'2024-06-09'),(465,'supersil1@hotmail.com','EPP2023','Silvia','Recio',101107,'2024-06-09'),(466,'concienciaymotricidad@gmail.com','EPP2023','Kena','Garcia',101107,'2024-06-09'),(467,'roxadame@hotmail.com','EPP2023','Roxana','Adame',101107,'2024-06-09'),(468,'cva_zj@hotmail.com','EPP2023','Catalina','Vicente Ángeles',101107,'2024-06-09'),(469,'victoriaceleste2@outlook.com','EPP2023','María Mercedes','Ortíz Pérez',101107,'2024-06-09'),(470,'maribelpelka@gmail.com','EPP2023','Maribel','Pelka',101107,'2024-06-09'),(471,'aliciaguther@gmail.com','EPP2023','Alicia','Gutierrez',101107,'2024-06-09'),(472,'bmpineda@gmail.com','EPP2023','Beatriz Marina','Pineda Bours',101107,'2024-06-09'),(473,'cachiva@gmail.com','EPP2023','Silvia','Rodríguez López',101107,'2024-06-09'),(474,'ambar_hk@hotmail.com','EPP2023','Ambar','Hall Kanan',101107,'2024-06-09'),(475,'luisadepaul@gmail.com','EPP2023','Luisa','De Paul del Rio',101107,'2024-06-09'),(476,'elide.coria@gmail.com','EPP2023','Silvia Elide','Coria Leal',101107,'2024-06-09'),(477,'monicalorenapm@yahoo.com.mx','EPP2023','Mónica Lorena','Pérez Martínez',101107,'2024-06-09'),(478,'elsawaldorf2020@gmail.com','EPP2023','ELSA','QUIJADA',101107,'2024-06-09'),(479,'otienda135@gnail.com','EPP2023','Magali','Del Toro',101107,'2024-06-09'),(480,'antonioarenasv@gmail.com','EPP2023','Antonio','Arenas',101107,'2024-06-09'),(481,'rnsoria@gmail.com','EPP2023','Romina','Soria',101107,'2024-06-09'),(482,'marina.martinez.arechiga@gmail.com','EPP2023','Marina','Martinez',101107,'2029-06-09'),(483,'veromac1005@gmail.com','EPP2023','Verónica','Macias',101107,'2024-06-09'),(484,'mondi.cecilia@gmail.com','EPP2023','Cecilia','Mondi',101107,'2024-06-09'),(485,'anastasia.fdz@gmail.com','EPP2023','Anastasia','Fernandez',101107,'2024-06-09'),(486,'nnaime@yahoo.com','EPP2023','Nadina','Naime Rayes',101107,'2024-06-09'),(487,'ventasmayra@gmail.com','EPP2023','Mayra Brigitte','Carrillo Zuloaga',101107,'2024-06-09'),(488,'aliciamateosguzman@gmail.com','EPP2023','Alicia','MateoS',101107,'2024-06-09'),(489,'eliconher@hotmail.com','EPP2023','Elizabeth','Contreras',101107,'2024-06-09'),(490,'amelia8a@gmail.com','EPP2023','Amelia','Ochoa',101107,'2024-06-09'),(491,'ale_r_anaya@yahoo.com','EPP2023','Alejandra','Ramírez',101107,'2024-06-09'),(492,'nienorloth@gmail.com','EPP2023','Mariana','Rascon',101107,'2024-06-09'),(493,'olimar397@gmail.com','EPP2023','Olivia','Leon',101107,'2024-06-09'),(494,'socky2000@gmail.com','EPP2023','Ma. del Socorro','Montoya Martínez',101107,'2024-06-09'),(495,'adryefm@gmail.com','EPP2023','Adriana Estefania','Flores Morán',101107,'2024-06-09'),(496,'araceli123@gmail.com','EPP2023','Araceli','Garcia',101107,'2024-06-09'),(497,'escalona_lorena@hotmail.com','EPP2023','Lorena','Escalona Cayetano',101107,'2024-06-09'),(498,'amigoswaldorfpachuca@gmail.com','EPP2023','Jardin Coporillo','Facultad maestros',101107,'2024-06-09'),(499,'katyaluna77@gmail.com','EPP2023','Katya','Luna',101107,'2024-06-09'),(500,'daya13@gmail.com','EPP2023','Ana María','Oliva',101107,'2024-06-09'),(501,'linreyes30@gmail.com','EPP2023','Linda','Reyes',101107,'2024-06-09'),(502,'franchesca.ang90@gmail.com','EPP2023','Franchesca','Angulo Gil',101107,'2024-06-09'),(503,'elenaalarcont@gmail.com','EPP2023','Elena','Alarcon T',101107,'2024-06-09'),(504,'claudia@claupersonalshopper.com','EPP2023','Claudia','Garcia',101107,'2024-06-09'),(505,'mgpaty82@gmail.com','EPP2023','Patricia','Muñoz',101107,'2024-06-09'),(506,'vanessa.sucnod@gmail.com','EPP2023','Vanessa','Sucno Delgado',101107,'2024-06-09'),(507,'carmenrqa@hotmail.com','EPP2023','Maria del carmen','Arriaga',101107,'2024-06-09'),(508,'gabysanchezr05@gmail.com','EPP2023','Gaby','Sánchez Rodríguez',101107,'2024-06-09'),(509,'santillan.elena@gmail.com','EPP2023','Elena','Santillan',101107,'2024-06-09'),(510,'aliciac197@gmail.com','EPP2023','Alicia','Alegría',101107,'2024-06-09'),(511,'medeltorom@yahoo.com.mx','EPP2023','','',101107,'2024-06-13');

--
-- Table structure for table `invitacion`
--

CREATE TABLE `invitacion` (
  `id` int NOT NULL AUTO_INCREMENT,
  `coach` int NOT NULL,
  `programa` int DEFAULT NULL,
  `email` varchar(200) NOT NULL,
  `nombre` varchar(120) NOT NULL,
  `status` varchar(20) NOT NULL,
  `cuenta` int NOT NULL,
  `url` varchar(150) DEFAULT NULL,
  `creado` datetime DEFAULT CURRENT_TIMESTAMP,
  `vigencia` int NOT NULL,
  PRIMARY KEY (`id`),
  KEY `coach` (`coach`)
) ENGINE=InnoDB AUTO_INCREMENT=381 DEFAULT CHARSET=utf8mb3;

--
-- Dumping data for table `invitacion`
--

INSERT INTO `invitacion` VALUES (43,33,NULL,'rockanalex@gmail.com','Alex Rojas','Aceptada',0,NULL,'0000-00-00 00:00:00',3),(44,33,NULL,'ing.rojas93@gmail.com','Abraham Rojas','Aceptada',0,NULL,'0000-00-00 00:00:00',3),(47,33,NULL,'covazquezv@gmail.com','Carlos Vázquez','Aceptada',0,NULL,'0000-00-00 00:00:00',3),(48,33,NULL,'asanafuente605@gmail.com','Karen','Aceptada',0,NULL,'0000-00-00 00:00:00',3),(50,33,NULL,'jcarlosangel01@gmail.com','Juan Carlos','Aceptada',0,NULL,'0000-00-00 00:00:00',3),(51,33,NULL,'letymartinezurrea@gmail.com','Lety','Aceptada',0,NULL,'0000-00-00 00:00:00',3),(52,33,NULL,'victormheredia@gmail.com','Ing. Victor Heredia','Aceptada',0,NULL,'0000-00-00 00:00:00',3),(55,33,NULL,'eabhaa123@gmail.com','Eric Baez','Aceptada',0,NULL,'0000-00-00 00:00:00',3),(56,33,NULL,'mangelitobp@gmail.com','Ángeles Bravo','Aceptada',0,NULL,'0000-00-00 00:00:00',3),(57,33,NULL,'olgafons58@gmail.com','Olga','Aceptada',0,NULL,'0000-00-00 00:00:00',3),(58,33,NULL,'carlosdsi01@gmail.com','Carlos','Aceptada',0,NULL,'0000-00-00 00:00:00',3),(60,33,NULL,'gloriamx04@gmail.com','Gloria','Aceptada',0,NULL,'0000-00-00 00:00:00',3),(61,33,NULL,'matilde.wenzel@gmail.com','Matilde','Pendiente',0,NULL,'0000-00-00 00:00:00',3),(62,33,NULL,'jcarlosangel01@gmail.com','Juan Carlos','Aceptada',0,NULL,'0000-00-00 00:00:00',3),(63,33,NULL,'lorenarubio3333@gmail.com','Lorena','Aceptada',0,NULL,'0000-00-00 00:00:00',3),(65,33,NULL,'gma@uny2.mx','Gerardo','Aceptada',0,NULL,'0000-00-00 00:00:00',3),(66,33,NULL,'itapan28@gmail.com','Ita','Pendiente',0,NULL,'0000-00-00 00:00:00',3),(67,33,NULL,'silviapezuela@hotmail.com','Silvia','Aceptada',0,NULL,'0000-00-00 00:00:00',3),(68,33,NULL,'patriciagpr95@gmail.com','Patricia','Aceptada',0,NULL,'0000-00-00 00:00:00',3),(69,33,NULL,'irmame59@hotmail.com','Irma','Pendiente',0,NULL,'0000-00-00 00:00:00',3),(70,33,NULL,'lucylena15@gmail.com','Lucylena','Aceptada',0,NULL,'0000-00-00 00:00:00',3),(72,33,NULL,'volcanes114@gmail.com','Norma Vázquez','Aceptada',0,NULL,'0000-00-00 00:00:00',3),(73,33,NULL,'viridiana.rojas@c3ntro.com','Viridiana','Aceptada',0,NULL,'0000-00-00 00:00:00',3),(74,33,NULL,'zaztruvi19@gmail.com','Zazil','Aceptada',0,NULL,'0000-00-00 00:00:00',3),(75,33,NULL,'irmamr59@hotmail.com','Irma','Aceptada',0,NULL,'0000-00-00 00:00:00',3),(76,33,NULL,'felipe@bestluxhomes.com','Felipe','Aceptada',0,NULL,'0000-00-00 00:00:00',3),(77,33,NULL,'c.gonzalez@siiviasaimagen.com','Claudia','Aceptada',0,NULL,'0000-00-00 00:00:00',3),(78,33,NULL,'lety290664@gmail.com','Lety','Pendiente',0,NULL,'0000-00-00 00:00:00',3),(79,33,NULL,'heidymetal11@gmail.com','Heidy','Aceptada',0,NULL,'0000-00-00 00:00:00',3),(80,33,NULL,'pilarbernaus@gmail.com','Pilar','Pendiente',0,NULL,'0000-00-00 00:00:00',3),(82,33,NULL,'valeryjaina27@gmail.com','Valery','Aceptada',0,NULL,'0000-00-00 00:00:00',3),(83,33,NULL,'alberto.martinez@americmx.com','Alberto','Aceptada',0,NULL,'0000-00-00 00:00:00',3),(84,33,NULL,'eduardomosqueda22@gmail.com','Eduardo','Aceptada',0,NULL,'0000-00-00 00:00:00',3),(85,33,NULL,'lacastillomo@gmail.com','','Aceptada',0,NULL,'0000-00-00 00:00:00',3),(86,33,NULL,'aracelipalacios176@gmail.com','Araceli','Aceptada',0,NULL,'0000-00-00 00:00:00',3),(88,33,NULL,'joreyregarcy@gmail.com','Jorey','Aceptada',0,NULL,'0000-00-00 00:00:00',3),(89,33,NULL,'amparo.charvel@gmail.com','Amparo','Aceptada',0,NULL,'0000-00-00 00:00:00',3),(90,33,NULL,'rememberthatil@gmail.com','Rocío Morales García','Aceptada',0,NULL,'0000-00-00 00:00:00',3),(91,33,NULL,'arthecom51@gmail.com','Arturo Hernández','Aceptada',0,NULL,'0000-00-00 00:00:00',3),(92,33,NULL,'bhm200397@gmail.com','Braulio Hernández','Aceptada',0,NULL,'0000-00-00 00:00:00',3),(93,33,NULL,'sofia.cgp@gmail.com','Sofia','Pendiente',0,NULL,'0000-00-00 00:00:00',3),(94,33,NULL,'guadalupe@gomezpezuela.com','Guadalupe','Aceptada',0,NULL,'0000-00-00 00:00:00',3),(95,33,NULL,'patriciagrullas@gmail.com','Patricia','Aceptada',0,NULL,'0000-00-00 00:00:00',3),(96,33,NULL,'mariannazm.87@gmsil.com','Mariana','Pendiente',0,NULL,'0000-00-00 00:00:00',3),(97,33,NULL,'disgama.admon@gmail.com','Alma','Aceptada',0,NULL,'0000-00-00 00:00:00',3),(98,33,NULL,'victormheredia@gmail.com','Víctor','Aceptada',0,NULL,'0000-00-00 00:00:00',3),(99,33,NULL,'julbaez88@gmail.com','Julián','Aceptada',0,NULL,'0000-00-00 00:00:00',3),(100,33,NULL,'letymartinezurrea@gmail.com','Leticia','Aceptada',0,NULL,'0000-00-00 00:00:00',3),(101,33,NULL,'alvisomariadelpilar@gmail.com','Pilar','Aceptada',0,NULL,'0000-00-00 00:00:00',3),(102,33,NULL,'edgardoreinventate@gmail.com','Edgardo','Aceptada',0,NULL,'0000-00-00 00:00:00',3),(103,33,NULL,'noralhidalgo@gmail.com','Nora','Aceptada',0,NULL,'0000-00-00 00:00:00',3),(104,33,NULL,'eliizy7@gmail.com','Elizabeth Hernández','Aceptada',0,NULL,'0000-00-00 00:00:00',3),(105,33,NULL,'claudia.gonzalez@uny2.com','Claudia','Pendiente',0,NULL,'0000-00-00 00:00:00',3),(106,33,NULL,'greeneconomymexico@gmail.com','Susana','Aceptada',0,NULL,'0000-00-00 00:00:00',3),(108,33,NULL,'covazquezv@gmail.com','Carlos','Aceptada',0,NULL,'0000-00-00 00:00:00',3),(114,33,NULL,'Vcasanova@hotmail.com','','Pendiente',0,NULL,'0000-00-00 00:00:00',3),(115,33,NULL,'Elizabethpaullada@pagepersonnel.com.mx','','Pendiente',0,NULL,'0000-00-00 00:00:00',3),(116,33,NULL,'gipsyquijano@gmail.com','','Pendiente',0,NULL,'0000-00-00 00:00:00',3),(117,33,NULL,'ar@rainmakergroup.com','','Pendiente',0,NULL,'0000-00-00 00:00:00',3),(118,33,NULL,'sandrita_rincon@me.com','','Pendiente',0,NULL,'0000-00-00 00:00:00',3),(119,33,NULL,'cecibartonf@gmail.com','','Aceptada',0,NULL,'0000-00-00 00:00:00',3),(120,33,NULL,'adrisgarcia@gmail.com','','Pendiente',0,NULL,'0000-00-00 00:00:00',3),(121,33,NULL,'ankamerii@gmail.com','','Aceptada',0,NULL,'0000-00-00 00:00:00',3),(122,33,NULL,'jimenacent@gmail.com','','Pendiente',0,NULL,'0000-00-00 00:00:00',3),(123,33,NULL,'davidmorenoguinea@gmail.com','','Aceptado',0,NULL,'0000-00-00 00:00:00',3),(124,33,NULL,'anddy.zamora7@gmail.com','','Aceptada',0,NULL,'0000-00-00 00:00:00',3),(125,33,NULL,'anacrisdr@gmail.com','','Aceptada',0,NULL,'0000-00-00 00:00:00',3),(126,33,NULL,'simonsita@hotmail.com','','Pendiente',0,NULL,'0000-00-00 00:00:00',3),(127,33,NULL,'brenverdin@gmail.com','','Aceptada',0,NULL,'0000-00-00 00:00:00',3),(128,33,NULL,'andrea_anzures@yahoo.com','','Pendiente',0,NULL,'0000-00-00 00:00:00',3),(129,33,NULL,'cmancera@skinlova.com','','Pendiente',0,NULL,'0000-00-00 00:00:00',3),(130,33,NULL,'nicemaix@gmail.com','','Aceptada',0,NULL,'0000-00-00 00:00:00',3),(131,33,NULL,'veroducker@yahoo.com.mx','','Pendiente',0,NULL,'0000-00-00 00:00:00',3),(132,33,NULL,'covazquezv@gmail.com','Carlos Vázquez','Aceptada',0,NULL,'0000-00-00 00:00:00',3),(133,33,NULL,'Vcasanova@hotmail.com','','Pendiente',0,NULL,'0000-00-00 00:00:00',3),(134,33,NULL,'Elizabethpaullada@pagepersonnel.com.mx','','Pendiente',0,NULL,'0000-00-00 00:00:00',3),(135,33,NULL,'gipsyquijano@gmail.com','','Aceptada',0,NULL,'0000-00-00 00:00:00',3),(136,33,NULL,'ar@rainmakergroup.com','','Pendiente',0,NULL,'0000-00-00 00:00:00',3),(137,33,NULL,'sandrita_rincon@me.com','','Pendiente',0,NULL,'0000-00-00 00:00:00',3),(138,33,NULL,'adrisgarcia@gmail.com','','Pendiente',0,NULL,'0000-00-00 00:00:00',3),(139,33,NULL,'ankamerii@gmail.com','','Pendiente',0,NULL,'0000-00-00 00:00:00',3),(140,33,NULL,'jimenacent@gmail.com','','Aceptada',0,NULL,'0000-00-00 00:00:00',3),(141,33,NULL,'simonsita@hotmail.com','','Pendiente',0,NULL,'0000-00-00 00:00:00',3),(142,33,NULL,'andrea_anzures@yahoo.com','','Pendiente',0,NULL,'0000-00-00 00:00:00',3),(143,33,NULL,'cmancera@skinlova.com','','Pendiente',0,NULL,'0000-00-00 00:00:00',3),(144,33,NULL,'veroducker@yahoo.com.mx','','Pendiente',0,NULL,'0000-00-00 00:00:00',3),(145,33,NULL,'abraham.rojas@empowerlabs.com','','Pendiente',0,NULL,'0000-00-00 00:00:00',3),(146,33,NULL,'mysrincon@gmail.com','','Aceptada',0,NULL,'0000-00-00 00:00:00',3),(147,33,NULL,'andrea.anzures@gmail.com','','Aceptada',0,NULL,'0000-00-00 00:00:00',3),(148,33,NULL,'abraham11@genniux.net','','Pendiente',0,NULL,'0000-00-00 00:00:00',3),(149,33,NULL,'abraham12@genniux.net','','Pendiente',0,NULL,'0000-00-00 00:00:00',3),(150,33,NULL,'ing.rojas93@gmail.com','','Aceptada',0,NULL,'0000-00-00 00:00:00',3),(151,33,NULL,'annabellar@gmail.com','','Pendiente',0,NULL,'0000-00-00 00:00:00',3),(152,33,NULL,'Vcasanova@hotmail.com','','Pendiente',0,NULL,'0000-00-00 00:00:00',3),(153,33,NULL,'verocasanovat@gmail.com','','Aceptada',0,NULL,'0000-00-00 00:00:00',3),(154,33,NULL,'annabellar@gmail.com','','Pendiente',0,NULL,'0000-00-00 00:00:00',3),(155,33,NULL,'ar@rainmakergroup.com','','Aceptada',0,NULL,'0000-00-00 00:00:00',3),(156,33,NULL,'co.vazquezvelasco@gmail.com','Carlos Vázquez','Aceptada',0,NULL,'0000-00-00 00:00:00',3),(157,33,NULL,'co.vazquezvelasco@gmail.com','Carlos Vázquez','Pendiente',0,NULL,'0000-00-00 00:00:00',3),(158,33,NULL,'co.vazquezvelasco@gmail.com','Carlos Vázquez','Pendiente',0,NULL,'0000-00-00 00:00:00',3),(159,33,NULL,'co.vazquezvelasco@gmail.com','Carlos Vazquez','Pendiente',0,NULL,'0000-00-00 00:00:00',3),(160,33,NULL,'co.vazquezvelasco@gmail.com','Carlos Vazquez','Pendiente',0,NULL,'0000-00-00 00:00:00',3),(161,33,NULL,'co.vazquezvelasco@gmail.com','Carlos Vazquez','Pendiente',0,NULL,'0000-00-00 00:00:00',3),(162,33,NULL,'covazquezv@gmail.com','Carlos Vazquez','Pendiente',0,NULL,'0000-00-00 00:00:00',3),(163,33,NULL,'covazquezv@gmail.com','Carlos','Pendiente',0,NULL,'0000-00-00 00:00:00',3),(164,33,NULL,'covazquezv@gmail.com','Carlos','Pendiente',0,NULL,'0000-00-00 00:00:00',3),(165,33,NULL,'covazquezv@gmail.com','Carlos','Pendiente',0,NULL,'0000-00-00 00:00:00',3),(166,33,NULL,'covazquezv@gmail.com','Carlos','Pendiente',0,NULL,'0000-00-00 00:00:00',3),(167,33,NULL,'covazquezv@gmail.com','Carlos','Pendiente',0,NULL,'0000-00-00 00:00:00',3),(168,33,NULL,'covazquezv@gmail.com','Carlos','Pendiente',0,NULL,'0000-00-00 00:00:00',3),(169,33,NULL,'covazquezv@gmail.com','Carlos','Pendiente',0,NULL,'0000-00-00 00:00:00',3),(170,33,NULL,'covazquezv@gmail.com','Carlos','Pendiente',0,NULL,'0000-00-00 00:00:00',3),(171,33,NULL,'covazquezv@gmail.com','Carlos','Pendiente',0,NULL,'0000-00-00 00:00:00',3),(172,33,NULL,'covazquezv@gmail.com','Carlos','Pendiente',0,NULL,'0000-00-00 00:00:00',3),(173,33,NULL,'covazquezv@gmail.com','Carlos','Pendiente',0,NULL,'0000-00-00 00:00:00',3),(174,33,NULL,'covazquezv@gmail.com','Carlos','Pendiente',0,NULL,'0000-00-00 00:00:00',3),(175,33,NULL,'co.vazquezvelasco@gmail.com','Carlos','Pendiente',0,NULL,'0000-00-00 00:00:00',3),(176,33,NULL,'covazquezv@gmail.com','Carlos','Pendiente',0,NULL,'0000-00-00 00:00:00',3),(177,33,NULL,'test-7a12f@mail-tester.com','Carlos','Pendiente',0,NULL,'0000-00-00 00:00:00',3),(178,33,NULL,'covazquezv@gmail.com','Carlos','Pendiente',0,NULL,'0000-00-00 00:00:00',3),(179,33,NULL,'covazquev@gmail.com','Carlos','Pendiente',0,NULL,'0000-00-00 00:00:00',3),(180,33,NULL,'covazquev@gmail.com','Carlos','Pendiente',0,NULL,'0000-00-00 00:00:00',3),(181,33,NULL,'co.vazquezvelasco@gmail.com','Carlos','Pendiente',0,NULL,'0000-00-00 00:00:00',3),(182,33,NULL,'co.vazquezvelasco@gmail.om','Carlos','Pendiente',0,NULL,'0000-00-00 00:00:00',3),(183,33,NULL,'rockanalex@gmail.com','Alexander','Pendiente',0,NULL,'0000-00-00 00:00:00',3),(184,33,NULL,'covazquezv@gmail.com','Carlos','Pendiente',0,NULL,'0000-00-00 00:00:00',3),(185,33,NULL,'rockanalex@gmail.com','Alexander','Pendiente',0,NULL,'0000-00-00 00:00:00',3),(186,33,NULL,'covazquezv@gmail.com','Carlos','Pendiente',0,NULL,'0000-00-00 00:00:00',3),(187,33,NULL,'covazquezv@gmail.com','Carlos','Pendiente',0,NULL,'0000-00-00 00:00:00',3),(188,33,NULL,'rockanalex@gmail.com','Alexander','Pendiente',0,NULL,'0000-00-00 00:00:00',3),(189,33,NULL,'covazquezv@gmail.com','Carlos','Pendiente',0,NULL,'0000-00-00 00:00:00',3),(190,33,NULL,'rockanalex@gmail.com','Alexander','Pendiente',0,NULL,'0000-00-00 00:00:00',3),(191,33,NULL,'covazquezv@gmail.com','Carlos','Pendiente',0,NULL,'0000-00-00 00:00:00',3),(192,33,NULL,'rockanalex@gmail.com','Alexander','Pendiente',0,NULL,'0000-00-00 00:00:00',3),(193,33,NULL,'covazquezv@gmail.com','Carlos','Pendiente',0,NULL,'0000-00-00 00:00:00',3),(194,33,NULL,'rockanalex@gmail.com','Alexander','Pendiente',0,NULL,'0000-00-00 00:00:00',3),(195,33,NULL,'rockanalex@gmail.com','Alexander','Aceptada',0,NULL,'0000-00-00 00:00:00',3),(196,33,NULL,'covazquezv@gmail.com','Carlos','Aceptada',0,NULL,'0000-00-00 00:00:00',3),(197,33,NULL,'covazquezv@gmail.com','Carlos','Pendiente',0,NULL,'0000-00-00 00:00:00',3),(198,33,NULL,'rockanalex@gmail.com','Alexander','Pendiente',0,NULL,'0000-00-00 00:00:00',3),(199,33,NULL,'covazquezv@gmail.com','Carlos','Aceptada',0,NULL,'0000-00-00 00:00:00',3),(200,33,NULL,'jose.rojas@empowerlabs.com','Alexander','Aceptada',0,NULL,'0000-00-00 00:00:00',3),(201,33,NULL,'jose.rojas@empowerlabs.com','Alexandro','Pendiente',43,NULL,'0000-00-00 00:00:00',3),(202,33,NULL,'victormheredia@gmail.com','Víctor','Pendiente',43,NULL,'0000-00-00 00:00:00',3),(203,33,NULL,'jahaziel.baltazar@empowerlabs.com','Jahaziel','Pendiente',43,NULL,'0000-00-00 00:00:00',3),(204,33,NULL,'jahaziel.baltazar@empowerlabs.com','Jahaziel','Pendiente',43,NULL,'0000-00-00 00:00:00',3),(205,33,NULL,'jahaziel19962@gmail.com','Jahaziel','Aceptada',43,NULL,'0000-00-00 00:00:00',3),(206,33,NULL,'covazquezv@gmail.com','Carlos','Aceptada',43,NULL,'0000-00-00 00:00:00',3),(207,33,NULL,'eabhaa123@gmail.com','Eric','Aceptada',43,NULL,'0000-00-00 00:00:00',3),(208,33,NULL,'jcarlosangel01@gmail.com','Juan Carlos','Aceptada',43,NULL,'0000-00-00 00:00:00',3),(209,33,NULL,'mgbp8798@gmail.com','','Aceptada',43,NULL,'0000-00-00 00:00:00',3),(210,33,NULL,'castro898@hotmail.com','','Pendiente',43,NULL,'0000-00-00 00:00:00',3),(211,33,NULL,'locke1211@hotmail.com','','Pendiente',43,NULL,'0000-00-00 00:00:00',3),(212,33,NULL,'marisela.manueco@gmail.com','','Aceptada',43,NULL,'0000-00-00 00:00:00',3),(213,33,NULL,'marianafdezmacouzet@gmail.com','','Pendiente',43,NULL,'0000-00-00 00:00:00',3),(214,33,NULL,'enriqueseara1@gmail.com','','Aceptada',43,NULL,'0000-00-00 00:00:00',3),(215,33,NULL,'famjim@prodigy.net.mx','','Pendiente',43,NULL,'0000-00-00 00:00:00',3),(216,33,NULL,'me@ileanabelfiore.me','','Pendiente',43,NULL,'0000-00-00 00:00:00',3),(217,33,NULL,'macagalaza@gmail.com','','Aceptada',43,NULL,'0000-00-00 00:00:00',3),(218,33,NULL,'rafael.vera.otero@gmail.com','','Pendiente',43,NULL,'0000-00-00 00:00:00',3),(219,33,NULL,'Luismvch@gmail.com','','Aceptada',43,NULL,'0000-00-00 00:00:00',3),(220,33,NULL,'aesepulvedag@gmail.com','','Aceptada',43,NULL,'0000-00-00 00:00:00',3),(221,33,NULL,'jlhrueda@hotmail.com','','Aceptada',43,NULL,'0000-00-00 00:00:00',3),(222,33,NULL,'romerovero@produgy.net.mx','','Pendiente',43,NULL,'0000-00-00 00:00:00',3),(223,33,NULL,'marygil1060@gmail.com','','Pendiente',43,NULL,'0000-00-00 00:00:00',3),(224,33,NULL,'oscar.rios.roman@gmail.com','','Aceptada',43,NULL,'0000-00-00 00:00:00',3),(225,33,NULL,'jorgedom61@yahoo.com','','Pendiente',43,NULL,'0000-00-00 00:00:00',3),(226,33,NULL,'tania.villanueva@gmail.com','','Aceptada',43,NULL,'0000-00-00 00:00:00',3),(227,33,NULL,'sergioalxga@gmail.com','','Aceptada',43,NULL,'0000-00-00 00:00:00',3),(228,33,NULL,'enriqueseara1@gmail.com','','Pendiente',43,NULL,'0000-00-00 00:00:00',3),(229,33,NULL,'victormheredia@gmail.com','','Aceptada',43,NULL,'0000-00-00 00:00:00',3),(230,33,NULL,'sergioalxga@gmail.com','','Pendiente',43,NULL,'0000-00-00 00:00:00',3),(231,33,NULL,'eduardo.samaniego@gmail.com','Eduardo','Pendiente',43,NULL,'0000-00-00 00:00:00',3),(232,33,NULL,'joselhrueda@gmail.com','José','Pendiente',43,NULL,'0000-00-00 00:00:00',3),(233,33,NULL,'karen.saldana@empowerlabs.com','','Aceptada',43,NULL,'0000-00-00 00:00:00',3),(234,33,NULL,'eabhaa123@gmail.com','Eric','Aceptada',43,NULL,'0000-00-00 00:00:00',3),(235,33,NULL,'covazquezv@gmail.com','Carlos','Pendiente',43,NULL,'0000-00-00 00:00:00',3),(236,33,NULL,'jorgedom61@gmail.com','Jorge','Aceptada',43,NULL,'0000-00-00 00:00:00',3),(237,33,NULL,'ma.esther.castro.alvear@gmail.com','Esther','Aceptada',43,NULL,'0000-00-00 00:00:00',3),(238,33,NULL,'maria.bravo@empowerlabs.com','Ángeles','Pendiente',43,NULL,'0000-00-00 00:00:00',3),(239,33,NULL,'mgbp8798@gmail.com','','Aceptada',43,NULL,'0000-00-00 00:00:00',3),(240,33,NULL,'veroromeroluttmann@gmail.com','','Aceptada',43,NULL,'0000-00-00 00:00:00',3),(241,33,NULL,'katiuskagamez@gmail.com','','Aceptada',43,NULL,'0000-00-00 00:00:00',3),(242,33,NULL,'noemi.salvatore@gmail.com','','Aceptada',43,NULL,'0000-00-00 00:00:00',3),(243,33,NULL,'marisela.manueco@gmail.com','Marisela','Pendiente',43,NULL,'0000-00-00 00:00:00',3),(244,33,NULL,'marisela.manueco@gmail.com','Marisela','Pendiente',43,NULL,'0000-00-00 00:00:00',3),(245,33,NULL,'covazquezv@gmail.com','Carlos','Aceptada',46,NULL,'0000-00-00 00:00:00',3),(247,33,NULL,'marinacst8@gmail.com','Marina','Pendiente',46,NULL,'0000-00-00 00:00:00',3),(248,33,NULL,'Vanessacampossierra@gmail.com','Vanessa','Aceptada',46,NULL,'0000-00-00 00:00:00',3),(249,33,NULL,'matiarreola@gmail.com','Matilde','Aceptada',46,NULL,'0000-00-00 00:00:00',3),(250,33,NULL,'cbecerrilg7@gmail.com','Claudia','Aceptada',46,NULL,'0000-00-00 00:00:00',3),(251,33,NULL,'wsma75@gmail.com','William','Aceptada',46,NULL,'0000-00-00 00:00:00',3),(252,33,NULL,'carolajrivas@gmail.com','Carola','Aceptada',46,NULL,'0000-00-00 00:00:00',3),(253,33,NULL,'veronica.gavi241180@gmail.com','Verónica','Aceptada',46,NULL,'0000-00-00 00:00:00',3),(254,33,NULL,'isabelsabatersanchez@gmail.com','Isabel','Aceptada',46,NULL,'0000-00-00 00:00:00',3),(255,33,NULL,'ramosguerrerogabriel@gmail.com','Gabriel','Pendiente',46,NULL,'0000-00-00 00:00:00',3),(256,33,NULL,'janakyw@gmail.com','Janaky','Aceptada',46,NULL,'0000-00-00 00:00:00',3),(257,33,NULL,'cochita.jebn@gmail.com','José','Aceptada',46,NULL,'0000-00-00 00:00:00',3),(258,33,NULL,'rafaelgarcia1.arce@gmail.com','Rafael','Aceptada',46,NULL,'0000-00-00 00:00:00',3),(259,33,NULL,'rockanalex@gmail.com','Alejandro','Pendiente',46,NULL,'0000-00-00 00:00:00',3),(260,33,NULL,'jose.rojas@empowerlabs.com','Alejandro','Pendiente',46,NULL,'0000-00-00 00:00:00',3),(261,33,NULL,'ivoncitaconde@gmail.com','Ivonné','Aceptada',46,NULL,'0000-00-00 00:00:00',3),(262,33,NULL,'jcarlosangel01@gmail.com','Juan Carlos','Pendiente',46,NULL,'0000-00-00 00:00:00',3),(263,33,NULL,'jcarlosangel01@gmail.com','Juan Carlos Angeles','Aceptada',37,NULL,'0000-00-00 00:00:00',3),(265,33,NULL,'jcarlosangel01@gmail.com','Juan Carlos Ángeles','Aceptada',37,NULL,'0000-00-00 00:00:00',3),(267,33,NULL,'juanriverav27@gmail.com','Juan','Aceptada',46,NULL,'0000-00-00 00:00:00',3),(268,33,NULL,'leo.78523@gmail.com','Leonardo','Pendiente',46,NULL,'0000-00-00 00:00:00',3),(269,33,NULL,'covazquezv@gmail.com','Carlos','Pendiente',59,'http://genniux.net/app/reinventate?token=e8decea12d032d5cc94eba49ad797c4b-269','0000-00-00 00:00:00',3),(270,33,NULL,'jose.rojas@empowerlabs.com','Alejandro','Aceptada',59,'http://genniux.net/app/reinventate?token=39436ca269b2097fd294623a37757af8-270','0000-00-00 00:00:00',3),(280,33,NULL,'carlosv@gmail.com','Carlos','Pendiente',59,'http://genniux.net/app/reinventate?token=ea8092b5980fd418159d9c713610b6ec-280','0000-00-00 00:00:00',3),(281,33,NULL,'carlosv@gmail.com','Carlos','Pendiente',59,'http://genniux.net/app/reinventate?token=ea8092b5980fd418159d9c713610b6ec-281','0000-00-00 00:00:00',3),(282,33,NULL,'carlosv@gmail.com','Carlos','Pendiente',59,'http://genniux.net/app/reinventate?token=ea8092b5980fd418159d9c713610b6ec-282','0000-00-00 00:00:00',3),(283,33,NULL,'jose.rojas@empowerlabs.com','José','Pendiente',59,'http://genniux.net/app/reinventate?token=39436ca269b2097fd294623a37757af8-283','0000-00-00 00:00:00',3),(284,33,NULL,'jose.rojas@empowerlabs.com','José','Pendiente',59,'http://genniux.net/app/genniuxsh/login?token=ddaafc91449dc29bad1354ad753e7b64','0000-00-00 00:00:00',3),(285,33,NULL,'covazquez@gmail.com','Carlos','Pendiente',59,'http://genniux.net/app/genniuxsh/login?token=f1f298eb7a19fe041e52719faeb29ed2','0000-00-00 00:00:00',3),(358,33,NULL,'covazquezv@gmail.com','','Pendiente',59,'http://genniux.net/app/genniuxsh/login?token=3235a8cce83bbcd001cc170d0457c099','0000-00-00 00:00:00',3),(359,33,41571,'jose.rojas@empowerlabs.com','','Pendiente',37,'http://genniux.net/app/genniuxsh/login?token=b2279a1e66341982bf01b9b7aee2c659','0000-00-00 00:00:00',3),(360,15,41891,'eric@genniux.com','','Pendiente',37,'http://genniux.net/app/genniuxsh/login?token=cb2b52373a7b732d90253c41455a31de','0000-00-00 00:00:00',3),(363,1242,41636,'jconsu@gmail.com','','Pendiente',59,'http://genniux.net/app/genniuxsh/login?token=a904493aeab3862c03454cebacfb3d1e','0000-00-00 00:00:00',3),(380,1252,41636,'carlos.vazquez@empowerlabs.com','','Pendiente',59,'http://genniux.net/app/genniuxsh/login?token=8f2eb65cc5286b3ebb3e16917ef330a1',NULL,3);

--
-- Table structure for table `invitacion_com`
--

CREATE TABLE `invitacion_com` (
  `id` int NOT NULL AUTO_INCREMENT,
  `id_emp` int NOT NULL,
  `id_emp_inv` int NOT NULL,
  `fecha` datetime NOT NULL,
  `autor` varchar(300) COLLATE utf8mb4_general_ci NOT NULL,
  `estatus` varchar(15) COLLATE utf8mb4_general_ci NOT NULL,
  PRIMARY KEY (`id`),
  KEY `id_emp` (`id_emp`),
  KEY `id_emp_inv` (`id_emp_inv`),
  CONSTRAINT `invitacion_com_ibfk_1` FOREIGN KEY (`id_emp`) REFERENCES `pap_eje` (`id`) ON DELETE CASCADE ON UPDATE CASCADE,
  CONSTRAINT `invitacion_com_ibfk_2` FOREIGN KEY (`id_emp_inv`) REFERENCES `pap_eje` (`id`) ON DELETE CASCADE ON UPDATE CASCADE
) ENGINE=InnoDB AUTO_INCREMENT=7 DEFAULT CHARSET=utf8mb4 COLLATE=utf8mb4_general_ci;

--
-- Dumping data for table `invitacion_com`
--


--
-- Table structure for table `invitacion_general`
--

CREATE TABLE `invitacion_general` (
  `id` int NOT NULL AUTO_INCREMENT,
  `email` varchar(200) NOT NULL,
  `app` varchar(50) NOT NULL,
  `origen` int NOT NULL,
  `status` varchar(20) NOT NULL,
  PRIMARY KEY (`id`)
) ENGINE=MyISAM DEFAULT CHARSET=latin1;

--
-- Dumping data for table `invitacion_general`
--


--
-- Table structure for table `invitacion_programa`
--

CREATE TABLE `invitacion_programa` (
  `id` int NOT NULL AUTO_INCREMENT,
  `id_invitacion` int NOT NULL,
  `programa` int NOT NULL,
  PRIMARY KEY (`id`),
  KEY `id_invitacion` (`id_invitacion`),
  KEY `programa` (`programa`)
) ENGINE=MyISAM AUTO_INCREMENT=882 DEFAULT CHARSET=latin1;

--
-- Dumping data for table `invitacion_programa`
--

INSERT INTO `invitacion_programa` VALUES (131,61,21309),(130,61,21308),(129,60,21310),(128,60,21309),(127,60,21308),(126,59,21310),(125,59,21309),(124,59,21308),(123,58,21310),(122,58,21309),(121,58,21308),(120,57,21310),(119,57,21309),(118,57,21308),(117,56,21310),(116,56,21309),(115,56,21308),(114,55,21310),(113,55,21309),(112,55,21308),(111,54,21310),(110,54,21309),(109,54,21308),(108,53,21310),(107,53,21309),(106,53,21308),(105,52,21310),(104,52,21309),(103,52,21308),(102,51,21310),(101,51,21309),(100,51,21308),(99,50,21310),(98,50,21309),(97,50,21308),(96,49,21310),(95,49,21309),(94,49,21308),(93,48,21310),(92,48,21309),(91,48,21308),(90,47,21310),(89,47,21309),(88,47,21308),(87,46,21310),(86,46,21309),(85,46,21308),(84,45,21310),(83,45,21309),(82,45,21308),(146,66,21309),(145,66,21308),(144,65,21310),(143,65,21309),(142,65,21308),(141,64,21310),(140,64,21309),(139,64,21308),(138,63,21310),(137,63,21309),(136,63,21308),(135,62,21310),(134,62,21309),(133,62,21308),(132,61,21310),(81,44,21310),(80,44,21309),(79,44,21308),(78,43,21310),(77,43,21309),(76,43,21308),(147,66,21310),(148,67,21308),(149,67,21309),(150,67,21310),(151,68,21308),(152,68,21309),(153,68,21310),(154,69,21308),(155,69,21309),(156,69,21310),(157,70,21308),(158,70,21309),(159,70,21310),(160,71,21308),(161,71,21309),(162,71,21310),(163,72,21308),(164,72,21309),(165,72,21310),(166,73,21308),(167,73,21309),(168,73,21310),(169,74,21308),(170,74,21309),(171,74,21310),(172,75,21308),(173,75,21309),(174,75,21310),(175,76,21308),(176,76,21309),(177,76,21310),(178,77,21308),(179,77,21309),(180,77,21310),(181,78,21308),(182,78,21309),(183,78,21310),(184,79,21308),(185,79,21309),(186,79,21310),(187,80,21308),(188,80,21309),(189,80,21310),(190,81,21308),(191,81,21309),(192,81,21310),(193,82,21308),(194,82,21309),(195,82,21310),(196,83,21308),(197,83,21309),(198,83,21310),(199,84,21308),(200,84,21309),(201,84,21310),(202,85,21308),(203,85,21309),(204,85,21310),(205,86,21308),(206,86,21309),(207,86,21310),(208,87,21308),(209,87,21309),(210,87,21310),(211,88,21308),(212,88,21309),(213,88,21310),(214,89,21308),(215,89,21309),(216,89,21310),(217,90,21308),(218,90,21309),(219,90,21310),(220,91,21308),(221,91,21309),(222,91,21310),(223,92,21308),(224,92,21309),(225,92,21310),(226,93,21308),(227,93,21309),(228,93,21310),(229,94,21308),(230,94,21309),(231,94,21310),(232,95,21308),(233,95,21309),(234,95,21310),(235,96,21308),(236,96,21309),(237,96,21310),(238,97,21308),(239,97,21309),(240,97,21310),(241,98,21308),(242,98,21309),(243,98,21310),(244,99,21308),(245,99,21309),(246,99,21310),(247,100,21308),(248,100,21309),(249,100,21310),(250,101,21308),(251,101,21309),(252,101,21310),(253,102,21308),(254,102,21309),(255,102,21310),(256,103,21308),(257,103,21309),(258,103,21310),(259,104,21308),(260,104,21309),(261,104,21310),(262,105,21308),(263,105,21309),(264,105,21310),(265,106,21308),(266,106,21309),(267,106,21310),(268,107,21146),(269,107,21155),(270,107,21149),(271,108,21146),(272,108,21155),(273,108,21149),(274,109,21146),(275,109,21155),(276,109,21149),(277,110,21146),(278,110,21155),(279,110,21149),(280,111,21146),(281,111,21155),(282,111,21149),(283,112,21146),(284,112,21155),(285,112,21149),(286,113,21146),(287,113,21155),(288,113,21149),(289,114,21146),(290,114,21155),(291,114,21149),(292,115,21146),(293,115,21155),(294,115,21149),(295,116,21146),(296,116,21155),(297,116,21149),(298,117,21146),(299,117,21155),(300,117,21149),(301,118,21146),(302,118,21155),(303,118,21149),(304,119,21146),(305,119,21155),(306,119,21149),(307,120,21146),(308,120,21155),(309,120,21149),(310,121,21146),(311,121,21155),(312,121,21149),(313,122,21146),(314,122,21155),(315,122,21149),(316,123,21146),(317,123,21155),(318,123,21149),(319,124,21146),(320,124,21155),(321,124,21149),(322,125,21146),(323,125,21155),(324,125,21149),(325,126,21146),(326,126,21155),(327,126,21149),(328,127,21146),(329,127,21155),(330,127,21149),(331,128,21146),(332,128,21155),(333,128,21149),(334,129,21146),(335,129,21155),(336,129,21149),(337,130,21146),(338,130,21155),(339,130,21149),(340,131,21146),(341,131,21155),(342,131,21149),(343,132,21146),(344,132,21155),(345,132,21149),(346,133,21146),(347,133,21155),(348,133,21149),(349,134,21146),(350,134,21155),(351,134,21149),(352,135,21146),(353,135,21155),(354,135,21149),(355,136,21146),(356,136,21155),(357,136,21149),(358,137,21146),(359,137,21155),(360,137,21149),(361,138,21146),(362,138,21155),(363,138,21149),(364,139,21146),(365,139,21155),(366,139,21149),(367,140,21146),(368,140,21155),(369,140,21149),(370,141,21146),(371,141,21155),(372,141,21149),(373,142,21146),(374,142,21155),(375,142,21149),(376,143,21146),(377,143,21155),(378,143,21149),(379,144,21146),(380,144,21155),(381,144,21149),(382,145,21146),(383,145,21155),(384,145,21149),(385,146,21146),(386,146,21155),(387,146,21149),(388,147,21146),(389,147,21155),(390,147,21149),(391,148,21146),(392,148,21155),(393,148,21149),(394,149,21146),(395,149,21155),(396,149,21149),(397,150,21146),(398,150,21155),(399,150,21149),(400,151,21146),(401,151,21155),(402,151,21149),(403,152,21146),(404,152,21155),(405,152,21149),(406,153,21146),(407,153,21155),(408,153,21149),(409,154,21146),(410,154,21155),(411,154,21149),(412,155,21146),(413,155,21155),(414,155,21149),(415,156,21146),(416,156,21155),(417,156,21149),(418,157,21146),(419,157,21155),(420,157,21149),(421,158,21146),(422,158,21155),(423,158,21149),(424,159,21146),(425,159,21155),(426,159,21149),(427,160,21146),(428,160,21155),(429,160,21149),(430,161,21146),(431,161,21155),(432,161,21149),(433,162,21146),(434,162,21155),(435,162,21149),(436,163,21146),(437,163,21155),(438,163,21149),(439,164,21146),(440,164,21155),(441,164,21149),(442,165,21146),(443,165,21155),(444,165,21149),(445,166,21146),(446,166,21155),(447,166,21149),(448,167,21146),(449,167,21155),(450,167,21149),(451,168,22751),(452,168,22752),(453,168,22753),(454,169,22751),(455,169,22752),(456,169,22753),(457,170,22751),(458,170,22752),(459,170,22753),(460,171,22751),(461,171,22752),(462,171,22753),(463,172,22751),(464,172,22752),(465,172,22753),(466,173,22751),(467,173,22752),(468,173,22753),(469,174,22751),(470,174,22752),(471,174,22753),(472,175,22751),(473,175,22752),(474,175,22753),(475,176,22751),(476,176,22752),(477,176,22753),(478,177,22751),(479,177,22752),(480,177,22753),(481,178,22751),(482,178,22752),(483,178,22753),(484,179,22751),(485,179,22752),(486,179,22753),(487,180,22751),(488,180,22752),(489,180,22753),(490,181,22751),(491,181,22752),(492,181,22753),(493,182,22751),(494,182,22752),(495,182,22753),(496,183,22751),(497,183,22752),(498,183,22753),(499,184,22751),(500,184,22752),(501,184,22753),(502,185,22751),(503,185,22752),(504,185,22753),(505,186,22751),(506,186,22752),(507,186,22753),(508,187,22751),(509,187,22752),(510,187,22753),(511,188,22751),(512,188,22752),(513,188,22753),(514,189,22751),(515,189,22752),(516,189,22753),(517,190,22751),(518,190,22752),(519,190,22753),(520,191,22751),(521,191,22752),(522,191,22753),(523,192,22751),(524,192,22752),(525,192,22753),(526,193,22751),(527,193,22752),(528,193,22753),(529,194,22751),(530,194,22752),(531,194,22753),(532,195,22751),(533,195,22752),(534,195,22753),(535,196,22751),(536,196,22752),(537,196,22753),(538,197,22751),(539,197,22752),(540,197,22753),(541,198,22751),(542,198,22752),(543,198,22753),(544,199,22751),(545,199,22752),(546,199,22753),(547,200,22751),(548,200,22752),(549,200,22753),(550,201,22751),(551,201,22752),(552,201,22753),(553,202,22751),(554,202,22752),(555,202,22753),(556,203,22751),(557,203,22752),(558,203,22753),(559,204,22751),(560,204,22752),(561,204,22753),(562,205,22751),(563,205,22752),(564,205,22753),(565,206,22751),(566,206,22752),(567,206,22753),(568,207,22751),(569,207,22752),(570,207,22753),(571,208,22751),(572,208,22752),(573,208,22753),(574,209,22751),(575,209,22752),(576,209,22753),(577,210,22751),(578,210,22752),(579,210,22753),(580,211,22751),(581,211,22752),(582,211,22753),(583,212,22751),(584,212,22752),(585,212,22753),(586,213,22751),(587,213,22752),(588,213,22753),(589,214,22751),(590,214,22752),(591,214,22753),(592,215,22751),(593,215,22752),(594,215,22753),(595,216,22751),(596,216,22752),(597,216,22753),(598,217,22751),(599,217,22752),(600,217,22753),(601,218,22751),(602,218,22752),(603,218,22753),(604,219,22751),(605,219,22752),(606,219,22753),(607,220,22751),(608,220,22752),(609,220,22753),(610,221,22751),(611,221,22752),(612,221,22753),(613,222,22751),(614,222,22752),(615,222,22753),(616,223,22751),(617,223,22752),(618,223,22753),(619,224,22751),(620,224,22752),(621,224,22753),(622,225,22751),(623,225,22752),(624,225,22753),(625,226,22751),(626,226,22752),(627,226,22753),(628,227,22751),(629,227,22752),(630,227,22753),(631,228,22751),(632,228,22752),(633,228,22753),(634,229,22751),(635,229,22752),(636,229,22753),(637,230,22751),(638,230,22752),(639,230,22753),(640,231,22751),(641,231,22752),(642,231,22753),(643,232,22751),(644,232,22752),(645,232,22753),(646,233,22751),(647,233,22752),(648,233,22753),(649,234,22751),(650,234,22752),(651,234,22753),(652,235,22751),(653,235,22752),(654,235,22753),(655,236,22751),(656,236,22752),(657,236,22753),(658,237,22751),(659,237,22752),(660,237,22753),(661,238,22751),(662,238,22752),(663,238,22753),(664,239,22751),(665,239,22752),(666,239,22753),(667,240,22751),(668,240,22752),(669,240,22753),(670,241,22751),(671,241,22752),(672,241,22753),(673,242,22751),(674,242,22752),(675,242,22753),(676,243,22751),(677,243,22752),(678,243,22753),(679,244,22751),(680,244,22752),(681,244,22753),(682,245,23518),(683,246,23518),(684,247,23518),(685,248,23518),(686,249,23518),(687,250,23518),(688,251,23518),(689,252,23518),(690,253,23518),(691,254,23518),(692,255,23518),(693,256,23518),(694,257,23518),(695,258,23518),(696,259,23518),(697,260,23518),(698,261,23518),(699,262,23518),(700,263,23518),(701,264,23518),(702,265,23518),(703,266,23518),(704,267,23518),(705,268,23518),(706,0,23518),(707,0,23518),(708,269,23518),(709,270,23518),(710,271,25022),(711,271,25023),(712,272,25022),(713,272,25023),(714,273,25022),(715,273,25023),(716,274,25022),(717,274,25023),(718,275,25022),(719,275,25023),(720,276,25022),(721,276,25023),(722,277,25022),(723,277,25023),(724,278,25022),(725,278,25023),(726,279,25022),(727,279,25023),(728,280,25022),(729,280,25023),(730,281,25022),(731,281,25023),(732,282,25022),(733,282,25023),(734,283,25022),(735,283,25023),(736,284,25022),(737,284,25023),(738,285,25022),(739,285,25023),(740,286,25022),(741,286,25023),(742,287,25022),(743,287,25023),(744,288,25022),(745,288,25023),(746,289,25022),(747,289,25023),(748,290,25022),(749,290,25023),(750,291,25022),(751,291,25023),(752,292,25022),(753,292,25023),(754,293,25022),(755,293,25023),(756,294,25022),(757,294,25023),(758,295,25022),(759,295,25023),(760,296,25022),(761,296,25023),(762,297,25022),(763,297,25023),(764,298,25022),(765,298,25023),(766,299,25022),(767,299,25023),(768,300,25022),(769,300,25023),(770,301,25022),(771,301,25023),(772,302,25022),(773,302,25023),(774,303,25022),(775,303,25023),(776,304,25022),(777,304,25023),(778,305,25022),(779,305,25023),(780,306,25022),(781,306,25023),(782,307,25022),(783,307,25023),(784,308,25022),(785,308,25023),(786,309,25022),(787,309,25023),(788,310,25022),(789,310,25023),(790,311,25022),(791,311,25023),(792,312,25022),(793,312,25023),(794,313,25022),(795,313,25023),(796,314,25022),(797,314,25023),(798,315,25022),(799,315,25023),(800,316,25022),(801,316,25023),(802,317,25022),(803,317,25023),(804,318,25022),(805,318,25023),(806,319,25022),(807,319,25023),(808,320,25022),(809,320,25023),(810,321,25022),(811,321,25023),(812,322,25022),(813,322,25023),(814,323,25022),(815,323,25023),(816,324,25022),(817,324,25023),(818,325,25022),(819,325,25023),(820,326,25022),(821,326,25023),(822,327,25022),(823,327,25023),(824,328,25022),(825,328,25023),(826,329,25022),(827,329,25023),(828,330,25022),(829,330,25023),(830,331,25022),(831,331,25023),(832,332,25022),(833,332,25023),(834,333,25022),(835,333,25023),(836,334,25022),(837,334,25023),(838,335,25022),(839,335,25023),(840,336,25022),(841,336,25023),(842,337,25022),(843,337,25023),(844,338,25022),(845,338,25023),(846,339,25022),(847,339,25023),(848,340,25022),(849,340,25023),(850,341,25022),(851,341,25023),(852,342,25022),(853,342,25023),(854,343,25022),(855,343,25023),(856,344,25022),(857,344,25023),(858,345,25022),(859,345,25023),(860,346,25022),(861,346,25023),(862,347,25022),(863,347,25023),(864,348,25022),(865,348,25023),(866,349,25022),(867,349,25023),(868,350,25022),(869,350,25023),(870,351,25022),(871,351,25023),(872,352,25022),(873,352,25023),(874,353,25022),(875,353,25023),(876,354,25022),(877,354,25023),(878,355,25022),(879,355,25023),(880,356,25022),(881,356,25023);

--
-- Table structure for table `invitacion_sumaton`
--

CREATE TABLE `invitacion_sumaton` (
  `id` int NOT NULL AUTO_INCREMENT,
  `nombre` text NOT NULL,
  `email` varchar(250) NOT NULL,
  `fecha` datetime NOT NULL,
  `status` varchar(20) NOT NULL,
  `contact_id` varchar(90) NOT NULL,
  `sumaton` int DEFAULT NULL,
  PRIMARY KEY (`id`),
  KEY `sumaton` (`sumaton`),
  CONSTRAINT `invitacion_sumaton_ibfk_1` FOREIGN KEY (`sumaton`) REFERENCES `pap_eje` (`id`) ON DELETE CASCADE ON UPDATE CASCADE
) ENGINE=InnoDB AUTO_INCREMENT=84 DEFAULT CHARSET=latin1;

--
-- Dumping data for table `invitacion_sumaton`
--

INSERT INTO `invitacion_sumaton` VALUES (1,'Arturo García Mata','vinculacionsocial.teh@uvp.mx','2024-09-10 07:49:42','Pendiente','kBwID99erlEPhXjRlypY',118),(2,'Blanca Lilia De La Rosa Razo','blanca.delarosa@uttehuacan.edu.mx','2024-09-10 07:49:42','Pendiente','uSHMLWJ5uS9d2s48zOgp',118),(3,'Juan Carlos Aguirre Villarruel','jcav_halcon@hotmail.com','2024-09-10 07:49:42','Pendiente','dgcrGb7HY9QF9cejwxMR',118),(4,'Thais Rebeca Becerril Velázquez','thais.ciie@gmail.com','2024-09-10 07:49:42','Pendiente','Mlan67T8uLceP1ugwTF9',118),(5,'Claudia Yahaira Zamora Rodríguez','claudiayahaira.zamora@uptlax.edu.mx','2024-09-10 07:49:42','Pendiente','CGPXMu8UO60c8sAxzjuA',118),(6,'Maria Guadalupe Venegas Moctezuma','nodess@colima.tecnm.mx','2024-09-10 07:49:42','Pendiente','ep2lu6bg4IQcoOG2yIRP',118),(7,'Gerardo Miguel Salgado Benítez','gsalgadobenitez@yahoo.com.mx','2024-09-10 07:49:42','Pendiente','A3lYBQo9Vx35xr44UOwy',118),(8,'Mary Carmen López Monroy','addhusac@gmail.com','2024-09-10 07:49:42','Pendiente','ZhxD6URtXOnMMb9UhcBS',118),(9,'MARICELA GALLEGOS CUEVAS','vin_smarcos@tecnm.mx','2024-09-10 07:49:42','Pendiente','kOd0pqc0mXhdOeaUDq9F',118),(10,'Lupita Valle Catalan','valle_lupita@hotmail.com','2024-09-10 07:49:42','Pendiente','ZC5wXbVdceGJN2wE6PPD',118),(11,'Jorge','jorge.vc@regionsierra.tecnm.mx','2024-09-10 07:49:42','Pendiente','uBQORutvCiwuuvujdURC',118),(12,'Martín Hernández','martin_hernandez@uaeh.edu.mx','2024-09-10 07:49:42','Pendiente','bfJZGtoe5c75zjgDK3IO',118),(13,'JOSE GILBERTO ORTEGA GARCIA','josegilbertoortegagarcia@uflp.edu.mx','2024-09-10 07:49:42','Pendiente','ctzh1gJP5N8FpooxTK6B',118),(14,'Gustavo','guperez@upmh.edu.mx','2024-09-10 07:49:42','Pendiente','KqYC9YDy8OpxW7LOWNIT',118),(15,'José De Jesús Rivera De La Rosa','jjesusriverar@gmail.com','2024-09-10 07:49:42','Pendiente','SsoaTn36cw0GjNtqTSEO',118),(16,'José Luis Sergio Sosa González','sergio.sosa@correo.buap.mx','2024-09-10 07:49:42','Pendiente','fP6j2Wxds8c07bd8TLMP',118),(17,'Rufino A. Màrquez Camarillo','rufino.mz@gmail.com','2024-09-10 07:49:42','Pendiente','SY3mds1Y6wRTjedEoldC',118),(18,'Ricardo De La Peña','rdepl@huatulco.umar.mx','2024-09-10 07:49:42','Pendiente','jXsv3bICWzkB2X7LTQWs',118),(19,'Aída Ledesma Albert','div.gestion@tesjo.edu.mx','2024-09-10 07:49:42','Pendiente','ZDbAiOc3h43rUIkfDAyT',118),(20,'Esmeralda Bolaños Escobedo','esmebolesc09@gmail.com','2024-09-10 07:49:42','Pendiente','nVMXFGcldjiXboTMPyNH',118),(21,'Edith Miriam García Salazar','edith.garcia@ciad.mx','2024-09-10 07:49:42','Pendiente','VqDh9uj7gxBJBO2njERE',118),(22,'Marco Tulio Peña Vera Cervantes','marco.penavera@gmail.com','2024-09-10 07:49:42','Pendiente','PCv523h2pXjMr7hAoKIg',118),(23,'Javier Enrique Vera Lopez','verajavier69@gmail.com','2024-09-10 07:49:42','Pendiente','Bnhvsccc0uqZeai5rJYC',118),(24,'YHADIRA HUICAB GARCIA','yhadira.huicab@gmail.com','2024-09-10 07:49:42','Pendiente','Q3PLFuEW7VOMoF2guQUa',118),(25,'ANA CECILIA RODRIGUEZ RONCANCIO','ana.rodriguez@uiep.edu.mx','2024-09-10 07:49:42','Pendiente','9jugK2NIXDB8DIixBjZc',118),(26,'Alejo Martínez','alejo@efectivotech.com','2024-09-10 07:49:42','Pendiente','KZHJY680NbFIG2k4Tjvd',118),(27,'MIROSLAVA TALAVERA','miroslava.talavera@gmail.com','2024-09-10 07:49:42','Pendiente','iP1hEfwPk8pBCEq5fRon',118),(28,'JAVIER SALMERON LOPEZ','j-salmeronl@choapas.tecnm.mx','2024-09-10 07:49:42','Pendiente','q7w24TsGYkcZR2NtQ9zz',118),(29,'JOSE ALFREDO GALICIA MAYO','j-galiciam@choapas.tecnm.mx','2024-09-10 07:49:42','Pendiente','PrHHNm0KnxPqNgnRCQic',118),(30,'Ricardo Contreras Soto','riconsoto@gmail.com','2024-09-10 07:49:42','Pendiente','uYNg3JZpyfzxCnH4wQsK',118),(31,'Gabriela Ortiz Cordero','gabriela.ortiz@upt.edu.mx','2024-09-10 07:49:42','Pendiente','qSLh8wCODd2qVLUZ1b3H',118),(32,'Axel Arside Rodríguez Quintero','axelrodriguez394@gmail.com','2024-09-10 07:49:42','Pendiente','Pa5gNOLAOnsj4bzFoTZW',118),(33,'Fernando Rendón','cenuaz.finanzas@gmail.com','2024-09-10 07:49:42','Pendiente','mXHPNJ23171GlUS8NHaJ',118),(34,'Mtro. Carlos Roberto Camarillo Rojas','vinculacion@uttecam.edu.mx','2024-09-10 07:49:42','Pendiente','g1ide0Spjd02qKrSDLTr',118),(35,'Claudia Ivette Luis Vázquez','extensionuniversitaria@uttecam.edu.mx','2024-09-10 07:49:42','Pendiente','BXNFVM2z6qyIo0Z0AbkO',118),(36,'ROXANA','roxana.guerrero.papaqui19@gmail.com','2024-09-10 07:49:42','Pendiente','WpT3b0aLRSb9jcQ4HeFU',118),(37,'Laura Cebada Viveros','inglauracebada@outlook.es','2024-09-10 07:49:42','Pendiente','bv2H73DEZUtTpd07yUSB',118),(38,'JOSE ELIAS LOPEZ OCAÑA','vinculacion@laselva.edu.mx','2024-09-10 07:49:42','Pendiente','0dF37Q1lz75d7Qg5mIVZ',118),(39,'Dra. María Guadalupe Vera Ortiz','guadalupe.vera@hidalgo.gob.mx','2024-09-10 07:49:42','Pendiente','Os0pF0uURm3IKigK0v1A',118),(40,'José Eduardo Silva Cedillo','jsilvac@uttecamac.edu.mx','2024-09-10 07:49:42','Pendiente','dw2TyBoIgNGV7qtpe0kX',118),(41,'Josue Salado Maganda','josuesalado1@hotmail.com','2024-09-10 07:49:42','Pendiente','4aMc49I8SnBDxbLxIVGs',118),(42,'Valeria Del Carmen Herrera Herrera','vinculacion@uiepa.edu.mx','2024-09-10 07:49:42','Pendiente','la5ypbtwIAwq1DhEoZtt',118),(43,'María Angélica Cruz Camargo','macruz@iteshu.edu.mx','2024-09-10 07:49:42','Pendiente','Bd3Y6OxRkSANOS2Pd0Qe',118),(44,'FRANCISCO URIEL CAMACHO ARANDA','ucamacho@iteshu.edu.mx','2024-09-10 07:49:42','Pendiente','2G4fS7meQpBTTUDnC1mV',118),(45,'Alejandro Otlica Rosario','aotlica@cdserdan.tecnm.mx','2024-09-10 07:49:42','Pendiente','LSNQFWfaNVLwadBcn1LX',118),(47,'Victor Heredia','victor@masterplaybooks.com','2024-09-10 13:27:03','Pendiente','MpbK23',118),(48,'Lucero Manilla Muñoz','chapulhuacan@uttt.edu.mx','2024-09-10 15:44:11','pending','BgvSywPWEe7yCUA9alol',118),(49,'Mayra Guadalupe Puentes Hernández','mayra.puentes@iberotorreon.edu.mx','2024-09-10 15:44:11','pending','bCrVbZmtdEVAmybIkfgx',118),(50,'Anna Judith Pérez Báez','anna.perez@sonora.gob.mx','2024-09-10 15:44:11','pending','SJiez7O0Z23v3jo2xU2J',118),(51,'Marcos Deyvis Jesus Zequera','marcos.zequera@gmail.com','2024-09-10 15:44:11','pending','suht9Bg6qIiT9wXhcww8',118),(52,'Luis Hector Rios Arreola','luis.rios@itdadistancia.tv','2024-09-10 15:44:11','pending','SaNNvea5YB5SwgwhxcJd',118),(53,'ELIZABET CARIÑO IBARRA','elizabet.ibarra22@gmail.com','2024-09-10 15:44:11','pending','hfMmZA4hj4g1UWQrUPvA',118),(54,'Alfredo Alvarez','alugal4@gmail.com','2024-09-10 15:44:11','pending','uxWmTP15y4gGKoUobZEL',118),(55,'ELIZABETH MEDEL MENDOZA','extension.itstr@gmail.com','2024-09-10 15:44:11','pending','dNTF6oqr94fJFHMgPmhd',118),(56,'Crucita Aurora Ken Rodriguez','cruken@uqroo.edu.mx','2024-09-10 15:44:11','pending','wEe9CQcok0a6P1kSOSbR',118),(57,'Blanca Lucía','blanca.em@piedrasnegras.tecnm.mx','2024-09-10 15:44:11','pending','e0JfX7gNBr35EC29TbtJ',118),(58,'José Manuel Sánchez Gamboa','sanchezgamboajm@gmail.com','2024-09-10 15:44:11','pending','ic7l17SM7zGs4xXrovBY',118),(59,'ZULEIMA MIRANDA GONZALEZ','zmirandag@huatusco.tecnm.mx','2024-09-10 15:44:11','pending','bJq7RrGcmxEqeylPHi9d',118),(60,'Rene Velázquez Jiménez','rene_velazquez10269@uaeh.edu.mx','2024-09-10 15:44:11','pending','z6hSzbHhlzay1xg6Qsw6',118),(61,'Erick Rodrigo Guzmán Gorrochotegui','erick.gg@toluca.tecnm.mx','2024-09-10 15:44:11','pending','Y33jIxGsv1P9s7Y4bw3b',118),(62,'Karla María Ortega Valdez','karla.ortegavaldez@gmail.com','2024-09-10 15:44:11','pending','ka8O7pJZp0voLCUJMzTB',118),(63,'Rosa','rosaiselahm74@gmail.com','2024-09-10 15:44:11','pending','xTxpQLwNMujfTgCa2Kdb',118),(64,'Antonio Hernández Reynoso','antonio.hernandez@tequila.tecmm.edu.mx','2024-09-10 15:44:11','pending','YOflhJVgACXHsmZRtFUV',118),(65,'JOSE ALFREDO GALICIA MAYO','j-galiciam@choapas.tecnm.mx','2024-09-10 15:44:11','pending','PrHHNm0KnxPqNgnRCQic',118),(66,'Mayte Valenzuela','mayte.vn@huatabampo.tecnm.mx','2024-09-10 16:09:23','Pendiente','xkhx7JHU9WaGVnAOHXgk',118),(67,'HELUE MIRIAM GARCÍA IGNACIO','helue.garcia@uptlax.edu.mx','2024-09-10 16:09:23','Pendiente','qBST7e0QEF4P4Iwxxr3j',118),(68,'Miguel Cid Del Prado Martínez','mcid@ittg.edu.mx','2024-09-10 16:09:23','Pendiente','20X2wZmNM8LuIyV6sgoi',118),(69,'José Antonio Pat Morales','antonpat2@gmail.com','2024-09-10 16:09:23','Pendiente','TOIyDRY2ZrtUt39R5pAy',118),(70,'José','ciie_dtianguistenco@test.edu.mx','2024-09-10 16:09:23','Pendiente','DTl0jTxzAuEzoufLASsy',118),(71,'Yazmin Areli Hernández Estévez','lae.yahe@gmail.com','2024-09-10 16:09:23','Pendiente','xIFMLoL6SgS2oNyOCy9I',118),(72,'Yoselina Rojas Vélez','yos.rv.89@gmail.com','2024-09-10 16:09:23','Pendiente','fgNxdV34QysOQn8lwR3e',118),(73,'Gilberto Méndez Arenas','mendezarenasgilberto@gmail.com','2024-09-10 16:20:56','Pendiente','jGJT8sfy0JIud75y7ZTv',118),(74,'JULIO CÉSAR BECERRA DÍAZ','transferencia.innovacion@uptlax.edu.mx','2024-09-10 16:20:56','Pendiente','ltdsxJu0QNo8vZraVZ73',118),(75,'Hildebertha Esteban','hildeberthaesteban@gmail.com','2024-09-10 16:20:56','Pendiente','uJFfrpgPfzRRl9pCjLUg',118),(76,'Aldo','incubadora_teh@tehuacan.tecnm.mx','2024-09-10 16:20:56','Pendiente','HrpIrZJAKacoA2yOrxLQ',118),(77,'Anayetzin Torres Rivera','anayetzin.t.r@huixquilucan.tecnm.mx','2024-09-10 16:27:43','Pendiente','CXvodEqIcntUPaM2oYl8',118),(78,'Sofia Mara Mañon Martinez','maramm.ciie23@gmail.com','2024-09-10 16:27:43','Pendiente','2iQJwjVRohtB9Mn4oaBF',118),(79,'Edith García','nodess.hidalgo@gmail.com','2024-09-10 16:48:12','Pendiente','SoHdmKWBHX7etDlv8cMg',118),(80,'René Velázquez Jiménez','rene_velazquez10269@uaeh.edu.mx','2024-09-10 16:48:12','Pendiente','z6hSzbHhlzay1xg6Qsw6',118),(81,'Juan Antonio Rivera Lorca','juan.rl@conkal.tecnm.mx','2024-09-10 16:48:12','Pendiente','lzqcfJYIUZj9SH23CxC2',118),(82,'Veronica Mejia Mendoza','veronica@itspa.edu.mx','2024-09-10 16:48:12','Pendiente','Bo17vHn8LuK4Ub3aKxZb',118),(83,'Amoreno','d_vinculacion04@tecnm.mx','2024-09-11 15:26:35','pending','JT5AwZ5Sor6STGECB3j3',118);

--
-- Table structure for table `likes`
--

CREATE TABLE `likes` (
  `id` int NOT NULL AUTO_INCREMENT,
  `activity_id` int DEFAULT NULL,
  `comment_id` int DEFAULT NULL,
  `usuario` int NOT NULL,
  `tipo` int DEFAULT NULL,
  PRIMARY KEY (`id`),
  KEY `id_activity` (`activity_id`),
  KEY `usuario` (`usuario`),
  KEY `id_comment` (`comment_id`),
  CONSTRAINT `likes_ibfk_1` FOREIGN KEY (`comment_id`) REFERENCES `comentario` (`id`) ON DELETE CASCADE ON UPDATE CASCADE,
  CONSTRAINT `likes_ibfk_2` FOREIGN KEY (`activity_id`) REFERENCES `pap_sub_eje` (`id`) ON DELETE CASCADE ON UPDATE CASCADE,
  CONSTRAINT `likes_ibfk_3` FOREIGN KEY (`usuario`) REFERENCES `puesto` (`id`) ON DELETE CASCADE ON UPDATE CASCADE
) ENGINE=InnoDB AUTO_INCREMENT=11202 DEFAULT CHARSET=latin1;

--
-- Dumping data for table `likes`
--

INSERT INTO `likes` VALUES (158,16579,NULL,130,1),(182,16581,NULL,130,1),(183,16580,NULL,130,1),(184,16597,NULL,130,1),(186,16596,NULL,130,1),(191,16600,NULL,212,1),(194,16604,NULL,130,1),(195,16599,NULL,130,1),(196,16605,NULL,178,1),(197,16613,NULL,130,1),(198,16611,NULL,130,1),(199,16610,NULL,130,1),(200,16613,NULL,232,1),(210,16645,NULL,130,1),(211,16666,NULL,232,1),(212,16666,NULL,4,1),(213,16666,NULL,178,1),(214,16667,NULL,178,1),(221,16671,NULL,130,1),(222,16668,NULL,130,1),(224,16688,NULL,178,1),(225,16679,NULL,178,1),(231,16703,NULL,114,1),(232,16667,NULL,114,1),(233,16705,NULL,130,1),(237,16703,NULL,130,1),(239,16708,NULL,232,1),(240,16705,NULL,232,1),(241,16703,NULL,232,1),(250,16740,NULL,178,1),(251,16788,NULL,130,1),(252,16790,NULL,250,1),(253,16973,NULL,178,1),(255,16977,NULL,232,1),(256,16978,NULL,232,1),(261,16976,NULL,232,1),(262,16976,NULL,178,1),(263,16983,NULL,232,1),(265,16985,NULL,218,1),(266,16984,NULL,218,1),(267,16977,NULL,218,1),(268,16779,NULL,218,1),(269,16986,NULL,218,1),(270,16989,NULL,232,1),(273,16999,NULL,232,1),(274,16998,NULL,232,1),(275,17000,NULL,250,1),(276,16999,NULL,250,1),(277,16998,NULL,250,1),(278,16997,NULL,250,1),(279,16990,NULL,250,1),(281,17001,NULL,178,1),(285,17012,NULL,130,1),(286,17000,NULL,189,1),(291,17044,NULL,232,1),(292,17041,NULL,250,1),(293,17045,NULL,250,1),(294,17037,NULL,250,1),(295,17039,NULL,250,1),(296,17028,NULL,250,1),(297,17027,NULL,250,1),(298,17060,NULL,130,1),(299,17045,NULL,130,1),(300,17068,NULL,232,1),(305,17396,NULL,114,1),(306,17408,NULL,114,1),(307,17407,NULL,114,1),(308,17359,NULL,114,1),(309,17067,NULL,114,1),(316,17730,NULL,81,1),(317,17730,NULL,15,1),(318,17759,NULL,15,1),(322,17828,NULL,15,1),(323,17828,NULL,14,1),(324,17828,NULL,81,1),(325,17871,NULL,15,1),(332,17905,NULL,81,1),(333,17914,NULL,81,1),(335,17914,NULL,37,1),(336,17926,NULL,37,1),(337,17929,NULL,130,1),(340,17942,NULL,37,1),(343,17942,NULL,15,1),(344,17941,NULL,15,1),(345,17938,NULL,15,1),(347,17926,NULL,15,1),(350,17942,NULL,81,1),(351,17951,NULL,15,1),(352,17951,NULL,37,1),(353,17993,NULL,15,1),(356,17995,NULL,81,1),(357,18003,NULL,15,1),(358,18003,NULL,14,1),(359,18005,NULL,14,1),(360,18005,NULL,81,1),(361,18010,NULL,81,1),(362,18015,NULL,37,1),(364,18015,NULL,15,1),(368,18075,NULL,15,1),(369,18075,NULL,14,1),(371,18094,NULL,81,1),(372,18111,NULL,37,1),(373,18111,NULL,81,1),(375,18113,NULL,15,1),(378,18133,NULL,81,1),(379,18134,NULL,37,1),(380,18147,NULL,15,1),(384,18161,NULL,15,1),(385,18161,NULL,148,1),(386,18175,NULL,15,1),(387,18176,NULL,14,1),(388,18188,NULL,15,1),(390,18197,NULL,15,1),(398,18226,NULL,14,1),(399,18237,NULL,14,1),(400,18263,NULL,37,1),(401,18272,NULL,15,1),(406,18449,NULL,14,1),(407,18471,NULL,14,1),(408,18471,NULL,15,1),(410,18531,NULL,14,1),(411,18532,NULL,37,1),(412,18532,NULL,15,1),(413,18612,NULL,14,1),(414,18612,NULL,148,1),(416,18612,NULL,81,1),(418,18612,NULL,15,1),(422,19049,NULL,37,1),(423,19045,NULL,15,1),(424,19132,NULL,37,1),(425,19134,NULL,15,1),(428,19139,NULL,37,1),(435,19194,NULL,37,1),(436,19192,NULL,37,1),(437,19171,NULL,37,1),(440,19299,NULL,37,1),(441,19298,NULL,37,1),(443,19300,NULL,37,1),(444,19300,NULL,15,1),(448,19363,NULL,37,1),(449,19350,NULL,81,1),(454,19406,NULL,37,1),(457,19435,NULL,81,1),(458,19435,NULL,148,1),(461,19438,NULL,37,1),(462,19444,NULL,15,1),(463,19435,NULL,15,1),(465,19451,NULL,37,1),(466,18791,NULL,148,1),(470,19464,NULL,37,1),(471,19444,NULL,148,1),(472,19497,NULL,37,1),(473,19517,NULL,148,1),(475,19517,NULL,81,1),(476,19516,NULL,37,1),(1179,20918,NULL,14,NULL),(1180,20833,NULL,14,NULL),(1181,20927,NULL,37,NULL),(1183,20927,NULL,15,NULL),(1198,21023,NULL,37,NULL),(1200,21052,NULL,14,NULL),(1202,21074,NULL,14,NULL),(1210,21821,NULL,531,NULL),(1215,21833,NULL,485,NULL),(1221,21852,NULL,531,NULL),(1222,21833,NULL,531,NULL),(1230,21852,NULL,520,NULL),(1231,21833,NULL,520,NULL),(1232,21821,NULL,520,NULL),(1233,21938,NULL,520,NULL),(1234,21938,NULL,485,NULL),(1235,21852,NULL,485,NULL),(1237,21938,NULL,513,NULL),(1238,21940,NULL,513,NULL),(1240,21940,NULL,528,NULL),(1241,21938,NULL,515,NULL),(1242,21852,NULL,515,NULL),(1245,21946,NULL,520,NULL),(1246,21946,NULL,485,NULL),(1247,21951,NULL,509,NULL),(1252,21940,NULL,509,NULL),(1256,21995,NULL,485,NULL),(1257,21946,NULL,532,NULL),(1258,21946,NULL,509,NULL),(1260,22033,NULL,507,NULL),(1264,22048,NULL,485,NULL),(1266,22058,NULL,509,NULL),(1581,22248,NULL,15,NULL),(1583,22349,NULL,14,NULL),(1584,22354,NULL,37,NULL),(1585,22354,NULL,15,NULL),(1586,22366,NULL,15,NULL),(1587,22350,NULL,15,NULL),(1589,22354,NULL,14,NULL),(1590,22366,NULL,37,NULL),(1591,22372,NULL,148,NULL),(1593,22405,NULL,15,NULL),(1595,22427,NULL,37,NULL),(1596,22436,NULL,14,NULL),(1599,22454,NULL,15,NULL),(1600,22394,NULL,15,NULL),(1601,22637,NULL,15,NULL),(1612,22867,NULL,657,10),(1613,22865,NULL,657,10),(1633,22970,NULL,657,10),(1636,22971,NULL,657,10),(1637,22973,NULL,657,10),(1656,22972,NULL,657,10),(1657,22974,NULL,657,10),(1658,22975,NULL,657,10),(1661,22952,NULL,15,NULL),(1662,23044,NULL,682,1),(1663,23045,NULL,684,1),(1664,23044,NULL,684,1),(1671,23045,NULL,669,1),(1672,23054,NULL,669,1),(1673,23056,NULL,669,1),(1680,23045,NULL,634,1),(1682,23054,NULL,634,1),(1683,23056,NULL,634,1),(1684,23075,NULL,634,1),(1685,23044,NULL,634,1),(1690,22970,NULL,656,10),(1691,22972,NULL,656,10),(1692,22971,NULL,656,10),(1694,23054,NULL,657,1),(1695,23045,NULL,657,1),(1697,23074,NULL,657,1),(1698,22973,NULL,656,10),(1701,23046,NULL,660,1),(1702,23054,NULL,660,1),(1703,23056,NULL,660,1),(1705,23075,NULL,660,1),(1707,23174,NULL,660,1),(1708,23077,NULL,660,1),(1709,23087,NULL,660,0),(1710,23088,NULL,660,0),(1711,23053,NULL,660,0),(1712,23083,NULL,660,1),(1713,23084,NULL,660,1),(1714,23044,NULL,660,1),(1732,22392,NULL,15,NULL),(1733,22386,NULL,15,NULL),(1737,23045,NULL,665,1),(1739,23075,NULL,665,1),(1740,23174,NULL,665,1),(1741,23271,NULL,665,1),(1742,23352,NULL,665,1),(1743,23085,NULL,665,1),(1744,23045,NULL,687,0),(1746,23046,NULL,687,1),(1748,23080,NULL,687,1),(1749,23054,NULL,687,1),(1750,23174,NULL,687,1),(3654,24491,NULL,15,NULL),(3658,24562,NULL,15,NULL),(3659,24562,NULL,81,NULL),(3661,24562,NULL,148,NULL),(3664,24592,NULL,14,NULL),(3665,24644,NULL,81,NULL),(3672,24712,NULL,14,NULL),(3673,24712,NULL,15,NULL),(3674,24712,NULL,37,NULL),(3679,24717,NULL,14,NULL),(3681,24717,NULL,37,NULL),(3688,24849,NULL,15,NULL),(3690,24849,NULL,37,NULL),(3694,24911,NULL,15,NULL),(3699,22389,NULL,15,NULL),(3700,25004,NULL,14,NULL),(3701,25004,NULL,37,NULL),(3703,25004,NULL,15,NULL),(3708,41540,NULL,81,NULL),(3709,41540,NULL,37,NULL),(3715,41609,NULL,1236,NULL),(3717,41623,NULL,81,NULL),(3723,41617,NULL,37,NULL),(3724,41620,NULL,37,NULL),(3725,41618,NULL,37,NULL),(3726,41621,NULL,37,NULL),(3727,41623,NULL,37,NULL),(3729,41631,NULL,37,NULL),(3730,41630,NULL,37,NULL),(3731,41647,NULL,37,NULL),(3732,41653,NULL,37,NULL),(3734,41652,NULL,15,NULL),(3737,41800,NULL,37,NULL),(3740,41821,NULL,37,NULL),(3741,41818,NULL,37,NULL),(3745,41838,NULL,37,NULL),(3750,41847,NULL,37,NULL),(3751,41844,NULL,37,NULL),(3752,41844,NULL,15,NULL),(3758,41847,NULL,15,NULL),(3773,42081,NULL,37,NULL),(3775,42136,NULL,15,NULL),(3782,42136,NULL,37,NULL),(3790,42235,NULL,37,NULL),(3792,42265,NULL,37,NULL),(3793,42265,NULL,15,NULL),(3800,42375,NULL,1236,NULL),(3803,42406,NULL,1236,NULL),(3804,42494,NULL,37,NULL),(3807,42494,NULL,15,NULL),(3808,42406,NULL,148,NULL),(3809,42494,NULL,148,NULL),(3847,42375,NULL,81,NULL),(3848,42631,NULL,37,NULL),(3849,42636,NULL,148,NULL),(3856,42836,NULL,37,NULL),(3857,42837,NULL,15,NULL),(3862,43333,NULL,37,NULL),(3863,43333,NULL,15,NULL),(3866,43667,NULL,1236,NULL),(3868,43774,NULL,37,NULL),(3871,43895,NULL,81,NULL),(3874,44241,NULL,37,NULL),(3882,44355,NULL,37,NULL),(3884,44474,NULL,37,NULL),(3888,44473,NULL,1761,NULL),(3892,44557,NULL,37,NULL),(3900,44724,NULL,37,NULL),(3931,45947,NULL,37,NULL),(3936,45957,NULL,15,NULL),(3943,46328,NULL,37,NULL),(3964,42758,NULL,1254,NULL),(4009,46567,NULL,37,NULL),(4010,46567,NULL,15,NULL),(4023,46576,NULL,14,NULL),(4027,46576,NULL,1236,NULL),(4030,46576,NULL,15,NULL),(4032,46585,NULL,1254,NULL),(4042,46595,NULL,1479,NULL),(4109,NULL,102262,1483,1),(4111,46595,NULL,2085,NULL),(4114,NULL,102276,2119,1),(4117,NULL,102276,1242,1),(4120,NULL,102263,1459,1),(4122,NULL,102036,1459,1),(4124,NULL,102260,1242,1),(4127,NULL,102263,1569,1),(4129,NULL,102036,1569,1),(4130,49209,NULL,2336,1),(4131,49210,NULL,2336,1),(4134,NULL,102288,1254,1),(4135,49798,NULL,15,NULL),(4142,49798,NULL,148,NULL),(4145,41620,NULL,1236,NULL),(4149,50811,NULL,2260,NULL),(4151,NULL,103017,37,1),(4156,21821,NULL,1515,NULL),(4158,50811,NULL,2421,NULL),(4160,22060,NULL,2421,NULL),(4182,50945,NULL,2260,NULL),(4184,50882,NULL,2260,NULL),(4189,51012,NULL,2460,1),(4190,51013,NULL,2460,1),(4192,50945,NULL,81,NULL),(4214,51012,NULL,2462,1),(4215,51535,NULL,2707,1),(4216,51536,NULL,2724,1),(4217,51537,NULL,2724,1),(4218,51545,NULL,2724,1),(4219,51549,NULL,2751,1),(4220,51569,NULL,2749,1),(4221,51568,NULL,2749,1),(4222,51567,NULL,2749,1),(4223,51566,NULL,2749,1),(4224,51562,NULL,2749,1),(4225,51550,NULL,2751,1),(4226,51560,NULL,2749,1),(4228,51559,NULL,2749,1),(4229,51552,NULL,2751,1),(4230,51549,NULL,2742,1),(4231,51549,NULL,2734,1),(4232,51558,NULL,2742,1),(4233,51564,NULL,2742,1),(4234,51549,NULL,2752,1),(4235,51550,NULL,2752,1),(4236,51552,NULL,2752,1),(4237,51553,NULL,2752,1),(4238,51567,NULL,2751,1),(4239,51554,NULL,2749,1),(4240,51553,NULL,2749,1),(4241,51552,NULL,2749,1),(4242,51551,NULL,2743,1),(4243,51550,NULL,2734,1),(4244,51567,NULL,2747,1),(4245,51551,NULL,2749,1),(4246,51566,NULL,2752,1),(4247,51549,NULL,2749,1),(4248,51566,NULL,2747,1),(4249,51569,NULL,2752,0),(4250,51568,NULL,2752,0),(4251,51560,NULL,2743,1),(4252,51554,NULL,2734,1),(4253,51565,NULL,2747,1),(4254,51560,NULL,2734,1),(4255,51566,NULL,2734,1),(4256,51564,NULL,2747,1),(4257,51569,NULL,2734,1),(4258,51572,NULL,2743,1),(4259,51549,NULL,2737,1),(4260,51549,NULL,2745,1),(4261,51550,NULL,2745,1),(4262,51551,NULL,2745,0),(4263,51553,NULL,2745,0),(4264,51565,NULL,2734,1),(4265,51556,NULL,2743,1),(4266,51555,NULL,2745,1),(4267,51554,NULL,2745,1),(4268,51559,NULL,2745,1),(4269,51564,NULL,2734,1),(4270,51560,NULL,2745,1),(4271,51562,NULL,2745,1),(4272,51561,NULL,2743,1),(4273,51563,NULL,2745,1),(4274,51564,NULL,2743,1),(4275,51570,NULL,2743,1),(4276,51551,NULL,2735,1),(4277,51537,NULL,2705,1),(4282,51645,NULL,2763,1),(4283,51647,NULL,2763,1),(4284,51649,NULL,2763,1),(4285,51652,NULL,2760,1),(4286,51648,NULL,2759,1),(4287,51662,NULL,2759,1),(4289,51644,NULL,2756,1),(4290,51660,NULL,2768,1),(4292,51660,NULL,2760,1),(4293,51647,NULL,2760,1),(4294,51657,NULL,2763,1),(4296,51649,NULL,2760,1),(4297,51659,NULL,2763,1),(4298,51668,NULL,2771,1),(4299,51662,NULL,2763,1),(4300,51663,NULL,2763,1),(4301,51667,NULL,2763,1),(4302,51662,NULL,2756,1),(4303,51673,NULL,2763,1),(4305,51669,NULL,2763,1),(4306,51644,NULL,2771,1),(4307,51645,NULL,2771,1),(4308,51666,NULL,2763,1),(4309,51645,NULL,2769,1),(4310,51647,NULL,2771,1),(4311,51672,NULL,2763,1),(4312,51647,NULL,2769,1),(4313,51648,NULL,2771,0),(4314,51645,NULL,2756,1),(4315,51653,NULL,2768,1),(4316,51649,NULL,2769,1),(4317,51657,NULL,2768,1),(4318,51652,NULL,2771,0),(4319,51674,NULL,2760,1),(4322,51665,NULL,2763,1),(4323,51673,NULL,2768,1),(4324,51671,NULL,2763,1),(4325,51671,NULL,2768,1),(4326,51643,NULL,2769,1),(4327,51661,NULL,2769,1),(4328,51654,NULL,2763,1),(4329,51650,NULL,2763,1),(4330,51670,NULL,2763,1),(4331,51651,NULL,2763,1),(4332,51660,NULL,2763,1),(4333,51645,NULL,2757,1),(4334,51650,NULL,2760,1),(4335,51643,NULL,2756,1),(4336,51644,NULL,2764,1),(4337,51659,NULL,2771,1),(4339,51651,NULL,2768,1),(4340,51672,NULL,2757,1),(4341,51663,NULL,2771,1),(4342,51673,NULL,2771,0),(4343,51667,NULL,2771,0),(4344,51662,NULL,2771,0),(4345,51686,NULL,2756,1),(4346,51669,NULL,2771,1),(4347,51666,NULL,2771,1),(4348,51645,NULL,2770,1),(4349,51672,NULL,2771,1),(4350,51647,NULL,2770,1),(4351,51643,NULL,2771,1),(4352,51656,NULL,2771,1),(4353,51649,NULL,2770,1),(4354,51661,NULL,2771,0),(4355,51658,NULL,2771,1),(4356,51652,NULL,2770,1),(4357,51664,NULL,2771,1),(4358,51665,NULL,2771,1),(4359,51645,NULL,2758,1),(4360,51649,NULL,2758,1),(4361,51653,NULL,2758,1),(4362,51647,NULL,2764,1),(4363,51657,NULL,2758,1),(4364,51659,NULL,2758,1),(4365,51662,NULL,2758,1),(4366,51667,NULL,2758,1),(4367,51646,NULL,2756,1),(4368,51649,NULL,2776,1),(4369,51654,NULL,2776,1),(4370,51649,NULL,2764,1),(4371,51649,NULL,2767,1),(4372,51676,NULL,2770,1),(4373,51662,NULL,2767,1),(4374,51644,NULL,2757,1),(4375,51669,NULL,2767,1),(4376,51668,NULL,2767,1),(4378,51671,NULL,2758,1),(4379,51649,NULL,2759,1),(4380,51694,NULL,2760,1),(4381,51659,NULL,2759,1),(4383,51667,NULL,2759,1),(4384,51680,NULL,2759,1),(4385,51662,NULL,2768,1),(4386,51685,NULL,2759,1),(4387,51694,NULL,2767,1),(4388,51700,NULL,2767,1),(4389,51652,NULL,2764,1),(4390,51680,NULL,2768,1),(4392,51676,NULL,2758,1),(4393,51687,NULL,2768,1),(4394,51657,NULL,2773,1),(4395,51692,NULL,2768,1),(4396,51676,NULL,2768,1),(4397,51657,NULL,2756,0),(4398,51688,NULL,2773,1),(4399,51700,NULL,2768,1),(4400,51673,NULL,2756,0),(4401,51662,NULL,2764,1),(4402,51646,NULL,2769,1),(4404,51689,NULL,2758,1),(4405,51649,NULL,2773,1),(4406,51687,NULL,2769,1),(4407,51657,NULL,2770,1),(4408,51662,NULL,2770,1),(4409,51683,NULL,2770,1),(4410,51644,NULL,2776,1),(4411,51690,NULL,2770,1),(4412,51693,NULL,2770,1),(4413,51646,NULL,2764,1),(4414,51670,NULL,2758,1),(4415,51645,NULL,2776,1),(4416,51647,NULL,2776,1),(4417,51679,NULL,2756,0),(4418,51653,NULL,2776,1),(4419,51657,NULL,2776,1),(4420,51688,NULL,2758,1),(4421,51661,NULL,2770,1),(4422,51659,NULL,2776,1),(4423,51662,NULL,2776,1),(4424,51704,NULL,2773,1),(4425,51671,NULL,2770,1),(4426,51687,NULL,2770,1),(4427,51689,NULL,2770,1),(4428,51683,NULL,2768,1),(4429,51710,NULL,2763,1),(4430,51675,NULL,2776,1),(4431,51692,NULL,2770,0),(4432,51660,NULL,2769,1),(4433,51707,NULL,2763,1),(4434,51667,NULL,2768,1),(4435,51651,NULL,2769,1),(4436,51696,NULL,2770,1),(4437,51688,NULL,2763,1),(4438,51650,NULL,2769,1),(4439,51702,NULL,2776,1),(4440,51704,NULL,2767,1),(4441,51655,NULL,2768,1),(4442,51681,NULL,2764,1),(4443,51649,NULL,2768,1),(4444,51671,NULL,2776,1),(4445,51647,NULL,2768,1),(4446,51698,NULL,2769,1),(4447,51682,NULL,2758,1),(4448,51674,NULL,2769,1),(4449,51660,NULL,2756,1),(4450,51663,NULL,2758,1),(4451,51660,NULL,2776,1),(4452,51651,NULL,2776,1),(4453,51707,NULL,2776,1),(4454,51651,NULL,2764,1),(4455,51687,NULL,2763,1),(4456,51688,NULL,2776,1),(4457,51689,NULL,2763,1),(4458,51692,NULL,2763,1),(4459,51668,NULL,2768,1),(4460,51696,NULL,2763,1),(4461,51704,NULL,2763,1),(4462,51715,NULL,2770,1),(4464,51684,NULL,2756,1),(4465,51676,NULL,2763,1),(4466,51683,NULL,2758,1),(4467,51716,NULL,2758,1),(4468,51717,NULL,2758,1),(4469,51651,NULL,2757,1),(4470,51651,NULL,2758,1),(4471,51660,NULL,2758,1),(4472,51644,NULL,2775,1),(4473,51645,NULL,2775,1),(4474,51649,NULL,2775,1),(4475,51657,NULL,2775,1),(4476,51667,NULL,2775,1),(4477,51656,NULL,2775,1),(4478,51704,NULL,2775,1),(4479,51674,NULL,2775,1),(4480,51698,NULL,2775,1),(4481,51684,NULL,2759,1),(4482,51734,NULL,2782,1),(4483,51739,NULL,2782,1),(4484,51727,NULL,2798,1),(4485,51731,NULL,2798,1),(4487,51727,NULL,2784,1),(4488,51732,NULL,2798,1),(4489,51731,NULL,2787,1),(4490,51732,NULL,2787,1),(4491,51727,NULL,2786,1),(4492,51740,NULL,2787,1),(4493,51731,NULL,2785,1),(4494,51731,NULL,2794,1),(4495,51721,NULL,2787,1),(4496,51727,NULL,2795,1),(4497,51732,NULL,2786,1),(4498,51735,NULL,2787,1),(4499,51732,NULL,2785,1),(4500,51736,NULL,2787,1),(4501,51739,NULL,2786,1),(4502,51727,NULL,2780,1),(4503,51727,NULL,2779,1),(4504,51740,NULL,2786,1),(4505,51738,NULL,2787,1),(4506,51739,NULL,2785,1),(4507,51721,NULL,2782,1),(4508,51721,NULL,2786,1),(4509,51731,NULL,2795,1),(4510,51726,NULL,2786,1),(4511,51730,NULL,2786,1),(4512,51732,NULL,2780,1),(4513,51735,NULL,2786,1),(4514,51738,NULL,2786,1),(4515,51750,NULL,2786,1),(4516,51723,NULL,2787,1),(4517,51730,NULL,2785,1),(4519,51733,NULL,2786,1),(4520,51731,NULL,2793,1),(4521,51739,NULL,2779,1),(4522,51722,NULL,2787,1),(4523,51727,NULL,2801,1),(4524,51739,NULL,2784,1),(4525,51735,NULL,2785,1),(4526,51739,NULL,2795,1),(4527,51754,NULL,2786,1),(4528,51739,NULL,2780,1),(4530,51736,NULL,2785,1),(4531,51740,NULL,2798,1),(4532,51724,NULL,2786,1),(4534,51740,NULL,2780,1),(4535,51751,NULL,2784,1),(4536,51735,NULL,2782,1),(4537,51721,NULL,2795,1),(4538,51732,NULL,2801,1),(4539,51751,NULL,2780,1),(4540,51749,NULL,2786,1),(4541,51738,NULL,2785,1),(4542,51740,NULL,2793,1),(4543,51743,NULL,2785,1),(4544,51719,NULL,2786,1),(4545,51721,NULL,2780,1),(4546,51747,NULL,2787,1),(4547,51743,NULL,2795,1),(4548,51736,NULL,2784,1),(4549,51741,NULL,2786,1),(4550,51745,NULL,2786,1),(4551,51751,NULL,2793,1),(4552,51721,NULL,2798,1),(4554,51722,NULL,2785,1),(4555,51755,NULL,2787,1),(4556,51726,NULL,2780,1),(4557,51725,NULL,2785,1),(4558,51739,NULL,2801,1),(4559,51730,NULL,2780,1),(4562,51729,NULL,2787,1),(4563,51722,NULL,2782,1),(4564,51728,NULL,2787,1),(4565,51722,NULL,2795,1),(4566,51735,NULL,2780,1),(4567,51751,NULL,2801,1),(4568,51753,NULL,2787,1),(4569,51754,NULL,2785,1),(4570,51741,NULL,2787,1),(4571,51736,NULL,2779,1),(4572,51757,NULL,2785,1),(4573,51736,NULL,2780,1),(4574,51744,NULL,2787,1),(4575,51738,NULL,2779,1),(4576,51738,NULL,2780,1),(4577,51746,NULL,2787,1),(4578,51726,NULL,2793,1),(4579,51754,NULL,2784,1),(4580,51743,NULL,2780,1),(4581,51743,NULL,2779,1),(4582,51721,NULL,2801,1),(4583,51730,NULL,2793,1),(4584,51750,NULL,2780,1),(4585,51747,NULL,2784,1),(4586,51737,NULL,2795,1),(4587,51723,NULL,2780,1),(4588,51735,NULL,2793,1),(4589,51754,NULL,2782,1),(4590,51755,NULL,2785,1),(4591,51749,NULL,2795,1),(4592,51722,NULL,2780,1),(4593,51719,NULL,2795,1),(4594,51722,NULL,2779,1),(4595,51733,NULL,2780,1),(4596,51742,NULL,2780,1),(4597,51754,NULL,2779,1),(4599,51748,NULL,2785,1),(4600,51755,NULL,2782,1),(4602,51741,NULL,2785,1),(4603,51719,NULL,2782,1),(4604,51737,NULL,2780,1),(4605,51736,NULL,2793,1),(4606,51755,NULL,2779,1),(4607,51753,NULL,2785,1),(4608,51729,NULL,2782,1),(4609,51745,NULL,2784,1),(4611,51728,NULL,2785,1),(4612,51719,NULL,2780,1),(4613,51735,NULL,2798,1),(4614,51746,NULL,2785,1),(4615,51753,NULL,2794,1),(4616,51752,NULL,2785,1),(4617,51738,NULL,2793,1),(4618,51743,NULL,2793,1),(4619,51753,NULL,2782,1),(4620,51750,NULL,2793,1),(4621,51723,NULL,2793,1),(4622,51762,NULL,2787,1),(4624,51722,NULL,2798,1),(4625,51722,NULL,2793,1),(4626,51728,NULL,2779,1),(4627,51725,NULL,2793,1),(4628,51741,NULL,2779,1),(4629,51745,NULL,2779,1),(4630,51760,NULL,2779,1),(4631,51749,NULL,2801,1),(4632,51758,NULL,2779,1),(4633,51729,NULL,2801,1),(4634,51719,NULL,2793,1),(4636,51771,NULL,2785,1),(4637,51728,NULL,2783,1),(4638,51753,NULL,2783,1),(4639,51745,NULL,2783,1),(4640,51734,NULL,2788,1),(4641,51739,NULL,2788,1),(4642,51740,NULL,2788,1),(4643,51751,NULL,2788,1),(4644,51721,NULL,2788,1),(4645,51766,NULL,2783,1),(4646,51730,NULL,2788,1),(4647,51735,NULL,2788,1),(4648,51736,NULL,2788,1),(4649,51738,NULL,2788,1),(4650,51750,NULL,2788,1),(4651,51754,NULL,2788,1),(4652,51762,NULL,2785,1),(4653,51728,NULL,2793,1),(4654,51753,NULL,2793,1),(4655,51766,NULL,2785,1),(4656,51766,NULL,2788,1),(4657,51770,NULL,2786,1),(4658,51741,NULL,2793,1),(4659,51761,NULL,2785,1),(4660,51745,NULL,2793,1),(4661,51752,NULL,2788,1),(4662,51777,NULL,2786,1),(4663,51771,NULL,2788,1),(4664,51729,NULL,2786,1),(4665,51768,NULL,2787,1),(4666,51727,NULL,2789,1),(4667,51764,NULL,2793,1),(4668,51766,NULL,2793,1),(4669,51740,NULL,2795,1),(4670,51735,NULL,2789,1),(4671,51761,NULL,2786,1),(4672,51736,NULL,2789,1),(4673,51738,NULL,2789,1),(4674,51759,NULL,2779,1),(4675,51735,NULL,2795,1),(4676,51756,NULL,2786,1),(4677,51778,NULL,2793,1),(4678,51772,NULL,2779,1),(4679,51729,NULL,2785,1),(4680,51738,NULL,2795,1),(4681,51719,NULL,2785,1),(4682,51763,NULL,2779,1),(4683,51752,NULL,2793,1),(4684,51753,NULL,2798,1),(4685,51792,NULL,2785,1),(4686,51729,NULL,2784,1),(4687,51745,NULL,2798,1),(4688,51791,NULL,2785,1),(4689,51728,NULL,2780,1),(4690,51798,NULL,2795,1),(4691,51756,NULL,2798,1),(4692,51753,NULL,2780,1),(4694,51795,NULL,2795,1),(4696,51745,NULL,2780,1),(4697,51773,NULL,2795,1),(4698,51759,NULL,2780,1),(4699,51760,NULL,2780,1),(4700,51755,NULL,2795,1),(4702,51765,NULL,2780,1),(4704,51744,NULL,2789,1),(4705,51755,NULL,2789,1),(4706,51804,NULL,2787,1),(4707,51721,NULL,2793,1),(4708,51772,NULL,2801,1),(4709,51721,NULL,2784,1),(4710,51771,NULL,2801,1),(4711,51799,NULL,2785,1),(4712,51804,NULL,2785,1),(4713,51752,NULL,2795,1),(4714,51799,NULL,2795,1),(4715,51808,NULL,2795,1),(4716,51798,NULL,2785,1),(4717,51768,NULL,2795,1),(4718,51779,NULL,2785,1),(4719,51785,NULL,2785,1),(4720,51787,NULL,2780,1),(4721,51741,NULL,2780,1),(4722,51762,NULL,2780,1),(4723,51774,NULL,2780,1),(4724,51779,NULL,2780,1),(4725,51793,NULL,2780,1),(4726,51748,NULL,2780,1),(4727,51758,NULL,2780,1),(4728,51763,NULL,2780,1),(4729,51764,NULL,2780,1),(4730,51775,NULL,2780,1),(4731,51746,NULL,2795,1),(4732,51797,NULL,2795,1),(4733,51791,NULL,2795,1),(4734,51766,NULL,2780,1),(4735,51778,NULL,2780,1),(4736,51753,NULL,2795,1),(4737,51761,NULL,2780,1),(4738,51788,NULL,2780,1),(4739,51792,NULL,2780,1),(4740,51756,NULL,2780,1),(4741,51769,NULL,2780,1),(4743,51783,NULL,2780,1),(4744,51797,NULL,2780,1),(4745,51746,NULL,2780,1),(4746,51791,NULL,2780,1),(4747,51799,NULL,2780,1),(4748,51767,NULL,2780,1),(4749,51781,NULL,2780,1),(4751,51800,NULL,2780,1),(4753,51802,NULL,2780,1),(4754,51808,NULL,2780,1),(4755,51757,NULL,2780,1),(4756,51755,NULL,2780,1),(4757,51795,NULL,2780,1),(4758,51789,NULL,2780,1),(4760,51801,NULL,2780,1),(4761,51803,NULL,2780,1),(4762,51805,NULL,2780,1),(4763,51829,NULL,2809,1),(4764,51829,NULL,2817,1),(4765,51829,NULL,2816,1),(4766,51816,NULL,2814,1),(4767,51811,NULL,2809,1),(4768,51811,NULL,2814,1),(4769,51816,NULL,2809,1),(4771,51824,NULL,2814,1),(4772,51824,NULL,2809,1),(4774,51828,NULL,2811,1),(4775,51822,NULL,2816,1),(4776,51825,NULL,2814,1),(4777,51815,NULL,2809,1),(4778,51831,NULL,2816,1),(4779,51812,NULL,2814,1),(4780,51826,NULL,2811,1),(4781,51827,NULL,2816,1),(4782,51815,NULL,2814,1),(4783,51830,NULL,2812,1),(4784,51817,NULL,2814,1),(4785,51812,NULL,2817,1),(4786,51814,NULL,2816,1),(4787,51811,NULL,2811,1),(4788,51821,NULL,2814,1),(4789,51813,NULL,2812,1),(4790,51827,NULL,2814,1),(4792,51824,NULL,2811,1),(4795,51830,NULL,2814,1),(4796,51829,NULL,2813,1),(4797,51817,NULL,2811,1),(4798,51829,NULL,2812,1),(4799,51828,NULL,2814,1),(4800,51815,NULL,2817,1),(4801,51815,NULL,2813,1),(4802,51817,NULL,2813,1),(4803,51817,NULL,2817,0),(4804,51820,NULL,2813,1),(4805,51816,NULL,2816,1),(4806,51819,NULL,2817,1),(4807,51821,NULL,2817,1),(4808,51827,NULL,2817,1),(4809,51815,NULL,2815,1),(4810,51824,NULL,2812,1),(4811,51819,NULL,2815,1),(4812,51825,NULL,2812,1),(4813,51812,NULL,2812,0),(4814,51817,NULL,2816,1),(4815,51815,NULL,2816,1),(4816,51811,NULL,2816,1),(4817,51817,NULL,2812,1),(4818,51825,NULL,2816,1),(4819,51819,NULL,2812,1),(4820,51819,NULL,2816,1),(4821,51805,NULL,2801,1),(4822,51823,NULL,2816,1),(4823,51824,NULL,2816,1),(4824,51812,NULL,2816,1),(4825,51828,NULL,2810,1),(4826,51838,NULL,2817,1),(4827,51833,NULL,2814,1),(4828,51824,NULL,2810,1),(4829,51839,NULL,2814,1),(4830,51838,NULL,2810,1),(4831,51836,NULL,2810,1),(4832,51824,NULL,2815,1),(4833,51833,NULL,2812,1),(4834,51837,NULL,2812,0),(4835,51834,NULL,2812,1),(4836,51707,NULL,2758,1),(4837,51706,NULL,2758,1),(4838,51686,NULL,2758,1),(4841,51729,NULL,2789,1),(4842,51747,NULL,2789,1),(4843,51737,NULL,2789,1),(4844,51747,NULL,2780,1),(4846,51327,NULL,1515,NULL),(4848,51327,NULL,2819,NULL),(4858,NULL,103021,1515,1),(4860,52130,NULL,15,NULL),(4864,22248,NULL,81,NULL),(4867,52130,NULL,148,NULL),(4868,54479,NULL,2872,1),(4869,54482,NULL,2872,1),(4870,54491,NULL,2872,1),(4871,54496,NULL,2872,1),(4872,54496,NULL,2865,1),(4873,54489,NULL,2865,1),(4875,54478,NULL,2865,1),(4876,54479,NULL,2865,1),(4877,54490,NULL,2865,1),(4879,54482,NULL,2874,1),(4880,54500,NULL,2865,1),(4881,54500,NULL,2874,1),(4882,54478,NULL,2861,1),(4883,54478,NULL,2858,1),(4884,54479,NULL,2858,1),(4885,54483,NULL,2861,1),(4886,54485,NULL,2859,1),(4887,54486,NULL,2861,1),(4888,54482,NULL,2858,1),(4889,54480,NULL,2861,1),(4890,54486,NULL,2868,1),(4891,54484,NULL,2861,1),(4892,54488,NULL,2861,1),(4893,54478,NULL,2859,1),(4894,54480,NULL,2868,1),(4895,54492,NULL,2858,1),(4896,54484,NULL,2877,1),(4897,54490,NULL,2861,1),(4898,54495,NULL,2858,1),(4899,54487,NULL,2861,1),(4900,54491,NULL,2861,1),(4901,54492,NULL,2868,1),(4902,54491,NULL,2858,1),(4903,54502,NULL,2861,1),(4904,54495,NULL,2868,1),(4905,54500,NULL,2868,1),(4906,54507,NULL,2861,1),(4907,54493,NULL,2861,1),(4908,54499,NULL,2877,1),(4909,54498,NULL,2858,1),(4910,54509,NULL,2868,1),(4911,54487,NULL,2868,1),(4912,54504,NULL,2868,1),(4913,54501,NULL,2858,1),(4914,54507,NULL,2877,1),(4916,54493,NULL,2868,1),(4918,54497,NULL,2868,1),(4919,54481,NULL,2859,1),(4920,54506,NULL,2858,1),(4921,54501,NULL,2868,1),(4922,54510,NULL,2877,1),(4923,54508,NULL,2858,1),(4924,54498,NULL,2868,1),(4926,54498,NULL,2861,1),(4927,54483,NULL,2859,1),(4928,54503,NULL,2868,1),(4929,54501,NULL,2861,1),(4930,54489,NULL,2861,1),(4931,54496,NULL,2861,1),(4932,54506,NULL,2868,1),(4933,54505,NULL,2861,1),(4934,54488,NULL,2859,1),(4935,54508,NULL,2861,1),(4936,54495,NULL,2859,1),(4937,54505,NULL,2868,1),(4938,54502,NULL,2859,1),(4939,54507,NULL,2859,1),(4941,54501,NULL,2859,1),(4942,54495,NULL,2874,1),(4943,54489,NULL,2872,1),(4944,54493,NULL,2872,1),(4945,54487,NULL,2872,1),(4946,54492,NULL,2874,1),(4947,54492,NULL,2872,1),(4948,54506,NULL,2865,1),(4950,54478,NULL,2872,1),(4951,54510,NULL,2865,1),(4952,54508,NULL,2859,1),(4953,54487,NULL,2874,1),(4954,54502,NULL,2874,1),(4955,54501,NULL,2874,1),(4956,54502,NULL,2865,1),(4957,54486,NULL,2865,1),(4958,54499,NULL,2874,1),(4960,54490,NULL,2874,1),(4961,54485,NULL,2874,1),(4962,54483,NULL,2874,1),(4963,54512,NULL,2881,1),(4964,54512,NULL,2890,1),(4965,54517,NULL,2881,1),(4967,54523,NULL,2879,1),(4968,54525,NULL,2888,1),(4969,54519,NULL,2888,1),(4970,54522,NULL,2888,1),(4971,54521,NULL,2890,1),(4973,54521,NULL,2883,1),(4974,54524,NULL,2890,1),(4975,54514,NULL,2888,1),(4976,54516,NULL,2888,1),(4978,54518,NULL,2888,1),(4979,54522,NULL,2890,1),(4980,54517,NULL,2890,1),(4981,54533,NULL,2888,1),(4982,54535,NULL,2888,1),(4983,54532,NULL,2888,1),(4984,54512,NULL,2879,1),(4985,54518,NULL,2879,1),(4986,54517,NULL,2889,1),(4987,54520,NULL,2889,1),(4988,54519,NULL,2889,1),(4989,54543,NULL,2890,1),(4990,54540,NULL,2890,1),(4991,54534,NULL,2878,1),(4992,54538,NULL,2888,1),(4993,54540,NULL,2888,1),(4994,54539,NULL,2888,1),(4995,54540,NULL,2879,1),(5000,54556,NULL,2905,1),(5002,54722,NULL,2905,1),(5003,54723,NULL,2905,1),(5004,54515,NULL,2905,1),(5005,54723,NULL,2927,1),(5006,54514,NULL,2899,1),(5007,54518,NULL,2905,1),(5008,54721,NULL,2905,1),(5009,54512,NULL,2927,0),(5010,54526,NULL,2906,0),(5011,54724,NULL,2905,1),(5012,54526,NULL,2905,1),(5013,54727,NULL,2899,1),(5014,54724,NULL,2899,1),(5015,54528,NULL,2905,1),(5016,54521,NULL,2906,1),(5017,54728,NULL,2905,1),(5018,54522,NULL,2906,1),(5019,54526,NULL,2899,1),(5020,54523,NULL,2906,1),(5021,54730,NULL,2905,1),(5022,54722,NULL,2915,1),(5023,54524,NULL,2906,1),(5024,54522,NULL,2905,1),(5025,54514,NULL,2915,1),(5026,54523,NULL,2905,1),(5027,54525,NULL,2906,1),(5030,54526,NULL,2927,1),(5031,54728,NULL,2899,1),(5033,54528,NULL,2927,0),(5034,54526,NULL,2908,1),(5035,54525,NULL,2905,1),(5036,54728,NULL,2927,1),(5037,54526,NULL,2915,1),(5038,54729,NULL,2906,1),(5039,54527,NULL,2905,1),(5040,54730,NULL,2927,0),(5041,54520,NULL,2905,1),(5042,54519,NULL,2905,1),(5043,54731,NULL,2927,0),(5044,54732,NULL,2927,0),(5045,54521,NULL,2927,1),(5046,54529,NULL,2905,1),(5047,54522,NULL,2899,1),(5048,54534,NULL,2906,1),(5049,54522,NULL,2927,1),(5050,54531,NULL,2905,1),(5051,54523,NULL,2927,1),(5052,54728,NULL,2915,1),(5054,54520,NULL,2899,1),(5055,54524,NULL,2927,0),(5056,54530,NULL,2906,1),(5057,54525,NULL,2927,1),(5058,54534,NULL,2905,1),(5059,54533,NULL,2906,1),(5060,54527,NULL,2927,0),(5061,54541,NULL,2906,1),(5062,54543,NULL,2905,1),(5063,54535,NULL,2906,1),(5064,54520,NULL,2927,1),(5065,54536,NULL,2906,1),(5066,54530,NULL,2905,1),(5067,54538,NULL,2906,1),(5068,54522,NULL,2915,1),(5069,54729,NULL,2908,1),(5070,54729,NULL,2927,1),(5071,54533,NULL,2905,1),(5072,54541,NULL,2905,1),(5073,54542,NULL,2906,1),(5074,54519,NULL,2908,1),(5075,54535,NULL,2905,1),(5076,54734,NULL,2906,1),(5077,54534,NULL,2899,1),(5078,54519,NULL,2927,1),(5079,54537,NULL,2905,1),(5080,54545,NULL,2906,1),(5081,54729,NULL,2915,1),(5082,54533,NULL,2908,1),(5083,54735,NULL,2905,1),(5084,54541,NULL,2908,1),(5085,54529,NULL,2927,1),(5086,54540,NULL,2905,1),(5087,54738,NULL,2906,1),(5088,54542,NULL,2908,1),(5090,54531,NULL,2927,1),(5091,54730,NULL,2915,1),(5092,54737,NULL,2905,1),(5093,54532,NULL,2905,1),(5094,54539,NULL,2905,1),(5095,54554,NULL,2906,1),(5096,54543,NULL,2915,1),(5097,54544,NULL,2905,1),(5098,54552,NULL,2906,1),(5099,54530,NULL,2915,1),(5100,54551,NULL,2905,1),(5101,54542,NULL,2915,1),(5102,54543,NULL,2899,1),(5103,54545,NULL,2905,1),(5104,54546,NULL,2905,1),(5105,54530,NULL,2899,1),(5106,54548,NULL,2905,1),(5107,54537,NULL,2915,1),(5108,54723,NULL,2906,1),(5109,54535,NULL,2899,1),(5110,54540,NULL,2915,1),(5111,54550,NULL,2905,1),(5112,54536,NULL,2899,1),(5114,54549,NULL,2905,1),(5115,54554,NULL,2905,1),(5116,54735,NULL,2899,1),(5117,54555,NULL,2905,1),(5118,54552,NULL,2905,1),(5119,54545,NULL,2915,1),(5120,54737,NULL,2927,1),(5121,54540,NULL,2899,1),(5122,54739,NULL,2915,1),(5123,54551,NULL,2899,1),(5124,54552,NULL,2915,1),(5125,54551,NULL,2908,1),(5126,54736,NULL,2899,0),(5127,54545,NULL,2908,1),(5128,54545,NULL,2899,1),(5130,54748,NULL,2902,1),(5131,54748,NULL,2927,1),(5132,54530,NULL,2920,1),(5133,54533,NULL,2920,1),(5134,54541,NULL,2920,1),(5135,54536,NULL,2916,1),(5136,54769,NULL,2920,1),(5137,54770,NULL,2920,1),(5138,54542,NULL,2903,1),(5139,54535,NULL,2920,1),(5141,54745,NULL,2924,1),(5142,54536,NULL,2920,1),(5144,54756,NULL,2924,1),(5145,54771,NULL,2920,1),(5146,54537,NULL,2920,1),(5147,54513,NULL,2924,1),(5148,54540,NULL,2920,1),(5149,54547,NULL,2920,1),(5150,54737,NULL,2920,1),(5152,54521,NULL,2900,1),(5153,54722,NULL,2919,1),(5154,54522,NULL,2900,1),(5155,54524,NULL,2900,1),(5157,54722,NULL,2910,1),(5158,54723,NULL,2910,1),(5159,54516,NULL,2910,1),(5160,54733,NULL,2900,1),(5162,54748,NULL,2900,1),(5163,54515,NULL,2910,1),(5164,54728,NULL,2912,1),(5165,54522,NULL,2920,1),(5166,54521,NULL,2920,1),(5167,54523,NULL,2920,1),(5168,54760,NULL,2912,1),(5169,54538,NULL,2900,1),(5170,54542,NULL,2900,1),(5172,54524,NULL,2919,1),(5173,54526,NULL,2910,1),(5174,54740,NULL,2900,1),(5175,54748,NULL,2919,1),(5178,54735,NULL,2919,1),(5179,54551,NULL,2912,1),(5181,54537,NULL,2919,1),(5183,54524,NULL,2924,1),(5184,54552,NULL,2919,1),(5185,54764,NULL,2924,1),(5186,54526,NULL,2916,1),(5187,54762,NULL,2924,1),(5188,54760,NULL,2916,1),(5190,54781,NULL,2912,1),(5192,54539,NULL,2910,1),(5193,54523,NULL,2924,1),(5194,54540,NULL,2924,1),(5196,54771,NULL,2924,1),(5197,54725,NULL,2922,0),(5198,54723,NULL,2922,1),(5199,54516,NULL,2922,1),(5200,54530,NULL,2924,1),(5201,54744,NULL,2924,1),(5203,54742,NULL,2916,1),(5204,54735,NULL,2916,1),(5205,54537,NULL,2916,1),(5206,54540,NULL,2916,1),(5207,54777,NULL,2899,1),(5208,54530,NULL,2916,1),(5209,54742,NULL,2899,1),(5210,54725,NULL,2907,1),(5211,54556,NULL,2907,1),(5212,54778,NULL,2899,1),(5213,54722,NULL,2907,1),(5214,54723,NULL,2907,1),(5215,54758,NULL,2907,1),(5216,54516,NULL,2907,1),(5217,54745,NULL,2907,1),(5218,54747,NULL,2907,1),(5219,54749,NULL,2907,1),(5220,54756,NULL,2907,1),(5221,54512,NULL,2907,1),(5222,54514,NULL,2907,1),(5223,54515,NULL,2907,1),(5224,54517,NULL,2907,1),(5225,54518,NULL,2907,1),(5226,54721,NULL,2907,1),(5227,54724,NULL,2907,1),(5228,54727,NULL,2907,1),(5229,54746,NULL,2907,1),(5230,54751,NULL,2907,1),(5231,54513,NULL,2907,1),(5232,54726,NULL,2907,1),(5235,54757,NULL,2907,1),(5236,54750,NULL,2907,1),(5237,54755,NULL,2907,1),(5238,54526,NULL,2907,1),(5239,54528,NULL,2907,1),(5240,54728,NULL,2907,1),(5241,54730,NULL,2907,1),(5242,54731,NULL,2907,1),(5243,54754,NULL,2907,1),(5244,54760,NULL,2907,1),(5245,54762,NULL,2907,1),(5246,54767,NULL,2907,1),(5247,54768,NULL,2907,1),(5248,54521,NULL,2907,1),(5249,54522,NULL,2907,1),(5250,54523,NULL,2907,1),(5251,54524,NULL,2907,1),(5252,54525,NULL,2907,1),(5253,54527,NULL,2907,1),(5254,54542,NULL,2916,1),(5255,54519,NULL,2899,1),(5256,54529,NULL,2899,1),(5257,54764,NULL,2899,1),(5258,54779,NULL,2899,1),(5259,54540,NULL,2908,1),(5260,54740,NULL,2908,1),(5261,54778,NULL,2908,1),(5262,54842,NULL,37,NULL),(5265,55085,NULL,1765,NULL),(5270,55178,NULL,148,NULL),(5276,56779,NULL,15,NULL),(5279,56780,NULL,81,NULL),(5282,56780,NULL,37,NULL),(5283,56814,NULL,148,NULL),(5285,56759,NULL,81,NULL),(5288,56891,NULL,81,NULL),(5289,56814,NULL,1765,NULL),(5298,56983,NULL,14,NULL),(5300,57120,NULL,37,NULL),(5308,56983,NULL,2979,NULL),(5309,56998,NULL,1515,NULL),(5320,57311,NULL,81,NULL),(5322,57669,NULL,81,NULL),(5329,57970,NULL,1765,NULL),(5332,58089,NULL,1765,NULL),(5333,58107,NULL,2819,NULL),(5336,58107,NULL,14,NULL),(5338,58107,NULL,81,NULL),(5343,58213,NULL,14,NULL),(5349,58213,NULL,148,NULL),(5351,58213,NULL,15,NULL),(5353,58248,NULL,14,NULL),(5357,58274,NULL,15,NULL),(5363,56891,NULL,1765,NULL),(5364,58274,NULL,1761,NULL),(5370,58819,NULL,1765,NULL),(5372,59051,NULL,148,NULL),(5384,60843,NULL,81,NULL),(5385,60843,NULL,1236,NULL),(5446,61064,NULL,3118,1),(5447,61075,NULL,3118,1),(5448,61064,NULL,3135,1),(5450,61059,NULL,3118,1),(5451,61076,NULL,3118,1),(5452,61052,NULL,3135,1),(5453,61075,NULL,3122,1),(5454,61075,NULL,3123,1),(5455,61064,NULL,3123,1),(5456,61053,NULL,3135,1),(5457,61052,NULL,3122,1),(5458,61057,NULL,3135,1),(5459,61053,NULL,3122,1),(5461,61075,NULL,3140,0),(5462,61052,NULL,3140,1),(5463,61053,NULL,3123,1),(5464,61057,NULL,3122,1),(5466,61053,NULL,3140,1),(5467,61052,NULL,3121,1),(5469,61060,NULL,3135,1),(5470,61056,NULL,3118,1),(5471,61057,NULL,3140,1),(5473,61075,NULL,3120,0),(5474,61075,NULL,3124,0),(5475,61059,NULL,3122,1),(5476,61090,NULL,3118,1),(5477,61060,NULL,3122,1),(5478,61062,NULL,3135,1),(5479,61058,NULL,3140,1),(5480,61052,NULL,3126,1),(5481,61053,NULL,3121,1),(5482,61059,NULL,3140,1),(5483,61078,NULL,3118,1),(5484,61052,NULL,3120,1),(5485,61074,NULL,3118,1),(5486,61062,NULL,3122,1),(5487,61057,NULL,3121,1),(5488,61088,NULL,3118,1),(5489,61064,NULL,3124,1),(5490,61053,NULL,3126,1),(5491,61077,NULL,3135,1),(5492,61066,NULL,3122,1),(5493,61060,NULL,3140,1),(5495,61053,NULL,3131,1),(5496,61057,NULL,3126,1),(5497,61062,NULL,3140,0),(5498,61058,NULL,3126,1),(5500,61066,NULL,3140,1),(5501,61057,NULL,3131,1),(5502,61059,NULL,3126,1),(5504,61059,NULL,3121,1),(5505,61077,NULL,3122,1),(5506,61076,NULL,3140,1),(5507,61083,NULL,3123,1),(5509,61060,NULL,3126,1),(5511,61062,NULL,3126,1),(5512,61052,NULL,3119,1),(5513,61066,NULL,3126,1),(5516,61092,NULL,3123,1),(5517,61083,NULL,3122,1),(5518,61058,NULL,3131,1),(5519,61068,NULL,3136,1),(5520,61077,NULL,3140,1),(5521,61076,NULL,3126,1),(5522,61053,NULL,3119,1),(5523,61059,NULL,3131,1),(5524,61060,NULL,3121,1),(5525,61061,NULL,3135,0),(5526,61077,NULL,3126,1),(5527,61083,NULL,3140,1),(5528,61062,NULL,3121,1),(5529,61061,NULL,3123,1),(5530,61053,NULL,3120,1),(5531,61057,NULL,3119,0),(5532,61092,NULL,3140,0),(5533,61053,NULL,3124,1),(5534,61058,NULL,3119,0),(5535,61083,NULL,3126,1),(5536,61057,NULL,3120,1),(5537,61062,NULL,3136,1),(5538,61061,NULL,3122,1),(5539,61064,NULL,3127,1),(5540,61092,NULL,3126,1),(5541,61060,NULL,3119,1),(5542,61058,NULL,3120,1),(5544,61066,NULL,3121,1),(5545,61067,NULL,3123,1),(5546,61059,NULL,3120,1),(5547,61075,NULL,3127,1),(5548,61062,NULL,3119,1),(5549,61076,NULL,3131,1),(5550,61076,NULL,3121,1),(5551,61071,NULL,3123,1),(5552,61075,NULL,3119,0),(5554,61057,NULL,3124,1),(5555,61052,NULL,3127,1),(5556,61060,NULL,3120,1),(5557,61054,NULL,3126,1),(5558,61087,NULL,3140,1),(5559,61062,NULL,3120,1),(5560,61053,NULL,3127,1),(5561,61066,NULL,3120,1),(5562,61059,NULL,3119,0),(5563,61057,NULL,3127,1),(5564,61067,NULL,3126,1),(5565,61066,NULL,3119,0),(5566,61076,NULL,3120,1),(5567,61069,NULL,3140,1),(5568,61076,NULL,3119,1),(5569,61058,NULL,3127,1),(5570,61068,NULL,3140,1),(5571,61077,NULL,3119,1),(5572,61077,NULL,3120,1),(5573,61059,NULL,3127,1),(5574,61056,NULL,3131,1),(5575,61083,NULL,3119,1),(5576,61083,NULL,3120,1),(5577,61060,NULL,3127,1),(5578,61056,NULL,3140,1),(5579,61062,NULL,3127,1),(5580,61055,NULL,3131,1),(5581,61054,NULL,3119,1),(5582,61092,NULL,3120,1),(5583,61090,NULL,3131,1),(5584,61066,NULL,3127,1),(5585,61055,NULL,3140,1),(5586,61076,NULL,3127,1),(5587,61061,NULL,3119,1),(5588,61078,NULL,3131,1),(5589,61067,NULL,3119,1),(5590,61074,NULL,3131,1),(5591,61077,NULL,3127,1),(5592,61083,NULL,3127,0),(5593,61091,NULL,3131,1),(5594,61092,NULL,3127,1),(5595,61054,NULL,3127,1),(5596,61088,NULL,3131,1),(5597,61054,NULL,3120,1),(5598,61071,NULL,3126,1),(5599,61086,NULL,3131,1),(5600,61073,NULL,3126,1),(5601,61067,NULL,3127,1),(5602,61085,NULL,3126,1),(5603,61071,NULL,3124,1),(5604,61082,NULL,3131,1),(5605,61071,NULL,3127,1),(5606,61071,NULL,3119,1),(5607,61063,NULL,3126,1),(5608,61079,NULL,3131,1),(5609,61073,NULL,3127,1),(5610,61073,NULL,3119,1),(5611,61085,NULL,3127,1),(5612,61070,NULL,3126,1),(5613,61090,NULL,3140,0),(5614,61085,NULL,3119,1),(5615,61063,NULL,3127,1),(5616,61063,NULL,3119,0),(5617,61079,NULL,3126,1),(5618,61070,NULL,3131,1),(5619,61070,NULL,3127,1),(5620,61078,NULL,3140,0),(5621,61079,NULL,3127,1),(5622,61074,NULL,3140,0),(5623,61070,NULL,3119,1),(5624,61084,NULL,3126,1),(5625,61079,NULL,3119,1),(5626,61091,NULL,3140,1),(5627,61088,NULL,3140,0),(5628,61086,NULL,3126,1),(5629,61088,NULL,3126,1),(5630,61085,NULL,3124,0),(5631,61073,NULL,3131,1),(5632,61086,NULL,3140,1),(5634,61082,NULL,3127,1),(5635,61082,NULL,3119,1),(5636,61084,NULL,3127,1),(5637,61084,NULL,3119,1),(5638,61086,NULL,3119,1),(5639,61088,NULL,3119,1),(5640,61091,NULL,3126,1),(5641,61074,NULL,3126,1),(5642,61091,NULL,3119,1),(5643,61078,NULL,3126,1),(5644,61074,NULL,3119,1),(5645,61090,NULL,3126,1),(5646,61055,NULL,3126,1),(5647,61078,NULL,3119,1),(5648,61056,NULL,3126,1),(5649,61090,NULL,3119,1),(5650,61055,NULL,3119,1),(5651,61068,NULL,3126,1),(5652,61056,NULL,3119,1),(5653,61085,NULL,3120,1),(5654,61068,NULL,3119,0),(5655,61091,NULL,3127,1),(5656,61069,NULL,3119,0),(5657,61093,NULL,3127,1),(5658,61069,NULL,3126,1),(5659,61087,NULL,3119,0),(5660,61070,NULL,3120,1),(5661,61079,NULL,3120,1),(5662,61087,NULL,3126,1),(5663,61074,NULL,3127,1),(5664,61082,NULL,3120,1),(5665,61078,NULL,3127,1),(5666,61090,NULL,3127,1),(5667,61055,NULL,3127,1),(5668,61084,NULL,3120,1),(5669,61056,NULL,3127,1),(5670,61086,NULL,3120,1),(5671,61068,NULL,3127,0),(5672,61091,NULL,3120,1),(5673,61069,NULL,3127,1),(5674,61074,NULL,3120,1),(5675,61087,NULL,3127,1),(5676,61078,NULL,3120,1),(5677,61090,NULL,3120,1),(5678,61095,NULL,3127,0),(5679,61056,NULL,3120,1),(5680,61065,NULL,3119,0),(5681,61065,NULL,3127,1),(5682,61072,NULL,3119,1),(5683,61068,NULL,3120,1),(5684,61080,NULL,3119,1),(5685,61069,NULL,3120,1),(5686,61081,NULL,3119,1),(5687,61081,NULL,3127,0),(5688,61089,NULL,3127,0),(5689,61089,NULL,3119,1),(5690,61096,NULL,3119,1),(5691,61098,NULL,3119,1),(5692,61101,NULL,3127,0),(5693,61099,NULL,3119,1),(5694,61097,NULL,3119,1),(5695,61101,NULL,3119,1),(5696,61096,NULL,3127,1),(5697,61102,NULL,3119,1),(5698,61098,NULL,3127,1),(5699,61100,NULL,3127,1),(5700,61103,NULL,3119,1),(5701,61095,NULL,3119,1),(5702,61100,NULL,3119,1),(5703,61104,NULL,3119,1),(5704,61105,NULL,3119,1),(5705,61095,NULL,3136,1),(5706,61094,NULL,3119,1),(5707,61064,NULL,3140,1),(5708,61107,NULL,3118,1),(5709,61112,NULL,3118,1),(5710,61100,NULL,3118,1),(5713,61054,NULL,3140,1),(5715,61071,NULL,3140,1),(5716,61108,NULL,3136,1),(5718,61067,NULL,3140,1),(5720,61096,NULL,3136,1),(5721,61104,NULL,3118,1),(5724,61115,NULL,3118,1),(5725,61072,NULL,3140,1),(5726,61065,NULL,3140,1),(5727,61066,NULL,3131,1),(5728,61080,NULL,3140,1),(5729,61065,NULL,3136,0),(5730,61117,NULL,3118,1),(5731,61081,NULL,3140,1),(5732,61089,NULL,3140,1),(5733,61110,NULL,3118,1),(5734,61064,NULL,3119,0),(5735,61080,NULL,3135,1),(5736,61098,NULL,3118,1),(5737,61073,NULL,3140,1),(5738,61099,NULL,3136,0),(5739,61096,NULL,3118,1),(5740,61092,NULL,3119,0),(5741,61085,NULL,3140,1),(5743,61113,NULL,3136,1),(5744,61063,NULL,3140,1),(5745,61117,NULL,3136,0),(5746,61070,NULL,3140,1),(5747,61118,NULL,3136,0),(5748,61079,NULL,3140,1),(5749,61093,NULL,3119,1),(5750,61104,NULL,3136,1),(5751,61108,NULL,3135,1),(5752,61082,NULL,3140,1),(5753,61109,NULL,3135,1),(5754,61105,NULL,3136,0),(5755,61115,NULL,3136,1),(5756,61126,NULL,3135,1),(5757,61098,NULL,3134,1),(5758,61084,NULL,3140,1),(5759,61095,NULL,3135,1),(5761,61065,NULL,3124,0),(5762,61108,NULL,3119,1),(5763,61094,NULL,3140,1),(5764,61109,NULL,3119,1),(5765,61072,NULL,3124,1),(5766,61080,NULL,3124,1),(5767,61107,NULL,3119,1),(5768,61099,NULL,3135,1),(5769,61080,NULL,3120,1),(5770,61081,NULL,3120,1),(5771,61110,NULL,3131,1),(5772,61089,NULL,3124,1),(5773,61089,NULL,3120,1),(5774,61101,NULL,3124,1),(5775,61102,NULL,3124,1),(5776,61112,NULL,3119,1),(5777,61103,NULL,3124,1),(5778,61103,NULL,3127,1),(5779,61108,NULL,3127,1),(5781,61108,NULL,3124,1),(5783,61106,NULL,3119,0),(5784,61109,NULL,3124,1),(5785,61110,NULL,3119,1),(5786,61126,NULL,3124,0),(5787,61111,NULL,3119,1),(5788,61133,NULL,3124,1),(5789,61095,NULL,3124,1),(5790,61096,NULL,3124,1),(5791,61113,NULL,3119,1),(5792,61109,NULL,3127,0),(5793,61118,NULL,3118,1),(5794,61063,NULL,3136,0),(5795,61116,NULL,3119,1),(5796,61126,NULL,3127,0),(5797,61098,NULL,3124,1),(5799,61133,NULL,3127,1),(5800,61114,NULL,3119,1),(5801,61075,NULL,3126,0),(5802,61115,NULL,3119,1),(5803,61107,NULL,3127,1),(5806,61103,NULL,3134,1),(5807,61112,NULL,3127,1),(5808,61101,NULL,3135,1),(5809,61124,NULL,3127,0),(5811,61080,NULL,3122,1),(5812,61081,NULL,3126,1),(5813,61128,NULL,3127,1),(5815,61072,NULL,3127,1),(5816,61080,NULL,3127,1),(5817,61099,NULL,3127,1),(5818,61133,NULL,3119,1),(5819,61106,NULL,3127,1),(5820,61126,NULL,3119,1),(5821,61065,NULL,3135,0),(5822,61110,NULL,3127,1),(5823,61069,NULL,3136,0),(5824,61136,NULL,3119,0),(5825,61111,NULL,3127,0),(5826,61087,NULL,3136,0),(5827,61113,NULL,3127,0),(5828,61124,NULL,3119,1),(5829,61101,NULL,3118,0),(5830,61128,NULL,3119,1),(5831,61069,NULL,3122,1),(5832,61129,NULL,3135,1),(5833,61119,NULL,3127,1),(5835,61120,NULL,3127,1),(5836,61119,NULL,3119,1),(5838,61125,NULL,3127,1),(5839,61089,NULL,3135,1),(5840,61120,NULL,3119,0),(5841,61127,NULL,3127,1),(5842,61091,NULL,3122,1),(5843,61129,NULL,3127,1),(5844,61127,NULL,3119,1),(5845,61125,NULL,3119,1),(5846,61084,NULL,3122,1),(5847,61098,NULL,3136,0),(5849,61082,NULL,3122,1),(5850,61130,NULL,3127,1),(5851,61053,NULL,3118,1),(5852,61129,NULL,3119,1),(5853,61057,NULL,3118,1),(5854,61058,NULL,3118,1),(5855,61135,NULL,3135,1),(5856,61116,NULL,3127,1),(5857,61070,NULL,3122,1),(5858,61060,NULL,3118,1),(5859,61117,NULL,3127,0),(5860,61130,NULL,3119,1),(5861,61118,NULL,3134,0),(5862,61122,NULL,3127,0),(5863,61062,NULL,3118,0),(5864,61134,NULL,3119,1),(5865,61114,NULL,3127,1),(5866,61066,NULL,3118,1),(5867,61118,NULL,3127,1),(5868,61071,NULL,3122,1),(5869,61137,NULL,3119,1),(5870,61077,NULL,3118,1),(5871,61067,NULL,3122,1),(5872,61123,NULL,3127,1),(5873,61083,NULL,3118,0),(5875,61117,NULL,3119,1),(5876,61092,NULL,3118,0),(5877,61132,NULL,3127,1),(5878,61097,NULL,3127,0),(5879,61061,NULL,3118,0),(5880,61122,NULL,3119,0),(5881,61104,NULL,3127,1),(5882,61139,NULL,3119,1),(5883,61063,NULL,3118,0),(5884,61105,NULL,3127,1),(5885,61118,NULL,3119,1),(5886,61115,NULL,3127,1),(5887,61079,NULL,3118,1),(5888,61070,NULL,3118,1),(5889,61082,NULL,3118,1),(5890,61121,NULL,3127,0),(5891,61123,NULL,3119,1),(5892,61084,NULL,3118,1),(5893,61131,NULL,3127,1),(5894,61086,NULL,3118,1),(5895,61132,NULL,3119,1),(5896,61091,NULL,3118,1),(5897,61135,NULL,3119,1),(5898,61093,NULL,3118,1),(5899,61119,NULL,3136,0),(5900,61120,NULL,3124,1),(5901,61055,NULL,3118,1),(5902,61121,NULL,3119,0),(5903,61131,NULL,3119,1),(5904,61119,NULL,3124,1),(5905,61069,NULL,3118,0),(5906,61102,NULL,3127,0),(5907,61113,NULL,3124,1),(5908,61136,NULL,3127,0),(5909,61111,NULL,3124,1),(5910,61110,NULL,3124,1),(5911,61106,NULL,3124,1),(5912,61099,NULL,3124,1),(5913,61134,NULL,3124,1),(5914,61120,NULL,3140,1),(5915,61125,NULL,3140,1),(5916,61127,NULL,3140,1),(5917,61129,NULL,3140,1),(5918,61142,NULL,3124,1),(5919,61130,NULL,3140,0),(5920,61134,NULL,3140,1),(5921,61137,NULL,3140,1),(5922,61121,NULL,3136,0),(5923,61117,NULL,3124,0),(5924,61142,NULL,3140,1),(5925,61122,NULL,3124,1),(5926,61116,NULL,3140,1),(5927,61117,NULL,3140,1),(5928,61122,NULL,3140,1),(5929,61139,NULL,3124,1),(5930,61131,NULL,3131,1),(5931,61139,NULL,3140,1),(5932,61114,NULL,3124,1),(5933,61114,NULL,3140,1),(5934,61121,NULL,3131,1),(5935,61153,NULL,3119,1),(5936,61123,NULL,3140,1),(5937,61118,NULL,3140,1),(5938,61115,NULL,3131,1),(5939,61118,NULL,3124,1),(5940,61135,NULL,3140,1),(5941,61132,NULL,3140,1),(5942,61152,NULL,3119,1),(5943,61140,NULL,3140,1),(5944,61104,NULL,3131,1),(5946,61140,NULL,3119,1),(5947,61145,NULL,3140,1),(5948,61149,NULL,3140,1),(5949,61151,NULL,3136,1),(5950,61144,NULL,3119,1),(5951,61132,NULL,3124,0),(5952,61144,NULL,3140,1),(5953,61145,NULL,3119,1),(5954,61097,NULL,3140,1),(5955,61135,NULL,3124,1),(5956,61149,NULL,3119,1),(5957,61146,NULL,3127,0),(5958,61101,NULL,3123,1),(5959,61102,NULL,3123,1),(5960,61145,NULL,3124,1),(5961,61103,NULL,3123,1),(5962,61101,NULL,3134,1),(5963,61141,NULL,3119,1),(5964,61108,NULL,3123,1),(5965,61122,NULL,3131,1),(5966,61109,NULL,3123,1),(5967,61146,NULL,3119,1),(5968,61104,NULL,3124,1),(5969,61158,NULL,3135,1),(5970,61105,NULL,3124,0),(5971,61115,NULL,3124,1),(5972,61121,NULL,3124,1),(5973,61126,NULL,3123,1),(5974,61133,NULL,3123,1),(5976,61150,NULL,3119,1),(5977,61136,NULL,3123,0),(5978,61101,NULL,3121,1),(5979,61150,NULL,3123,0),(5980,61102,NULL,3121,1),(5981,61157,NULL,3119,1),(5982,61103,NULL,3121,1),(5983,61095,NULL,3123,0),(5984,61158,NULL,3119,0),(5985,61130,NULL,3131,1),(5986,61096,NULL,3123,1),(5987,61162,NULL,3119,1),(5988,61098,NULL,3123,1),(5989,61100,NULL,3123,0),(5990,61156,NULL,3119,1),(5991,61107,NULL,3123,1),(5992,61160,NULL,3119,1),(5993,61112,NULL,3123,1),(5995,61124,NULL,3123,1),(5996,61133,NULL,3121,1),(5997,61128,NULL,3123,1),(5998,61065,NULL,3123,1),(5999,61148,NULL,3119,1),(6000,61154,NULL,3119,0),(6002,61110,NULL,3140,1),(6003,61111,NULL,3140,1),(6004,61113,NULL,3140,1),(6005,61120,NULL,3131,1),(6006,61119,NULL,3140,1),(6007,61138,NULL,3119,1),(6008,61095,NULL,3121,1),(6009,61155,NULL,3119,1),(6010,61108,NULL,3126,0),(6011,61164,NULL,3119,1),(6012,61096,NULL,3121,1),(6013,61119,NULL,3131,1),(6014,61165,NULL,3119,1),(6015,61151,NULL,3119,1),(6016,61109,NULL,3126,0),(6017,61163,NULL,3119,1),(6018,61098,NULL,3121,1),(6019,61147,NULL,3119,1),(6020,61126,NULL,3126,0),(6021,61126,NULL,3118,0),(6022,61141,NULL,3134,1),(6023,61136,NULL,3118,0),(6024,61133,NULL,3126,0),(6025,61095,NULL,3118,1),(6026,61106,NULL,3123,0),(6027,61136,NULL,3126,0),(6028,61124,NULL,3121,1),(6030,61150,NULL,3126,1),(6032,61148,NULL,3140,1),(6033,61095,NULL,3126,0),(6034,61154,NULL,3140,1),(6035,61121,NULL,3134,1),(6036,61080,NULL,3121,1),(6037,61138,NULL,3140,0),(6038,61096,NULL,3126,1),(6039,61098,NULL,3126,1),(6040,61081,NULL,3131,1),(6041,61081,NULL,3121,1),(6042,61058,NULL,3122,1),(6043,61100,NULL,3126,0),(6045,61106,NULL,3121,1),(6046,61110,NULL,3121,1),(6047,61107,NULL,3126,1),(6048,61159,NULL,3140,1),(6049,61111,NULL,3123,1),(6050,61164,NULL,3140,1),(6051,61112,NULL,3126,1),(6052,61113,NULL,3123,1),(6053,61113,NULL,3121,1),(6054,61165,NULL,3140,1),(6055,61094,NULL,3127,1),(6056,61138,NULL,3136,1),(6057,61124,NULL,3126,0),(6058,61148,NULL,3127,1),(6059,61167,NULL,3140,0),(6060,61128,NULL,3126,1),(6061,61120,NULL,3121,1),(6062,61115,NULL,3134,1),(6063,61154,NULL,3127,1),(6064,61168,NULL,3140,0),(6065,61129,NULL,3123,1),(6066,61138,NULL,3127,0),(6067,61065,NULL,3126,1),(6068,61155,NULL,3127,0),(6069,61105,NULL,3134,0),(6070,61151,NULL,3140,1),(6071,61130,NULL,3123,1),(6072,61167,NULL,3136,1),(6073,61159,NULL,3127,0),(6075,61168,NULL,3136,1),(6076,61134,NULL,3123,1),(6077,61164,NULL,3127,0),(6078,61107,NULL,3131,1),(6079,61104,NULL,3134,1),(6081,61170,NULL,3136,1),(6082,61080,NULL,3126,1),(6083,61163,NULL,3140,0),(6085,61165,NULL,3127,0),(6086,61153,NULL,3123,1),(6087,61151,NULL,3127,0),(6088,61098,NULL,3131,1),(6089,61160,NULL,3134,1),(6090,61147,NULL,3140,1),(6091,61163,NULL,3127,0),(6092,61096,NULL,3131,1),(6093,61156,NULL,3134,1),(6094,61157,NULL,3123,1),(6097,61158,NULL,3123,1),(6098,61164,NULL,3135,1),(6099,61095,NULL,3131,1),(6100,61149,NULL,3134,1),(6102,61136,NULL,3131,1),(6103,61145,NULL,3134,1),(6104,61117,NULL,3123,1),(6106,61122,NULL,3123,1),(6107,61133,NULL,3131,1),(6108,61139,NULL,3123,1),(6109,61144,NULL,3134,0),(6110,61164,NULL,3136,1),(6111,61154,NULL,3126,1),(6113,61152,NULL,3123,1),(6115,61101,NULL,3120,0),(6116,61138,NULL,3126,0),(6117,61146,NULL,3135,1),(6118,61118,NULL,3123,1),(6119,61155,NULL,3126,0),(6120,61141,NULL,3135,1),(6121,61140,NULL,3123,1),(6122,61144,NULL,3123,1),(6123,61165,NULL,3126,0),(6124,61145,NULL,3123,1),(6125,61173,NULL,3119,1),(6126,61167,NULL,3126,0),(6128,61176,NULL,3119,1),(6129,61159,NULL,3119,1),(6130,61097,NULL,3123,1),(6131,61104,NULL,3123,1),(6132,61167,NULL,3119,1),(6133,61105,NULL,3123,0),(6134,61168,NULL,3119,1),(6135,61170,NULL,3119,1),(6136,61140,NULL,3134,1),(6137,61135,NULL,3134,1),(6138,61171,NULL,3119,1),(6139,61147,NULL,3131,1),(6140,61132,NULL,3134,0),(6141,61138,NULL,3123,0),(6142,61123,NULL,3134,0),(6143,61155,NULL,3123,1),(6144,61101,NULL,3126,0),(6146,61151,NULL,3123,1),(6147,61094,NULL,3118,1),(6149,61167,NULL,3131,1),(6150,61114,NULL,3134,1),(6151,61137,NULL,3135,1),(6152,61182,NULL,3120,1),(6153,61138,NULL,3131,1),(6154,61122,NULL,3134,0),(6155,61178,NULL,3120,1),(6156,61117,NULL,3134,0),(6157,61154,NULL,3118,1),(6159,61181,NULL,3119,1),(6160,61138,NULL,3118,1),(6161,61094,NULL,3124,1),(6162,61184,NULL,3119,1),(6163,61148,NULL,3124,1),(6164,61089,NULL,3134,0),(6165,61170,NULL,3120,0),(6166,61164,NULL,3118,0),(6167,61154,NULL,3124,1),(6168,61106,NULL,3126,1),(6169,61165,NULL,3118,1),(6170,61167,NULL,3118,1),(6171,61168,NULL,3118,1),(6172,61173,NULL,3124,1),(6173,61157,NULL,3134,0),(6174,61153,NULL,3134,0),(6175,61176,NULL,3124,1),(6176,61110,NULL,3126,1),(6177,61181,NULL,3124,1),(6178,61111,NULL,3126,1),(6179,61164,NULL,3120,0),(6180,61142,NULL,3134,0),(6181,61101,NULL,3122,1),(6182,61137,NULL,3134,1),(6183,61102,NULL,3122,1),(6184,61159,NULL,3120,1),(6185,61134,NULL,3134,1),(6186,61155,NULL,3124,1),(6187,61113,NULL,3126,1),(6188,61159,NULL,3118,1),(6189,61103,NULL,3122,1),(6190,61119,NULL,3126,1),(6191,61130,NULL,3134,1),(6192,61126,NULL,3122,1),(6193,61151,NULL,3118,1),(6194,61129,NULL,3134,1),(6195,61120,NULL,3126,1),(6196,61181,NULL,3120,0),(6197,61125,NULL,3126,1),(6198,61127,NULL,3134,1),(6199,61147,NULL,3123,0),(6200,61136,NULL,3122,1),(6201,61127,NULL,3126,1),(6202,61164,NULL,3124,1),(6203,61169,NULL,3122,1),(6204,61165,NULL,3124,1),(6205,61167,NULL,3124,1),(6206,61100,NULL,3122,1),(6207,61129,NULL,3126,1),(6208,61107,NULL,3122,1),(6209,61181,NULL,3118,0),(6210,61119,NULL,3134,1),(6211,61128,NULL,3122,1),(6212,61130,NULL,3126,0),(6213,61065,NULL,3122,0),(6214,61113,NULL,3134,1),(6215,61094,NULL,3121,1),(6216,61148,NULL,3121,1),(6217,61142,NULL,3126,1),(6218,61099,NULL,3122,1),(6219,61106,NULL,3122,1),(6220,61111,NULL,3134,1),(6221,61168,NULL,3124,1),(6222,61110,NULL,3122,1),(6223,61158,NULL,3126,1),(6224,61170,NULL,3124,1),(6225,61110,NULL,3134,1),(6226,61111,NULL,3122,1),(6227,61167,NULL,3123,0),(6228,61113,NULL,3122,1),(6229,61162,NULL,3126,1),(6230,61119,NULL,3122,1),(6231,61106,NULL,3134,1),(6232,61180,NULL,3124,1),(6233,61120,NULL,3122,1),(6234,61175,NULL,3126,1),(6235,61099,NULL,3134,0),(6236,61127,NULL,3122,1),(6237,61155,NULL,3140,1),(6239,61129,NULL,3122,1),(6240,61150,NULL,3135,1),(6241,61101,NULL,3140,1),(6242,61130,NULL,3122,1),(6243,61102,NULL,3140,1),(6244,61103,NULL,3140,1),(6245,61134,NULL,3122,1),(6246,61089,NULL,3126,0),(6247,61080,NULL,3134,1),(6248,61185,NULL,3124,1),(6249,61072,NULL,3134,0),(6250,61108,NULL,3140,1),(6251,61150,NULL,3127,1),(6252,61151,NULL,3124,1),(6253,61142,NULL,3122,1),(6254,61109,NULL,3140,1),(6255,61122,NULL,3126,1),(6256,61139,NULL,3126,1),(6257,61126,NULL,3140,1),(6258,61075,NULL,3130,0),(6259,61153,NULL,3122,1),(6260,61133,NULL,3140,1),(6261,61163,NULL,3124,1),(6262,61136,NULL,3140,0),(6263,61180,NULL,3119,1),(6264,61114,NULL,3126,1),(6265,61150,NULL,3140,0),(6266,61057,NULL,3130,1),(6267,61185,NULL,3119,0),(6268,61158,NULL,3122,1),(6269,61118,NULL,3126,1),(6270,61095,NULL,3140,1),(6271,61187,NULL,3119,1),(6272,61162,NULL,3122,1),(6273,61134,NULL,3127,1),(6274,61186,NULL,3119,1),(6275,61096,NULL,3140,1),(6276,61098,NULL,3140,1),(6277,61172,NULL,3122,1),(6278,61058,NULL,3130,1),(6280,61174,NULL,3122,1),(6281,61137,NULL,3127,0),(6282,61100,NULL,3140,1),(6283,61182,NULL,3119,1),(6284,61175,NULL,3122,1),(6285,61183,NULL,3119,1),(6286,61107,NULL,3140,1),(6287,61132,NULL,3126,0),(6288,61112,NULL,3140,1),(6289,61177,NULL,3122,1),(6290,61059,NULL,3130,0),(6291,61135,NULL,3126,1),(6292,61142,NULL,3127,1),(6293,61188,NULL,3119,1),(6294,61124,NULL,3140,1),(6295,61111,NULL,3135,1),(6296,61189,NULL,3119,1),(6297,61089,NULL,3122,0),(6298,61173,NULL,3121,1),(6299,61128,NULL,3140,1),(6300,61153,NULL,3127,1),(6302,61157,NULL,3127,1),(6305,61060,NULL,3130,1),(6306,61099,NULL,3140,1),(6308,61062,NULL,3130,1),(6309,61112,NULL,3134,1),(6310,61066,NULL,3130,1),(6311,61184,NULL,3121,1),(6312,61107,NULL,3134,0),(6313,61158,NULL,3127,1),(6314,61117,NULL,3122,0),(6315,61106,NULL,3140,1),(6316,61144,NULL,3126,1),(6317,61076,NULL,3130,1),(6318,61155,NULL,3121,1),(6319,61134,NULL,3135,1),(6320,61122,NULL,3122,0),(6321,61077,NULL,3130,1),(6322,61100,NULL,3134,1),(6323,61139,NULL,3127,1),(6324,61083,NULL,3130,0),(6325,61152,NULL,3127,1),(6326,61165,NULL,3121,1),(6327,61114,NULL,3122,1),(6328,61172,NULL,3135,1),(6329,61135,NULL,3127,1),(6330,61104,NULL,3126,1),(6331,61118,NULL,3122,1),(6332,61168,NULL,3121,1),(6333,61095,NULL,3134,1),(6334,61140,NULL,3127,1),(6335,61123,NULL,3122,1),(6336,61144,NULL,3127,1),(6337,61170,NULL,3121,1),(6338,61115,NULL,3126,1),(6339,61153,NULL,3140,1),(6340,61150,NULL,3134,1),(6341,61121,NULL,3126,0),(6342,61157,NULL,3140,1),(6343,61132,NULL,3122,1),(6344,61158,NULL,3140,1),(6345,61135,NULL,3122,1),(6346,61131,NULL,3126,1),(6347,61190,NULL,3119,1),(6348,61162,NULL,3140,1),(6349,61149,NULL,3127,1),(6350,61171,NULL,3121,1),(6351,61133,NULL,3134,1),(6352,61156,NULL,3127,1),(6353,61152,NULL,3140,1),(6354,61178,NULL,3119,1),(6355,61160,NULL,3127,1),(6356,61179,NULL,3119,1),(6357,61183,NULL,3121,1),(6358,61133,NULL,3118,1),(6359,61156,NULL,3140,1),(6360,61160,NULL,3140,0),(6361,61145,NULL,3122,1),(6362,61188,NULL,3121,1),(6363,61184,NULL,3124,1),(6364,61141,NULL,3127,0),(6365,61166,NULL,3140,0),(6366,61189,NULL,3121,1),(6367,61109,NULL,3134,1),(6368,61161,NULL,3127,0),(6369,61124,NULL,3118,0),(6370,61149,NULL,3122,1),(6371,61190,NULL,3124,0),(6372,61108,NULL,3134,1),(6373,61104,NULL,3140,1),(6374,61160,NULL,3122,1),(6375,61105,NULL,3140,1),(6376,61097,NULL,3122,1),(6377,61104,NULL,3122,1),(6378,61147,NULL,3127,1),(6379,61115,NULL,3140,1),(6380,61121,NULL,3140,1),(6381,61138,NULL,3124,1),(6382,61105,NULL,3122,0),(6383,61131,NULL,3140,1),(6384,61141,NULL,3140,1),(6385,61169,NULL,3119,1),(6386,61161,NULL,3121,1),(6387,61146,NULL,3140,1),(6388,61115,NULL,3122,1),(6389,61161,NULL,3140,1),(6390,61121,NULL,3122,1),(6391,61161,NULL,3134,1),(6392,61146,NULL,3121,0),(6393,61131,NULL,3122,1),(6394,61159,NULL,3124,1),(6395,61141,NULL,3121,1),(6396,61131,NULL,3121,1),(6398,61146,NULL,3122,1),(6399,61142,NULL,3119,1),(6400,61115,NULL,3121,1),(6401,61094,NULL,3122,1),(6402,61148,NULL,3122,1),(6403,61061,NULL,3130,1),(6404,61177,NULL,3134,1),(6405,61154,NULL,3122,1),(6406,61104,NULL,3121,1),(6407,61054,NULL,3130,1),(6408,61171,NULL,3124,1),(6409,61173,NULL,3122,1),(6410,61067,NULL,3130,1),(6411,61176,NULL,3122,1),(6412,61187,NULL,3124,1),(6413,61174,NULL,3134,1),(6414,61166,NULL,3121,0),(6415,61071,NULL,3130,1),(6416,61105,NULL,3135,0),(6417,61073,NULL,3130,1),(6418,61186,NULL,3124,1),(6419,61160,NULL,3121,1),(6420,61181,NULL,3122,1),(6421,61085,NULL,3130,1),(6422,61156,NULL,3121,1),(6423,61115,NULL,3135,1),(6424,61138,NULL,3122,0),(6425,61099,NULL,3126,1),(6426,61178,NULL,3124,0),(6427,61149,NULL,3121,1),(6428,61070,NULL,3130,1),(6429,61063,NULL,3130,1),(6430,61145,NULL,3121,1),(6431,61079,NULL,3130,1),(6432,61113,NULL,3118,1),(6433,61082,NULL,3130,1),(6434,61179,NULL,3124,1),(6435,61155,NULL,3122,1),(6436,61119,NULL,3118,1),(6437,61120,NULL,3118,1),(6438,61144,NULL,3121,1),(6439,61125,NULL,3118,1),(6440,61127,NULL,3118,1),(6441,61169,NULL,3134,1),(6442,61084,NULL,3130,1),(6443,61164,NULL,3122,1),(6444,61086,NULL,3130,1),(6445,61182,NULL,3124,0),(6446,61140,NULL,3121,1),(6447,61129,NULL,3118,1),(6448,61130,NULL,3118,1),(6449,61194,NULL,3135,1),(6450,61165,NULL,3123,1),(6451,61134,NULL,3118,1),(6452,61183,NULL,3124,0),(6453,61137,NULL,3118,1),(6454,61088,NULL,3130,1),(6455,61135,NULL,3121,1),(6456,61091,NULL,3130,1),(6457,61142,NULL,3118,0),(6458,61165,NULL,3122,1),(6459,61093,NULL,3130,1),(6460,61181,NULL,3134,1),(6461,61188,NULL,3124,1),(6462,61074,NULL,3130,1),(6463,61094,NULL,3134,1),(6464,61167,NULL,3122,0),(6465,61132,NULL,3121,1),(6466,61148,NULL,3134,1),(6467,61055,NULL,3130,1),(6468,61056,NULL,3130,1),(6469,61192,NULL,3124,1),(6470,61107,NULL,3120,1),(6471,61153,NULL,3126,1),(6472,61154,NULL,3134,0),(6473,61068,NULL,3130,1),(6475,61173,NULL,3134,1),(6476,61189,NULL,3124,1),(6477,61185,NULL,3123,1),(6478,61153,NULL,3118,1),(6479,61112,NULL,3120,1),(6480,61176,NULL,3134,1),(6481,61170,NULL,3122,0),(6482,61157,NULL,3118,1),(6483,61147,NULL,3124,1),(6484,61069,NULL,3130,0),(6485,61157,NULL,3126,1),(6486,61158,NULL,3118,0),(6487,61184,NULL,3134,1),(6488,61180,NULL,3123,0),(6489,61087,NULL,3130,1),(6490,61190,NULL,3134,1),(6491,61152,NULL,3121,1),(6492,61187,NULL,3123,1),(6494,61185,NULL,3122,1),(6496,61138,NULL,3134,1),(6497,61163,NULL,3123,0),(6498,61122,NULL,3118,0),(6499,61117,NULL,3121,1),(6500,61155,NULL,3134,1),(6501,61171,NULL,3122,1),(6502,61139,NULL,3118,1),(6503,61152,NULL,3118,1),(6504,61114,NULL,3118,1),(6505,61175,NULL,3119,0),(6506,61123,NULL,3118,1),(6507,61187,NULL,3122,1),(6508,61116,NULL,3121,1),(6509,61159,NULL,3134,1),(6510,61174,NULL,3119,1),(6511,61151,NULL,3122,1),(6512,61136,NULL,3124,0),(6513,61177,NULL,3119,1),(6514,61089,NULL,3121,1),(6515,61164,NULL,3134,0),(6518,61166,NULL,3119,0),(6519,61150,NULL,3124,1),(6520,61163,NULL,3122,0),(6521,61180,NULL,3118,1),(6522,61191,NULL,3119,1),(6523,61169,NULL,3124,1),(6524,61161,NULL,3119,0),(6526,61100,NULL,3124,1),(6527,61186,NULL,3122,0),(6528,61173,NULL,3140,0),(6529,61176,NULL,3140,1),(6530,61107,NULL,3124,0),(6531,61181,NULL,3140,1),(6532,61172,NULL,3121,1),(6533,61148,NULL,3118,1),(6534,61173,NULL,3118,1),(6535,61184,NULL,3140,1),(6536,61112,NULL,3124,1),(6537,61190,NULL,3140,1),(6538,61184,NULL,3118,1),(6539,61162,NULL,3121,1),(6540,61182,NULL,3122,1),(6542,61193,NULL,3140,1),(6543,61190,NULL,3118,1),(6544,61158,NULL,3121,1),(6545,61110,NULL,3120,1),(6546,61183,NULL,3122,1),(6547,61193,NULL,3118,1),(6548,61188,NULL,3122,1),(6549,61155,NULL,3118,1),(6550,61128,NULL,3124,1),(6551,61111,NULL,3120,1),(6552,61189,NULL,3122,1),(6553,61142,NULL,3121,1),(6554,61097,NULL,3126,0),(6555,61119,NULL,3120,1),(6556,61137,NULL,3121,1),(6557,61170,NULL,3118,0),(6558,61103,NULL,3130,1),(6559,61081,NULL,3124,1),(6560,61170,NULL,3140,1),(6561,61127,NULL,3120,1),(6562,61134,NULL,3121,1),(6563,61154,NULL,3123,0),(6564,61171,NULL,3118,1),(6565,61129,NULL,3121,1),(6566,61163,NULL,3118,1),(6567,61127,NULL,3121,1),(6568,61192,NULL,3123,1),(6569,61129,NULL,3120,1),(6570,61127,NULL,3124,1),(6571,61186,NULL,3118,1),(6572,61178,NULL,3118,1),(6573,61189,NULL,3134,1),(6574,61179,NULL,3118,1),(6575,61182,NULL,3118,1),(6576,61125,NULL,3124,1),(6577,61194,NULL,3123,1),(6578,61188,NULL,3118,1),(6579,61187,NULL,3140,1),(6580,61183,NULL,3118,1),(6581,61188,NULL,3134,0),(6582,61180,NULL,3140,0),(6583,61111,NULL,3121,1),(6584,61185,NULL,3140,1),(6585,61189,NULL,3118,1),(6586,61129,NULL,3124,1),(6587,61183,NULL,3134,1),(6588,61192,NULL,3118,1),(6589,61142,NULL,3120,1),(6590,61130,NULL,3124,1),(6591,61108,NULL,3130,0),(6592,61147,NULL,3118,1),(6593,61194,NULL,3118,0),(6594,61137,NULL,3124,1),(6595,61153,NULL,3124,0),(6596,61186,NULL,3140,0),(6598,61177,NULL,3120,1),(6599,61158,NULL,3124,1),(6600,61162,NULL,3124,1),(6601,61182,NULL,3140,1),(6602,61179,NULL,3140,0),(6603,61178,NULL,3140,1),(6604,61172,NULL,3124,1),(6605,61188,NULL,3140,0),(6606,61114,NULL,3120,1),(6607,61182,NULL,3123,1),(6608,61174,NULL,3124,1),(6609,61118,NULL,3120,1),(6610,61175,NULL,3124,1),(6611,61177,NULL,3124,1),(6612,61116,NULL,3124,1),(6613,61152,NULL,3124,1),(6614,61123,NULL,3124,0),(6615,61140,NULL,3124,1),(6616,61144,NULL,3124,1),(6617,61149,NULL,3124,1),(6618,61156,NULL,3124,1),(6619,61109,NULL,3130,0),(6620,61160,NULL,3124,1),(6621,61166,NULL,3124,0),(6622,61191,NULL,3124,1),(6623,61097,NULL,3124,0),(6625,61135,NULL,3120,1),(6626,61131,NULL,3124,1),(6627,61141,NULL,3124,1),(6628,61133,NULL,3130,1),(6630,61146,NULL,3124,1),(6631,61161,NULL,3124,1),(6632,61136,NULL,3130,0),(6633,61194,NULL,3124,1),(6635,61195,NULL,3124,1),(6636,61150,NULL,3130,0),(6637,61169,NULL,3130,1),(6638,61052,NULL,3124,1),(6639,61095,NULL,3130,0),(6640,61058,NULL,3124,1),(6641,61059,NULL,3124,1),(6642,61096,NULL,3130,0),(6643,61060,NULL,3124,1),(6644,61098,NULL,3130,1),(6645,61062,NULL,3124,0),(6646,61066,NULL,3124,1),(6647,61076,NULL,3124,1),(6648,61077,NULL,3124,1),(6649,61083,NULL,3124,1),(6650,61092,NULL,3124,0),(6651,61054,NULL,3124,1),(6652,61061,NULL,3124,0),(6653,61067,NULL,3124,1),(6654,61073,NULL,3124,1),(6655,61197,NULL,3124,0),(6657,61070,NULL,3124,1),(6658,61100,NULL,3130,0),(6659,61079,NULL,3124,1),(6660,61082,NULL,3124,1),(6661,61084,NULL,3124,1),(6662,61086,NULL,3124,1),(6663,61124,NULL,3130,1),(6664,61088,NULL,3124,0),(6665,61128,NULL,3130,0),(6666,61091,NULL,3124,1),(6667,61065,NULL,3130,0),(6668,61093,NULL,3124,1),(6669,61074,NULL,3124,1),(6670,61072,NULL,3130,0),(6671,61078,NULL,3124,1),(6672,61080,NULL,3130,0),(6673,61055,NULL,3124,1),(6674,61056,NULL,3124,1),(6675,61081,NULL,3130,0),(6676,61068,NULL,3124,0),(6677,61069,NULL,3124,0),(6678,61087,NULL,3124,0),(6679,61099,NULL,3130,0),(6680,61106,NULL,3130,0),(6681,61124,NULL,3124,1),(6682,61111,NULL,3130,0),(6683,61195,NULL,3135,1),(6684,61120,NULL,3130,1),(6685,61142,NULL,3130,1),(6686,61102,NULL,3118,0),(6687,61103,NULL,3118,1),(6689,61065,NULL,3118,0),(6691,61072,NULL,3118,1),(6692,61080,NULL,3118,1),(6693,61106,NULL,3118,1),(6695,61064,NULL,3122,1),(6696,61076,NULL,3122,1),(6697,61161,NULL,3123,1),(6698,61146,NULL,3123,1),(6699,61181,NULL,3135,1),(6700,61121,NULL,3130,1),(6701,61131,NULL,3130,0),(6702,61146,NULL,3130,1),(6703,61148,NULL,3130,0),(6704,61154,NULL,3130,0),(6705,61176,NULL,3130,1),(6706,61181,NULL,3130,1),(6707,61193,NULL,3130,1),(6708,61138,NULL,3130,1),(6709,61164,NULL,3130,1),(6710,61167,NULL,3130,1),(6711,61185,NULL,3130,0),(6712,61195,NULL,3130,1),(6713,61179,NULL,3130,0),(6714,61178,NULL,3130,0),(6715,61183,NULL,3130,0),(6716,61188,NULL,3130,0),(6717,61192,NULL,3130,1),(6718,61194,NULL,3130,1),(6719,61194,NULL,3126,0),(6720,61188,NULL,3126,1),(6721,61183,NULL,3126,1),(6722,61182,NULL,3126,1),(6723,61178,NULL,3126,1),(6724,61170,NULL,3126,0),(6725,61054,NULL,3122,1),(6726,61086,NULL,3122,1),(6727,61074,NULL,3122,1),(6728,61055,NULL,3122,1),(6729,61087,NULL,3122,1),(6730,61108,NULL,3122,1),(6731,61133,NULL,3122,1),(6732,61095,NULL,3122,0),(6733,61096,NULL,3122,1),(6734,61112,NULL,3122,1),(6735,61072,NULL,3122,0),(6736,61168,NULL,3122,0),(6737,61090,NULL,3124,0),(6738,61109,NULL,3118,0),(6739,61150,NULL,3118,1),(6740,61131,NULL,3123,1),(6741,61121,NULL,3123,1),(6742,61115,NULL,3123,1),(6743,61191,NULL,3123,0),(6744,61160,NULL,3123,1),(6745,61156,NULL,3123,1),(6746,61149,NULL,3123,1),(6747,61135,NULL,3123,1),(6748,61132,NULL,3123,1),(6749,61123,NULL,3123,1),(6750,61175,NULL,3123,0),(6751,61172,NULL,3123,1),(6752,61162,NULL,3123,1),(6753,61197,NULL,3134,0),(6754,61191,NULL,3127,1),(6755,61166,NULL,3127,0),(6756,61145,NULL,3127,0),(6757,61100,NULL,3129,0),(6758,61101,NULL,3129,0),(6759,61169,NULL,3129,0),(6760,61095,NULL,3129,0),(6761,61124,NULL,3129,0),(6762,61128,NULL,3129,1),(6763,61072,NULL,3129,0),(6764,61080,NULL,3129,0),(6765,61191,NULL,3118,1),(6766,61152,NULL,3129,0),(6767,61161,NULL,3129,0),(6768,61181,NULL,3129,0),(6769,61159,NULL,3129,0),(6770,61170,NULL,3129,0),(6771,61185,NULL,3129,1),(6772,61186,NULL,3129,0),(6773,61179,NULL,3129,0),(6774,61183,NULL,3129,1),(6775,61182,NULL,3129,1),(6776,61188,NULL,3129,1),(6777,61192,NULL,3129,0),(6778,61189,NULL,3129,1),(6779,61053,NULL,3129,1),(6780,61058,NULL,3129,1),(6781,61057,NULL,3129,1),(6782,61059,NULL,3129,1),(6783,61060,NULL,3129,1),(6784,61062,NULL,3129,1),(6785,61066,NULL,3129,1),(6786,61076,NULL,3129,1),(6787,61077,NULL,3129,1),(6788,61083,NULL,3129,0),(6789,61197,NULL,3129,1),(6790,61079,NULL,3129,1),(6791,61088,NULL,3129,1),(6792,61069,NULL,3129,1),(6793,61087,NULL,3129,1),(6794,61176,NULL,3123,1),(6795,61168,NULL,3123,0),(6797,61169,NULL,3118,0),(6798,61069,NULL,3123,1),(6799,61087,NULL,3123,1),(6800,61186,NULL,3123,0),(6801,61178,NULL,3123,1),(6802,61176,NULL,3120,0),(6803,61190,NULL,3120,0),(6804,61164,NULL,3129,0),(6805,61194,NULL,3129,0),(6806,61197,NULL,3118,1),(6807,61145,NULL,3118,0),(6808,61121,NULL,3118,0),(6809,61118,NULL,3129,1),(6810,61123,NULL,3129,1),(6811,61132,NULL,3129,1),(6812,61132,NULL,3118,0),(6813,61145,NULL,3129,0),(6814,61169,NULL,3131,0),(6815,61102,NULL,3129,0),(6816,61197,NULL,3127,1),(6817,61169,NULL,3127,0),(6818,61176,NULL,3131,0),(6820,61162,NULL,3127,1),(6821,61174,NULL,3127,0),(6822,61173,NULL,3127,0),(6823,61176,NULL,3127,0),(6824,61176,NULL,3118,0),(6825,61181,NULL,3127,0),(6826,61181,NULL,3131,0),(6827,61185,NULL,3118,1),(6828,61187,NULL,3118,1),(6829,61195,NULL,3127,0),(6830,61183,NULL,3127,1),(6831,61188,NULL,3127,1),(6832,61192,NULL,3127,0),(6833,61194,NULL,3127,0),(6834,61157,NULL,3129,1),(6835,61158,NULL,3129,0),(6836,61191,NULL,3129,1),(6837,61121,NULL,3129,0),(6838,61131,NULL,3129,1),(6839,61146,NULL,3129,0),(6840,61148,NULL,3129,0),(6841,61173,NULL,3129,1),(6842,61176,NULL,3129,0),(6843,61402,NULL,3181,1),(6844,61419,NULL,3181,1),(6845,61421,NULL,3181,1),(6846,61405,NULL,3181,1),(6847,61403,NULL,3181,1),(6848,61406,NULL,3181,1),(6849,61404,NULL,3181,1),(6850,61397,NULL,3181,1),(6851,61402,NULL,3183,0),(6852,61408,NULL,3181,1),(6856,61402,NULL,3179,1),(6857,61422,NULL,3189,1),(6858,61402,NULL,3201,1),(6859,61414,NULL,3179,1),(6861,61414,NULL,3201,1),(6862,61402,NULL,3193,1),(6863,61414,NULL,3192,1),(6864,61416,NULL,3201,1),(6866,61414,NULL,3193,1),(6867,61404,NULL,3189,1),(6868,61419,NULL,3201,1),(6869,61413,NULL,3189,1),(6870,61417,NULL,3178,1),(6871,61397,NULL,3189,1),(6872,61419,NULL,3179,1),(6873,61398,NULL,3189,1),(6874,61422,NULL,3201,1),(6875,61417,NULL,3181,1),(6876,61399,NULL,3189,1),(6877,61402,NULL,3180,1),(6878,61412,NULL,3181,1),(6879,61419,NULL,3192,1),(6880,61420,NULL,3181,1),(6881,61420,NULL,3178,1),(6882,61429,NULL,3201,1),(6883,61407,NULL,3189,1),(6884,61422,NULL,3179,1),(6885,61422,NULL,3192,1),(6887,61409,NULL,3189,1),(6888,61410,NULL,3189,1),(6889,61422,NULL,3180,1),(6890,61415,NULL,3189,1),(6891,61414,NULL,3181,1),(6892,61418,NULL,3189,1),(6893,61416,NULL,3193,1),(6894,61400,NULL,3178,1),(6895,61421,NULL,3201,0),(6896,61421,NULL,3192,0),(6897,61425,NULL,3201,1),(6898,61429,NULL,3179,1),(6899,61419,NULL,3187,1),(6901,61427,NULL,3201,1),(6902,61399,NULL,3199,1),(6903,61414,NULL,3183,0),(6904,61427,NULL,3192,1),(6906,61405,NULL,3201,1),(6907,61416,NULL,3181,1),(6908,61419,NULL,3193,1),(6909,61416,NULL,3184,1),(6910,61409,NULL,3199,1),(6911,61403,NULL,3201,1),(6912,61421,NULL,3179,1),(6913,61422,NULL,3193,1),(6914,61406,NULL,3192,1),(6915,61406,NULL,3201,1),(6916,61430,NULL,3192,1),(6917,61402,NULL,3186,1),(6918,61430,NULL,3201,1),(6919,61402,NULL,3191,1),(6920,61404,NULL,3192,1),(6921,61413,NULL,3192,1),(6923,61424,NULL,3192,1),(6925,61420,NULL,3199,1),(6926,61414,NULL,3186,1),(6927,61402,NULL,3190,1),(6928,61429,NULL,3193,1),(6929,61402,NULL,3184,0),(6930,61404,NULL,3201,1),(6932,61414,NULL,3190,1),(6933,61425,NULL,3179,1),(6934,61425,NULL,3187,1),(6935,61416,NULL,3186,0),(6936,61419,NULL,3199,1),(6937,61404,NULL,3180,1),(6938,61413,NULL,3181,0),(6939,61414,NULL,3197,0),(6940,61413,NULL,3201,1),(6941,61427,NULL,3179,1),(6942,61402,NULL,3200,1),(6943,61427,NULL,3187,1),(6944,61422,NULL,3199,1),(6945,61398,NULL,3181,1),(6946,61419,NULL,3186,1),(6947,61417,NULL,3189,1),(6948,61399,NULL,3181,1),(6949,61405,NULL,3179,1),(6950,61422,NULL,3191,1),(6951,61421,NULL,3193,1),(6953,61414,NULL,3200,1),(6954,61399,NULL,3180,1),(6955,61401,NULL,3181,1),(6957,61425,NULL,3193,1),(6958,61403,NULL,3199,1),(6959,61403,NULL,3179,1),(6960,61407,NULL,3181,0),(6961,61422,NULL,3186,1),(6962,61404,NULL,3199,1),(6963,61419,NULL,3190,1),(6964,61416,NULL,3200,0),(6965,61409,NULL,3181,1),(6966,61424,NULL,3201,1),(6967,61427,NULL,3193,1),(6968,61422,NULL,3190,1),(6969,61410,NULL,3178,1),(6970,61409,NULL,3180,1),(6971,61402,NULL,3189,1),(6972,61419,NULL,3200,1),(6973,61402,NULL,3188,1),(6974,61429,NULL,3186,1),(6975,61397,NULL,3199,1),(6976,61415,NULL,3180,1),(6977,61406,NULL,3179,1),(6978,61419,NULL,3183,1),(6979,61422,NULL,3200,1),(6980,61429,NULL,3184,1),(6981,61429,NULL,3190,1),(6982,61418,NULL,3180,1),(6983,61432,NULL,3186,1),(6984,61430,NULL,3179,1),(6985,61402,NULL,3194,0),(6987,61430,NULL,3187,1),(6988,61416,NULL,3189,0),(6989,61414,NULL,3188,1),(6990,61422,NULL,3197,1),(6991,61407,NULL,3199,1),(6992,61421,NULL,3186,0),(6993,61410,NULL,3181,1),(6994,61411,NULL,3180,1),(6995,61404,NULL,3179,1),(6996,61422,NULL,3183,0),(6997,61425,NULL,3186,1),(6999,61415,NULL,3181,0),(7000,61415,NULL,3191,1),(7001,61429,NULL,3189,1),(7002,61421,NULL,3190,0),(7003,61412,NULL,3180,1),(7004,61418,NULL,3181,1),(7005,61418,NULL,3199,1),(7006,61402,NULL,3203,0),(7007,61432,NULL,3189,1),(7008,61429,NULL,3197,1),(7009,61400,NULL,3181,1),(7010,61421,NULL,3184,0),(7012,61421,NULL,3189,0),(7013,61411,NULL,3181,1),(7014,61406,NULL,3193,1),(7015,61414,NULL,3203,0),(7016,61432,NULL,3200,0),(7017,61413,NULL,3179,1),(7018,61430,NULL,3193,1),(7019,61417,NULL,3180,1),(7020,61397,NULL,3201,1),(7021,61427,NULL,3194,1),(7022,61398,NULL,3201,1),(7023,61399,NULL,3201,1),(7024,61425,NULL,3189,0),(7025,61418,NULL,3191,1),(7027,61406,NULL,3194,1),(7028,61432,NULL,3197,1),(7029,61401,NULL,3201,1),(7030,61419,NULL,3203,1),(7031,61407,NULL,3201,1),(7032,61421,NULL,3197,0),(7033,61404,NULL,3193,1),(7034,61427,NULL,3189,0),(7035,61421,NULL,3200,1),(7036,61438,NULL,3194,1),(7037,61422,NULL,3203,1),(7038,61408,NULL,3201,1),(7039,61413,NULL,3193,1),(7040,61402,NULL,3202,1),(7041,61436,NULL,3181,0),(7042,61409,NULL,3201,1),(7043,61421,NULL,3183,0),(7044,61403,NULL,3189,1),(7045,61425,NULL,3184,1),(7046,61410,NULL,3201,1),(7047,61414,NULL,3202,0),(7048,61406,NULL,3189,0),(7049,61434,NULL,3181,1),(7050,61415,NULL,3201,1),(7051,61425,NULL,3197,1),(7052,61424,NULL,3200,0),(7053,61420,NULL,3194,1),(7054,61417,NULL,3194,1),(7055,61416,NULL,3202,0),(7056,61418,NULL,3201,1),(7057,61428,NULL,3181,1),(7058,61419,NULL,3202,1),(7059,61411,NULL,3194,1),(7060,61424,NULL,3179,1),(7061,61427,NULL,3197,1),(7062,61426,NULL,3181,1),(7063,61403,NULL,3190,1),(7064,61423,NULL,3201,1),(7065,61397,NULL,3179,1),(7066,61400,NULL,3194,1),(7067,61405,NULL,3197,1),(7068,61423,NULL,3181,1),(7069,61403,NULL,3184,1),(7070,61422,NULL,3202,1),(7071,61398,NULL,3179,1),(7072,61406,NULL,3190,1),(7073,61426,NULL,3201,1),(7074,61399,NULL,3179,1),(7075,61429,NULL,3202,1),(7076,61401,NULL,3179,1),(7077,61421,NULL,3203,0),(7078,61428,NULL,3201,1),(7079,61403,NULL,3197,1),(7080,61433,NULL,3200,1),(7081,61407,NULL,3179,1),(7082,61418,NULL,3194,1),(7084,61411,NULL,3201,1),(7085,61406,NULL,3197,1),(7086,61415,NULL,3194,1),(7087,61430,NULL,3197,1),(7088,61425,NULL,3183,1),(7089,61425,NULL,3202,1),(7090,61410,NULL,3194,1),(7091,61409,NULL,3179,1),(7092,61412,NULL,3201,1),(7093,61412,NULL,3192,1),(7094,61410,NULL,3179,1),(7095,61427,NULL,3202,1),(7096,61409,NULL,3194,1),(7097,61417,NULL,3201,1),(7098,61420,NULL,3192,1),(7099,61405,NULL,3202,0),(7100,61405,NULL,3183,1),(7101,61420,NULL,3201,1),(7102,61415,NULL,3179,1),(7103,61413,NULL,3184,1),(7104,61418,NULL,3179,1),(7105,61417,NULL,3188,1),(7106,61407,NULL,3194,1),(7107,61403,NULL,3202,1),(7108,61404,NULL,3197,1),(7109,61409,NULL,3200,0),(7110,61412,NULL,3188,1),(7111,61401,NULL,3194,1),(7112,61423,NULL,3179,1),(7113,61397,NULL,3184,1),(7114,61411,NULL,3188,1),(7115,61426,NULL,3179,1),(7116,61413,NULL,3197,0),(7117,61428,NULL,3179,0),(7118,61406,NULL,3202,0),(7119,61397,NULL,3193,1),(7120,61415,NULL,3200,1),(7121,61426,NULL,3187,1),(7122,61427,NULL,3186,1),(7123,61430,NULL,3202,1),(7124,61398,NULL,3184,1),(7125,61400,NULL,3179,1),(7126,61430,NULL,3203,0),(7127,61405,NULL,3186,1),(7128,61404,NULL,3202,1),(7129,61411,NULL,3179,1),(7130,61399,NULL,3184,1),(7131,61412,NULL,3179,1),(7132,61411,NULL,3187,1),(7133,61413,NULL,3202,1),(7134,61403,NULL,3186,1),(7136,61417,NULL,3179,1),(7137,61424,NULL,3202,1),(7138,61412,NULL,3187,1),(7140,61420,NULL,3179,1),(7141,61399,NULL,3193,1),(7142,61404,NULL,3203,1),(7143,61413,NULL,3190,0),(7144,61407,NULL,3184,1),(7145,61397,NULL,3202,1),(7146,61423,NULL,3188,1),(7147,61401,NULL,3193,1),(7150,61406,NULL,3186,1),(7151,61398,NULL,3202,1),(7152,61403,NULL,3183,1),(7153,61430,NULL,3186,1),(7154,61404,NULL,3186,1),(7155,61409,NULL,3184,1),(7156,61413,NULL,3186,1),(7157,61399,NULL,3202,1),(7158,61407,NULL,3193,1),(7159,61410,NULL,3184,1),(7160,61399,NULL,3197,1),(7161,61424,NULL,3186,1),(7162,61407,NULL,3202,0),(7163,61406,NULL,3177,1),(7164,61433,NULL,3186,1),(7165,61424,NULL,3181,1),(7166,61409,NULL,3193,1),(7167,61407,NULL,3197,1),(7168,61408,NULL,3202,1),(7169,61397,NULL,3186,1),(7170,61398,NULL,3188,1),(7172,61437,NULL,3181,1),(7173,61409,NULL,3202,1),(7174,61408,NULL,3197,1),(7175,61410,NULL,3202,1),(7176,61410,NULL,3193,1),(7177,61409,NULL,3197,1),(7178,61398,NULL,3186,1),(7179,61400,NULL,3184,1),(7180,61421,NULL,3178,0),(7181,61421,NULL,3199,0),(7182,61399,NULL,3186,1),(7183,61415,NULL,3202,1),(7184,61406,NULL,3183,1),(7185,61401,NULL,3186,1),(7186,61418,NULL,3202,1),(7187,61415,NULL,3193,1),(7188,61417,NULL,3184,1),(7189,61425,NULL,3199,0),(7190,61407,NULL,3186,1),(7191,61420,NULL,3184,1),(7192,61415,NULL,3197,1),(7193,61408,NULL,3186,1),(7194,61400,NULL,3200,0),(7195,61418,NULL,3193,1),(7196,61428,NULL,3202,1),(7197,61440,NULL,3199,0),(7198,61419,NULL,3188,1),(7199,61409,NULL,3186,1),(7200,61404,NULL,3183,1),(7201,61431,NULL,3202,1),(7202,61411,NULL,3200,1),(7203,61423,NULL,3193,1),(7204,61433,NULL,3190,0),(7205,61418,NULL,3186,1),(7206,61397,NULL,3190,1),(7207,61426,NULL,3193,1),(7208,61420,NULL,3200,0),(7209,61434,NULL,3202,1),(7210,61419,NULL,3177,1),(7211,61423,NULL,3186,1),(7212,61398,NULL,3190,1),(7213,61400,NULL,3202,1),(7214,61428,NULL,3186,1),(7215,61426,NULL,3186,1),(7217,61411,NULL,3202,1),(7218,61400,NULL,3193,1),(7219,61417,NULL,3202,1),(7220,61404,NULL,3188,1),(7221,61411,NULL,3193,1),(7222,61435,NULL,3190,1),(7223,61412,NULL,3193,1),(7224,61435,NULL,3179,1),(7225,61420,NULL,3183,1),(7226,61417,NULL,3193,1),(7227,61417,NULL,3183,1),(7228,61420,NULL,3190,0),(7229,61406,NULL,3199,1),(7230,61412,NULL,3183,1),(7231,61411,NULL,3183,1),(7232,61417,NULL,3190,0),(7233,61400,NULL,3183,1),(7234,61412,NULL,3190,1),(7235,61411,NULL,3190,1),(7236,61437,NULL,3179,1),(7237,61404,NULL,3177,1),(7238,61420,NULL,3202,1),(7239,61405,NULL,3193,1),(7241,61423,NULL,3183,1),(7242,61418,NULL,3183,1),(7243,61423,NULL,3203,1),(7244,61415,NULL,3183,1),(7245,61410,NULL,3183,1),(7246,61437,NULL,3199,0),(7247,61428,NULL,3203,0),(7248,61409,NULL,3183,1),(7249,61408,NULL,3183,1),(7250,61398,NULL,3199,1),(7251,61407,NULL,3183,1),(7252,61401,NULL,3183,1),(7253,61434,NULL,3203,0),(7254,61399,NULL,3183,1),(7256,61398,NULL,3183,1),(7257,61412,NULL,3200,1),(7258,61397,NULL,3183,1),(7259,61408,NULL,3177,1),(7260,61431,NULL,3199,1),(7261,61410,NULL,3190,0),(7262,61415,NULL,3177,1),(7263,61434,NULL,3199,1),(7264,61402,NULL,3197,1),(7265,61408,NULL,3190,1),(7266,61419,NULL,3197,1),(7267,61407,NULL,3190,1),(7268,61417,NULL,3199,1),(7269,61431,NULL,3189,0),(7270,61432,NULL,3179,1),(7271,61399,NULL,3190,1),(7272,61439,NULL,3179,1),(7273,61420,NULL,3189,1),(7274,61439,NULL,3177,1),(7275,61400,NULL,3191,0),(7276,61412,NULL,3189,0),(7277,61411,NULL,3189,0),(7278,61405,NULL,3177,1),(7279,61400,NULL,3189,1),(7280,61404,NULL,3194,1),(7281,61434,NULL,3189,1),(7282,61401,NULL,3197,1),(7283,61428,NULL,3189,1),(7284,61422,NULL,3188,0),(7285,61426,NULL,3189,0),(7286,61451,NULL,3194,1),(7287,61418,NULL,3197,1),(7288,61429,NULL,3180,1),(7290,61452,NULL,3194,1),(7291,61426,NULL,3197,1),(7292,61421,NULL,3180,0),(7293,61435,NULL,3186,1),(7294,61420,NULL,3186,1),(7295,61402,NULL,3196,1),(7296,61400,NULL,3197,1),(7297,61414,NULL,3196,0),(7298,61440,NULL,3180,0),(7299,61417,NULL,3186,1),(7300,61429,NULL,3194,1),(7301,61412,NULL,3186,1),(7302,61416,NULL,3196,1),(7303,61411,NULL,3197,1),(7304,61412,NULL,3197,1),(7305,61419,NULL,3196,1),(7306,61455,NULL,3179,1),(7307,61417,NULL,3197,1),(7308,61422,NULL,3196,1),(7309,61443,NULL,3184,1),(7310,61429,NULL,3196,0),(7311,61432,NULL,3196,1),(7312,61447,NULL,3179,1),(7313,61421,NULL,3196,1),(7314,61454,NULL,3184,1),(7315,61457,NULL,3184,1),(7316,61460,NULL,3184,1),(7317,61417,NULL,3191,0),(7318,61443,NULL,3189,1),(7319,61454,NULL,3189,1),(7320,61457,NULL,3189,1),(7321,61460,NULL,3189,1),(7322,61463,NULL,3189,1),(7323,61443,NULL,3181,0),(7324,61445,NULL,3189,1),(7325,61453,NULL,3189,1),(7326,61458,NULL,3189,1),(7327,61464,NULL,3189,1),(7328,61454,NULL,3181,1),(7329,61441,NULL,3189,1),(7330,61456,NULL,3189,0),(7331,61457,NULL,3181,1),(7332,61460,NULL,3181,0),(7333,61443,NULL,3201,1),(7335,61463,NULL,3181,1),(7336,61457,NULL,3201,1),(7337,61465,NULL,3181,0),(7338,61460,NULL,3201,1),(7339,61445,NULL,3181,0),(7340,61463,NULL,3201,1),(7341,61453,NULL,3181,1),(7342,61465,NULL,3201,1),(7343,61458,NULL,3181,0),(7344,61464,NULL,3181,1),(7345,61441,NULL,3181,1),(7346,61468,NULL,3201,1),(7348,61456,NULL,3181,1),(7349,61453,NULL,3201,1),(7350,61458,NULL,3201,1),(7351,61467,NULL,3201,1),(7352,61459,NULL,3181,0),(7353,61461,NULL,3181,1),(7355,61466,NULL,3201,0),(7356,61443,NULL,3186,1),(7357,61442,NULL,3181,1),(7358,61443,NULL,3196,0),(7359,61465,NULL,3189,1),(7360,61441,NULL,3201,0),(7361,61450,NULL,3181,1),(7362,61454,NULL,3196,0),(7363,61468,NULL,3189,1),(7364,61442,NULL,3194,1),(7366,61475,NULL,3189,1),(7367,61448,NULL,3181,1),(7368,61476,NULL,3189,1),(7369,61454,NULL,3186,1),(7370,61457,NULL,3196,1),(7372,61472,NULL,3189,1),(7373,61457,NULL,3186,1),(7374,61443,NULL,3203,1),(7375,61459,NULL,3201,0),(7376,61460,NULL,3186,1),(7377,61472,NULL,3181,1),(7378,61445,NULL,3186,1),(7379,61469,NULL,3201,0),(7381,61460,NULL,3196,1),(7382,61473,NULL,3189,0),(7383,61469,NULL,3194,1),(7384,61453,NULL,3186,1),(7385,61481,NULL,3181,1),(7386,61471,NULL,3201,0),(7387,61443,NULL,3193,1),(7388,61458,NULL,3186,1),(7389,61476,NULL,3181,1),(7390,61465,NULL,3184,1),(7391,61441,NULL,3186,1),(7392,61477,NULL,3181,1),(7393,61461,NULL,3201,0),(7394,61465,NULL,3203,1),(7395,61456,NULL,3186,1),(7396,61443,NULL,3187,1),(7397,61454,NULL,3193,1),(7398,61456,NULL,3194,1),(7399,61459,NULL,3186,1),(7400,61463,NULL,3196,1),(7401,61468,NULL,3203,1),(7402,61450,NULL,3201,1),(7403,61443,NULL,3183,1),(7404,61442,NULL,3186,1),(7405,61457,NULL,3193,1),(7406,61473,NULL,3181,1),(7407,61466,NULL,3189,1),(7408,61465,NULL,3196,0),(7409,61475,NULL,3184,1),(7410,61464,NULL,3194,1),(7411,61450,NULL,3186,1),(7412,61445,NULL,3187,1),(7413,61468,NULL,3196,1),(7414,61443,NULL,3200,1),(7415,61470,NULL,3201,0),(7416,61460,NULL,3193,1),(7417,61476,NULL,3203,1),(7418,61476,NULL,3184,1),(7419,61448,NULL,3186,1),(7420,61448,NULL,3201,1),(7421,61453,NULL,3187,1),(7422,61468,NULL,3181,0),(7423,61475,NULL,3196,0),(7424,61480,NULL,3184,1),(7425,61476,NULL,3196,0),(7426,61441,NULL,3187,1),(7427,61481,NULL,3203,1),(7428,61479,NULL,3186,1),(7429,61470,NULL,3186,1),(7430,61481,NULL,3184,1),(7431,61475,NULL,3181,0),(7432,61480,NULL,3196,1),(7433,61474,NULL,3186,1),(7434,61472,NULL,3203,1),(7435,61441,NULL,3193,1),(7436,61480,NULL,3181,0),(7437,61454,NULL,3183,1),(7438,61472,NULL,3196,0),(7439,61484,NULL,3181,1),(7440,61457,NULL,3183,1),(7441,61461,NULL,3189,0),(7442,61460,NULL,3183,1),(7443,61483,NULL,3200,1),(7444,61483,NULL,3181,1),(7445,61463,NULL,3183,1),(7447,61465,NULL,3183,1),(7448,61474,NULL,3189,0),(7450,61468,NULL,3183,1),(7451,61473,NULL,3196,1),(7452,61482,NULL,3181,1),(7453,61478,NULL,3186,1),(7454,61442,NULL,3189,1),(7455,61475,NULL,3183,1),(7457,61459,NULL,3193,1),(7458,61476,NULL,3183,1),(7459,61450,NULL,3189,1),(7460,61443,NULL,3199,1),(7461,61477,NULL,3196,1),(7462,61469,NULL,3186,1),(7463,61467,NULL,3181,1),(7464,61445,NULL,3196,1),(7465,61480,NULL,3183,1),(7466,61460,NULL,3194,1),(7467,61466,NULL,3181,1),(7468,61448,NULL,3189,1),(7469,61453,NULL,3196,1),(7471,61481,NULL,3183,1),(7473,61458,NULL,3196,0),(7474,61466,NULL,3186,1),(7475,61454,NULL,3199,1),(7476,61467,NULL,3196,1),(7477,61470,NULL,3194,1),(7478,61472,NULL,3183,1),(7479,61467,NULL,3186,1),(7481,61464,NULL,3196,1),(7482,61464,NULL,3186,1),(7483,61473,NULL,3183,1),(7484,61474,NULL,3194,1),(7486,61443,NULL,3179,1),(7488,61441,NULL,3196,1),(7490,61454,NULL,3179,1),(7491,61460,NULL,3199,1),(7492,61484,NULL,3184,1),(7493,61445,NULL,3203,1),(7495,61471,NULL,3181,1),(7497,61461,NULL,3196,1),(7498,61477,NULL,3183,1),(7499,61457,NULL,3179,1),(7500,61465,NULL,3199,1),(7501,61482,NULL,3203,1),(7502,61482,NULL,3186,1),(7503,61469,NULL,3181,0),(7505,61445,NULL,3183,1),(7506,61453,NULL,3203,1),(7507,61478,NULL,3181,1),(7509,61460,NULL,3179,1),(7510,61453,NULL,3183,1),(7511,61458,NULL,3203,1),(7512,61484,NULL,3186,1),(7513,61475,NULL,3199,1),(7514,61480,NULL,3189,1),(7515,61483,NULL,3184,1),(7516,61481,NULL,3186,1),(7517,61467,NULL,3183,1),(7518,61486,NULL,3181,1),(7519,61480,NULL,3186,1),(7520,61476,NULL,3199,1),(7521,61445,NULL,3184,1),(7522,61445,NULL,3179,1),(7523,61467,NULL,3203,1),(7524,61481,NULL,3189,1),(7525,61480,NULL,3199,1),(7526,61476,NULL,3186,1),(7527,61474,NULL,3181,1),(7528,61475,NULL,3186,1),(7529,61453,NULL,3179,1),(7530,61441,NULL,3183,1),(7533,61484,NULL,3189,1),(7534,61468,NULL,3186,1),(7535,61443,NULL,3197,1),(7536,61476,NULL,3187,1),(7537,61465,NULL,3186,1),(7538,61470,NULL,3181,0),(7540,61469,NULL,3196,1),(7541,61445,NULL,3178,1),(7542,61443,NULL,3202,1),(7543,61466,NULL,3203,1),(7544,61454,NULL,3202,1),(7545,61471,NULL,3196,1),(7546,61477,NULL,3189,1),(7547,61463,NULL,3186,1),(7548,61458,NULL,3184,1),(7549,61483,NULL,3189,1),(7550,61479,NULL,3181,1),(7552,61460,NULL,3197,1),(7554,61465,NULL,3197,1),(7556,61473,NULL,3199,0),(7557,61468,NULL,3194,1),(7558,61482,NULL,3189,0),(7559,61481,NULL,3187,1),(7562,61468,NULL,3197,1),(7563,61443,NULL,3191,1),(7565,61458,NULL,3179,1),(7566,61450,NULL,3202,1),(7567,61484,NULL,3187,1),(7568,61494,NULL,3200,1),(7569,61442,NULL,3203,1),(7570,61441,NULL,3179,1),(7571,61467,NULL,3189,1),(7572,61476,NULL,3197,1),(7574,61450,NULL,3203,1),(7575,61450,NULL,3183,1),(7576,61487,NULL,3189,1),(7577,61494,NULL,3201,0),(7578,61457,NULL,3202,1),(7579,61480,NULL,3197,1),(7580,61470,NULL,3183,1),(7581,61448,NULL,3203,1),(7582,61456,NULL,3179,1),(7583,61479,NULL,3196,1),(7584,61481,NULL,3197,1),(7585,61496,NULL,3201,0),(7587,61459,NULL,3179,1),(7588,61448,NULL,3183,1),(7589,61445,NULL,3199,1),(7590,61448,NULL,3196,0),(7591,61488,NULL,3201,0),(7593,61484,NULL,3197,1),(7594,61458,NULL,3199,1),(7595,61477,NULL,3187,1),(7596,61456,NULL,3184,0),(7597,61459,NULL,3189,0),(7598,61472,NULL,3197,1),(7599,61461,NULL,3179,1),(7600,61469,NULL,3189,0),(7601,61483,NULL,3187,1),(7602,61489,NULL,3201,1),(7603,61471,NULL,3189,0),(7604,61466,NULL,3199,1),(7605,61478,NULL,3189,1),(7606,61442,NULL,3179,1),(7607,61441,NULL,3199,1),(7608,61469,NULL,3200,1),(7609,61457,NULL,3190,1),(7610,61456,NULL,3199,1),(7611,61450,NULL,3179,1),(7612,61477,NULL,3197,1),(7613,61483,NULL,3197,1),(7614,61478,NULL,3184,1),(7615,61448,NULL,3179,1),(7616,61458,NULL,3187,1),(7617,61453,NULL,3190,1),(7618,61481,NULL,3188,1),(7619,61458,NULL,3190,1),(7620,61442,NULL,3199,1),(7621,61448,NULL,3178,1),(7622,61457,NULL,3194,1),(7623,61497,NULL,3200,1),(7624,61482,NULL,3197,1),(7625,61463,NULL,3194,1),(7626,61456,NULL,3190,1),(7627,61464,NULL,3187,1),(7628,61490,NULL,3197,1),(7629,61461,NULL,3190,1),(7630,61442,NULL,3184,1),(7631,61453,NULL,3197,1),(7632,61490,NULL,3181,1),(7633,61450,NULL,3184,1),(7634,61477,NULL,3194,1),(7636,61458,NULL,3197,0),(7637,61495,NULL,3181,1),(7638,61456,NULL,3187,1),(7639,61448,NULL,3190,1),(7640,61487,NULL,3181,1),(7641,61459,NULL,3187,1),(7642,61464,NULL,3197,1),(7643,61463,NULL,3179,1),(7644,61492,NULL,3181,1),(7645,61443,NULL,3180,0),(7646,61477,NULL,3188,1),(7647,61448,NULL,3184,1),(7648,61465,NULL,3179,1),(7649,61497,NULL,3181,1),(7651,61466,NULL,3197,1),(7652,61471,NULL,3187,1),(7653,61499,NULL,3178,1),(7654,61498,NULL,3181,1),(7655,61441,NULL,3197,1),(7656,61445,NULL,3188,1),(7657,61497,NULL,3194,1),(7658,61489,NULL,3178,1),(7659,61468,NULL,3179,1),(7660,61498,NULL,3194,1),(7661,61456,NULL,3197,1),(7662,61475,NULL,3179,1),(7663,61500,NULL,3181,1),(7664,61473,NULL,3203,1),(7666,61468,NULL,3202,1),(7667,61476,NULL,3179,1),(7668,61495,NULL,3188,1),(7669,61501,NULL,3189,1),(7670,61494,NULL,3181,1),(7671,61471,NULL,3197,1),(7672,61480,NULL,3191,1),(7673,61475,NULL,3202,1),(7674,61476,NULL,3202,1),(7675,61499,NULL,3200,1),(7676,61496,NULL,3181,0),(7677,61488,NULL,3181,1),(7678,61480,NULL,3202,1),(7679,61450,NULL,3187,1),(7681,61481,NULL,3202,1),(7682,61488,NULL,3200,1),(7683,61494,NULL,3194,1),(7684,61489,NULL,3181,0),(7685,61484,NULL,3202,1),(7686,61495,NULL,3191,1),(7687,61498,NULL,3178,1),(7688,61499,NULL,3181,1),(7689,61480,NULL,3179,1),(7690,61479,NULL,3187,1),(7691,61461,NULL,3197,0),(7692,61478,NULL,3183,1),(7693,61472,NULL,3202,1),(7694,61448,NULL,3199,1),(7695,61481,NULL,3179,1),(7696,61474,NULL,3197,1),(7697,61490,NULL,3189,1),(7699,61473,NULL,3202,1),(7700,61477,NULL,3178,1),(7701,61443,NULL,3177,1),(7702,61484,NULL,3179,1),(7703,61497,NULL,3195,1),(7704,61490,NULL,3178,1),(7705,61457,NULL,3199,1),(7707,61450,NULL,3197,1),(7708,61463,NULL,3199,1),(7709,61458,NULL,3178,1),(7710,61488,NULL,3187,1),(7711,61482,NULL,3202,1),(7712,61468,NULL,3199,1),(7713,61467,NULL,3178,1),(7714,61457,NULL,3177,1),(7715,61489,NULL,3194,1),(7716,61472,NULL,3179,1),(7717,61465,NULL,3177,1),(7718,61453,NULL,3202,1),(7719,61479,NULL,3197,1),(7720,61458,NULL,3202,1),(7722,61498,NULL,3188,1),(7723,61499,NULL,3201,0),(7724,61473,NULL,3179,1),(7725,61489,NULL,3189,1),(7726,61448,NULL,3197,1),(7727,61505,NULL,3188,1),(7728,61477,NULL,3179,1),(7729,61488,NULL,3189,1),(7730,61464,NULL,3202,1),(7731,61483,NULL,3179,1),(7732,61466,NULL,3202,1),(7733,61482,NULL,3179,0),(7734,61494,NULL,3189,1),(7735,61488,NULL,3178,1),(7736,61490,NULL,3179,1),(7737,61479,NULL,3195,0),(7738,61459,NULL,3202,1),(7739,61500,NULL,3189,0),(7740,61478,NULL,3202,1),(7741,61488,NULL,3188,1),(7742,61487,NULL,3179,1),(7743,61489,NULL,3188,1),(7744,61492,NULL,3179,1),(7745,61479,NULL,3190,1),(7746,61499,NULL,3188,1),(7747,61464,NULL,3179,1),(7749,61466,NULL,3179,0),(7750,61450,NULL,3190,1),(7751,61494,NULL,3186,1),(7752,61519,NULL,3184,1),(7753,61496,NULL,3186,1),(7754,61470,NULL,3188,1),(7755,61473,NULL,3178,1),(7756,61442,NULL,3188,1),(7757,61475,NULL,3180,1),(7758,61525,NULL,3201,1),(7759,61523,NULL,3201,1),(7760,61518,NULL,3201,1),(7761,61524,NULL,3201,1),(7762,61522,NULL,3201,1),(7763,61461,NULL,3177,1),(7764,61526,NULL,3201,1),(7766,61501,NULL,3191,1),(7767,61528,NULL,3201,1),(7768,61499,NULL,3191,1),(7769,61489,NULL,3191,1),(7770,61527,NULL,3201,1),(7771,61525,NULL,3195,1),(7772,61467,NULL,3193,1),(7773,61530,NULL,3201,0),(7774,61487,NULL,3193,1),(7775,61477,NULL,3177,1),(7777,61490,NULL,3199,1),(7779,61492,NULL,3193,1),(7780,61531,NULL,3201,0),(7781,61495,NULL,3177,1),(7782,61528,NULL,3189,1),(7783,61519,NULL,3177,1),(7784,61524,NULL,3189,1),(7785,61464,NULL,3193,1),(7786,61521,NULL,3184,1),(7787,61527,NULL,3189,1),(7788,61530,NULL,3189,1),(7789,61529,NULL,3201,1),(7790,61466,NULL,3193,1),(7791,61463,NULL,3184,1),(7792,61535,NULL,3189,1),(7793,61522,NULL,3189,1),(7794,61525,NULL,3189,1),(7795,61497,NULL,3193,1),(7796,61523,NULL,3189,1),(7797,61498,NULL,3193,1),(7799,61501,NULL,3184,1),(7800,61529,NULL,3178,1),(7801,61506,NULL,3184,1),(7802,61504,NULL,3193,1),(7803,61518,NULL,3178,1),(7805,61505,NULL,3193,1),(7806,61473,NULL,3184,1),(7807,61527,NULL,3197,1),(7808,61526,NULL,3178,1),(7809,61530,NULL,3190,1),(7810,61530,NULL,3197,1),(7811,61535,NULL,3190,1),(7812,61528,NULL,3196,1),(7814,61456,NULL,3193,1),(7815,61534,NULL,3184,1),(7816,61535,NULL,3197,1),(7818,61469,NULL,3193,1),(7820,61478,NULL,3199,1),(7821,61495,NULL,3184,1),(7822,61530,NULL,3196,1),(7823,61471,NULL,3193,1),(7824,61519,NULL,3181,1),(7825,61525,NULL,3197,1),(7826,61523,NULL,3178,1),(7827,61528,NULL,3179,1),(7828,61503,NULL,3184,1),(7829,61535,NULL,3196,1),(7830,61486,NULL,3199,1),(7831,61542,NULL,3179,1),(7832,61528,NULL,3187,1),(7833,61532,NULL,3197,1),(7834,61541,NULL,3179,1),(7835,61542,NULL,3187,1),(7836,61478,NULL,3193,1),(7837,61525,NULL,3190,1),(7838,61531,NULL,3200,1),(7839,61533,NULL,3197,1),(7840,61524,NULL,3179,1),(7841,61542,NULL,3201,0),(7842,61532,NULL,3190,1),(7843,61536,NULL,3196,1),(7844,61541,NULL,3187,1),(7845,61527,NULL,3179,1),(7846,61486,NULL,3193,1),(7847,61533,NULL,3190,1),(7848,61520,NULL,3193,1),(7849,61540,NULL,3179,1),(7850,61521,NULL,3199,1),(7851,61523,NULL,3197,1),(7852,61541,NULL,3201,1),(7853,61530,NULL,3179,1),(7854,61523,NULL,3190,1),(7855,61526,NULL,3197,1),(7856,61532,NULL,3196,1),(7857,61461,NULL,3193,1),(7858,61528,NULL,3186,1),(7859,61531,NULL,3190,1),(7860,61535,NULL,3179,1),(7861,61518,NULL,3190,1),(7862,61530,NULL,3187,1),(7863,61533,NULL,3196,1),(7864,61538,NULL,3196,1),(7865,61474,NULL,3193,1),(7866,61535,NULL,3187,1),(7868,61541,NULL,3186,0),(7869,61518,NULL,3197,1),(7870,61528,NULL,3199,1),(7871,61523,NULL,3196,1),(7872,61522,NULL,3179,1),(7873,61540,NULL,3201,0),(7874,61442,NULL,3193,1),(7875,61526,NULL,3196,1),(7876,61540,NULL,3195,1),(7877,61536,NULL,3179,1),(7878,61536,NULL,3187,1),(7879,61450,NULL,3193,1),(7880,61525,NULL,3187,1),(7881,61525,NULL,3179,1),(7882,61488,NULL,3194,1),(7883,61470,NULL,3193,1),(7885,61523,NULL,3181,1),(7886,61530,NULL,3195,1),(7888,61532,NULL,3179,1),(7889,61518,NULL,3196,1),(7891,61542,NULL,3197,1),(7892,61526,NULL,3181,1),(7893,61542,NULL,3189,0),(7894,61533,NULL,3179,1),(7895,61479,NULL,3194,1),(7896,61538,NULL,3179,1),(7897,61541,NULL,3189,1),(7898,61533,NULL,3187,1),(7900,61537,NULL,3196,1),(7901,61479,NULL,3193,1),(7902,61518,NULL,3181,1),(7903,61518,NULL,3186,1),(7904,61540,NULL,3197,1),(7905,61535,NULL,3178,1),(7906,61535,NULL,3195,1),(7907,61523,NULL,3179,1),(7908,61494,NULL,3193,1),(7909,61522,NULL,3178,1),(7910,61461,NULL,3194,1),(7911,61539,NULL,3186,0),(7913,61526,NULL,3179,1),(7915,61532,NULL,3178,1),(7916,61523,NULL,3187,1),(7917,61531,NULL,3179,1),(7918,61522,NULL,3199,1),(7919,61531,NULL,3186,0),(7920,61448,NULL,3193,1),(7921,61536,NULL,3189,1),(7922,61526,NULL,3187,1),(7923,61502,NULL,3181,0),(7924,61542,NULL,3194,1),(7925,61526,NULL,3186,1),(7926,61535,NULL,3184,1),(7927,61545,NULL,3197,1),(7928,61539,NULL,3179,1),(7930,61488,NULL,3193,1),(7931,61518,NULL,3179,1),(7932,61532,NULL,3199,1),(7933,61505,NULL,3181,1),(7934,61523,NULL,3186,1),(7935,61525,NULL,3184,1),(7936,61535,NULL,3191,1),(7937,61538,NULL,3186,1),(7938,61538,NULL,3199,1),(7939,61532,NULL,3195,1),(7940,61499,NULL,3193,1),(7941,61526,NULL,3189,1),(7942,61531,NULL,3189,1),(7943,61539,NULL,3194,1),(7944,61523,NULL,3195,1),(7945,61550,NULL,3179,1),(7947,61543,NULL,3201,1),(7948,61526,NULL,3195,1),(7949,61529,NULL,3194,1),(7950,61551,NULL,3201,1),(7951,61518,NULL,3187,1),(7952,61546,NULL,3201,1),(7953,61548,NULL,3191,1),(7954,61537,NULL,3189,1),(7956,61548,NULL,3179,1),(7957,61518,NULL,3189,1),(7958,61443,NULL,3178,1),(7959,61539,NULL,3195,1),(7960,61529,NULL,3187,1),(7961,61539,NULL,3189,0),(7962,61531,NULL,3194,1),(7963,61518,NULL,3195,1),(7964,61528,NULL,3188,1),(7965,61526,NULL,3194,1),(7966,61544,NULL,3189,1),(7967,61537,NULL,3179,1),(7968,61528,NULL,3200,1),(7969,61545,NULL,3189,1),(7970,61548,NULL,3194,1),(7971,61544,NULL,3179,1),(7972,61543,NULL,3178,1),(7973,61546,NULL,3189,1),(7974,61542,NULL,3200,1),(7975,61547,NULL,3194,1),(7976,61441,NULL,3190,1),(7977,61549,NULL,3179,1),(7978,61529,NULL,3189,1),(7979,61538,NULL,3194,1),(7980,61535,NULL,3199,1),(7981,61533,NULL,3194,1),(7982,61545,NULL,3179,1),(7983,61539,NULL,3191,1),(7984,61529,NULL,3195,1),(7985,61542,NULL,3188,1),(7986,61543,NULL,3189,0),(7987,61532,NULL,3194,1),(7988,61547,NULL,3199,1),(7989,61527,NULL,3188,1),(7990,61528,NULL,3183,1),(7991,61548,NULL,3199,1),(7992,61528,NULL,3181,1),(7993,61542,NULL,3183,1),(7994,61550,NULL,3183,1),(7995,61542,NULL,3181,1),(7996,61535,NULL,3188,1),(7997,61541,NULL,3183,1),(7998,61550,NULL,3189,0),(7999,61535,NULL,3194,1),(8000,61532,NULL,3187,1),(8001,61524,NULL,3183,1),(8002,61550,NULL,3181,1),(8003,61541,NULL,3181,1),(8004,61527,NULL,3183,1),(8005,61527,NULL,3194,1),(8006,61544,NULL,3199,1),(8007,61524,NULL,3181,0),(8008,61547,NULL,3187,1),(8009,61541,NULL,3194,1),(8010,61552,NULL,3183,1),(8011,61550,NULL,3178,1),(8012,61527,NULL,3181,1),(8013,61530,NULL,3183,1),(8014,61521,NULL,3197,1),(8015,61540,NULL,3181,1),(8016,61528,NULL,3194,1),(8017,61521,NULL,3201,1),(8018,61552,NULL,3179,1),(8019,61546,NULL,3199,1),(8020,61555,NULL,3183,1),(8021,61543,NULL,3194,1),(8022,61535,NULL,3183,1),(8023,61556,NULL,3179,1),(8024,61548,NULL,3187,1),(8025,61522,NULL,3183,1),(8026,61552,NULL,3181,0),(8027,61551,NULL,3199,1),(8028,61457,NULL,3197,1),(8029,61553,NULL,3187,1),(8030,61490,NULL,3203,1),(8031,61465,NULL,3195,1),(8032,61454,NULL,3201,1),(8033,61525,NULL,3200,1),(8034,61536,NULL,3183,1),(8035,61555,NULL,3179,1),(8036,61525,NULL,3183,1),(8037,61477,NULL,3180,1),(8038,61545,NULL,3181,1),(8039,61552,NULL,3196,1),(8040,61500,NULL,3203,1),(8041,61475,NULL,3195,0),(8042,61518,NULL,3191,1),(8043,61556,NULL,3196,1),(8044,61475,NULL,3201,1),(8046,61538,NULL,3183,1),(8047,61481,NULL,3201,0),(8048,61538,NULL,3189,1),(8049,61473,NULL,3197,1),(8050,61539,NULL,3187,1),(8051,61549,NULL,3194,1),(8052,61484,NULL,3201,1),(8053,61546,NULL,3179,1),(8054,61548,NULL,3177,1),(8055,61544,NULL,3194,1),(8056,61498,NULL,3180,1),(8057,61493,NULL,3201,0),(8058,61543,NULL,3181,1),(8059,61529,NULL,3181,1),(8060,61505,NULL,3180,1),(8061,61501,NULL,3201,1),(8062,61526,NULL,3183,1),(8063,61456,NULL,3180,1),(8064,61551,NULL,3179,1),(8065,61558,NULL,3179,1),(8066,61531,NULL,3183,0),(8067,61559,NULL,3194,1),(8068,61506,NULL,3201,0),(8069,61529,NULL,3179,1),(8070,61523,NULL,3177,1),(8071,61537,NULL,3187,1),(8072,61543,NULL,3179,1),(8073,61526,NULL,3177,1),(8074,61547,NULL,3196,1),(8075,61553,NULL,3194,1),(8076,61557,NULL,3201,1),(8077,61472,NULL,3201,1),(8078,61537,NULL,3188,1),(8079,61518,NULL,3177,1),(8080,61546,NULL,3181,1),(8081,61518,NULL,3188,1),(8082,61527,NULL,3180,1),(8083,61473,NULL,3201,0),(8084,61553,NULL,3196,1),(8085,61539,NULL,3177,1),(8086,61477,NULL,3201,0),(8087,61545,NULL,3187,1),(8088,61528,NULL,3193,1),(8089,61545,NULL,3177,1),(8090,61483,NULL,3201,1),(8091,61534,NULL,3201,1),(8092,61546,NULL,3187,1),(8093,61498,NULL,3197,1),(8094,61483,NULL,3195,1),(8095,61445,NULL,3201,1),(8096,61546,NULL,3183,1),(8097,61543,NULL,3193,1),(8098,61551,NULL,3187,1),(8099,61482,NULL,3201,0),(8100,61490,NULL,3201,1),(8101,61529,NULL,3193,1),(8102,61535,NULL,3203,1),(8103,61505,NULL,3197,1),(8104,61545,NULL,3183,1),(8105,61523,NULL,3188,1),(8107,61560,NULL,3179,1),(8108,61495,NULL,3201,0),(8109,61543,NULL,3187,1),(8110,61459,NULL,3197,1),(8111,61503,NULL,3201,1),(8112,61554,NULL,3183,1),(8113,61549,NULL,3183,1),(8114,61548,NULL,3188,1),(8115,61519,NULL,3201,0),(8116,61538,NULL,3188,1),(8117,61546,NULL,3193,1),(8118,61487,NULL,3201,1),(8119,61532,NULL,3188,1),(8120,61545,NULL,3193,1),(8121,61535,NULL,3177,1),(8122,61502,NULL,3201,0),(8123,61453,NULL,3195,1),(8124,61549,NULL,3193,1),(8125,61464,NULL,3201,0),(8126,61532,NULL,3177,1),(8127,61532,NULL,3180,1),(8128,61533,NULL,3180,1),(8129,61537,NULL,3193,1),(8130,61547,NULL,3177,1),(8131,61467,NULL,3195,1),(8132,61522,NULL,3188,0),(8133,61523,NULL,3180,1),(8134,61518,NULL,3193,1),(8135,61498,NULL,3201,1),(8136,61500,NULL,3190,1),(8137,61526,NULL,3180,1),(8138,61504,NULL,3201,1),(8139,61474,NULL,3190,1),(8140,61505,NULL,3201,0),(8141,61539,NULL,3193,1),(8142,61489,NULL,3197,1),(8143,61456,NULL,3201,1),(8144,61526,NULL,3193,1),(8145,61464,NULL,3195,1),(8146,61546,NULL,3177,1),(8147,61523,NULL,3193,1),(8148,61540,NULL,3188,1),(8149,61486,NULL,3190,1),(8151,61541,NULL,3188,1),(8152,61572,NULL,3201,1),(8155,61576,NULL,3201,1),(8156,61538,NULL,3193,1),(8157,61580,NULL,3201,1),(8158,61505,NULL,3195,1),(8159,61533,NULL,3193,1),(8160,61532,NULL,3193,1),(8161,61441,NULL,3195,1),(8162,61525,NULL,3193,1),(8163,61548,NULL,3178,1),(8164,61580,NULL,3194,1),(8165,61575,NULL,3201,1),(8166,61581,NULL,3201,0),(8167,61536,NULL,3193,1),(8168,61471,NULL,3190,1),(8169,61578,NULL,3201,0),(8170,61579,NULL,3194,1),(8171,61469,NULL,3190,1),(8172,61456,NULL,3195,1),(8173,61574,NULL,3189,1),(8174,61579,NULL,3201,0),(8175,61572,NULL,3194,1),(8176,61459,NULL,3190,1),(8177,61535,NULL,3193,1),(8178,61459,NULL,3195,1),(8179,61575,NULL,3189,1),(8180,61581,NULL,3189,1),(8181,61577,NULL,3201,1),(8183,61578,NULL,3189,1),(8184,61583,NULL,3189,1),(8185,61576,NULL,3194,1),(8186,61471,NULL,3195,1),(8187,61572,NULL,3189,1),(8188,61580,NULL,3181,1),(8189,61540,NULL,3193,1),(8190,61498,NULL,3190,1),(8191,61585,NULL,3189,1),(8192,61575,NULL,3181,1),(8193,61497,NULL,3190,1),(8194,61527,NULL,3193,1),(8195,61574,NULL,3178,1),(8196,61575,NULL,3194,1),(8197,61580,NULL,3183,1),(8198,61466,NULL,3190,1),(8199,61524,NULL,3193,1),(8200,61581,NULL,3178,1),(8201,61574,NULL,3183,1),(8202,61464,NULL,3190,1),(8203,61575,NULL,3183,1),(8204,61582,NULL,3189,1),(8205,61586,NULL,3181,1),(8206,61581,NULL,3183,1),(8207,61580,NULL,3184,1),(8208,61578,NULL,3183,1),(8209,61574,NULL,3184,1),(8210,61576,NULL,3189,1),(8211,61580,NULL,3179,1),(8212,61585,NULL,3178,1),(8213,61583,NULL,3183,1),(8214,61574,NULL,3179,1),(8215,61587,NULL,3183,1),(8216,61575,NULL,3179,1),(8217,61575,NULL,3184,1),(8218,61581,NULL,3179,1),(8219,61492,NULL,3190,1),(8220,61572,NULL,3183,1),(8221,61585,NULL,3183,1),(8222,61582,NULL,3178,1),(8223,61578,NULL,3179,1),(8224,61590,NULL,3183,1),(8225,61578,NULL,3184,1),(8226,61576,NULL,3178,1),(8227,61579,NULL,3179,1),(8228,61584,NULL,3183,1),(8229,61583,NULL,3179,1),(8230,61467,NULL,3190,1),(8231,61580,NULL,3199,1),(8232,61577,NULL,3183,1),(8233,61574,NULL,3199,1),(8234,61587,NULL,3179,1),(8235,61583,NULL,3184,1),(8236,61572,NULL,3179,1),(8237,61589,NULL,3183,1),(8238,61585,NULL,3179,1),(8239,61575,NULL,3199,1),(8240,61587,NULL,3184,1),(8241,61590,NULL,3179,1),(8242,61581,NULL,3199,1),(8243,61584,NULL,3179,1),(8244,61577,NULL,3179,1),(8245,61589,NULL,3179,1),(8246,61582,NULL,3183,1),(8247,61579,NULL,3199,0),(8248,61576,NULL,3183,1),(8249,61585,NULL,3184,1),(8250,61583,NULL,3199,1),(8251,61586,NULL,3179,1),(8252,61582,NULL,3179,1),(8253,61590,NULL,3184,1),(8254,61587,NULL,3199,1),(8255,61576,NULL,3179,1),(8256,61519,NULL,3190,1),(8257,61495,NULL,3190,1),(8258,61559,NULL,3180,1),(8259,61490,NULL,3190,1),(8260,61482,NULL,3190,1),(8261,61445,NULL,3190,1),(8263,61590,NULL,3199,1),(8264,61545,NULL,3180,1),(8267,61576,NULL,3199,1),(8269,61477,NULL,3190,1),(8270,61578,NULL,3196,1),(8271,61501,NULL,3183,1),(8272,61585,NULL,3181,1),(8273,61557,NULL,3183,1),(8275,61473,NULL,3190,1),(8276,61592,NULL,3181,1),(8278,61501,NULL,3190,1),(8279,61585,NULL,3196,1),(8280,61484,NULL,3190,1),(8281,61584,NULL,3196,0),(8282,61481,NULL,3190,1),(8283,61594,NULL,3184,1),(8284,61480,NULL,3190,1),(8285,61476,NULL,3190,1),(8286,61586,NULL,3196,1),(8287,61592,NULL,3196,1),(8288,61581,NULL,3184,1),(8289,61465,NULL,3190,1),(8290,61463,NULL,3190,1),(8291,61576,NULL,3196,1),(8292,61502,NULL,3183,0),(8293,61460,NULL,3190,1),(8294,61443,NULL,3190,1),(8295,61580,NULL,3189,1),(8296,61594,NULL,3189,0),(8297,61528,NULL,3190,1),(8298,61524,NULL,3190,1),(8299,61587,NULL,3189,1),(8300,61590,NULL,3189,1),(8301,61526,NULL,3190,1),(8302,61595,NULL,3189,0),(8303,61597,NULL,3189,1),(8304,61440,NULL,3179,1),(8305,61446,NULL,3179,1),(8306,61462,NULL,3179,1),(8307,61491,NULL,3179,1),(8308,61433,NULL,3179,1),(8309,61502,NULL,3186,0),(8310,61451,NULL,3179,1),(8311,61408,NULL,3179,1),(8312,61434,NULL,3179,1),(8313,61598,NULL,3189,1),(8314,61521,NULL,3179,1),(8315,61501,NULL,3179,1),(8316,61506,NULL,3179,1),(8317,61557,NULL,3179,1),(8318,61455,NULL,3197,1),(8319,61519,NULL,3179,1),(8320,61467,NULL,3179,1),(8321,61469,NULL,3179,1),(8322,61478,NULL,3179,1),(8323,61491,NULL,3197,1),(8324,61486,NULL,3179,1),(8325,61488,NULL,3179,1),(8326,61424,NULL,3197,0),(8327,61499,NULL,3179,1),(8328,61572,NULL,3203,1),(8329,61451,NULL,3197,1),(8330,61557,NULL,3189,1),(8331,61506,NULL,3189,1),(8332,61586,NULL,3203,1),(8333,61576,NULL,3203,1),(8334,61534,NULL,3189,1),(8335,61503,NULL,3189,1),(8336,61519,NULL,3189,0),(8337,61423,NULL,3197,1),(8338,61573,NULL,3179,1),(8339,61492,NULL,3189,1),(8340,61428,NULL,3197,0),(8341,61504,NULL,3189,1),(8342,61452,NULL,3197,1),(8343,61594,NULL,3179,1),(8344,61485,NULL,3197,1),(8345,61486,NULL,3189,1),(8346,61593,NULL,3179,1),(8347,61599,NULL,3179,1),(8348,61420,NULL,3197,0),(8349,61497,NULL,3197,1),(8350,61504,NULL,3197,1),(8351,61486,NULL,3197,1),(8352,61500,NULL,3197,1),(8353,61488,NULL,3197,1),(8354,61552,NULL,3197,1),(8355,61576,NULL,3188,1),(8356,61587,NULL,3188,1),(8357,61578,NULL,3188,1),(8358,61580,NULL,3188,1),(8359,61582,NULL,3188,1),(8360,61538,NULL,3197,1),(8361,61547,NULL,3197,1),(8362,61548,NULL,3197,1),(8363,61553,NULL,3197,1),(8364,61559,NULL,3197,1),(8365,61554,NULL,3197,1),(8366,61546,NULL,3197,1),(8367,61543,NULL,3197,1),(8368,61580,NULL,3197,1),(8369,61574,NULL,3197,1),(8370,61424,NULL,3189,1),(8371,61581,NULL,3197,1),(8372,61578,NULL,3197,1),(8373,61583,NULL,3197,1),(8374,61587,NULL,3197,1),(8375,61580,NULL,3202,1),(8376,61408,NULL,3189,1),(8377,61572,NULL,3197,1),(8379,61585,NULL,3197,1),(8380,61575,NULL,3202,1),(8382,61595,NULL,3197,1),(8384,61584,NULL,3197,1),(8385,61587,NULL,3202,1),(8386,61521,NULL,3189,1),(8387,61589,NULL,3197,1),(8392,61576,NULL,3197,1),(8395,61598,NULL,3202,1),(8396,61502,NULL,3189,0),(8397,61498,NULL,3189,1),(8398,61520,NULL,3189,1),(8399,61479,NULL,3189,0),(8400,61432,NULL,3182,1),(8401,61491,NULL,3182,1),(8402,61424,NULL,3182,0),(8403,61424,NULL,3196,1),(8404,61433,NULL,3182,0),(8405,61439,NULL,3196,0),(8406,61425,NULL,3196,1),(8407,61427,NULL,3196,1),(8408,61440,NULL,3196,0),(8409,61409,NULL,3182,0),(8410,61423,NULL,3182,1),(8411,61428,NULL,3182,0),(8412,61434,NULL,3182,0),(8414,61446,NULL,3196,1),(8415,61444,NULL,3182,1),(8416,61397,NULL,3196,1),(8417,61398,NULL,3196,1),(8418,61399,NULL,3196,0),(8419,61401,NULL,3196,1),(8420,61407,NULL,3196,1),(8421,61408,NULL,3196,1),(8422,61409,NULL,3196,0),(8423,61436,NULL,3182,0),(8424,61410,NULL,3196,1),(8425,61415,NULL,3196,1),(8426,61418,NULL,3196,1),(8427,61574,NULL,3202,1),(8428,61423,NULL,3196,1),(8429,61426,NULL,3196,0),(8430,61578,NULL,3202,1),(8431,61428,NULL,3196,1),(8432,61581,NULL,3202,1),(8433,61444,NULL,3196,1),(8434,61436,NULL,3196,1),(8435,61572,NULL,3202,1),(8436,61585,NULL,3202,1),(8437,61443,NULL,3182,1),(8438,61485,NULL,3196,1),(8439,61590,NULL,3202,1),(8440,61411,NULL,3196,1),(8441,61412,NULL,3196,1),(8442,61417,NULL,3196,0),(8443,61437,NULL,3196,1),(8445,61480,NULL,3182,1),(8446,61481,NULL,3196,0),(8448,61473,NULL,3182,1),(8449,61477,NULL,3182,1),(8450,61483,NULL,3182,1),(8451,61445,NULL,3182,1),(8452,61483,NULL,3196,1),(8453,61576,NULL,3202,1),(8454,61582,NULL,3202,1),(8455,61586,NULL,3202,1),(8456,61482,NULL,3182,0),(8457,61482,NULL,3196,0),(8458,61603,NULL,3202,1),(8459,61534,NULL,3196,0),(8460,61602,NULL,3202,1),(8461,61495,NULL,3196,0),(8462,61495,NULL,3182,0),(8463,61595,NULL,3202,0),(8464,61519,NULL,3182,1),(8465,61519,NULL,3196,1),(8466,61458,NULL,3182,1),(8467,61467,NULL,3182,1),(8468,61464,NULL,3182,1),(8469,61497,NULL,3182,1),(8470,61497,NULL,3196,1),(8471,61498,NULL,3196,1),(8472,61498,NULL,3182,1),(8473,61505,NULL,3182,1),(8474,61505,NULL,3196,0),(8475,61441,NULL,3182,1),(8476,61456,NULL,3182,1),(8477,61456,NULL,3196,1),(8478,61471,NULL,3182,1),(8480,61520,NULL,3196,0),(8481,61461,NULL,3182,1),(8482,61500,NULL,3182,1),(8483,61500,NULL,3196,1),(8484,61588,NULL,3196,1),(8485,61588,NULL,3182,1),(8486,61597,NULL,3202,1),(8487,61450,NULL,3182,1),(8488,61479,NULL,3182,1),(8489,61496,NULL,3182,0),(8490,61496,NULL,3196,0),(8491,61488,NULL,3182,1),(8492,61499,NULL,3182,1),(8493,61528,NULL,3182,1),(8494,61542,NULL,3196,1),(8495,61542,NULL,3182,1),(8496,61550,NULL,3182,1),(8497,61550,NULL,3196,1),(8498,61524,NULL,3182,1),(8499,61524,NULL,3196,1),(8500,61540,NULL,3182,1),(8501,61540,NULL,3196,1),(8502,61552,NULL,3182,1),(8503,61556,NULL,3182,1),(8504,61530,NULL,3182,1),(8505,61535,NULL,3182,1),(8506,61555,NULL,3182,1),(8507,61555,NULL,3196,1),(8510,61536,NULL,3182,1),(8511,61525,NULL,3182,1),(8512,61525,NULL,3196,1),(8513,61532,NULL,3182,1),(8515,61550,NULL,3193,1),(8516,61533,NULL,3182,1),(8518,61541,NULL,3193,1),(8519,61547,NULL,3182,1),(8521,61530,NULL,3193,1),(8522,61548,NULL,3182,1),(8523,61548,NULL,3196,1),(8524,61553,NULL,3182,1),(8525,61523,NULL,3182,1),(8526,61526,NULL,3182,1),(8527,61547,NULL,3193,1),(8528,61548,NULL,3193,1),(8529,61518,NULL,3182,1),(8530,61537,NULL,3182,1),(8531,61549,NULL,3182,1),(8532,61549,NULL,3196,1),(8533,61554,NULL,3182,1),(8535,61554,NULL,3196,1),(8536,61573,NULL,3182,1),(8537,61545,NULL,3182,1),(8538,61545,NULL,3196,1),(8539,61551,NULL,3196,0),(8540,61551,NULL,3182,0),(8541,61558,NULL,3182,1),(8542,61558,NULL,3196,1),(8543,61529,NULL,3196,0),(8544,61543,NULL,3182,1),(8545,61543,NULL,3196,1),(8546,61604,NULL,3182,1),(8547,61604,NULL,3196,1),(8548,61551,NULL,3193,1),(8549,61576,NULL,3182,1),(8550,61582,NULL,3182,0),(8551,61582,NULL,3196,0),(8552,61592,NULL,3182,1),(8553,61586,NULL,3182,1),(8554,61552,NULL,3202,0),(8555,61555,NULL,3202,1),(8556,61522,NULL,3202,1),(8557,61525,NULL,3202,1),(8558,61589,NULL,3182,1),(8559,61589,NULL,3196,1),(8560,61577,NULL,3182,0),(8561,61577,NULL,3196,0),(8563,61584,NULL,3182,0),(8564,61595,NULL,3182,1),(8565,61595,NULL,3196,1),(8566,61590,NULL,3182,1),(8567,61585,NULL,3182,1),(8568,61572,NULL,3182,1),(8569,61599,NULL,3182,1),(8570,61593,NULL,3182,1),(8571,61593,NULL,3196,1),(8572,61587,NULL,3182,1),(8573,61587,NULL,3196,0),(8574,61578,NULL,3182,1),(8575,61580,NULL,3182,1),(8577,61521,NULL,3193,1),(8578,61420,NULL,3193,0),(8579,61463,NULL,3193,1),(8580,61465,NULL,3193,1),(8581,61468,NULL,3193,1),(8582,61475,NULL,3193,1),(8583,61476,NULL,3193,1),(8584,61445,NULL,3193,1),(8585,61490,NULL,3193,1),(8586,61502,NULL,3193,1),(8587,61580,NULL,3193,1),(8588,61594,NULL,3193,1),(8589,61574,NULL,3193,1),(8590,61575,NULL,3193,1),(8591,61581,NULL,3193,1),(8592,61583,NULL,3193,1),(8593,61593,NULL,3193,1),(8594,61599,NULL,3193,1),(8595,61595,NULL,3193,1),(8596,61584,NULL,3193,1),(8597,61589,NULL,3193,1),(8598,61586,NULL,3193,1),(8599,61592,NULL,3193,1),(8600,61542,NULL,3193,1),(8601,61552,NULL,3193,1),(8602,61526,NULL,3202,1),(8603,61421,NULL,3202,0),(8604,61437,NULL,3202,0),(8605,61460,NULL,3202,1),(8606,61465,NULL,3202,1),(8609,61626,NULL,1236,NULL),(8610,62872,NULL,3308,1),(8611,62878,NULL,3298,1),(8612,62866,NULL,3308,1),(8614,62870,NULL,3298,1),(8615,62875,NULL,3298,1),(8616,62872,NULL,3301,1),(8617,62878,NULL,3301,1),(8618,62878,NULL,3309,1),(8619,62872,NULL,3309,1),(8620,62884,NULL,3298,1),(8621,62866,NULL,3317,1),(8622,62880,NULL,3309,1),(8623,62880,NULL,3301,0),(8624,62869,NULL,3317,1),(8625,62872,NULL,3307,1),(8626,62886,NULL,3301,1),(8627,62886,NULL,3309,1),(8628,62871,NULL,3317,1),(8629,62866,NULL,3301,1),(8630,62880,NULL,3307,1),(8632,62877,NULL,3317,1),(8633,62866,NULL,3309,1),(8634,62867,NULL,3309,1),(8635,62868,NULL,3309,1),(8636,62867,NULL,3301,1),(8637,62888,NULL,3317,1),(8638,62868,NULL,3307,1),(8639,62868,NULL,3301,0),(8640,62869,NULL,3309,1),(8641,62878,NULL,3308,1),(8642,62867,NULL,3307,0),(8643,62870,NULL,3309,1),(8644,62871,NULL,3309,1),(8645,62870,NULL,3301,1),(8646,62871,NULL,3307,1),(8647,62880,NULL,3308,1),(8648,62873,NULL,3309,1),(8649,62873,NULL,3307,1),(8650,62874,NULL,3309,1),(8651,62875,NULL,3309,1),(8652,62874,NULL,3307,1),(8653,62871,NULL,3301,1),(8654,62876,NULL,3309,1),(8655,62877,NULL,3309,1),(8656,62876,NULL,3307,1),(8657,62879,NULL,3309,1),(8658,62881,NULL,3309,1),(8659,62882,NULL,3309,1),(8660,62883,NULL,3309,1),(8661,62884,NULL,3307,1),(8662,62873,NULL,3301,1),(8663,62876,NULL,3311,1),(8664,62875,NULL,3301,1),(8665,62884,NULL,3309,1),(8666,62885,NULL,3309,1),(8667,62887,NULL,3309,1),(8668,62888,NULL,3309,1),(8669,62877,NULL,3301,1),(8670,62887,NULL,3301,1),(8671,62886,NULL,3311,1),(8673,62878,NULL,3317,1),(8674,62907,NULL,3317,1),(8675,62867,NULL,3308,1),(8676,62875,NULL,3317,1),(8677,62868,NULL,3308,1),(8678,62869,NULL,3308,1),(8679,62870,NULL,3308,1),(8680,62873,NULL,3308,1),(8681,62874,NULL,3308,1),(8682,62876,NULL,3308,1),(8683,62877,NULL,3308,1),(8684,62879,NULL,3308,1),(8685,62881,NULL,3308,1),(8686,62883,NULL,3308,1),(8687,62885,NULL,3308,1),(8688,62884,NULL,3308,1),(8689,62886,NULL,3300,0),(8690,62872,NULL,3300,1),(8691,62866,NULL,3300,1),(8692,62869,NULL,3300,1),(8693,62904,NULL,3300,1),(8694,62905,NULL,3300,1),(8695,62914,NULL,3300,1),(8698,62916,NULL,3300,1),(8701,62919,NULL,3301,1),(8703,62909,NULL,3301,0),(8704,62910,NULL,3301,1),(8705,62918,NULL,3300,1),(8706,62911,NULL,3300,0),(8707,62913,NULL,3301,1),(8708,62914,NULL,3301,1),(8709,62904,NULL,3298,1),(8710,62911,NULL,3301,0),(8714,62921,NULL,3301,1),(8716,62914,NULL,3298,1),(8717,62925,NULL,3317,1),(8719,62911,NULL,3298,1),(8720,62917,NULL,3300,1),(8721,62918,NULL,3301,1),(8722,62905,NULL,3317,1),(8723,62909,NULL,3317,1),(8724,62916,NULL,3301,1),(8725,62908,NULL,3300,1),(8726,62914,NULL,3317,1),(8727,62917,NULL,3301,1),(8728,62912,NULL,3301,1),(8729,62915,NULL,3301,1),(8730,62911,NULL,3317,0),(8731,62921,NULL,3317,1),(8732,62920,NULL,3301,1),(8733,62925,NULL,3307,1),(8734,62908,NULL,3301,1),(8735,62905,NULL,3307,1),(8736,62911,NULL,3307,1),(8737,62917,NULL,3317,0),(8738,62916,NULL,3307,1),(8739,62917,NULL,3307,1),(8740,62923,NULL,3317,0),(8741,62912,NULL,3307,1),(8742,62915,NULL,3307,1),(8743,62920,NULL,3307,1),(8744,62921,NULL,3300,1),(8745,62928,NULL,3300,1),(8746,62923,NULL,3300,1),(8749,62919,NULL,3299,1),(8752,62930,NULL,3307,1),(8753,62922,NULL,3307,1),(8754,62905,NULL,3311,1),(8755,62905,NULL,3301,1),(8756,62925,NULL,3300,1),(8757,62919,NULL,3311,0),(8759,62911,NULL,3299,1),(8760,62926,NULL,3299,1),(8761,62934,NULL,3307,1),(8762,62933,NULL,3307,1),(8763,62909,NULL,3300,0),(8765,62916,NULL,3299,1),(8766,62909,NULL,3311,0),(8767,62917,NULL,3299,1),(8768,62922,NULL,3317,0),(8769,62928,NULL,3299,1),(8770,62920,NULL,3317,0),(8771,62923,NULL,3299,1),(8773,62930,NULL,3301,1),(8774,62924,NULL,3299,1),(8775,62922,NULL,3301,1),(8776,62921,NULL,3304,1),(8777,62912,NULL,3299,1),(8778,62915,NULL,3299,1),(8779,62911,NULL,3311,0),(8780,62920,NULL,3299,1),(8781,62931,NULL,3317,0),(8782,62928,NULL,3317,1),(8783,62922,NULL,3299,1),(8784,62930,NULL,3299,1),(8785,62914,NULL,3307,1),(8786,62926,NULL,3307,1),(8787,62905,NULL,3299,1),(8788,62928,NULL,3307,1),(8789,62935,NULL,3301,0),(8790,62909,NULL,3299,0),(8791,62922,NULL,3311,1),(8792,62909,NULL,3308,1),(8793,62910,NULL,3299,1),(8794,62937,NULL,3307,1),(8795,62920,NULL,3311,1),(8796,62915,NULL,3311,1),(8797,62905,NULL,3308,0),(8798,62912,NULL,3311,1),(8799,62936,NULL,3307,1),(8800,62920,NULL,3300,1),(8801,62929,NULL,3301,1),(8802,62919,NULL,3308,1),(8803,62923,NULL,3311,1),(8804,62937,NULL,3311,1),(8805,62931,NULL,3300,1),(8806,62934,NULL,3311,1),(8807,62904,NULL,3309,1),(8808,62933,NULL,3311,1),(8809,62919,NULL,3309,1),(8810,62917,NULL,3308,0),(8811,62925,NULL,3309,1),(8812,62935,NULL,3309,1),(8813,62931,NULL,3308,0),(8814,62932,NULL,3308,1),(8815,62931,NULL,3311,1),(8817,62905,NULL,3309,1),(8818,62928,NULL,3311,1),(8819,62909,NULL,3309,1),(8820,62917,NULL,3311,1),(8821,62912,NULL,3308,0),(8822,62916,NULL,3311,1),(8823,62915,NULL,3308,0),(8824,62920,NULL,3308,0),(8825,62918,NULL,3311,1),(8826,62913,NULL,3309,1),(8827,62914,NULL,3309,1),(8828,62938,NULL,3309,1),(8829,62911,NULL,3309,1),(8830,62936,NULL,3301,1),(8831,62922,NULL,3308,0),(8832,62921,NULL,3309,1),(8833,62926,NULL,3309,1),(8834,62930,NULL,3308,0),(8835,62908,NULL,3308,1),(8836,62926,NULL,3311,1),(8837,62929,NULL,3309,1),(8838,62918,NULL,3309,1),(8839,62916,NULL,3309,1),(8840,62921,NULL,3311,1),(8841,62930,NULL,3304,1),(8842,62917,NULL,3309,1),(8843,62935,NULL,3317,1),(8844,62928,NULL,3309,1),(8845,62935,NULL,3307,0),(8846,62922,NULL,3304,1),(8847,62909,NULL,3307,0),(8848,62933,NULL,3309,1),(8849,62923,NULL,3309,1),(8850,62924,NULL,3309,1),(8851,62925,NULL,3311,1),(8852,62904,NULL,3308,1),(8853,62930,NULL,3300,1),(8854,62925,NULL,3308,0),(8856,62935,NULL,3308,1),(8857,62915,NULL,3300,1),(8858,62912,NULL,3300,1),(8859,62924,NULL,3300,1),(8860,62904,NULL,3311,1),(8861,62908,NULL,3309,1),(8863,62936,NULL,3309,1),(8864,62930,NULL,3309,1),(8865,62937,NULL,3299,1),(8866,62934,NULL,3299,1),(8869,62922,NULL,3309,1),(8870,62933,NULL,3299,1),(8871,62935,NULL,3299,0),(8872,62919,NULL,3304,1),(8873,62904,NULL,3307,1),(8874,62904,NULL,3304,1),(8875,62919,NULL,3307,1),(8876,62925,NULL,3304,1),(8877,62910,NULL,3307,1),(8879,62913,NULL,3307,1),(8880,62938,NULL,3307,1),(8881,62905,NULL,3304,1),(8882,62909,NULL,3304,0),(8883,62941,NULL,3299,1),(8884,62935,NULL,3311,0),(8885,62910,NULL,3311,1),(8886,62940,NULL,3307,1),(8887,62913,NULL,3304,1),(8888,62909,NULL,3298,1),(8889,62921,NULL,3307,1),(8890,62922,NULL,3300,1),(8891,62913,NULL,3311,0),(8892,62927,NULL,3307,1),(8893,62914,NULL,3311,1),(8894,62943,NULL,3308,1),(8895,62929,NULL,3307,1),(8896,62910,NULL,3298,1),(8897,62913,NULL,3298,1),(8898,62942,NULL,3307,1),(8899,62914,NULL,3304,1),(8900,62944,NULL,3307,1),(8901,62939,NULL,3308,0),(8902,62918,NULL,3307,1),(8903,62936,NULL,3300,1),(8904,62941,NULL,3300,1),(8906,62938,NULL,3311,1),(8907,62921,NULL,3298,1),(8908,62931,NULL,3307,1),(8909,62938,NULL,3304,1),(8910,62936,NULL,3308,0),(8911,62940,NULL,3311,1),(8912,62932,NULL,3307,1),(8913,62924,NULL,3308,0),(8914,62911,NULL,3304,1),(8915,62923,NULL,3307,1),(8916,62937,NULL,3308,0),(8917,62926,NULL,3304,1),(8918,62934,NULL,3308,0),(8919,62933,NULL,3308,0),(8920,62939,NULL,3300,1),(8921,62922,NULL,3298,1),(8922,62928,NULL,3308,1),(8923,62935,NULL,3300,0),(8924,62916,NULL,3308,1),(8925,62941,NULL,3307,1),(8926,62918,NULL,3308,0),(8927,62944,NULL,3308,1),(8928,62943,NULL,3307,0),(8931,62942,NULL,3308,1),(8932,62926,NULL,3308,1),(8933,62938,NULL,3317,1),(8934,62921,NULL,3308,1),(8935,62908,NULL,3307,1),(8936,62940,NULL,3317,1),(8937,62929,NULL,3304,1),(8938,62911,NULL,3308,0),(8939,62925,NULL,3301,0),(8940,62918,NULL,3304,1),(8941,62945,NULL,3311,1),(8942,62937,NULL,3304,1),(8943,62939,NULL,3311,1),(8944,62910,NULL,3308,1),(8945,62908,NULL,3311,1),(8946,62942,NULL,3301,1),(8947,62933,NULL,3317,1),(8948,62928,NULL,3301,1),(8949,62934,NULL,3317,0),(8950,62923,NULL,3304,1),(8951,62943,NULL,3311,0),(8952,62924,NULL,3304,1),(8953,62931,NULL,3301,0),(8954,62941,NULL,3311,1),(8955,62936,NULL,3311,1),(8956,62912,NULL,3304,1),(8957,62930,NULL,3311,1),(8958,62933,NULL,3301,1),(8959,62915,NULL,3304,1),(8961,62920,NULL,3304,1),(8962,62934,NULL,3301,1),(8963,62937,NULL,3301,1),(8964,62923,NULL,3301,0),(8965,62941,NULL,3317,1),(8966,62939,NULL,3317,1),(8967,62924,NULL,3311,1),(8968,62924,NULL,3301,1),(8969,62932,NULL,3311,1),(8970,62936,NULL,3304,1),(8971,62946,NULL,3311,1),(8972,62944,NULL,3311,1),(8973,62941,NULL,3301,1),(8974,62908,NULL,3304,1),(8975,62942,NULL,3311,1),(8976,62929,NULL,3311,1),(8977,62927,NULL,3311,1),(8978,62924,NULL,3307,1),(8979,62956,NULL,3307,1),(8980,62939,NULL,3307,1),(8981,62945,NULL,3307,1),(8982,62975,NULL,3307,1),(8983,62956,NULL,3308,0),(8984,62975,NULL,3311,1),(8985,62956,NULL,3311,1),(8986,62946,NULL,3307,1),(8987,62979,NULL,3308,1),(8988,62904,NULL,3301,1),(8989,62991,NULL,3333,1),(8991,62992,NULL,3333,1),(8992,62983,NULL,3333,1),(8993,62981,NULL,3324,1),(8994,62984,NULL,3324,1),(8995,62982,NULL,3324,1),(8996,62988,NULL,3324,1),(8998,62984,NULL,3327,0),(9000,62984,NULL,3321,1),(9001,62982,NULL,3321,1),(9002,62982,NULL,3327,0),(9003,62988,NULL,3321,1),(9004,62987,NULL,3321,1),(9005,62988,NULL,3327,1),(9006,62986,NULL,3321,1),(9007,62993,NULL,3324,1),(9008,62996,NULL,3327,1),(9009,62983,NULL,3321,1),(9010,62989,NULL,3321,1),(9011,62991,NULL,3324,1),(9012,62991,NULL,3321,1),(9013,62987,NULL,3327,0),(9014,63004,NULL,3332,1),(9015,62981,NULL,3327,1),(9016,63004,NULL,3337,1),(9017,62981,NULL,3323,1),(9018,62989,NULL,3324,1),(9019,62986,NULL,3327,1),(9020,62984,NULL,3337,1),(9021,62990,NULL,3327,1),(9022,62984,NULL,3319,1),(9024,62992,NULL,3324,1),(9025,62989,NULL,3320,1),(9026,62982,NULL,3319,1),(9027,62995,NULL,3320,1),(9028,62988,NULL,3319,1),(9029,62984,NULL,3332,0),(9030,62982,NULL,3323,1),(9031,62997,NULL,3320,1),(9032,62994,NULL,3327,1),(9033,62984,NULL,3328,1),(9034,62988,NULL,3323,1),(9035,62983,NULL,3324,1),(9036,63009,NULL,3331,1),(9037,62980,NULL,3327,0),(9038,62988,NULL,3337,1),(9039,62986,NULL,3323,1),(9040,62980,NULL,3324,1),(9041,63011,NULL,3332,1),(9042,62984,NULL,3325,0),(9043,63011,NULL,3328,0),(9044,63005,NULL,3331,1),(9045,63011,NULL,3325,1),(9047,62990,NULL,3324,1),(9048,63012,NULL,3328,1),(9049,63012,NULL,3332,1),(9050,62983,NULL,3327,0),(9051,62986,NULL,3324,1),(9052,62994,NULL,3319,1),(9053,63004,NULL,3328,1),(9054,62991,NULL,3331,1),(9055,62980,NULL,3319,1),(9056,62992,NULL,3327,1),(9057,62985,NULL,3331,1),(9058,62988,NULL,3325,1),(9059,62982,NULL,3328,1),(9060,62987,NULL,3324,0),(9062,62994,NULL,3337,1),(9063,62983,NULL,3320,1),(9065,62992,NULL,3319,1),(9066,62996,NULL,3325,1),(9067,62983,NULL,3319,1),(9068,62989,NULL,3327,1),(9069,62995,NULL,3327,0),(9070,62987,NULL,3325,1),(9071,62988,NULL,3328,1),(9072,62989,NULL,3319,1),(9073,62997,NULL,3327,0),(9074,62983,NULL,3331,1),(9075,62981,NULL,3325,1),(9077,62985,NULL,3324,1),(9078,63011,NULL,3321,0),(9079,62995,NULL,3319,1),(9080,62986,NULL,3325,1),(9081,62996,NULL,3332,1),(9082,62985,NULL,3327,0),(9083,62996,NULL,3328,1),(9084,63002,NULL,3337,1),(9085,62985,NULL,3319,1),(9086,62994,NULL,3331,1),(9087,62991,NULL,3319,1),(9088,62987,NULL,3332,0),(9089,62991,NULL,3327,0),(9090,62993,NULL,3319,1),(9091,62987,NULL,3328,1),(9092,62993,NULL,3327,1),(9093,62990,NULL,3331,1),(9094,63001,NULL,3325,1),(9095,62981,NULL,3332,1),(9096,62986,NULL,3331,1),(9097,63004,NULL,3326,1),(9098,62980,NULL,3325,1),(9099,62984,NULL,3326,0),(9100,62981,NULL,3319,1),(9101,62981,NULL,3328,1),(9102,63011,NULL,3326,0),(9103,62998,NULL,3327,0),(9104,62983,NULL,3325,1),(9105,62986,NULL,3332,1),(9106,63012,NULL,3326,0),(9107,62982,NULL,3326,0),(9108,62986,NULL,3319,1),(9109,62992,NULL,3325,0),(9111,62990,NULL,3319,1),(9112,62990,NULL,3332,1),(9113,62989,NULL,3325,1),(9114,62988,NULL,3326,0),(9115,62996,NULL,3326,0),(9116,62988,NULL,3331,1),(9117,62987,NULL,3326,0),(9118,62995,NULL,3325,1),(9120,62997,NULL,3325,0),(9121,62981,NULL,3326,1),(9122,63004,NULL,3330,1),(9123,62986,NULL,3326,0),(9124,62990,NULL,3328,0),(9125,62984,NULL,3330,1),(9126,62990,NULL,3326,0),(9127,63012,NULL,3331,1),(9128,63006,NULL,3325,1),(9129,62994,NULL,3332,1),(9130,62984,NULL,3320,1),(9131,63001,NULL,3332,1),(9132,62994,NULL,3326,0),(9133,62988,NULL,3335,1),(9134,63001,NULL,3326,0),(9135,62980,NULL,3332,1),(9136,62993,NULL,3325,1),(9137,63012,NULL,3330,1),(9138,62994,NULL,3328,0),(9139,62980,NULL,3326,0),(9140,62983,NULL,3326,0),(9141,62992,NULL,3326,0),(9142,63001,NULL,3328,1),(9143,62982,NULL,3330,1),(9144,62998,NULL,3325,0),(9145,62980,NULL,3328,1),(9146,62989,NULL,3326,1),(9147,62992,NULL,3332,1),(9148,62983,NULL,3328,1),(9149,62999,NULL,3323,1),(9150,62995,NULL,3326,1),(9151,62988,NULL,3330,1),(9152,63005,NULL,3337,1),(9153,62992,NULL,3328,1),(9154,62991,NULL,3323,1),(9155,62984,NULL,3335,0),(9156,62989,NULL,3332,1),(9157,62997,NULL,3326,1),(9158,62989,NULL,3328,1),(9159,62996,NULL,3330,1),(9160,62995,NULL,3332,1),(9161,62995,NULL,3328,1),(9162,63005,NULL,3325,0),(9163,62997,NULL,3328,1),(9164,63002,NULL,3326,0),(9165,62997,NULL,3332,1),(9166,63006,NULL,3326,1),(9167,62987,NULL,3330,1),(9168,63002,NULL,3328,1),(9169,62985,NULL,3326,1),(9170,62991,NULL,3326,1),(9171,62993,NULL,3326,1),(9172,63015,NULL,3330,1),(9173,63002,NULL,3332,1),(9174,63007,NULL,3325,1),(9175,63006,NULL,3328,1),(9176,62987,NULL,3335,0),(9177,62998,NULL,3326,0),(9178,63009,NULL,3325,1),(9179,62981,NULL,3330,1),(9180,63006,NULL,3332,1),(9181,62999,NULL,3326,1),(9182,62985,NULL,3328,1),(9183,63000,NULL,3326,0),(9184,63004,NULL,3319,1),(9185,62986,NULL,3330,1),(9186,62991,NULL,3328,1),(9187,62993,NULL,3332,1),(9188,63011,NULL,3319,1),(9189,62993,NULL,3328,1),(9190,63012,NULL,3319,1),(9191,63003,NULL,3326,1),(9192,62998,NULL,3332,1),(9193,63005,NULL,3326,1),(9194,62998,NULL,3328,1),(9195,62999,NULL,3332,1),(9196,62992,NULL,3330,1),(9197,63017,NULL,3319,1),(9198,62999,NULL,3328,1),(9199,62991,NULL,3332,1),(9200,62985,NULL,3332,1),(9201,63000,NULL,3323,1),(9202,63007,NULL,3326,1),(9203,63000,NULL,3328,1),(9204,63003,NULL,3328,1),(9205,63005,NULL,3328,1),(9206,63014,NULL,3326,1),(9207,63009,NULL,3326,1),(9208,63007,NULL,3328,1),(9209,62996,NULL,3319,1),(9210,63009,NULL,3328,0),(9211,62989,NULL,3335,1),(9212,63016,NULL,3325,1),(9214,63008,NULL,3325,1),(9215,63010,NULL,3325,1),(9216,63004,NULL,3329,1),(9217,63016,NULL,3319,0),(9219,62984,NULL,3329,0),(9220,63011,NULL,3329,0),(9221,63013,NULL,3319,1),(9222,63012,NULL,3329,0),(9223,63010,NULL,3319,1),(9224,63017,NULL,3329,1),(9225,63018,NULL,3319,1),(9226,63016,NULL,3320,0),(9227,62982,NULL,3329,1),(9228,62988,NULL,3329,1),(9229,62996,NULL,3329,1),(9230,63019,NULL,3323,1),(9231,62987,NULL,3329,0),(9232,63024,NULL,3323,1),(9234,63027,NULL,3319,1),(9236,63022,NULL,3319,1),(9238,63016,NULL,3324,1),(9239,62981,NULL,3329,1),(9240,63024,NULL,3319,1),(9241,63025,NULL,3320,1),(9242,63025,NULL,3320,1),(9243,63026,NULL,3323,1),(9247,63018,NULL,3335,1),(9248,62990,NULL,3329,1),(9249,63027,NULL,3320,1),(9250,63013,NULL,3323,1),(9251,62994,NULL,3329,1),(9252,63016,NULL,3327,1),(9253,63016,NULL,3330,1),(9255,63019,NULL,3330,1),(9256,63025,NULL,3319,1),(9257,63013,NULL,3327,1),(9258,63013,NULL,3330,1),(9259,62980,NULL,3329,1),(9261,63027,NULL,3330,1),(9262,62983,NULL,3329,1),(9263,63022,NULL,3330,1),(9265,62992,NULL,3329,1),(9266,63018,NULL,3323,1),(9267,63024,NULL,3330,1),(9269,63008,NULL,3330,1),(9270,63013,NULL,3335,1),(9271,63028,NULL,3330,1),(9272,63020,NULL,3330,1),(9273,62995,NULL,3329,1),(9274,63010,NULL,3330,1),(9275,62997,NULL,3329,1),(9277,63002,NULL,3329,1),(9278,63029,NULL,3330,1),(9281,63006,NULL,3329,1),(9282,63026,NULL,3330,1),(9283,62985,NULL,3329,1),(9284,63019,NULL,3327,1),(9285,63030,NULL,3330,1),(9286,63032,NULL,3327,1),(9287,62993,NULL,3329,1),(9289,63014,NULL,3329,1),(9290,63016,NULL,3321,1),(9291,63030,NULL,3335,1),(9292,63025,NULL,3330,1),(9293,63021,NULL,3330,1),(9295,63023,NULL,3330,1),(9296,63027,NULL,3327,1),(9297,63032,NULL,3321,1),(9298,63033,NULL,3327,1),(9299,63007,NULL,3329,1),(9301,63022,NULL,3327,1),(9302,63005,NULL,3329,0),(9303,63024,NULL,3320,1),(9305,63024,NULL,3327,1),(9306,63003,NULL,3329,0),(9307,63000,NULL,3329,0),(9308,63028,NULL,3327,1),(9309,63024,NULL,3321,1),(9311,63008,NULL,3327,1),(9312,62999,NULL,3329,1),(9313,62998,NULL,3329,1),(9314,63032,NULL,3335,1),(9315,63023,NULL,3320,1),(9316,63016,NULL,3329,1),(9317,63019,NULL,3329,1),(9318,63029,NULL,3321,1),(9319,63013,NULL,3329,1),(9320,63008,NULL,3329,1),(9321,63031,NULL,3330,1),(9322,63020,NULL,3329,1),(9323,63010,NULL,3329,1),(9324,63018,NULL,3329,1),(9325,63021,NULL,3329,1),(9326,63024,NULL,3335,1),(9327,63038,NULL,3330,1),(9328,63035,NULL,3330,1),(9329,63034,NULL,3330,1),(9330,63032,NULL,3333,1),(9331,63021,NULL,3321,1),(9334,63039,NULL,3333,1),(9335,63039,NULL,3330,1),(9336,63033,NULL,3330,1),(9337,63037,NULL,3330,1),(9338,63035,NULL,3335,1),(9339,63038,NULL,3335,1),(9340,63035,NULL,3333,1),(9341,63022,NULL,3331,1),(9342,63040,NULL,3330,1),(9343,63030,NULL,3319,0),(9344,63018,NULL,3330,1),(9345,63042,NULL,3330,1),(9346,63037,NULL,3331,1),(9347,63039,NULL,3320,1),(9348,63018,NULL,3331,1),(9349,63033,NULL,3320,1),(9350,63043,NULL,3319,1),(9351,63019,NULL,3335,1),(9352,63036,NULL,3330,1),(9354,63042,NULL,3331,1),(9355,63035,NULL,3319,1),(9356,63041,NULL,3330,1),(9357,63019,NULL,3325,1),(9358,63021,NULL,3331,1),(9359,63034,NULL,3319,1),(9360,63037,NULL,3320,1),(9361,63036,NULL,3325,1),(9362,63018,NULL,3327,1),(9363,63039,NULL,3325,1),(9364,63029,NULL,3327,1),(9365,63032,NULL,3329,1),(9368,63023,NULL,3319,0),(9369,63013,NULL,3325,1),(9370,63040,NULL,3320,1),(9371,63031,NULL,3327,1),(9372,63024,NULL,3333,1),(9373,63016,NULL,3323,1),(9374,63021,NULL,3327,1),(9375,63027,NULL,3325,1),(9376,63021,NULL,3319,1),(9377,63036,NULL,3329,1),(9379,63023,NULL,3327,1),(9380,63038,NULL,3331,1),(9381,63033,NULL,3325,1),(9382,63022,NULL,3325,1),(9383,63037,NULL,3333,1),(9384,63025,NULL,3327,1),(9385,63039,NULL,3329,1),(9386,63024,NULL,3325,1),(9387,63034,NULL,3320,1),(9388,63026,NULL,3327,1),(9389,63042,NULL,3319,1),(9390,63027,NULL,3329,1),(9391,63028,NULL,3325,1),(9392,63030,NULL,3327,1),(9393,63036,NULL,3323,1),(9394,63035,NULL,3320,1),(9395,63019,NULL,3324,1),(9396,63034,NULL,3327,1),(9398,63037,NULL,3325,1),(9399,63031,NULL,3319,1),(9400,63039,NULL,3323,1),(9401,63024,NULL,3329,1),(9402,63022,NULL,3329,1),(9404,63041,NULL,3319,1),(9405,63039,NULL,3324,1),(9406,63040,NULL,3325,1),(9409,63028,NULL,3329,1),(9410,63038,NULL,3320,1),(9411,63037,NULL,3329,1),(9412,63029,NULL,3319,1),(9413,63013,NULL,3324,1),(9414,63010,NULL,3326,1),(9415,63018,NULL,3325,1),(9416,63039,NULL,3327,1),(9417,63022,NULL,3323,1),(9419,63027,NULL,3324,1),(9420,63029,NULL,3325,1),(9421,63040,NULL,3329,1),(9422,63033,NULL,3324,1),(9423,63041,NULL,3325,1),(9424,63020,NULL,3327,1),(9425,63029,NULL,3329,0),(9426,63036,NULL,3334,1),(9427,63022,NULL,3324,1),(9428,63040,NULL,3327,1),(9429,63042,NULL,3325,1),(9430,63038,NULL,3323,1),(9431,63042,NULL,3329,1),(9432,63021,NULL,3325,1),(9433,63043,NULL,3323,1),(9434,63024,NULL,3324,1),(9435,63041,NULL,3327,1),(9436,63023,NULL,3329,1),(9437,63036,NULL,3320,1),(9438,63008,NULL,3324,1),(9440,63025,NULL,3329,1),(9441,63046,NULL,3327,1),(9442,63028,NULL,3324,1),(9443,63034,NULL,3331,1),(9444,63025,NULL,3325,1),(9445,63013,NULL,3326,1),(9446,63039,NULL,3326,1),(9447,63042,NULL,3327,1),(9448,63036,NULL,3326,1),(9449,63032,NULL,3326,1),(9450,63037,NULL,3324,1),(9451,63026,NULL,3325,1),(9452,63019,NULL,3326,1),(9453,63016,NULL,3326,1),(9454,63035,NULL,3327,1),(9455,63022,NULL,3326,1),(9456,63034,NULL,3329,1),(9457,63033,NULL,3326,1),(9458,63027,NULL,3326,1),(9459,63030,NULL,3325,1),(9460,63020,NULL,3324,1),(9461,63024,NULL,3326,1),(9462,63008,NULL,3326,1),(9463,63028,NULL,3326,1),(9464,63038,NULL,3327,1),(9465,63037,NULL,3326,1),(9466,63034,NULL,3325,1),(9467,63045,NULL,3321,1),(9468,63020,NULL,3326,1),(9469,63040,NULL,3324,1),(9470,63035,NULL,3329,1),(9471,63035,NULL,3325,1),(9472,63040,NULL,3326,1),(9473,63018,NULL,3326,1),(9474,63010,NULL,3324,1),(9475,63038,NULL,3329,1),(9476,63038,NULL,3325,1),(9477,63018,NULL,3324,1),(9478,63045,NULL,3329,1),(9479,63029,NULL,3326,1),(9480,63028,NULL,3320,1),(9481,63041,NULL,3326,1),(9482,63046,NULL,3326,1),(9483,63038,NULL,3321,1),(9484,63031,NULL,3326,1),(9485,63042,NULL,3326,1),(9486,63021,NULL,3326,1),(9487,63023,NULL,3326,1),(9488,63046,NULL,3320,1),(9489,63016,NULL,3335,1),(9490,63025,NULL,3326,1),(9491,63030,NULL,3321,1),(9492,63026,NULL,3326,1),(9493,63030,NULL,3326,1),(9494,63034,NULL,3326,1),(9495,63035,NULL,3326,1),(9496,63038,NULL,3326,1),(9497,63043,NULL,3326,1),(9498,63045,NULL,3326,1),(9499,63029,NULL,3324,1),(9500,63031,NULL,3320,1),(9501,63025,NULL,3321,1),(9502,63039,NULL,3335,1),(9503,63019,NULL,3332,1),(9504,63036,NULL,3319,1),(9505,63035,NULL,3323,1),(9506,63042,NULL,3320,1),(9507,63021,NULL,3320,1),(9508,63043,NULL,3330,1),(9509,63039,NULL,3319,1),(9510,63043,NULL,3327,1),(9511,63045,NULL,3330,1),(9512,63033,NULL,3319,1),(9513,63046,NULL,3324,1),(9514,63045,NULL,3327,1),(9515,63041,NULL,3324,1),(9516,63016,NULL,3328,1),(9517,63030,NULL,3323,1),(9518,63026,NULL,3320,1),(9519,63019,NULL,3328,1),(9520,63004,NULL,3327,0),(9521,63011,NULL,3327,0),(9522,63030,NULL,3320,1),(9523,63048,NULL,3330,1),(9524,63046,NULL,3319,1),(9525,63032,NULL,3328,1),(9526,63012,NULL,3327,1),(9527,63046,NULL,3330,1),(9528,63044,NULL,3329,1),(9529,63036,NULL,3328,1),(9531,63020,NULL,3332,1),(9532,63043,NULL,3320,1),(9533,63015,NULL,3329,1),(9534,63047,NULL,3330,1),(9535,63039,NULL,3328,1),(9536,63017,NULL,3327,1),(9537,62989,NULL,3329,1),(9538,63045,NULL,3320,1),(9539,63042,NULL,3323,1),(9540,63036,NULL,3335,1),(9541,62991,NULL,3329,1),(9542,63023,NULL,3323,1),(9543,63044,NULL,3327,1),(9544,63013,NULL,3328,1),(9545,63038,NULL,3319,1),(9546,63015,NULL,3327,0),(9547,63029,NULL,3323,1),(9549,63027,NULL,3328,1),(9550,63046,NULL,3333,1),(9551,62999,NULL,3327,1),(9552,63033,NULL,3328,1),(9553,63033,NULL,3329,1),(9554,63000,NULL,3327,0),(9555,63049,NULL,3329,1),(9556,63022,NULL,3328,1),(9559,63023,NULL,3333,1),(9560,63013,NULL,3320,1),(9561,63003,NULL,3327,0),(9562,63024,NULL,3328,1),(9563,63005,NULL,3327,0),(9564,63008,NULL,3328,1),(9565,63019,NULL,3319,1),(9566,63049,NULL,3320,1),(9567,63028,NULL,3328,1),(9568,63037,NULL,3328,1),(9569,63007,NULL,3327,0),(9570,63041,NULL,3329,1),(9572,63009,NULL,3327,1),(9573,63020,NULL,3320,1),(9574,63046,NULL,3329,1),(9575,63014,NULL,3327,1),(9576,63020,NULL,3328,1),(9577,63048,NULL,3320,1),(9578,63038,NULL,3333,1),(9579,63038,NULL,3333,1),(9580,63038,NULL,3333,1),(9581,63040,NULL,3328,1),(9582,63031,NULL,3329,1),(9583,63048,NULL,3328,1),(9584,63010,NULL,3320,1),(9585,63026,NULL,3329,1),(9586,63010,NULL,3328,1),(9587,63030,NULL,3329,1),(9588,63049,NULL,3335,1),(9589,63031,NULL,3324,0),(9590,63018,NULL,3328,1),(9591,63018,NULL,3320,1),(9592,63043,NULL,3329,1),(9593,63029,NULL,3320,1),(9594,63048,NULL,3319,1),(9595,63029,NULL,3328,1),(9596,63037,NULL,3335,1),(9597,63041,NULL,3320,1),(9598,63047,NULL,3329,1),(9599,63041,NULL,3328,1),(9600,63042,NULL,3324,1),(9601,63032,NULL,3330,1),(9602,63040,NULL,3335,1),(9603,63021,NULL,3324,1),(9604,63046,NULL,3328,1),(9605,63050,NULL,3329,0),(9606,63023,NULL,3324,1),(9607,63048,NULL,3329,1),(9608,63051,NULL,3329,1),(9609,63031,NULL,3328,1),(9610,63042,NULL,3328,1),(9611,63025,NULL,3324,1),(9612,63021,NULL,3328,1),(9613,63052,NULL,3329,1),(9614,63026,NULL,3324,1),(9615,63023,NULL,3328,1),(9616,63030,NULL,3324,1),(9617,63025,NULL,3328,1),(9618,63026,NULL,3328,1),(9619,63034,NULL,3324,1),(9621,63050,NULL,3319,0),(9622,63045,NULL,3323,1),(9623,63035,NULL,3324,1),(9624,63028,NULL,3319,1),(9625,63030,NULL,3328,1),(9626,63038,NULL,3324,1),(9631,63034,NULL,3328,1),(9632,63019,NULL,3333,1),(9633,63035,NULL,3328,1),(9634,63041,NULL,3335,1),(9635,63043,NULL,3324,1),(9636,63046,NULL,3335,1),(9637,63051,NULL,3319,1),(9638,63038,NULL,3328,1),(9639,63043,NULL,3328,1),(9640,63045,NULL,3319,1),(9642,63051,NULL,3335,1),(9643,63047,NULL,3320,1),(9644,63021,NULL,3335,1),(9645,63045,NULL,3328,1),(9646,63023,NULL,3335,1),(9647,63047,NULL,3328,1),(9648,63026,NULL,3335,1),(9649,63045,NULL,3324,1),(9650,63049,NULL,3326,1),(9651,63050,NULL,3326,1),(9652,63002,NULL,3327,0),(9653,63053,NULL,3329,1),(9655,62944,NULL,3299,1),(9656,63006,NULL,3327,0),(9657,62946,NULL,3299,1),(9658,63053,NULL,3326,1),(9659,63048,NULL,3326,1),(9660,63052,NULL,3326,1),(9661,63054,NULL,3329,1),(9662,63051,NULL,3326,1),(9663,63047,NULL,3326,1),(9664,63054,NULL,3326,1),(9665,63047,NULL,3324,1),(9666,63047,NULL,3321,1),(9667,63045,NULL,3335,1),(9668,63054,NULL,3324,1),(9669,63008,NULL,3335,1),(9670,63040,NULL,3319,1),(9671,63047,NULL,3323,1),(9672,63034,NULL,3335,1),(9673,63042,NULL,3335,1),(9674,63049,NULL,3330,1),(9676,63050,NULL,3330,0),(9678,62996,NULL,3324,1),(9679,63053,NULL,3330,1),(9680,63052,NULL,3330,1),(9681,63056,NULL,3329,1),(9682,63051,NULL,3330,1),(9684,63015,NULL,3324,1),(9685,63055,NULL,3329,1),(9686,63054,NULL,3330,1),(9687,63055,NULL,3330,1),(9688,63024,NULL,3337,1),(9689,63008,NULL,3337,1),(9690,63019,NULL,3334,1),(9691,63037,NULL,3337,1),(9692,63032,NULL,3334,1),(9694,63054,NULL,3320,1),(9695,63040,NULL,3337,1),(9696,63010,NULL,3337,1),(9697,63046,NULL,3337,1),(9698,63056,NULL,3337,1),(9699,63031,NULL,3337,1),(9700,63049,NULL,3327,1),(9701,63050,NULL,3327,0),(9702,63042,NULL,3337,1),(9703,63048,NULL,3327,1),(9704,63021,NULL,3337,1),(9705,63023,NULL,3337,1),(9706,63051,NULL,3327,1),(9707,63025,NULL,3337,1),(9708,63026,NULL,3337,1),(9709,63030,NULL,3337,1),(9710,63047,NULL,3327,1),(9711,63054,NULL,3327,1),(9712,63034,NULL,3337,1),(9713,63035,NULL,3337,1),(9714,63038,NULL,3337,1),(9715,62979,NULL,3301,0),(9716,63043,NULL,3337,1),(9717,63028,NULL,3335,1),(9718,62945,NULL,3301,1),(9719,62939,NULL,3301,1),(9720,63045,NULL,3337,1),(9721,63055,NULL,3324,1),(9722,63047,NULL,3337,1),(9724,63051,NULL,3323,1),(9725,63046,NULL,3323,1),(9726,63056,NULL,3330,1),(9727,63052,NULL,3323,1),(9728,63050,NULL,3335,0),(9729,63016,NULL,3337,1),(9730,63019,NULL,3337,1),(9731,63036,NULL,3337,1),(9732,63039,NULL,3337,1),(9733,63013,NULL,3337,1),(9734,63027,NULL,3337,1),(9735,63033,NULL,3337,1),(9736,63049,NULL,3337,1),(9737,63022,NULL,3337,1),(9738,62976,NULL,3301,1),(9739,62978,NULL,3301,1),(9740,62956,NULL,3301,1),(9741,62927,NULL,3301,1),(9742,62975,NULL,3301,1),(9743,63028,NULL,3332,1),(9744,63028,NULL,3332,1),(9746,63050,NULL,3332,1),(9749,63011,NULL,3335,0),(9750,62976,NULL,3308,0),(9751,62978,NULL,3308,0),(9752,62941,NULL,3308,1),(9753,62945,NULL,3308,1),(9754,62913,NULL,3308,1),(9755,62914,NULL,3308,1),(9756,62938,NULL,3308,1),(9758,62940,NULL,3308,1),(9759,62927,NULL,3308,1),(9760,62929,NULL,3308,1),(9761,62946,NULL,3308,1),(9762,62975,NULL,3308,0),(9766,63004,NULL,3320,1),(9767,63011,NULL,3320,1),(9768,63012,NULL,3320,1),(9769,63017,NULL,3320,1),(9770,63044,NULL,3320,1),(9771,63757,NULL,3114,NULL),(9772,63862,NULL,3320,1),(9774,63898,NULL,3373,1),(9775,63907,NULL,3373,1),(9776,63900,NULL,3373,1),(9777,63909,NULL,3373,1),(9778,63911,NULL,3373,1),(9779,63897,NULL,3373,1),(9780,63908,NULL,3373,1),(9781,63900,NULL,3390,1),(9782,63912,NULL,3373,1),(9783,63900,NULL,3387,1),(9784,63909,NULL,3387,1),(9785,63917,NULL,3390,1),(9786,63900,NULL,3386,1),(9787,63911,NULL,3387,1),(9788,63909,NULL,3386,1),(9789,63897,NULL,3390,1),(9790,63900,NULL,3393,1),(9791,63917,NULL,3387,1),(9792,63900,NULL,3376,1),(9793,63900,NULL,3401,1),(9794,63901,NULL,3390,1),(9796,63911,NULL,3386,1),(9797,63897,NULL,3387,1),(9799,63900,NULL,3402,1),(9801,63900,NULL,3381,1),(9802,63909,NULL,3401,1),(9803,63900,NULL,3397,1),(9805,63909,NULL,3381,1),(9806,63901,NULL,3387,1),(9807,63917,NULL,3386,1),(9808,63918,NULL,3390,1),(9809,63903,NULL,3387,1),(9812,63909,NULL,3397,1),(9813,63898,NULL,3390,1),(9814,63897,NULL,3386,1),(9815,63907,NULL,3380,1),(9817,63906,NULL,3387,1),(9818,63909,NULL,3374,1),(9819,63907,NULL,3390,1),(9821,63911,NULL,3397,1),(9822,63915,NULL,3390,1),(9823,63909,NULL,3383,1),(9824,63918,NULL,3387,1),(9825,63898,NULL,3387,1),(9826,63898,NULL,3388,1),(9827,63911,NULL,3393,1),(9828,63901,NULL,3386,1),(9830,63911,NULL,3383,0),(9831,63897,NULL,3381,1),(9832,63903,NULL,3386,1),(9833,63907,NULL,3387,1),(9834,63909,NULL,3379,1),(9835,63906,NULL,3386,1),(9836,63915,NULL,3387,1),(9837,63900,NULL,3403,1),(9838,63921,NULL,3390,1),(9840,63903,NULL,3376,1),(9841,63901,NULL,3381,1),(9842,63900,NULL,3385,0),(9843,63918,NULL,3386,1),(9844,63911,NULL,3379,1),(9845,63917,NULL,3397,1),(9846,63901,NULL,3402,1),(9847,63920,NULL,3387,1),(9848,63917,NULL,3380,1),(9849,63909,NULL,3403,1),(9850,63904,NULL,3387,1),(9851,63911,NULL,3372,0),(9852,63906,NULL,3376,1),(9853,63903,NULL,3381,1),(9854,63917,NULL,3383,1),(9855,63917,NULL,3393,1),(9856,63919,NULL,3387,1),(9858,63897,NULL,3397,0),(9859,63898,NULL,3376,1),(9860,63897,NULL,3401,1),(9861,63922,NULL,3387,1),(9862,63898,NULL,3386,1),(9863,63899,NULL,3387,1),(9864,63901,NULL,3401,1),(9865,63909,NULL,3385,1),(9866,63907,NULL,3386,1),(9867,63903,NULL,3401,1),(9868,63897,NULL,3393,1),(9869,63897,NULL,3383,0),(9870,63907,NULL,3376,1),(9871,63902,NULL,3387,1),(9872,63915,NULL,3386,1),(9873,63898,NULL,3381,1),(9875,63905,NULL,3387,1),(9876,63897,NULL,3403,1),(9877,63918,NULL,3380,1),(9878,63897,NULL,3388,1),(9879,63906,NULL,3401,1),(9880,63920,NULL,3390,1),(9881,63917,NULL,3385,0),(9882,63905,NULL,3392,1),(9883,63907,NULL,3381,1),(9884,63920,NULL,3386,1),(9885,63904,NULL,3386,1),(9886,63901,NULL,3383,0),(9887,63907,NULL,3388,1),(9888,63919,NULL,3386,1),(9889,63908,NULL,3387,1),(9891,63897,NULL,3372,1),(9892,63898,NULL,3401,1),(9893,63922,NULL,3386,1),(9894,63899,NULL,3386,1),(9895,63907,NULL,3401,1),(9896,63902,NULL,3386,1),(9897,63910,NULL,3387,1),(9898,63899,NULL,3380,1),(9899,63905,NULL,3386,1),(9900,63899,NULL,3390,1),(9901,63908,NULL,3386,1),(9902,63903,NULL,3383,1),(9903,63910,NULL,3386,1),(9904,63900,NULL,3379,1),(9905,63913,NULL,3386,1),(9906,63901,NULL,3372,0),(9908,63913,NULL,3387,1),(9909,63903,NULL,3397,1),(9910,63915,NULL,3401,1),(9911,63914,NULL,3386,1),(9913,63906,NULL,3383,1),(9914,63897,NULL,3385,1),(9915,63919,NULL,3376,1),(9916,63914,NULL,3387,1),(9917,63901,NULL,3393,0),(9918,63903,NULL,3372,0),(9919,63908,NULL,3390,1),(9920,63916,NULL,3386,1),(9921,63915,NULL,3397,1),(9922,63921,NULL,3387,1),(9923,63921,NULL,3386,1),(9924,63916,NULL,3387,1),(9925,63917,NULL,3379,1),(9926,63914,NULL,3390,1),(9927,63900,NULL,3391,1),(9928,63901,NULL,3385,0),(9930,63899,NULL,3381,1),(9931,63912,NULL,3386,1),(9932,63915,NULL,3403,1),(9933,63906,NULL,3372,0),(9934,63920,NULL,3397,0),(9935,63900,NULL,3374,1),(9936,63923,NULL,3386,1),(9937,63905,NULL,3401,1),(9939,63904,NULL,3397,1),(9940,63901,NULL,3374,0),(9941,63903,NULL,3385,0),(9942,63913,NULL,3401,1),(9943,63910,NULL,3376,1),(9944,63918,NULL,3372,0),(9945,63903,NULL,3393,1),(9946,63921,NULL,3401,1),(9947,63898,NULL,3383,1),(9948,63916,NULL,3401,1),(9949,63900,NULL,3382,1),(9950,63906,NULL,3393,0),(9951,63908,NULL,3403,1),(9952,63905,NULL,3379,1),(9953,63918,NULL,3385,1),(9954,63911,NULL,3401,1),(9955,63921,NULL,3392,1),(9956,63918,NULL,3393,1),(9958,63898,NULL,3385,1),(9959,63907,NULL,3383,1),(9960,63898,NULL,3372,0),(9961,63907,NULL,3372,0),(9963,63899,NULL,3397,1),(9964,63915,NULL,3383,1),(9965,63898,NULL,3393,1),(9966,63915,NULL,3372,1),(9968,63902,NULL,3397,1),(9969,63920,NULL,3383,0),(9970,63907,NULL,3393,1),(9971,63903,NULL,3398,1),(9972,63909,NULL,3382,1),(9974,63920,NULL,3385,1),(9977,63905,NULL,3397,1),(9978,63904,NULL,3383,1),(9979,63915,NULL,3385,1),(9980,63904,NULL,3372,0),(9981,63919,NULL,3383,1),(9982,63915,NULL,3393,1),(9984,63908,NULL,3397,1),(9985,63922,NULL,3383,1),(9986,63904,NULL,3385,1),(9987,63919,NULL,3385,1),(9988,63920,NULL,3393,0),(9989,63910,NULL,3397,0),(9990,63899,NULL,3383,1),(9991,63904,NULL,3393,1),(9992,63913,NULL,3397,1),(9993,63919,NULL,3393,1),(9994,63914,NULL,3397,1),(9995,63914,NULL,3397,1),(9998,63921,NULL,3397,1),(9999,63924,NULL,3387,1),(10000,63916,NULL,3397,1),(10001,63913,NULL,3383,1),(10003,63922,NULL,3393,1),(10005,63902,NULL,3372,1),(10006,63905,NULL,3372,1),(10007,63916,NULL,3383,1),(10008,63899,NULL,3393,1),(10009,63902,NULL,3393,1),(10010,63908,NULL,3372,1),(10011,63910,NULL,3372,1),(10012,63908,NULL,3393,0),(10013,63913,NULL,3372,1),(10014,63905,NULL,3393,1),(10015,63914,NULL,3372,1),(10016,63921,NULL,3372,1),(10017,63910,NULL,3393,0),(10018,63913,NULL,3393,1),(10019,63914,NULL,3393,1),(10020,63921,NULL,3393,1),(10021,63916,NULL,3393,1),(10022,63912,NULL,3374,1),(10023,63927,NULL,3374,1),(10024,63923,NULL,3374,1),(10025,63923,NULL,3373,1),(10026,63933,NULL,3373,1),(10027,63932,NULL,3373,1),(10028,63932,NULL,3374,1),(10029,63925,NULL,3385,1),(10030,63912,NULL,3385,1),(10031,63929,NULL,3385,1),(10032,63930,NULL,3385,1),(10033,63927,NULL,3373,1),(10035,63934,NULL,3373,1),(10037,63912,NULL,3397,1),(10038,63935,NULL,3385,1),(10040,63925,NULL,3397,1),(10041,63929,NULL,3373,1),(10042,63923,NULL,3397,1),(10043,63925,NULL,3373,1),(10044,63935,NULL,3374,1),(10045,63927,NULL,3385,1),(10047,63940,NULL,3397,1),(10048,63912,NULL,3390,1),(10051,63929,NULL,3397,1),(10052,63930,NULL,3397,1),(10053,63923,NULL,3390,1),(10055,63937,NULL,3397,1),(10056,63935,NULL,3397,1),(10057,63934,NULL,3385,1),(10059,63942,NULL,3397,1),(10060,63927,NULL,3397,1),(10062,63912,NULL,3377,1),(10063,63934,NULL,3397,1),(10064,63923,NULL,3385,1),(10068,63931,NULL,3397,1),(10069,63931,NULL,3385,1),(10070,63940,NULL,3390,1),(10071,63930,NULL,3390,1),(10072,63932,NULL,3397,1),(10075,63933,NULL,3397,1),(10076,63940,NULL,3377,0),(10079,63936,NULL,3397,1),(10080,63923,NULL,3376,1),(10081,63933,NULL,3385,1),(10083,63912,NULL,3387,1),(10084,63941,NULL,3397,1),(10086,63943,NULL,3397,1),(10087,63948,NULL,3373,1),(10088,63926,NULL,3397,1),(10089,63938,NULL,3397,1),(10090,63939,NULL,3397,1),(10091,63940,NULL,3387,1),(10092,63925,NULL,3377,1),(10093,63909,NULL,3393,1),(10094,63926,NULL,3385,1),(10095,63900,NULL,3372,1),(10096,63925,NULL,3381,1),(10098,63942,NULL,3390,1),(10099,63925,NULL,3387,1),(10100,63929,NULL,3377,1),(10101,63929,NULL,3387,1),(10102,63930,NULL,3377,1),(10103,63930,NULL,3387,1),(10104,63947,NULL,3391,1),(10105,63912,NULL,3401,1),(10108,63937,NULL,3387,1),(10109,63925,NULL,3401,1),(10111,63912,NULL,3379,1),(10113,63929,NULL,3401,1),(10114,63944,NULL,3387,1),(10115,63937,NULL,3377,1),(10116,63945,NULL,3376,1),(10117,63930,NULL,3401,1),(10118,63945,NULL,3377,1),(10119,63937,NULL,3401,1),(10121,63934,NULL,3381,1),(10123,63900,NULL,3383,1),(10124,63952,NULL,3373,1),(10125,63944,NULL,3401,1),(10127,63925,NULL,3379,1),(10128,63935,NULL,3377,1),(10129,63945,NULL,3401,1),(10132,63929,NULL,3379,1),(10133,63929,NULL,3400,1),(10134,63930,NULL,3379,1),(10135,63947,NULL,3401,1),(10136,63937,NULL,3379,1),(10137,63940,NULL,3374,1),(10138,63950,NULL,3401,1),(10139,63944,NULL,3379,1),(10140,63937,NULL,3376,1),(10141,63945,NULL,3379,1),(10142,63946,NULL,3379,1),(10143,63947,NULL,3379,1),(10144,63941,NULL,3390,1),(10145,63950,NULL,3379,1),(10146,63927,NULL,3401,1),(10147,63936,NULL,3390,1),(10148,63923,NULL,3403,1),(10149,63945,NULL,3387,1),(10150,63925,NULL,3376,1),(10151,63951,NULL,3379,1),(10152,63933,NULL,3381,1),(10153,63935,NULL,3379,1),(10154,63938,NULL,3380,0),(10155,63934,NULL,3401,1),(10156,63912,NULL,3376,1),(10157,63940,NULL,3372,1),(10158,63918,NULL,3383,1),(10159,63954,NULL,3372,1),(10160,63925,NULL,3372,1),(10161,63946,NULL,3387,0),(10162,63947,NULL,3387,1),(10163,63929,NULL,3372,1),(10164,63933,NULL,3401,1),(10165,63927,NULL,3379,1),(10166,63930,NULL,3372,1),(10167,63934,NULL,3379,1),(10168,63950,NULL,3387,1),(10169,63948,NULL,3379,1),(10170,63936,NULL,3401,1),(10171,63952,NULL,3379,1),(10172,63937,NULL,3372,1),(10173,63944,NULL,3372,1),(10174,63923,NULL,3379,1),(10175,63951,NULL,3387,1),(10176,63931,NULL,3379,1),(10177,63923,NULL,3377,1),(10178,63945,NULL,3372,1),(10179,63940,NULL,3393,1),(10180,63946,NULL,3372,1),(10181,63926,NULL,3381,1),(10182,63937,NULL,3374,1),(10183,63934,NULL,3377,1),(10184,63932,NULL,3379,1),(10185,63954,NULL,3393,1),(10186,63947,NULL,3372,1),(10187,63936,NULL,3379,1),(10188,63941,NULL,3379,1),(10189,63953,NULL,3387,0),(10190,63934,NULL,3388,1),(10191,63925,NULL,3393,1),(10192,63935,NULL,3387,1),(10193,63948,NULL,3388,1),(10194,63950,NULL,3372,1),(10196,63942,NULL,3387,1),(10198,63951,NULL,3372,1),(10199,63931,NULL,3388,1),(10200,63929,NULL,3393,1),(10201,63953,NULL,3372,1),(10202,63927,NULL,3387,1),(10203,63934,NULL,3387,1),(10204,63953,NULL,3374,1),(10205,63941,NULL,3376,1),(10206,63930,NULL,3393,1),(10207,63935,NULL,3372,1),(10208,63948,NULL,3387,1),(10209,63952,NULL,3387,1),(10210,63942,NULL,3400,1),(10211,63937,NULL,3393,1),(10212,63942,NULL,3372,1),(10213,63923,NULL,3387,1),(10214,63933,NULL,3376,1),(10215,63927,NULL,3372,1),(10216,63952,NULL,3400,1),(10217,63934,NULL,3372,1),(10218,63931,NULL,3387,1),(10219,63944,NULL,3393,1),(10220,63936,NULL,3388,1),(10221,63932,NULL,3387,1),(10222,63945,NULL,3393,1),(10223,63939,NULL,3390,0),(10224,63933,NULL,3387,1),(10225,63948,NULL,3372,1),(10226,63936,NULL,3387,1),(10227,63914,NULL,3383,1),(10228,63927,NULL,3376,1),(10229,63952,NULL,3372,1),(10230,63939,NULL,3388,1),(10231,63923,NULL,3372,1),(10232,63931,NULL,3372,1),(10233,63932,NULL,3372,1),(10234,63941,NULL,3387,1),(10235,63933,NULL,3372,1),(10236,63936,NULL,3372,1),(10237,63946,NULL,3392,1),(10238,63941,NULL,3372,1),(10239,63921,NULL,3383,1),(10240,63949,NULL,3390,1),(10241,63943,NULL,3372,1),(10242,63949,NULL,3372,1),(10243,63926,NULL,3372,1),(10244,63944,NULL,3376,1),(10245,63938,NULL,3372,1),(10246,63946,NULL,3393,1),(10247,63955,NULL,3392,1),(10248,63939,NULL,3372,1),(10249,63947,NULL,3393,1),(10250,63950,NULL,3393,1),(10251,63912,NULL,3383,1),(10252,63941,NULL,3400,1),(10253,63951,NULL,3393,1),(10254,63945,NULL,3374,1),(10255,63923,NULL,3383,1),(10256,63955,NULL,3393,1),(10257,63951,NULL,3374,1),(10258,63953,NULL,3393,1),(10259,63955,NULL,3374,1),(10260,63943,NULL,3387,1),(10261,63949,NULL,3387,0),(10262,63926,NULL,3387,1),(10263,63938,NULL,3387,0),(10264,63939,NULL,3387,0),(10265,63925,NULL,3383,1),(10266,63929,NULL,3383,1),(10267,63954,NULL,3387,1),(10268,63912,NULL,3403,1),(10269,63913,NULL,3390,1),(10270,63955,NULL,3387,1),(10271,63925,NULL,3403,1),(10272,63929,NULL,3403,1),(10273,63949,NULL,3374,0),(10274,63949,NULL,3379,0),(10275,63947,NULL,3383,1),(10276,63943,NULL,3379,0),(10277,63938,NULL,3374,0),(10278,63939,NULL,3374,0),(10280,63953,NULL,3383,1),(10281,63935,NULL,3393,1),(10282,63948,NULL,3390,1),(10283,63938,NULL,3391,1),(10284,63939,NULL,3403,0),(10285,63939,NULL,3391,1),(10286,63926,NULL,3391,1),(10287,63942,NULL,3393,1),(10289,63957,NULL,3373,1),(10290,63927,NULL,3393,1),(10291,63942,NULL,3383,1),(10292,63938,NULL,3403,0),(10293,63934,NULL,3393,1),(10294,63943,NULL,3374,0),(10295,63948,NULL,3393,1),(10296,63957,NULL,3387,1),(10297,63952,NULL,3393,1),(10298,63941,NULL,3388,1),(10299,63923,NULL,3393,1),(10300,63931,NULL,3393,1),(10301,63932,NULL,3393,1),(10302,63946,NULL,3374,0),(10303,63947,NULL,3374,1),(10304,63950,NULL,3374,1),(10305,63933,NULL,3393,1),(10306,63936,NULL,3393,1),(10307,63942,NULL,3374,1),(10308,63941,NULL,3393,1),(10309,63948,NULL,3374,1),(10310,63943,NULL,3393,1),(10311,63934,NULL,3374,1),(10312,63952,NULL,3374,1),(10313,63957,NULL,3374,1),(10314,63900,NULL,3375,1),(10315,63909,NULL,3375,1),(10316,63936,NULL,3374,1),(10317,63898,NULL,3382,1),(10318,63949,NULL,3391,1),(10319,63953,NULL,3390,1),(10320,63953,NULL,3390,1),(10321,63917,NULL,3375,1),(10322,63911,NULL,3375,0),(10323,63897,NULL,3375,1),(10325,63965,NULL,3374,1),(10326,63901,NULL,3375,1),(10327,63903,NULL,3375,1),(10328,63926,NULL,3383,1),(10329,63906,NULL,3375,0),(10330,63966,NULL,3387,1),(10331,63918,NULL,3375,1),(10332,63936,NULL,3381,1),(10333,63963,NULL,3374,1),(10334,63898,NULL,3375,1),(10335,63960,NULL,3387,1),(10336,63939,NULL,3380,0),(10337,63912,NULL,3372,1),(10338,63966,NULL,3372,1),(10339,63959,NULL,3387,1),(10340,63960,NULL,3374,1),(10341,63915,NULL,3375,1),(10342,63963,NULL,3387,1),(10343,63907,NULL,3375,1),(10344,63967,NULL,3387,1),(10345,63955,NULL,3372,1),(10346,63904,NULL,3375,1),(10347,63960,NULL,3372,1),(10348,63920,NULL,3375,1),(10349,63958,NULL,3372,1),(10350,63959,NULL,3372,1),(10351,63919,NULL,3375,1),(10352,63964,NULL,3387,1),(10353,63922,NULL,3375,1),(10354,63963,NULL,3372,1),(10355,63965,NULL,3387,1),(10356,63967,NULL,3372,1),(10357,63957,NULL,3372,1),(10358,63962,NULL,3387,1),(10359,63954,NULL,3374,1),(10360,63899,NULL,3375,1),(10361,63965,NULL,3372,1),(10362,63902,NULL,3375,1),(10363,63962,NULL,3372,1),(10364,63966,NULL,3374,0),(10365,63905,NULL,3375,1),(10366,63929,NULL,3374,1),(10367,63930,NULL,3374,1),(10368,63908,NULL,3375,1),(10369,63966,NULL,3388,1),(10370,63910,NULL,3375,1),(10371,63925,NULL,3388,1),(10372,63915,NULL,3381,1),(10373,63914,NULL,3375,1),(10374,63944,NULL,3374,1),(10375,63921,NULL,3375,1),(10376,63950,NULL,3388,1),(10377,63916,NULL,3375,1),(10378,63912,NULL,3375,1),(10379,63940,NULL,3375,0),(10380,63954,NULL,3375,1),(10381,63925,NULL,3375,1),(10382,63932,NULL,3388,1),(10383,63961,NULL,3375,1),(10384,63965,NULL,3388,1),(10385,63929,NULL,3375,1),(10386,63930,NULL,3375,1),(10387,63944,NULL,3375,1),(10388,63945,NULL,3375,1),(10391,63966,NULL,3397,1),(10392,63946,NULL,3375,1),(10393,63947,NULL,3375,1),(10394,63950,NULL,3375,1),(10395,63951,NULL,3375,1),(10396,63955,NULL,3375,1),(10398,63945,NULL,3397,1),(10399,63960,NULL,3375,1),(10401,63946,NULL,3397,1),(10403,63953,NULL,3375,1),(10404,63935,NULL,3375,1),(10405,63955,NULL,3397,1),(10406,63955,NULL,3397,1),(10407,63942,NULL,3375,1),(10409,63951,NULL,3397,1),(10410,63927,NULL,3375,1),(10411,63960,NULL,3397,1),(10412,63948,NULL,3375,1),(10414,63952,NULL,3375,1),(10420,63968,NULL,3397,1),(10421,63923,NULL,3375,1),(10422,63931,NULL,3375,1),(10423,63932,NULL,3375,1),(10424,63933,NULL,3375,1),(10425,63936,NULL,3375,1),(10426,63941,NULL,3375,1),(10427,63943,NULL,3375,1),(10428,63949,NULL,3375,1),(10429,63916,NULL,3382,1),(10430,63940,NULL,3382,1),(10431,63912,NULL,3382,1),(10432,63971,NULL,3374,1),(10433,63964,NULL,3374,1),(10434,63970,NULL,3374,1),(10435,63966,NULL,3380,1),(10436,63967,NULL,3374,1),(10437,63930,NULL,3382,1),(10438,63968,NULL,3390,1),(10439,63931,NULL,3374,1),(10440,63968,NULL,3372,1),(10441,63969,NULL,3372,1),(10442,63975,NULL,3374,1),(10443,63971,NULL,3372,1),(10444,63977,NULL,3372,1),(10445,63968,NULL,3387,1),(10446,63973,NULL,3372,1),(10447,63958,NULL,3390,1),(10448,63969,NULL,3387,1),(10449,63970,NULL,3372,1),(10450,63958,NULL,3387,1),(10451,63976,NULL,3372,1),(10452,63975,NULL,3372,1),(10453,63974,NULL,3372,1),(10454,63972,NULL,3372,1),(10455,63971,NULL,3387,1),(10456,63977,NULL,3387,1),(10458,63973,NULL,3387,1),(10459,63975,NULL,3397,1),(10460,63923,NULL,3381,1),(10461,63970,NULL,3387,1),(10462,63977,NULL,3374,1),(10463,63974,NULL,3387,1),(10464,63973,NULL,3374,1),(10465,63975,NULL,3387,1),(10466,63976,NULL,3387,1),(10467,63960,NULL,3382,1),(10468,63972,NULL,3387,1),(10469,63912,NULL,3393,1),(10470,63927,NULL,3381,1),(10471,63976,NULL,3374,0),(10472,63962,NULL,3374,1),(10473,63978,NULL,3383,1),(10474,63980,NULL,3390,1),(10478,63959,NULL,3390,1),(10479,63977,NULL,3390,1),(10480,63919,NULL,3390,1),(10482,64048,NULL,3458,1),(10483,64047,NULL,3458,1),(10484,64040,NULL,3418,1),(10485,64040,NULL,3418,1),(10487,64042,NULL,3418,1),(10488,64044,NULL,3418,1),(10489,64048,NULL,3419,1),(10491,64053,NULL,3429,1),(10492,64043,NULL,3429,1),(10493,64040,NULL,3429,1),(10494,64049,NULL,3424,1),(10495,64049,NULL,3432,1),(10497,64052,NULL,3432,1),(10499,64040,NULL,3424,1),(10500,64041,NULL,3424,1),(10501,64051,NULL,3424,1),(10502,64046,NULL,3458,1),(10503,64049,NULL,3444,1),(10504,64053,NULL,3444,1),(10505,64049,NULL,3417,1),(10507,64053,NULL,3472,1),(10508,64053,NULL,3418,1),(10509,64052,NULL,3472,1),(10511,64040,NULL,3411,1),(10512,64041,NULL,3411,1),(10513,64042,NULL,3411,1),(10514,64041,NULL,3444,1),(10515,64057,NULL,3458,1),(10517,64052,NULL,3417,1),(10518,64045,NULL,3444,1),(10520,64043,NULL,3411,1),(10521,64051,NULL,3444,1),(10522,64053,NULL,3417,1),(10523,64057,NULL,3444,1),(10524,64052,NULL,3410,1),(10525,64058,NULL,3444,1),(10526,64043,NULL,3407,1),(10527,64061,NULL,3444,1),(10528,64049,NULL,3407,1),(10529,64052,NULL,3407,1),(10530,64040,NULL,3426,1),(10531,64041,NULL,3410,1),(10532,64040,NULL,3407,1),(10533,64041,NULL,3407,1),(10534,64058,NULL,3472,1),(10535,64042,NULL,3407,1),(10536,64045,NULL,3407,1),(10537,64046,NULL,3407,1),(10538,64051,NULL,3407,1),(10539,64064,NULL,3429,1),(10540,64050,NULL,3472,1),(10541,64044,NULL,3426,1),(10542,64049,NULL,3420,1),(10544,64048,NULL,3411,1),(10545,64043,NULL,3420,1),(10546,64055,NULL,3407,1),(10547,64049,NULL,3466,1),(10548,64052,NULL,3466,1),(10549,64039,NULL,3407,1),(10551,64048,NULL,3420,1),(10552,64040,NULL,3458,1),(10553,64049,NULL,3449,1),(10554,64045,NULL,3424,1),(10555,64052,NULL,3449,1),(10556,64053,NULL,3449,1),(10557,64064,NULL,3449,1),(10558,64049,NULL,3429,1),(10559,64043,NULL,3417,1),(10560,64053,NULL,3473,1),(10561,64040,NULL,3417,0),(10562,64052,NULL,3424,1),(10563,64059,NULL,3457,1),(10564,64041,NULL,3417,1),(10565,64049,NULL,3456,1),(10566,64071,NULL,3424,1),(10567,64058,NULL,3432,1),(10568,64045,NULL,3417,1),(10569,64072,NULL,3424,1),(10570,64071,NULL,3456,1),(10571,64046,NULL,3417,1),(10572,64053,NULL,3466,1),(10573,64051,NULL,3417,1),(10574,64043,NULL,3466,1),(10575,64041,NULL,3456,1),(10576,64057,NULL,3417,1),(10577,64052,NULL,3473,1),(10578,64056,NULL,3432,1),(10579,64064,NULL,3426,1),(10580,64058,NULL,3417,1),(10581,64041,NULL,3473,1),(10582,64044,NULL,3417,1),(10584,64044,NULL,3456,1),(10585,64042,NULL,3466,1),(10586,64048,NULL,3417,1),(10587,64053,NULL,3427,1),(10588,64058,NULL,3466,1),(10589,64060,NULL,3466,1),(10590,64061,NULL,3424,1),(10591,64061,NULL,3466,1),(10592,64050,NULL,3417,0),(10593,64063,NULL,3466,1),(10594,64048,NULL,3426,1),(10595,64068,NULL,3466,1),(10597,64063,NULL,3424,1),(10598,64056,NULL,3417,1),(10599,64064,NULL,3427,1),(10601,64039,NULL,3417,0),(10602,64047,NULL,3417,1),(10603,64055,NULL,3417,1),(10604,64040,NULL,3416,1),(10605,64040,NULL,3427,1),(10606,64052,NULL,3415,1),(10607,64042,NULL,3417,1),(10608,64053,NULL,3415,1),(10609,64042,NULL,3427,1),(10610,64059,NULL,3428,1),(10611,64048,NULL,3456,1),(10612,64054,NULL,3428,1),(10613,64045,NULL,3427,1),(10614,64049,NULL,3434,1),(10615,64045,NULL,3415,1),(10616,64046,NULL,3427,1),(10617,64051,NULL,3427,1),(10618,64052,NULL,3433,1),(10620,64057,NULL,3427,1),(10621,64053,NULL,3433,1),(10622,64040,NULL,3471,1),(10624,64053,NULL,3434,1),(10626,64071,NULL,3434,1),(10627,64078,NULL,3434,1),(10628,64060,NULL,3427,1),(10629,64064,NULL,3417,1),(10630,64039,NULL,3471,1),(10631,64040,NULL,3434,1),(10632,64071,NULL,3417,1),(10633,64041,NULL,3434,1),(10634,64042,NULL,3434,1),(10635,64049,NULL,3442,1),(10636,64072,NULL,3417,0),(10637,64051,NULL,3434,1),(10638,64057,NULL,3434,1),(10639,64044,NULL,3427,1),(10640,64043,NULL,3434,1),(10641,64058,NULL,3434,1),(10642,64078,NULL,3417,1),(10643,64061,NULL,3434,1),(10644,64082,NULL,3417,1),(10645,64060,NULL,3417,1),(10646,64076,NULL,3458,1),(10647,64061,NULL,3417,1),(10648,64063,NULL,3417,1),(10649,64068,NULL,3417,1),(10650,64059,NULL,3458,1),(10651,64069,NULL,3417,1),(10652,64044,NULL,3414,1),(10653,64077,NULL,3414,1),(10654,64070,NULL,3417,1),(10655,64077,NULL,3417,1),(10656,64062,NULL,3417,1),(10658,64052,NULL,3434,1),(10659,64088,NULL,3458,1),(10660,64065,NULL,3417,0),(10661,64067,NULL,3417,0),(10662,64073,NULL,3417,0),(10663,64068,NULL,3434,1),(10664,64075,NULL,3417,1),(10665,64064,NULL,3442,1),(10666,64081,NULL,3417,0),(10669,64076,NULL,3466,1),(10670,64074,NULL,3433,1),(10672,64095,NULL,3434,1),(10675,64071,NULL,3481,1),(10676,64059,NULL,3433,1),(10679,64087,NULL,3417,0),(10680,64092,NULL,3466,1),(10681,64059,NULL,3446,1),(10683,64091,NULL,3456,1),(10684,64092,NULL,3456,1),(10685,64086,NULL,3417,0),(10687,64051,NULL,3450,1),(10688,64089,NULL,3417,0),(10689,64057,NULL,3450,1),(10690,64096,NULL,3456,1),(10691,64098,NULL,3456,1),(10692,64095,NULL,3458,0),(10693,64054,NULL,3429,1),(10694,64080,NULL,3458,0),(10695,64107,NULL,3424,1),(10696,64059,NULL,3429,1),(10697,64104,NULL,3407,1),(10698,64103,NULL,3407,1),(10699,64094,NULL,3458,1),(10700,64064,NULL,3450,1),(10701,64078,NULL,3457,1),(10702,64071,NULL,3450,1),(10703,64082,NULL,3457,1),(10704,64098,NULL,3407,1),(10705,64103,NULL,3433,1),(10706,64091,NULL,3424,1),(10707,64092,NULL,3429,1),(10708,64093,NULL,3473,1),(10709,64084,NULL,3429,1),(10711,64074,NULL,3429,1),(10712,64084,NULL,3424,1),(10716,64091,NULL,3410,1),(10717,64093,NULL,3429,1),(10719,64094,NULL,3429,1),(10722,64054,NULL,3410,1),(10725,64084,NULL,3410,1),(10731,64104,NULL,3429,1),(10734,64080,NULL,3410,1),(10761,64104,NULL,3424,1),(10763,64093,NULL,3410,1),(10766,64088,NULL,3429,1),(10776,64059,NULL,3417,1),(10777,64091,NULL,3427,1),(10780,64040,NULL,3480,1),(10782,64088,NULL,3433,1),(10784,64091,NULL,3417,1),(10791,64078,NULL,3480,1),(10793,64092,NULL,3417,1),(10794,64082,NULL,3480,1),(10797,64043,NULL,3471,1),(10801,64054,NULL,3417,1),(10804,64042,NULL,3471,1),(10805,64054,NULL,3427,1),(10807,64076,NULL,3417,1),(10808,64045,NULL,3471,1),(10809,64084,NULL,3417,1),(10810,64059,NULL,3420,1),(10811,64107,NULL,3429,1),(10812,64052,NULL,3480,1),(10814,64084,NULL,3427,1),(10815,64080,NULL,3417,0),(10816,64074,NULL,3417,1),(10817,64090,NULL,3417,1),(10818,64108,NULL,3429,1),(10819,64108,NULL,3427,1),(10820,64110,NULL,3432,1),(10821,64093,NULL,3417,1),(10822,64094,NULL,3417,1),(10823,64088,NULL,3417,1),(10824,64098,NULL,3424,1),(10825,64102,NULL,3466,1),(10826,64074,NULL,3427,1),(10827,64084,NULL,3432,1),(10828,64080,NULL,3432,1),(10829,64090,NULL,3427,1),(10830,64107,NULL,3417,1),(10832,64091,NULL,3429,1),(10833,64090,NULL,3432,1),(10834,64110,NULL,3417,1),(10835,64096,NULL,3432,1),(10837,64104,NULL,3466,1),(10838,64111,NULL,3466,1),(10839,64116,NULL,3466,1),(10840,64094,NULL,3427,1),(10841,64119,NULL,3466,1),(10842,64124,NULL,3466,1),(10843,64095,NULL,3417,1),(10844,64049,NULL,3476,1),(10845,64052,NULL,3476,1),(10846,64125,NULL,3417,1),(10847,64053,NULL,3476,1),(10848,64071,NULL,3476,1),(10849,64108,NULL,3417,1),(10850,64078,NULL,3476,1),(10851,64117,NULL,3417,1),(10852,64043,NULL,3476,1),(10853,64123,NULL,3417,1),(10854,64042,NULL,3476,1),(10855,64096,NULL,3417,1),(10856,64079,NULL,3410,1),(10857,64098,NULL,3417,1),(10858,64099,NULL,3410,1),(10859,64085,NULL,3410,1),(10860,64051,NULL,3476,1),(10861,64103,NULL,3417,1),(10862,64058,NULL,3476,1),(10863,64104,NULL,3417,1),(10864,64066,NULL,3410,1),(10865,64100,NULL,3407,1),(10866,64105,NULL,3407,1),(10867,64111,NULL,3417,1),(10868,64125,NULL,3429,1),(10869,64094,NULL,3420,1),(10871,64117,NULL,3429,1),(10872,64080,NULL,3429,1),(10873,64101,NULL,3424,1),(10874,64109,NULL,3476,1),(10875,64116,NULL,3417,1),(10876,64098,NULL,3429,1),(10877,64119,NULL,3417,1),(10878,64124,NULL,3417,1),(10879,64110,NULL,3424,1),(10880,64102,NULL,3417,1),(10881,64132,NULL,3417,1),(10882,64059,NULL,3424,1),(10883,64127,NULL,3417,1),(10884,64128,NULL,3417,1),(10885,64111,NULL,3415,1),(10888,64095,NULL,3418,1),(10889,64100,NULL,3426,1),(10891,64053,NULL,3480,1),(10892,64064,NULL,3480,1),(10893,64071,NULL,3480,1),(10894,64072,NULL,3480,1),(10895,64104,NULL,3427,1),(10896,64118,NULL,3480,1),(10897,64043,NULL,3480,1),(10898,64041,NULL,3480,1),(10899,64042,NULL,3480,1),(10900,64045,NULL,3480,1),(10901,64046,NULL,3480,1),(10902,64130,NULL,3458,1),(10903,64051,NULL,3480,1),(10904,64141,NULL,3426,1),(10905,64057,NULL,3480,1),(10906,64058,NULL,3480,1),(10907,64060,NULL,3480,1),(10908,64061,NULL,3480,1),(10909,64088,NULL,3427,1),(10910,64063,NULL,3480,1),(10911,64068,NULL,3480,1),(10912,64069,NULL,3480,1),(10913,64102,NULL,3427,1),(10914,64070,NULL,3480,1),(10915,64077,NULL,3480,1),(10916,64087,NULL,3480,1),(10917,64097,NULL,3480,1),(10918,64044,NULL,3480,1),(10919,64048,NULL,3480,1),(10920,64140,NULL,3429,1),(10921,64050,NULL,3480,1),(10922,64062,NULL,3480,1),(10923,64065,NULL,3480,1),(10924,64067,NULL,3480,1),(10925,64073,NULL,3480,1),(10926,64066,NULL,3426,1),(10927,64075,NULL,3480,1),(10928,64081,NULL,3480,1),(10929,64086,NULL,3480,1),(10930,64089,NULL,3480,1),(10931,64109,NULL,3480,1),(10932,64056,NULL,3480,1),(10933,64106,NULL,3480,1),(10934,64039,NULL,3480,1),(10935,64047,NULL,3480,1),(10936,64055,NULL,3480,1),(10940,64049,NULL,3480,1),(10941,64135,NULL,3426,1),(10942,64100,NULL,3458,1),(10943,64121,NULL,3466,1),(10944,64134,NULL,3466,1),(10945,64140,NULL,3466,1),(10946,64142,NULL,3466,1),(10947,64141,NULL,3466,1),(10948,64134,NULL,3418,1),(10949,64101,NULL,3410,1),(10950,64105,NULL,3418,1),(10951,64142,NULL,3418,1),(10952,64066,NULL,3418,1),(10953,64122,NULL,3418,1),(10954,64133,NULL,3418,1),(10955,64146,NULL,3418,1),(10956,64146,NULL,3473,1),(10957,64147,NULL,3458,1),(10958,64121,NULL,3420,1),(10959,64105,NULL,3420,1),(10960,64101,NULL,3466,1),(10961,64136,NULL,3466,1),(10962,64131,NULL,3466,1),(10963,64133,NULL,3420,1),(10964,64121,NULL,3429,1),(10965,64059,NULL,3481,1),(10966,64066,NULL,3433,1),(10967,64134,NULL,3429,1),(10968,64157,NULL,3417,1),(10969,64113,NULL,3466,1),(10970,64145,NULL,3417,1),(10971,64143,NULL,3417,1),(10972,64099,NULL,3429,1),(10973,64074,NULL,3481,1),(10974,64122,NULL,3433,1),(10975,64160,NULL,3417,1),(10976,64105,NULL,3429,1),(10977,64119,NULL,3481,1),(10978,64146,NULL,3433,1),(10979,64130,NULL,3432,1),(10980,64161,NULL,3432,1),(10981,64080,NULL,3424,1),(10982,64156,NULL,3432,1),(10983,64126,NULL,3429,1),(10984,64146,NULL,3432,1),(10985,64156,NULL,3433,1),(10986,64141,NULL,3429,1),(10987,64135,NULL,3432,1),(10988,64103,NULL,3424,1),(10989,64142,NULL,3429,1),(10990,64133,NULL,3432,1),(10991,64079,NULL,3429,1),(10992,64130,NULL,3433,1),(10993,64066,NULL,3429,1),(10995,64122,NULL,3429,1),(10998,64130,NULL,3429,1),(11004,64121,NULL,3475,1),(11005,64114,NULL,3466,1),(11006,64115,NULL,3466,1),(11007,64113,NULL,3458,0),(11008,64154,NULL,3429,1),(11009,64101,NULL,3473,1),(11010,64105,NULL,3481,1),(11011,64100,NULL,3481,1),(11012,64126,NULL,3481,1),(11016,64105,NULL,3427,1),(11019,64100,NULL,3417,1),(11020,64171,NULL,3432,1),(11021,64189,NULL,3415,1),(11022,64159,NULL,3429,1),(11023,64178,NULL,3429,1),(11024,64121,NULL,3417,1),(11025,64134,NULL,3417,1),(11026,64180,NULL,3432,1),(11027,64140,NULL,3417,1),(11028,64099,NULL,3417,1),(11029,64115,NULL,3432,1),(11030,64150,NULL,3429,1),(11032,64105,NULL,3417,0),(11033,64126,NULL,3417,1),(11034,64141,NULL,3417,1),(11035,64158,NULL,3429,1),(11037,64144,NULL,3429,1),(11038,64142,NULL,3417,0),(11039,64162,NULL,3429,1),(11040,64177,NULL,3429,1),(11041,64167,NULL,3429,1),(11043,64151,NULL,3417,1),(11044,64153,NULL,3417,1),(11045,64079,NULL,3417,1),(11046,64085,NULL,3417,1),(11047,64066,NULL,3417,1),(11048,64122,NULL,3417,1),(11049,64133,NULL,3417,1),(11050,64135,NULL,3417,1),(11051,64146,NULL,3417,1),(11052,64156,NULL,3417,1),(11053,64130,NULL,3417,1),(11054,64147,NULL,3417,1),(11055,64149,NULL,3417,1),(11056,64049,NULL,3458,1),(11057,64155,NULL,3417,1),(11058,64165,NULL,3417,1),(11059,64052,NULL,3458,1),(11060,64174,NULL,3417,1),(11061,64182,NULL,3417,1),(11062,64184,NULL,3417,1),(11063,64166,NULL,3417,1),(11064,64181,NULL,3417,1),(11065,64161,NULL,3417,1),(11066,64183,NULL,3417,1),(11067,64175,NULL,3417,1),(11068,64173,NULL,3429,1),(11069,64191,NULL,3429,1),(11070,64169,NULL,3429,1),(11071,64189,NULL,3429,1),(11072,64164,NULL,3466,1),(11073,64176,NULL,3466,1),(11074,64072,NULL,3475,1),(11076,64159,NULL,3427,1),(11077,64159,NULL,3417,0),(11078,64040,NULL,3475,1),(11079,64195,NULL,3429,1),(11080,64194,NULL,3429,1),(11081,64045,NULL,3475,1),(11082,64178,NULL,3417,1),(11083,64058,NULL,3475,1),(11084,64150,NULL,3417,1),(11085,64101,NULL,3417,1),(11086,64136,NULL,3417,1),(11087,64158,NULL,3417,1),(11088,64113,NULL,3417,1),(11089,64131,NULL,3417,1),(11090,64144,NULL,3417,1),(11091,64162,NULL,3417,1),(11092,64177,NULL,3417,1),(11093,64167,NULL,3417,1),(11094,64173,NULL,3417,1),(11095,64194,NULL,3417,1),(11096,64195,NULL,3417,1),(11097,64186,NULL,3429,1),(11098,64114,NULL,3429,1),(11099,64170,NULL,3429,1),(11100,64137,NULL,3429,1),(11101,64176,NULL,3429,1),(11102,64115,NULL,3429,1),(11103,64168,NULL,3429,1),(11104,64185,NULL,3429,1),(11105,64083,NULL,3429,1),(11106,64187,NULL,3429,1),(11107,64163,NULL,3429,1),(11108,64164,NULL,3429,1),(11109,64200,NULL,3429,1),(11110,64152,NULL,3417,1),(11111,64169,NULL,3417,1),(11112,64201,NULL,3429,1),(11113,64191,NULL,3417,1),(11114,64188,NULL,3429,1),(11115,64154,NULL,3417,1),(11116,64189,NULL,3417,1),(11117,64197,NULL,3417,1),(11118,64198,NULL,3417,1),(11119,64199,NULL,3417,1),(11120,64203,NULL,3417,1),(11121,64196,NULL,3417,1),(11122,64151,NULL,3475,1),(11123,64182,NULL,3475,1),(11124,64114,NULL,3417,1),(11125,64170,NULL,3417,1),(11126,64137,NULL,3417,1),(11127,64180,NULL,3417,0),(11128,64176,NULL,3417,0),(11129,64188,NULL,3417,0),(11130,64115,NULL,3417,1),(11131,64164,NULL,3417,1),(11132,64168,NULL,3417,1),(11133,64172,NULL,3417,1),(11134,64185,NULL,3417,1),(11135,64187,NULL,3417,1),(11136,64200,NULL,3417,1),(11137,64201,NULL,3417,1),(11138,64163,NULL,3417,1),(11139,64083,NULL,3417,1),(11140,64179,NULL,3417,1),(11141,64186,NULL,3417,1),(11142,64120,NULL,3417,1),(11143,64171,NULL,3417,1),(11144,64206,NULL,3417,1),(11145,64148,NULL,3417,1),(11146,64129,NULL,3417,1),(11147,64193,NULL,3417,1),(11148,64202,NULL,3417,1),(11149,64097,NULL,3417,1),(11150,64192,NULL,3417,1),(11151,64114,NULL,3472,1),(11152,64115,NULL,3472,1),(11153,64207,NULL,3417,1),(11154,64136,NULL,3472,1),(11155,64040,NULL,3464,1),(11156,64041,NULL,3464,1),(11157,64182,NULL,3424,1),(11158,64052,NULL,3429,1),(11159,64148,NULL,3429,1),(11161,64048,NULL,3429,1),(11162,64056,NULL,3429,1),(11163,64089,NULL,3429,1),(11164,64081,NULL,3429,1),(11165,64075,NULL,3429,1),(11166,64118,NULL,3429,1),(11167,64157,NULL,3429,1),(11168,64076,NULL,3429,1),(11170,64132,NULL,3429,1),(11171,64111,NULL,3429,1),(11172,64124,NULL,3429,1),(11173,64188,NULL,3424,1),(11174,64188,NULL,3424,1),(11175,64164,NULL,3424,1),(11176,64172,NULL,3424,1),(11178,64135,NULL,3429,1),(11179,64102,NULL,3454,1),(11180,64186,NULL,3426,1),(11181,64159,NULL,3481,1),(11186,64195,NULL,3481,1),(11187,64196,NULL,3481,1),(11188,64222,NULL,3416,1),(11189,64049,NULL,3416,1),(11190,64053,NULL,3416,1),(11191,64071,NULL,3416,1),(11192,64193,NULL,3416,1),(11193,64051,NULL,3416,1),(11194,64057,NULL,3416,1),(11195,64068,NULL,3416,1),(11196,64192,NULL,3416,1),(11197,64190,NULL,3416,1),(11198,64048,NULL,3416,1),(11199,64040,NULL,3485,1),(11200,64084,NULL,3485,1),(11201,42758,NULL,14,NULL);

--
